000
CDUS45 KTWC 030731
CLIDUG


CLIMATE REPORT
NATIONAL WEATHER SERVICE TUCSON AZ
1230 AM MST MON AUG 3 2015


...................................

...THE DOUGLAS AZ CLIMATE SUMMARY FOR AUGUST 2 2015...

CLIMATE NORMAL PERIOD 1981 TO 2010
CLIMATE RECORD PERIOD 1948 TO 2015


WEATHER ITEM   OBSERVED TIME   RECORD YEAR NORMAL DEPARTURE LAST
                VALUE   (LST)  VALUE       VALUE  FROM      YEAR
                                                  NORMAL
..................................................................
TEMPERATURE (F)
 YESTERDAY
  MAXIMUM         MM        MM 102    1994  92     MM       81
  MINIMUM         MM        MM  60    1950  65     MM       64
  AVERAGE         MM                        78     MM       73

PRECIPITATION (IN)
  YESTERDAY        0.00          1.38 1991   0.13  -0.13     0.30
  MONTH TO DATE    0.00                      0.26  -0.26     0.65
  SINCE OCT 1     10.28                      8.77   1.51     6.91
  SINCE JAN 1      8.31                      6.22   2.09     6.09

DEGREE DAYS
 HEATING
  YESTERDAY       MM                         0     MM        0
  MONTH TO DATE   MM                         0     MM        0
  SINCE JUN 1      0                         0      0        0
  SINCE JUL 1      0                         0      0        0

 COOLING
  YESTERDAY       MM                        14     MM        8
  MONTH TO DATE   MM                        28     MM       17
  SINCE JUN 1    837                       888    -51      970
  SINCE JAN 1    899                      1089   -190     1138
..................................................................


WIND (MPH)
  HIGHEST WIND SPEED    MM   HIGHEST WIND DIRECTION    MM
  HIGHEST GUST SPEED    MM   HIGHEST GUST DIRECTION    MM
  AVERAGE WIND SPEED    MM


SKY COVER
  POSSIBLE SUNSHINE  MM
  AVERAGE SKY COVER 0.0


WEATHER CONDITIONS
 THE FOLLOWING WEATHER WAS RECORDED YESTERDAY.
  NO SIGNIFICANT WEATHER WAS OBSERVED.


RELATIVE HUMIDITY (PERCENT)
 HIGHEST    MM
 LOWEST     MM
 AVERAGE    MM

..........................................................


THE DOUGLAS AZ CLIMATE NORMALS FOR TODAY
                         NORMAL    RECORD    YEAR
 MAXIMUM TEMPERATURE (F)   92       103      1995
 MINIMUM TEMPERATURE (F)   65        57      1953


SUNRISE AND SUNSET
AUGUST  3 2015........SUNRISE   536 AM MST   SUNSET   713 PM MST
AUGUST  4 2015........SUNRISE   537 AM MST   SUNSET   712 PM MST


-  INDICATES NEGATIVE NUMBERS.
R  INDICATES RECORD WAS SET OR TIED.
MM INDICATES DATA IS MISSING.
T  INDICATES TRACE AMOUNT.




$$
