000
CDUS45 KTWC 240027 RRA
CLIDUG

CLIMATE REPORT
NATIONAL WEATHER SERVICE TUCSON AZ
526 PM MST TUE JAN 23 2018


...................................

...THE DOUGLAS AZ CLIMATE SUMMARY FOR JANUARY 23 2018...
VALID TODAY AS OF 0500 PM LOCAL TIME.

CLIMATE NORMAL PERIOD 1981 TO 2010
CLIMATE RECORD PERIOD 1948 TO 2018


WEATHER ITEM   OBSERVED TIME   RECORD YEAR NORMAL DEPARTURE LAST
                VALUE   (LST)  VALUE       VALUE  FROM      YEAR
                                                  NORMAL
..................................................................
TEMPERATURE (F)
 TODAY
  MAXIMUM         59    332 PM  77    1986  63     -4       67
                                      1950
  MINIMUM         16    554 AM  14    1955  30    -14       37
  AVERAGE         38                        47     -9       52

PRECIPITATION (IN)
  TODAY            0.00                      0.02  -0.02     0.00
  MONTH TO DATE    0.01                      0.54  -0.53     1.24
  SINCE OCT 1      0.84                      3.09  -2.25     2.59
  SINCE JAN 1      0.01                      0.54  -0.53     1.24

DEGREE DAYS
 HEATING
  TODAY           27                        18      9       13
  MONTH TO DATE  399                       437    -38      401
  SINCE DEC 1    935                      1026    -91      905
  SINCE JUL 1   1133                      1461   -328     1241
..................................................................


WIND (MPH)
  HIGHEST WIND SPEED    18   HIGHEST WIND DIRECTION     E (80)
  HIGHEST GUST SPEED    24   HIGHEST GUST DIRECTION     E (80)
  AVERAGE WIND SPEED    MM


SKY COVER
  POSSIBLE SUNSHINE  MM
  AVERAGE SKY COVER  MM


WEATHER CONDITIONS
 THE FOLLOWING WEATHER WAS RECORDED TODAY.
  NO SIGNIFICANT WEATHER WAS OBSERVED.


RELATIVE HUMIDITY (PERCENT)
 HIGHEST    MM
 LOWEST     MM
 AVERAGE    MM

..........................................................


THE DOUGLAS AZ CLIMATE NORMALS FOR TOMORROW
                         NORMAL    RECORD    YEAR
 MAXIMUM TEMPERATURE (F)   63        81      1999
 MINIMUM TEMPERATURE (F)   30        16      1996


SUNRISE AND SUNSET
JANUARY 23 2018.......SUNRISE   716 AM MST   SUNSET   545 PM MST
JANUARY 24 2018.......SUNRISE   715 AM MST   SUNSET   546 PM MST


-  INDICATES NEGATIVE NUMBERS.
R  INDICATES RECORD WAS SET OR TIED.
MM INDICATES DATA IS MISSING.
T  INDICATES TRACE AMOUNT.




$$
