000
CDUS45 KTWC 180729 RRA
CLIDUG

CLIMATE REPORT
NATIONAL WEATHER SERVICE TUCSON AZ
1229 AM MST SAT NOV 18 2017


...................................

...THE DOUGLAS AZ CLIMATE SUMMARY FOR NOVEMBER 17 2017...

CLIMATE NORMAL PERIOD 1981 TO 2010
CLIMATE RECORD PERIOD 1948 TO 2017


WEATHER ITEM   OBSERVED TIME   RECORD YEAR NORMAL DEPARTURE LAST
                VALUE   (LST)  VALUE       VALUE  FROM      YEAR
                                                  NORMAL
..................................................................
TEMPERATURE (F)
 YESTERDAY
  MAXIMUM         81    230 PM  83    1981  70     11       77
  MINIMUM         40    455 AM  22    1958  35      5       40
  AVERAGE         61                        53      8       59

PRECIPITATION (IN)
  YESTERDAY        0.00          0.53 1972   0.02  -0.02     0.00
  MONTH TO DATE    0.11                      0.37  -0.26     0.20
  SINCE OCT 1      0.23                      1.26  -1.03     0.20
  SINCE JAN 1      8.91                     11.81  -2.90    12.34

DEGREE DAYS
 HEATING
  YESTERDAY        4                        12     -8        6
  MONTH TO DATE   70                       160    -90      118
  SINCE SEP 1    103                       243   -140      131
  SINCE JUL 1    103                       243   -140      131

 COOLING
  YESTERDAY        0                         0      0        0
  MONTH TO DATE    0                         0      0        0
  SINCE SEP 1    395                       342     53      315
  SINCE JAN 1   1892                      1812     80     1786
..................................................................


WIND (MPH)
  HIGHEST WIND SPEED    23   HIGHEST WIND DIRECTION    SW (240)
  HIGHEST GUST SPEED    30   HIGHEST GUST DIRECTION     W (280)
  AVERAGE WIND SPEED     7.6


SKY COVER
  POSSIBLE SUNSHINE  MM
  AVERAGE SKY COVER  MM


WEATHER CONDITIONS
 THE FOLLOWING WEATHER WAS RECORDED YESTERDAY.
  NO SIGNIFICANT WEATHER WAS OBSERVED.


RELATIVE HUMIDITY (PERCENT)
 HIGHEST    MM
 LOWEST     MM
 AVERAGE    MM

..........................................................


THE DOUGLAS AZ CLIMATE NORMALS FOR TODAY
                         NORMAL    RECORD    YEAR
 MAXIMUM TEMPERATURE (F)   70        81      2007
                                             1990
 MINIMUM TEMPERATURE (F)   35        19      1958


SUNRISE AND SUNSET
NOVEMBER 18 2017......SUNRISE   649 AM MST   SUNSET   518 PM MST
NOVEMBER 19 2017......SUNRISE   650 AM MST   SUNSET   518 PM MST


-  INDICATES NEGATIVE NUMBERS.
R  INDICATES RECORD WAS SET OR TIED.
MM INDICATES DATA IS MISSING.
T  INDICATES TRACE AMOUNT.




$$
