000
CDUS45 KTWC 070738
CLIDUG

CLIMATE REPORT
NATIONAL WEATHER SERVICE TUCSON AZ
1234 AM MST TUE JUL 7 2015


...................................

...THE DOUGLAS AZ CLIMATE SUMMARY FOR JULY 6 2015...

CLIMATE NORMAL PERIOD 1981 TO 2010
CLIMATE RECORD PERIOD 1948 TO 2015


WEATHER ITEM   OBSERVED TIME   RECORD YEAR NORMAL DEPARTURE LAST
                VALUE   (LST)  VALUE       VALUE  FROM      YEAR
                                                  NORMAL
..................................................................
TEMPERATURE (F)
 YESTERDAY
  MAXIMUM         92    308 PM 105    2005  96     -4       89
                                      1989
  MINIMUM         66    635 AM  59    1958  65      1       70
  AVERAGE         79                        81     -2       80

PRECIPITATION (IN)
  YESTERDAY        0.15          0.95 1953   0.07   0.08     0.04
  MONTH TO DATE    1.10                      0.36   0.74     0.78
  SINCE OCT 1      7.09                      5.92   1.17     2.25
  SINCE JAN 1      5.12                      3.37   1.75     1.43

DEGREE DAYS
 HEATING
  YESTERDAY        0                         0      0        0
  MONTH TO DATE    0                         0      0        0
  SINCE JUN 1      0                         0      0        0
  SINCE JUL 1      0                         0      0        0

 COOLING
  YESTERDAY       14                        16     -2       15
  MONTH TO DATE   88                        96     -8       96
  SINCE JUN 1    544                       491     53      594
  SINCE JAN 1    606                       692    -86      762
..................................................................


WIND (MPH)
  HIGHEST WIND SPEED    37   HIGHEST WIND DIRECTION    NW (320)
  HIGHEST GUST SPEED    48   HIGHEST GUST DIRECTION    NW (310)
  AVERAGE WIND SPEED     5.8


SKY COVER
  POSSIBLE SUNSHINE  MM
  AVERAGE SKY COVER 0.2


WEATHER CONDITIONS
 THE FOLLOWING WEATHER WAS RECORDED YESTERDAY.
  THUNDERSTORM
  HEAVY RAIN
  RAIN
  LIGHT RAIN


RELATIVE HUMIDITY (PERCENT)
 HIGHEST    93
 LOWEST     32
 AVERAGE    63

..........................................................


THE DOUGLAS AZ CLIMATE NORMALS FOR TODAY
                         NORMAL    RECORD    YEAR
 MAXIMUM TEMPERATURE (F)   96       103      2002
                                             1994
                                             1987
 MINIMUM TEMPERATURE (F)   66        58      1987


SUNRISE AND SUNSET
JULY  7 2015..........SUNRISE   520 AM MST   SUNSET   727 PM MST
JULY  8 2015..........SUNRISE   520 AM MST   SUNSET   726 PM MST


-  INDICATES NEGATIVE NUMBERS.
R  INDICATES RECORD WAS SET OR TIED.
MM INDICATES DATA IS MISSING.
T  INDICATES TRACE AMOUNT.




$$
