000
CDUS45 KTWC 250731
CLIDUG

CLIMATE REPORT
NATIONAL WEATHER SERVICE TUCSON AZ
1229 AM MST WED MAY 25 2016


...................................

...THE DOUGLAS AZ CLIMATE SUMMARY FOR MAY 24 2016...

CLIMATE NORMAL PERIOD 1981 TO 2010
CLIMATE RECORD PERIOD 1948 TO 2016


WEATHER ITEM   OBSERVED TIME   RECORD YEAR NORMAL DEPARTURE LAST
                VALUE   (LST)  VALUE       VALUE  FROM      YEAR
                                                  NORMAL
..................................................................
TEMPERATURE (F)
 YESTERDAY
  MAXIMUM         88    727 AM 101    1984  90     -2       80
  MINIMUM         56    531 AM  40    2015  54      2       40
  AVERAGE         72                        72      0       60

PRECIPITATION (IN)
  YESTERDAY        0.00          0.79 1979   0.01  -0.01     0.00
  MONTH TO DATE    T                         0.21  -0.21      T
  SINCE OCT 1      2.68                      4.88  -2.20     4.80
  SINCE JAN 1      1.47                      2.33  -0.86     2.83

DEGREE DAYS
 HEATING
  YESTERDAY        0                         0      0        5
  MONTH TO DATE   28                        20      8       51
  SINCE MAR 1    449                       485    -36      432
  SINCE JUL 1   2621                      2521    100     2270

 COOLING
  YESTERDAY        7                         7      0        0
  MONTH TO DATE  103                       114    -11       23
  SINCE MAR 1    121                       144    -23       27
  SINCE JAN 1    121                       144    -23       27
..................................................................


WIND (MPH)
  HIGHEST WIND SPEED    31   HIGHEST WIND DIRECTION    SW (240)
  HIGHEST GUST SPEED    37   HIGHEST GUST DIRECTION    SW (240)
  AVERAGE WIND SPEED    11.6


SKY COVER
  POSSIBLE SUNSHINE  MM
  AVERAGE SKY COVER 0.0


WEATHER CONDITIONS
 THE FOLLOWING WEATHER WAS RECORDED YESTERDAY.
  NO SIGNIFICANT WEATHER WAS OBSERVED.


RELATIVE HUMIDITY (PERCENT)
 HIGHEST    25
 LOWEST     10
 AVERAGE    18

..........................................................


THE DOUGLAS AZ CLIMATE NORMALS FOR TODAY
                         NORMAL    RECORD    YEAR
 MAXIMUM TEMPERATURE (F)   91        98      2001
 MINIMUM TEMPERATURE (F)   54        41      2010
                                             1980
                                             1960


SUNRISE AND SUNSET
MAY 25 2016...........SUNRISE   517 AM MST   SUNSET   715 PM MST
MAY 26 2016...........SUNRISE   516 AM MST   SUNSET   715 PM MST


-  INDICATES NEGATIVE NUMBERS.
R  INDICATES RECORD WAS SET OR TIED.
MM INDICATES DATA IS MISSING.
T  INDICATES TRACE AMOUNT.




$$
