000
CDUS45 KTWC 300026 RRA
CLIDUG

CLIMATE REPORT
NATIONAL WEATHER SERVICE TUCSON AZ
525 PM MST FRI APR 29 2016


...................................

...THE DOUGLAS AZ CLIMATE SUMMARY FOR APRIL 29 2016...
VALID TODAY AS OF 0500 PM LOCAL TIME.

CLIMATE NORMAL PERIOD 1981 TO 2010
CLIMATE RECORD PERIOD 1948 TO 2016


WEATHER ITEM   OBSERVED TIME   RECORD YEAR NORMAL DEPARTURE LAST
                VALUE   (LST)  VALUE       VALUE  FROM      YEAR
                                                  NORMAL
..................................................................
TEMPERATURE (F)
 TODAY
  MAXIMUM         73    243 PM  95    1992  83    -10       79
  MINIMUM         36    555 AM  28    1991  47    -11       50
  AVERAGE         55                        65    -10       65

PRECIPITATION (IN)
  TODAY            0.00                      0.01  -0.01     0.00
  MONTH TO DATE    0.04                      0.22  -0.18     0.40
  SINCE OCT 1      2.68                      4.66  -1.98     4.80
  SINCE JAN 1      1.47                      2.11  -0.64     2.83

DEGREE DAYS
 HEATING
  TODAY           10                         2      8        0
  MONTH TO DATE  150                       136     14      140
  SINCE MAR 1    417                       461    -44      378
  SINCE JUL 1   2589                      2497     92     2216

 COOLING
  TODAY            0                         2     -2        0
  MONTH TO DATE   18                        24     -6        0
  SINCE MAR 1     18                        25     -7        4
  SINCE JAN 1     18                        25     -7        4
..................................................................


WIND (MPH)
  HIGHEST WIND SPEED    22   HIGHEST WIND DIRECTION     W (290)
  HIGHEST GUST SPEED    32   HIGHEST GUST DIRECTION    NW (310)
  AVERAGE WIND SPEED     7.2


SKY COVER
  POSSIBLE SUNSHINE  MM
  AVERAGE SKY COVER 0.2


WEATHER CONDITIONS
 THE FOLLOWING WEATHER WAS RECORDED TODAY.
  NO SIGNIFICANT WEATHER WAS OBSERVED.


RELATIVE HUMIDITY (PERCENT)
 HIGHEST    59
 LOWEST     16
 AVERAGE    38

..........................................................


THE DOUGLAS AZ CLIMATE NORMALS FOR TOMORROW
                         NORMAL    RECORD    YEAR
 MAXIMUM TEMPERATURE (F)   84        97      1992
 MINIMUM TEMPERATURE (F)   47        27      1970


SUNRISE AND SUNSET
APRIL 29 2016.........SUNRISE   535 AM MST   SUNSET   657 PM MST
APRIL 30 2016.........SUNRISE   534 AM MST   SUNSET   658 PM MST


-  INDICATES NEGATIVE NUMBERS.
R  INDICATES RECORD WAS SET OR TIED.
MM INDICATES DATA IS MISSING.
T  INDICATES TRACE AMOUNT.




$$
