000
CDUS45 KTWC 300743
CLIDUG

CLIMATE REPORT
NATIONAL WEATHER SERVICE TUCSON AZ
1241 AM MST TUE MAY 30 2017

...................................

...THE DOUGLAS AZ CLIMATE SUMMARY FOR MAY 29 2017...

CLIMATE NORMAL PERIOD 1981 TO 2010
CLIMATE RECORD PERIOD 1948 TO 2017


WEATHER ITEM   OBSERVED TIME   RECORD YEAR NORMAL DEPARTURE LAST
                VALUE   (LST)  VALUE       VALUE  FROM      YEAR
                                                  NORMAL
..................................................................
TEMPERATURE (F)
 YESTERDAY
  MAXIMUM         94    509 PM 103    2000  92      2       91
  MINIMUM         51    546 AM  40    1962  55     -4       47
  AVERAGE         73                        74     -1       69

PRECIPITATION (IN)
  YESTERDAY        0.00          0.03 2003   0.01  -0.01     0.00
  MONTH TO DATE    0.07                      0.26  -0.19      T
  SINCE OCT 1      3.12                      4.93  -1.81     2.68
  SINCE JAN 1      1.77                      2.38  -0.61     1.47

DEGREE DAYS
 HEATING
  YESTERDAY        0                         0      0        0
  MONTH TO DATE   44                        20     24       30
  SINCE MAR 1    330                       485   -155      451
  SINCE JUL 1   2123                      2521   -398     2623

 COOLING
  YESTERDAY        8                         9     -1        4
  MONTH TO DATE  126                       155    -29      115
  SINCE MAR 1    170                       185    -15      133
  SINCE JAN 1    170                       185    -15      133
..................................................................


WIND (MPH)
  HIGHEST WIND SPEED    18   HIGHEST WIND DIRECTION     S (170)
  HIGHEST GUST SPEED    25   HIGHEST GUST DIRECTION     S (160)
  AVERAGE WIND SPEED     6.2


SKY COVER
  POSSIBLE SUNSHINE  MM
  AVERAGE SKY COVER  MM


WEATHER CONDITIONS
 THE FOLLOWING WEATHER WAS RECORDED YESTERDAY.
  NO SIGNIFICANT WEATHER WAS OBSERVED.


RELATIVE HUMIDITY (PERCENT)
 HIGHEST    27
 LOWEST      4
 AVERAGE    16

..........................................................


THE DOUGLAS AZ CLIMATE NORMALS FOR TODAY
                         NORMAL    RECORD    YEAR
 MAXIMUM TEMPERATURE (F)   92       102      2002
                                             2000
 MINIMUM TEMPERATURE (F)   55        43      1971


SUNRISE AND SUNSET
MAY 30 2017...........SUNRISE   515 AM MST   SUNSET   717 PM MST
MAY 31 2017...........SUNRISE   515 AM MST   SUNSET   718 PM MST


-  INDICATES NEGATIVE NUMBERS.
R  INDICATES RECORD WAS SET OR TIED.
MM INDICATES DATA IS MISSING.
T  INDICATES TRACE AMOUNT.

$$
