000
CDUS45 KTWC 230737 RRA
CLIDUG

CLIMATE REPORT
NATIONAL WEATHER SERVICE TUCSON AZ
1232 AM MST SAT MAY 23 2015


...................................

...THE DOUGLAS AZ CLIMATE SUMMARY FOR MAY 22 2015...

CLIMATE NORMAL PERIOD 1981 TO 2010
CLIMATE RECORD PERIOD 1948 TO 2015


WEATHER ITEM   OBSERVED TIME   RECORD YEAR NORMAL DEPARTURE LAST
                VALUE   (LST)  VALUE       VALUE  FROM      YEAR
                                                  NORMAL
..................................................................
TEMPERATURE (F)
 YESTERDAY
  MAXIMUM         83    328 PM 105    2005  90     -7       89
  MINIMUM         45    425 AM  39    1962  53     -8       58
  AVERAGE         64                        72     -8       74

PRECIPITATION (IN)
  YESTERDAY        0.00          T    1994   0.01  -0.01      T
                                      1994
                                      2014
  MONTH TO DATE    T                         0.19  -0.19      T
  SINCE OCT 1      4.80                      4.86  -0.06     1.39
  SINCE JAN 1      2.83                      2.31   0.52     0.57

DEGREE DAYS
 HEATING
  YESTERDAY        1                         0      1        0
  MONTH TO DATE   42                        20     22       21
  SINCE MAR 1    423                       485    -62      393
  SINCE JUL 1   2261                      2521   -260     2357

 COOLING
  YESTERDAY        0                         7     -7        9
  MONTH TO DATE   23                       100    -77       77
  SINCE MAR 1     27                       130   -103       95
  SINCE JAN 1     27                       130   -103       95
..................................................................


WIND (MPH)
  HIGHEST WIND SPEED    30   HIGHEST WIND DIRECTION     S (200)
  HIGHEST GUST SPEED    36   HIGHEST GUST DIRECTION     S (180)
  AVERAGE WIND SPEED    12.9


SKY COVER
  POSSIBLE SUNSHINE  MM
  AVERAGE SKY COVER 0.0


WEATHER CONDITIONS
 THE FOLLOWING WEATHER WAS RECORDED YESTERDAY.
  NO SIGNIFICANT WEATHER WAS OBSERVED.


RELATIVE HUMIDITY (PERCENT)
 HIGHEST    42
 LOWEST      8
 AVERAGE    25

..........................................................


THE DOUGLAS AZ CLIMATE NORMALS FOR TODAY
                         NORMAL    RECORD    YEAR
 MAXIMUM TEMPERATURE (F)   90       102      2005
 MINIMUM TEMPERATURE (F)   53        42      1962


SUNRISE AND SUNSET
MAY 23 2015...........SUNRISE   518 AM MST   SUNSET   713 PM MST
MAY 24 2015...........SUNRISE   517 AM MST   SUNSET   714 PM MST


-  INDICATES NEGATIVE NUMBERS.
R  INDICATES RECORD WAS SET OR TIED.
MM INDICATES DATA IS MISSING.
T  INDICATES TRACE AMOUNT.




$$
