728
CDUS45 KTWC 261428 RRA
CLIDUG

CLIMATE REPORT
NATIONAL WEATHER SERVICE TUCSON AZ
727 AM MST WED JUL 26 2017


...................................

...THE DOUGLAS AZ CLIMATE SUMMARY FOR JULY 26 2017...
VALID AS OF 0700 AM LOCAL TIME.

CLIMATE NORMAL PERIOD 1981 TO 2010
CLIMATE RECORD PERIOD 1948 TO 2017


WEATHER ITEM   OBSERVED TIME   RECORD YEAR NORMAL DEPARTURE LAST
                VALUE   (LST)  VALUE       VALUE  FROM      YEAR
                                                  NORMAL
..................................................................
TEMPERATURE (F)
 TODAY
  MINIMUM         70    549 AM  58    1976  66      4       71

PRECIPITATION (IN)
  TODAY            T             0.74 1982   0.12  -0.12     0.00
  MONTH TO DATE    3.52                      2.33   1.19     3.45
  SINCE OCT 1      6.68                      7.89  -1.21     7.99
  SINCE JAN 1      5.33                      5.34  -0.01     6.78

DEGREE DAYS
 HEATING
  TODAY            0                         0      0        0

 COOLING
  TODAY            7                        14     -7       18
..................................................................


WIND (MPH)
  HIGHEST WIND SPEED     7   HIGHEST WIND DIRECTION     E (110)
  HIGHEST GUST SPEED     8   HIGHEST GUST DIRECTION     E (100)
  AVERAGE WIND SPEED     5.3


SKY COVER
  POSSIBLE SUNSHINE  MM
  AVERAGE SKY COVER 0.1


WEATHER CONDITIONS
 THE FOLLOWING WEATHER WAS RECORDED TODAY.
  LIGHT RAIN


RELATIVE HUMIDITY (PERCENT)
 HIGHEST    90           500 AM

..........................................................


THE DOUGLAS AZ CLIMATE NORMALS FOR TOMORROW
                         NORMAL    RECORD    YEAR
 MAXIMUM TEMPERATURE (F)   92       105      2009
                                             1995
 MINIMUM TEMPERATURE (F)   66        59      1993


SUNRISE AND SUNSET
JULY 26 2017..........SUNRISE   531 AM MST   SUNSET   718 PM MST
JULY 27 2017..........SUNRISE   532 AM MST   SUNSET   718 PM MST


-  INDICATES NEGATIVE NUMBERS.
R  INDICATES RECORD WAS SET OR TIED.
MM INDICATES DATA IS MISSING.
T  INDICATES TRACE AMOUNT.




$$
