000
CDUS43 KDVN 282121
CLIDVN


CLIMATE REPORT
NATIONAL WEATHER SERVICE QUAD CITIES IA IL
421 PM CDT FRI AUG 28 2015


...................................

...THE DAVENPORT IA CLIMATE SUMMARY FOR AUGUST 28 2015...
VALID TODAY AS OF 0400 PM LOCAL TIME.

CLIMATE NORMAL PERIOD 1981 TO 2010
CLIMATE RECORD PERIOD 9999 TO 9999


WEATHER ITEM   OBSERVED TIME   RECORD YEAR NORMAL DEPARTURE LAST
                VALUE   (LST)  VALUE       VALUE  FROM      YEAR
                                                  NORMAL
..................................................................
TEMPERATURE (F)
 TODAY
  MAXIMUM         72    246 PM  MM      MM  80     -8       72
  MINIMUM         58    605 AM  MM      MM  59     -1       64
  AVERAGE         65                        70     -5       68

PRECIPITATION (IN)
  TODAY            T            MM      MM   0.11  -0.11     0.59
  MONTH TO DATE    2.80                      4.18  -1.38     3.24
  SINCE JUN 1     17.38                     12.57   4.81    13.03
  SINCE JAN 1     28.02                     25.38   2.64    24.59

SNOWFALL (IN)
  TODAY            0.0          MM      MM  MM     MM        0.0
  MONTH TO DATE    0.0                      MM     MM        0.0
  SINCE JUN 1      0.0                      MM     MM        0.0
  SINCE JUL 1      0.0                      MM     MM        0.0
  SNOW DEPTH       0

DEGREE DAYS
 HEATING
  TODAY            0                         1     -1        0
  MONTH TO DATE    9                         2      7        3
  SINCE JUN 1     21                        30     -9       25
  SINCE JUL 1     14                         6      8       21

 COOLING
  TODAY            0                         5     -5        3
  MONTH TO DATE  154                       190    -36      185
  SINCE JUN 1    569                       630    -61      525
  SINCE JAN 1    649                       691    -42      633
..................................................................


WIND (MPH)
  HIGHEST WIND SPEED    13   HIGHEST WIND DIRECTION    SE (120)
  HIGHEST GUST SPEED    17   HIGHEST GUST DIRECTION    SE (120)
  AVERAGE WIND SPEED     6.1


SKY COVER
  POSSIBLE SUNSHINE  MM
  AVERAGE SKY COVER 0.2


WEATHER CONDITIONS
 THE FOLLOWING WEATHER WAS RECORDED TODAY.
  LIGHT RAIN


RELATIVE HUMIDITY (PERCENT)
 HIGHEST    93           500 AM
 LOWEST     73           300 PM
 AVERAGE    83

..........................................................


THE DAVENPORT IA CLIMATE NORMALS FOR TOMORROW
                         NORMAL    RECORD    YEAR
 MAXIMUM TEMPERATURE (F)   80        MM        MM
 MINIMUM TEMPERATURE (F)   58        MM        MM


SUNRISE AND SUNSET
AUGUST 28 2015........SUNRISE   624 AM CDT   SUNSET   742 PM CDT
AUGUST 29 2015........SUNRISE   625 AM CDT   SUNSET   741 PM CDT


-  INDICATES NEGATIVE NUMBERS.
R  INDICATES RECORD WAS SET OR TIED.
MM INDICATES DATA IS MISSING.
T  INDICATES TRACE AMOUNT.




$$
