000
CDUS43 KDVN 141005
CLIDVN


CLIMATE REPORT
NATIONAL WEATHER SERVICE QUAD CITIES IA IL
405 AM CST THU DEC 14 2017


...................................

...THE DAVENPORT IA CLIMATE SUMMARY FOR DECEMBER 13 2017...

CLIMATE NORMAL PERIOD 1981 TO 2010
CLIMATE RECORD PERIOD 9999 TO 9999


WEATHER ITEM   OBSERVED TIME   RECORD YEAR NORMAL DEPARTURE LAST
                VALUE   (LST)  VALUE       VALUE  FROM      YEAR
                                                  NORMAL
..................................................................
TEMPERATURE (F)
 YESTERDAY
  MAXIMUM         45   1138 AM  MM      MM  34     11       24
  MINIMUM         25   1159 PM  MM      MM  18      7        0
  AVERAGE         35                        26      9       12

PRECIPITATION (IN)
  YESTERDAY        T            MM      MM   0.06  -0.06      T
  MONTH TO DATE    0.19                      0.89  -0.70     0.78
  SINCE DEC 1      0.19                      0.89  -0.70     0.78
  SINCE JAN 1     36.56                     35.19   1.37    39.73

SNOWFALL (IN)
  YESTERDAY        T            MM      MM  MM     MM         T
  MONTH TO DATE    0.1                      MM     MM       13.9
  SINCE DEC 1      0.1                      MM     MM       13.9
  SINCE JUL 1      0.2                      MM     MM       13.9
  SNOW DEPTH       0

DEGREE DAYS
 HEATING
  YESTERDAY       30                        39     -9       53
  MONTH TO DATE  420                       480    -60      502
  SINCE DEC 1    420                       480    -60      502
  SINCE JUL 1   1630                      1828   -198     1357

 COOLING
  YESTERDAY        0                         0      0        0
  MONTH TO DATE    0                         0      0        0
  SINCE DEC 1      0                         0      0        0
  SINCE JAN 1    770                       786    -16     1063
..................................................................


WIND (MPH)
  HIGHEST WIND SPEED    43   HIGHEST WIND DIRECTION    NW (320)
  HIGHEST GUST SPEED    51   HIGHEST GUST DIRECTION    NW (320)
  AVERAGE WIND SPEED    21.7


SKY COVER
  POSSIBLE SUNSHINE  MM
  AVERAGE SKY COVER 0.6


WEATHER CONDITIONS
 THE FOLLOWING WEATHER WAS RECORDED YESTERDAY.
  HAZE


RELATIVE HUMIDITY (PERCENT)
 HIGHEST    70           200 PM
 LOWEST     42          1200 AM
 AVERAGE    56

..........................................................


THE DAVENPORT IA CLIMATE NORMALS FOR TODAY
                         NORMAL    RECORD    YEAR
 MAXIMUM TEMPERATURE (F)   33        MM        MM
 MINIMUM TEMPERATURE (F)   18        MM        MM


SUNRISE AND SUNSET
DECEMBER 14 2017......SUNRISE   722 AM CST   SUNSET   433 PM CST
DECEMBER 15 2017......SUNRISE   722 AM CST   SUNSET   433 PM CST


-  INDICATES NEGATIVE NUMBERS.
R  INDICATES RECORD WAS SET OR TIED.
MM INDICATES DATA IS MISSING.
T  INDICATES TRACE AMOUNT.




$$
