000
CDUS43 KDVN 272223
CLIDVN


CLIMATE REPORT
NATIONAL WEATHER SERVICE QUAD CITIES IA IL
422 PM CST THU NOV 27 2014


...................................

...THE DAVENPORT IA CLIMATE SUMMARY FOR NOVEMBER 27 2014...
VALID TODAY AS OF 0400 PM LOCAL TIME.

CLIMATE NORMAL PERIOD 1981 TO 2010
CLIMATE RECORD PERIOD 9999 TO 9999


WEATHER ITEM   OBSERVED TIME   RECORD YEAR NORMAL DEPARTURE LAST
                VALUE   (LST)  VALUE       VALUE  FROM      YEAR
                                                  NORMAL
..................................................................
TEMPERATURE (F)
 TODAY
  MAXIMUM         25    559 AM  MM      MM  41    -16       27
  MINIMUM         15    359 PM  MM      MM  25    -10        9
  AVERAGE         20                        33    -13       18

PRECIPITATION (IN)
  TODAY            T            MM      MM   0.08  -0.08     0.00
  MONTH TO DATE    1.80                      2.23  -0.43     1.70
  SINCE SEP 1      8.74                      8.26   0.48     5.38
  SINCE JAN 1     33.43                     34.08  -0.65    33.77

SNOWFALL (IN)
  TODAY            T            MM      MM  MM     MM        0.0
  MONTH TO DATE    4.0                      MM     MM        0.8
  SINCE SEP 1      4.0                      MM     MM        3.3
  SINCE JUL 1      4.0                      MM     MM        3.3
  SNOW DEPTH       1

DEGREE DAYS
 HEATING
  TODAY           45                        32     13       47
  MONTH TO DATE  915                       687    228      769
  SINCE SEP 1   1483                      1233    250     1286
  SINCE JUL 1   1504                      1247    257     1305

 COOLING
  TODAY            0                         0      0        0
  MONTH TO DATE    0                         0      0        0
  SINCE SEP 1     69                        82    -13      165
  SINCE JAN 1    728                       786    -58      938
..................................................................


WIND (MPH)
  HIGHEST WIND SPEED    23   HIGHEST WIND DIRECTION    NW (300)
  HIGHEST GUST SPEED    26   HIGHEST GUST DIRECTION     W (290)
  AVERAGE WIND SPEED    13.0


SKY COVER
  POSSIBLE SUNSHINE  MM
  AVERAGE SKY COVER 0.5


WEATHER CONDITIONS
 THE FOLLOWING WEATHER WAS RECORDED TODAY.
  LIGHT SNOW
  FOG
  HAZE


RELATIVE HUMIDITY (PERCENT)
 HIGHEST    84          1200 AM
 LOWEST     56           200 PM
 AVERAGE    70

..........................................................


THE DAVENPORT IA CLIMATE NORMALS FOR TOMORROW
                         NORMAL    RECORD    YEAR
 MAXIMUM TEMPERATURE (F)   41        MM        MM
 MINIMUM TEMPERATURE (F)   24        MM        MM


SUNRISE AND SUNSET
NOVEMBER 27 2014......SUNRISE   705 AM CST   SUNSET   434 PM CST
NOVEMBER 28 2014......SUNRISE   706 AM CST   SUNSET   434 PM CST


-  INDICATES NEGATIVE NUMBERS.
R  INDICATES RECORD WAS SET OR TIED.
MM INDICATES DATA IS MISSING.
T  INDICATES TRACE AMOUNT.




$$
