000
CDUS43 KDVN 070929
CLIDVN


CLIMATE REPORT
NATIONAL WEATHER SERVICE QUAD CITIES IA IL
427 AM CDT TUE JUL 7 2015


...................................

...THE DAVENPORT IA CLIMATE SUMMARY FOR JULY 6 2015...

CLIMATE NORMAL PERIOD 1981 TO 2010
CLIMATE RECORD PERIOD 9999 TO 9999


WEATHER ITEM   OBSERVED TIME   RECORD YEAR NORMAL DEPARTURE LAST
                VALUE   (LST)  VALUE       VALUE  FROM      YEAR
                                                  NORMAL
..................................................................
TEMPERATURE (F)
 YESTERDAY
  MAXIMUM         79   1247 PM  MM      MM  84     -5       85
  MINIMUM         65   1159 PM  MM      MM  63      2       63
  AVERAGE         72                        73     -1       74

PRECIPITATION (IN)
  YESTERDAY        3.82         MM      MM   0.13   3.69     0.00
  MONTH TO DATE    3.82                      0.65   3.17     0.35
  SINCE JUN 1     11.50                      4.84   6.66     8.58
  SINCE JAN 1     22.14                     17.65   4.49    20.14

SNOWFALL (IN)
  YESTERDAY        0.0          MM      MM  MM     MM        0.0
  MONTH TO DATE    0.0                      MM     MM        0.0
  SINCE JUN 1      0.0                      MM     MM        0.0
  SINCE JUL 1      0.0                      MM     MM        0.0
  SNOW DEPTH       0

DEGREE DAYS
 HEATING
  YESTERDAY        0                         0      0        0
  MONTH TO DATE    2                         0      2        4
  SINCE JUN 1      9                        24    -15        8
  SINCE JUL 1      2                         0      2        4

 COOLING
  YESTERDAY        7                         8     -1        9
  MONTH TO DATE   19                        48    -29       16
  SINCE JUN 1    205                       230    -25      229
  SINCE JAN 1    285                       291     -6      337
..................................................................


WIND (MPH)
  HIGHEST WIND SPEED    18   HIGHEST WIND DIRECTION     N (360)
  HIGHEST GUST SPEED    25   HIGHEST GUST DIRECTION     N (350)
  AVERAGE WIND SPEED     9.7


SKY COVER
  POSSIBLE SUNSHINE  MM
  AVERAGE SKY COVER 0.6


WEATHER CONDITIONS
 THE FOLLOWING WEATHER WAS RECORDED YESTERDAY.
  THUNDERSTORM
  HEAVY RAIN
  RAIN
  LIGHT RAIN
  FOG
  HAZE


RELATIVE HUMIDITY (PERCENT)
 HIGHEST    94           200 PM
 LOWEST     79          1200 AM
 AVERAGE    87

..........................................................


THE DAVENPORT IA CLIMATE NORMALS FOR TODAY
                         NORMAL    RECORD    YEAR
 MAXIMUM TEMPERATURE (F)   84        MM        MM
 MINIMUM TEMPERATURE (F)   63        MM        MM


SUNRISE AND SUNSET
JULY  7 2015..........SUNRISE   535 AM CDT   SUNSET   839 PM CDT
JULY  8 2015..........SUNRISE   536 AM CDT   SUNSET   839 PM CDT


-  INDICATES NEGATIVE NUMBERS.
R  INDICATES RECORD WAS SET OR TIED.
MM INDICATES DATA IS MISSING.
T  INDICATES TRACE AMOUNT.




$$
