000
CDUS46 KOTX 300847
CLIEAT


CLIMATE REPORT
NATIONAL WEATHER SERVICE SPOKANE, WA
147 AM PDT SUN APR 30 2017


...................................

...THE WENATCHEE WA PANGBORN FIELD CLIMATE SUMMARY FOR APRIL 29 2017...

CLIMATE NORMAL PERIOD 1981 TO 2010
CLIMATE RECORD PERIOD 1959 TO 2017


WEATHER ITEM   OBSERVED TIME   RECORD YEAR NORMAL DEPARTURE LAST
                VALUE   (LST)  VALUE       VALUE  FROM      YEAR
                                                  NORMAL
..................................................................
TEMPERATURE (F)
 YESTERDAY
  MAXIMUM         60    522 PM  84    1998  66     -6       68
  MINIMUM         38    530 AM  33    1982  44     -6       51
  AVERAGE         49                        55     -6       60

PRECIPITATION (IN)
  YESTERDAY        0.00          0.67 1967   0.02  -0.02     0.00
  MONTH TO DATE    2.15                      0.45   1.70     0.50
  SINCE OCT 1      9.01                      5.91   3.10     9.30
  SINCE JAN 1      6.19                      2.96   3.23     5.44

SNOWFALL (IN)
  YESTERDAY       MM

DEGREE DAYS
 HEATING
  YESTERDAY       16                        11      5        5
  MONTH TO DATE  461                       393     68      177
  SINCE MAR 1   1199                      1041    158      763
  SINCE JUL 1   5990                      5505    485     4636

 COOLING
  YESTERDAY        0                         0      0        0
  MONTH TO DATE    0                         0      0       12
  SINCE MAR 1      0                         2     -2       12
  SINCE JAN 1      0                         2     -2       12
..................................................................


WIND (MPH)
  HIGHEST WIND SPEED    13   HIGHEST WIND DIRECTION    NW (300)
  HIGHEST GUST SPEED    18   HIGHEST GUST DIRECTION     W (290)
  AVERAGE WIND SPEED     5.4


SKY COVER
  POSSIBLE SUNSHINE  MM
  AVERAGE SKY COVER 0.2


WEATHER CONDITIONS
 THE FOLLOWING WEATHER WAS RECORDED YESTERDAY.
  NO SIGNIFICANT WEATHER WAS OBSERVED.


RELATIVE HUMIDITY (PERCENT)
 HIGHEST    70           300 AM
 LOWEST     31           300 PM
 AVERAGE    51

..........................................................


THE WENATCHEE WA PANGBORN FIELD CLIMATE NORMALS FOR TODAY
                         NORMAL    RECORD    YEAR
 MAXIMUM TEMPERATURE (F)   66        88      1998
 MINIMUM TEMPERATURE (F)   44        32      1972


SUNRISE AND SUNSET
APRIL 30 2017.........SUNRISE   545 AM PDT   SUNSET   812 PM PDT
MAY  1 2017...........SUNRISE   544 AM PDT   SUNSET   813 PM PDT


-  INDICATES NEGATIVE NUMBERS.
R  INDICATES RECORD WAS SET OR TIED.
MM INDICATES DATA IS MISSING.
T  INDICATES TRACE AMOUNT.




$$
