000
CDUS46 KOTX 200830
CLIEAT


CLIMATE REPORT
NATIONAL WEATHER SERVICE SPOKANE, WA
1224 AM PST TUE FEB 20 2018


...................................

...THE WENATCHEE WA PANGBORN FIELD CLIMATE SUMMARY FOR FEBRUARY 19 2018...

CLIMATE NORMAL PERIOD 1981 TO 2010
CLIMATE RECORD PERIOD 1959 TO 2018


WEATHER ITEM   OBSERVED TIME   RECORD YEAR NORMAL DEPARTURE LAST
                VALUE   (LST)  VALUE       VALUE  FROM      YEAR
                                                  NORMAL
..................................................................
TEMPERATURE (F)
 YESTERDAY
  MAXIMUM         32    341 PM  58    1965  43    -11       36
  MINIMUM         17    745 AM  10    1986  28    -11       32
  AVERAGE         25                        36    -11       34

PRECIPITATION (IN)
  YESTERDAY        0.00          0.50 1993   0.03  -0.03      T
  MONTH TO DATE    0.23                      0.56  -0.33     1.29
  SINCE OCT 1      4.39                      4.57  -0.18     5.22
  SINCE JAN 1      1.31                      1.62  -0.31     2.40

SNOWFALL (IN)
  YESTERDAY       MM

DEGREE DAYS
 HEATING
  YESTERDAY       40                        29     11       31
  MONTH TO DATE  509                       595    -86      746
  SINCE DEC 1   2673                      2843   -170     3400
  SINCE JUL 1   4096                      4215   -119     4477

 COOLING
  YESTERDAY        0                         0      0        0
  MONTH TO DATE    0                         0      0        0
  SINCE DEC 1      0                         0      0        0
  SINCE JAN 1      0                         0      0        0
..................................................................


WIND (MPH)
  HIGHEST WIND SPEED    15   HIGHEST WIND DIRECTION    SE (120)
  HIGHEST GUST SPEED    20   HIGHEST GUST DIRECTION    SE (120)
  AVERAGE WIND SPEED     4.4


SKY COVER
  POSSIBLE SUNSHINE  MM
  AVERAGE SKY COVER 0.2


WEATHER CONDITIONS
 THE FOLLOWING WEATHER WAS RECORDED YESTERDAY.
  NO SIGNIFICANT WEATHER WAS OBSERVED.


RELATIVE HUMIDITY (PERCENT)
 HIGHEST    67           800 AM
 LOWEST     28           200 PM
 AVERAGE    48

..........................................................


THE WENATCHEE WA PANGBORN FIELD CLIMATE NORMALS FOR TODAY
                         NORMAL    RECORD    YEAR
 MAXIMUM TEMPERATURE (F)   43        62      1961
 MINIMUM TEMPERATURE (F)   29         4      1986


SUNRISE AND SUNSET
FEBRUARY 20 2018......SUNRISE   657 AM PST   SUNSET   532 PM PST
FEBRUARY 21 2018......SUNRISE   655 AM PST   SUNSET   534 PM PST


-  INDICATES NEGATIVE NUMBERS.
R  INDICATES RECORD WAS SET OR TIED.
MM INDICATES DATA IS MISSING.
T  INDICATES TRACE AMOUNT.




$$
