000
CDUS46 KOTX 300824
CLIEAT


CLIMATE REPORT
NATIONAL WEATHER SERVICE SPOKANE, WA
122 AM PDT THU JUL 30 2015


...................................

...THE WENATCHEE WA PANGBORN FIELD CLIMATE SUMMARY FOR JULY 29 2015...

CLIMATE NORMAL PERIOD 1981 TO 2010
CLIMATE RECORD PERIOD 1959 TO 2015


WEATHER ITEM   OBSERVED TIME   RECORD YEAR NORMAL DEPARTURE LAST
                VALUE   (LST)  VALUE       VALUE  FROM      YEAR
                                                  NORMAL
..................................................................
TEMPERATURE (F)
 YESTERDAY
  MAXIMUM         93    404 PM 105    2014  89      4      105
  MINIMUM         63    512 AM  52    1983  63      0       71
  AVERAGE         78                        76      2       88

PRECIPITATION (IN)
  YESTERDAY        0.00          0.30 1997   0.01  -0.01     0.00
  MONTH TO DATE    0.24                      0.26  -0.02     0.38
  SINCE OCT 1      7.15                      7.46  -0.31     3.69
  SINCE JAN 1      3.97                      4.51  -0.54     3.13

SNOWFALL (IN)
  YESTERDAY       MM

DEGREE DAYS
 HEATING
  YESTERDAY        0                         0      0        0
  MONTH TO DATE    0                         2     -2        0
  SINCE JUN 1      0                        60    -60       15
  SINCE JUL 1      0                         2     -2        0

 COOLING
  YESTERDAY       13                        11      2       23
  MONTH TO DATE  441                       268    173      447
  SINCE JUN 1    824                       560    264      603
  SINCE JAN 1    923                       707    216      661
..................................................................


WIND (MPH)
  HIGHEST WIND SPEED    16   HIGHEST WIND DIRECTION    SE (140)
  HIGHEST GUST SPEED    20   HIGHEST GUST DIRECTION    SE (130)
  AVERAGE WIND SPEED     7.6


SKY COVER
  POSSIBLE SUNSHINE  MM
  AVERAGE SKY COVER 0.0


WEATHER CONDITIONS
 THE FOLLOWING WEATHER WAS RECORDED YESTERDAY.
  NO SIGNIFICANT WEATHER WAS OBSERVED.


RELATIVE HUMIDITY (PERCENT)
 HIGHEST    52           400 AM
 LOWEST     16           500 PM
 AVERAGE    34

..........................................................


THE WENATCHEE WA PANGBORN FIELD CLIMATE NORMALS FOR TODAY
                         NORMAL    RECORD    YEAR
 MAXIMUM TEMPERATURE (F)   89       103      2014
                                             2003
                                             1971
 MINIMUM TEMPERATURE (F)   63        47      1993


SUNRISE AND SUNSET
JULY 30 2015..........SUNRISE   536 AM PDT   SUNSET   837 PM PDT
JULY 31 2015..........SUNRISE   538 AM PDT   SUNSET   836 PM PDT


-  INDICATES NEGATIVE NUMBERS.
R  INDICATES RECORD WAS SET OR TIED.
MM INDICATES DATA IS MISSING.
T  INDICATES TRACE AMOUNT.




$$
