605
CDUS46 KOTX 260824
CLIEAT


CLIMATE REPORT
NATIONAL WEATHER SERVICE SPOKANE, WA
123 AM PDT MON JUN 26 2017


...................................

...THE WENATCHEE WA PANGBORN FIELD CLIMATE SUMMARY FOR JUNE 25 2017...

CLIMATE NORMAL PERIOD 1981 TO 2010
CLIMATE RECORD PERIOD 1959 TO 2017


WEATHER ITEM   OBSERVED TIME   RECORD YEAR NORMAL DEPARTURE LAST
                VALUE   (LST)  VALUE       VALUE  FROM      YEAR
                                                  NORMAL
..................................................................
TEMPERATURE (F)
 YESTERDAY
  MAXIMUM         95    504 PM 101    1992  81     14       78
  MINIMUM         59    430 AM  43    1976  57      2       53
  AVERAGE         77                        69      8       66

PRECIPITATION (IN)
  YESTERDAY        0.00          0.18 1980   0.01  -0.01     0.00
  MONTH TO DATE    0.20                      0.53  -0.33     0.66
  SINCE OCT 1      9.82                      7.13   2.69    10.90
  SINCE JAN 1      7.00                      4.18   2.82     7.04

SNOWFALL (IN)
  YESTERDAY       MM

DEGREE DAYS
 HEATING
  YESTERDAY        0                         1     -1        0
  MONTH TO DATE   40                        53    -13       56
  SINCE JUN 1     40                        53    -13       56
  SINCE JUL 1   6241                      5767    474     4767

 COOLING
  YESTERDAY       12                         5      7        1
  MONTH TO DATE   72                        82    -10      111
  SINCE JUN 1     72                        82    -10      111
  SINCE JAN 1    128                       229   -101      153
..................................................................


WIND (MPH)
  HIGHEST WIND SPEED    13   HIGHEST WIND DIRECTION    NW (330)
  HIGHEST GUST SPEED    15   HIGHEST GUST DIRECTION    NW (330)
  AVERAGE WIND SPEED     4.8


SKY COVER
  POSSIBLE SUNSHINE  MM
  AVERAGE SKY COVER 0.0


WEATHER CONDITIONS
 THE FOLLOWING WEATHER WAS RECORDED YESTERDAY.
  NO SIGNIFICANT WEATHER WAS OBSERVED.


RELATIVE HUMIDITY (PERCENT)
 HIGHEST    52           100 AM
 LOWEST     13           200 PM
 AVERAGE    33

..........................................................


THE WENATCHEE WA PANGBORN FIELD CLIMATE NORMALS FOR TODAY
                         NORMAL    RECORD    YEAR
 MAXIMUM TEMPERATURE (F)   81       102      2015
 MINIMUM TEMPERATURE (F)   57        43      1976


SUNRISE AND SUNSET
JUNE 26 2017..........SUNRISE   506 AM PDT   SUNSET   902 PM PDT
JUNE 27 2017..........SUNRISE   506 AM PDT   SUNSET   902 PM PDT


-  INDICATES NEGATIVE NUMBERS.
R  INDICATES RECORD WAS SET OR TIED.
MM INDICATES DATA IS MISSING.
T  INDICATES TRACE AMOUNT.




$$
