000
CDUS46 KOTX 210840
CLIEAT


CLIMATE REPORT
NATIONAL WEATHER SERVICE SPOKANE, WA
136 AM PDT TUE OCT 21 2014


...................................

...THE WENATCHEE WA PANGBORN FIELD CLIMATE SUMMARY FOR OCTOBER 20 2014...

CLIMATE NORMAL PERIOD 1981 TO 2010
CLIMATE RECORD PERIOD 1959 TO 2014


WEATHER ITEM   OBSERVED TIME   RECORD YEAR NORMAL DEPARTURE LAST
                VALUE   (LST)  VALUE       VALUE  FROM      YEAR
                                                  NORMAL
..................................................................
TEMPERATURE (F)
 YESTERDAY
  MAXIMUM         59    409 PM  70    2013  59      0       70
  MINIMUM         50    405 AM  28    1982  39     11       40
  AVERAGE         55                        49      6       55

PRECIPITATION (IN)
  YESTERDAY        0.03        0.07   2003  0.02   0.01     0.00
  MONTH TO DATE    0.10                     0.22  -0.12      T
  SINCE OCT 1      0.10                     0.22  -0.12      T
  SINCE JAN 1      4.22                     5.28  -1.06     6.69

SNOWFALL (IN)
  YESTERDAY       MM

DEGREE DAYS
 HEATING
  YESTERDAY       10                        16     -6       10
  MONTH TO DATE  111                       232   -121      277
  SINCE SEP 1    146                       330   -184      373
  SINCE JUL 1    146                       344   -198      373

 COOLING
  YESTERDAY        0                         0      0        0
  MONTH TO DATE   17                         0     17        0
  SINCE SEP 1    127                         2    125      147
  SINCE JAN 1   1218                       790    428     1028
..................................................................


WIND (MPH)
  HIGHEST WIND SPEED    13   HIGHEST WIND DIRECTION    NW (300)
  HIGHEST GUST SPEED    15   HIGHEST GUST DIRECTION    NW (300)
  AVERAGE WIND SPEED     4.1


SKY COVER
  POSSIBLE SUNSHINE  MM
  AVERAGE SKY COVER 0.7


WEATHER CONDITIONS
 THE FOLLOWING WEATHER WAS RECORDED YESTERDAY.
  LIGHT RAIN
  FOG
  HAZE


RELATIVE HUMIDITY (PERCENT)
 HIGHEST    89           700 AM
 LOWEST     72          1200 PM
 AVERAGE    81

..........................................................


THE WENATCHEE WA PANGBORN FIELD CLIMATE NORMALS FOR TODAY
                         NORMAL    RECORD    YEAR
 MAXIMUM TEMPERATURE (F)   58        71      1972
 MINIMUM TEMPERATURE (F)   39        27      1984


SUNRISE AND SUNSET
OCTOBER 21 2014.......SUNRISE   728 AM PDT   SUNSET   602 PM PDT
OCTOBER 22 2014.......SUNRISE   730 AM PDT   SUNSET   600 PM PDT


-  INDICATES NEGATIVE NUMBERS.
R  INDICATES RECORD WAS SET OR TIED.
MM INDICATES DATA IS MISSING.
T  INDICATES TRACE AMOUNT.

$$
