000
CDUS46 KOTX 302337
CLIEAT


CLIMATE REPORT
NATIONAL WEATHER SERVICE SPOKANE, WA
437 PM PDT MON MAR 30 2015


...................................

...THE WENATCHEE WA PANGBORN FIELD CLIMATE SUMMARY FOR MARCH 30 2015...
VALID AS OF 0400 PM LOCAL TIME.

CLIMATE NORMAL PERIOD 1981 TO 2010
CLIMATE RECORD PERIOD 1959 TO 2015


WEATHER ITEM   OBSERVED TIME   RECORD YEAR NORMAL DEPARTURE LAST
                VALUE   (LST)  VALUE       VALUE  FROM      YEAR
                                                  NORMAL
..................................................................
TEMPERATURE (F)
 TODAY
  MAXIMUM         67    259 PM  73    2003  59      8       58
                                      1994
  MINIMUM         44    618 AM  28    1987  38      6       35
  AVERAGE         56                        48      8       47

PRECIPITATION (IN)
  TODAY            0.00          0.32 1974   0.01  -0.01     0.00
  MONTH TO DATE    0.65                      0.62   0.03     0.69
  SINCE OCT 1      5.36                      5.44  -0.08     2.45
  SINCE JAN 1      2.18                      2.49  -0.31     1.89

SNOWFALL (IN)
  TODAY           MM

DEGREE DAYS
 HEATING
  TODAY            9                        17     -8       18
  MONTH TO DATE  423                       631   -208      626
  SINCE MAR 1    423                       631   -208      626
  SINCE JUL 1   4052                      5095  -1043     5196

 COOLING
  TODAY            0                         0      0        0
  MONTH TO DATE    0                         0      0        0
  SINCE MAR 1      0                         0      0        0
  SINCE JAN 1      0                         0      0        0
..................................................................


WIND (MPH)
  HIGHEST WIND SPEED    13   HIGHEST WIND DIRECTION    SE (120)
  HIGHEST GUST SPEED    16   HIGHEST GUST DIRECTION    SE (130)
  AVERAGE WIND SPEED     5.6


SKY COVER
  POSSIBLE SUNSHINE  MM
  AVERAGE SKY COVER 0.0


WEATHER CONDITIONS
 THE FOLLOWING WEATHER WAS RECORDED TODAY.
  NO SIGNIFICANT WEATHER WAS OBSERVED.


RELATIVE HUMIDITY (PERCENT)
 HIGHEST    76           500 AM
 LOWEST     40           300 PM
 AVERAGE    58

..........................................................


THE WENATCHEE WA PANGBORN FIELD CLIMATE NORMALS FOR TOMORROW
                         NORMAL    RECORD    YEAR
 MAXIMUM TEMPERATURE (F)   59        78      1992
 MINIMUM TEMPERATURE (F)   38        28      2008
                                             1963


SUNRISE AND SUNSET
MARCH 30 2015.........SUNRISE   644 AM PDT   SUNSET   728 PM PDT
MARCH 31 2015.........SUNRISE   642 AM PDT   SUNSET   729 PM PDT


-  INDICATES NEGATIVE NUMBERS.
R  INDICATES RECORD WAS SET OR TIED.
MM INDICATES DATA IS MISSING.
T  INDICATES TRACE AMOUNT.




$$
