000
CDUS46 KOTX 070436
CLIEAT


CLIMATE REPORT
NATIONAL WEATHER SERVICE SPOKANE, WA
834 PM PST FRI MAR 6 2015


...................................

...THE WENATCHEE WA PANGBORN FIELD CLIMATE SUMMARY FOR MARCH 6 2015...
VALID TODAY AS OF 0800 PM LOCAL TIME.

CLIMATE NORMAL PERIOD 1981 TO 2010
CLIMATE RECORD PERIOD 1959 TO 2015


WEATHER ITEM   OBSERVED TIME   RECORD YEAR NORMAL DEPARTURE LAST
                VALUE   (LST)  VALUE       VALUE  FROM      YEAR
                                                  NORMAL
..................................................................
TEMPERATURE (F)
 TODAY
  MAXIMUM         60    453 PM  65    2005  49     11       56
  MINIMUM         38    712 AM  18    1989  32      6       36
  AVERAGE         49                        41      8       46

PRECIPITATION (IN)
  TODAY            0.00          0.38 2013   0.02  -0.02     0.01
  MONTH TO DATE    0.00                      0.15  -0.15     0.58
  SINCE OCT 1      4.71                      4.97  -0.26     2.34
  SINCE JAN 1      1.53                      2.02  -0.49     1.78

SNOWFALL (IN)
  TODAY           MM

DEGREE DAYS
 HEATING
  TODAY           16                        24     -8       19
  MONTH TO DATE  138                       151    -13      192
  SINCE MAR 1    138                       151    -13      192
  SINCE JUL 1   3767                      4615   -848     4762

 COOLING
  TODAY            0                         0      0        0
  MONTH TO DATE    0                         0      0        0
  SINCE MAR 1      0                         0      0        0
  SINCE JAN 1      0                         0      0        0
..................................................................


WIND (MPH)
  HIGHEST WIND SPEED    13   HIGHEST WIND DIRECTION    SE (130)
  HIGHEST GUST SPEED    14   HIGHEST GUST DIRECTION    SE (120)
  AVERAGE WIND SPEED     3.4


SKY COVER
  POSSIBLE SUNSHINE  MM
  AVERAGE SKY COVER 0.0


WEATHER CONDITIONS
 THE FOLLOWING WEATHER WAS RECORDED TODAY.
  NO SIGNIFICANT WEATHER WAS OBSERVED.


RELATIVE HUMIDITY (PERCENT)
 HIGHEST    76           700 AM
 LOWEST     35           300 PM
 AVERAGE    56

..........................................................


THE WENATCHEE WA PANGBORN FIELD CLIMATE NORMALS FOR TOMORROW
                         NORMAL    RECORD    YEAR
 MAXIMUM TEMPERATURE (F)   50        70      2005
 MINIMUM TEMPERATURE (F)   32        21      2002
                                             1974


SUNRISE AND SUNSET
MARCH  6 2015.........SUNRISE   632 AM PST   SUNSET   553 PM PST
MARCH  7 2015.........SUNRISE   630 AM PST   SUNSET   555 PM PST


-  INDICATES NEGATIVE NUMBERS.
R  INDICATES RECORD WAS SET OR TIED.
MM INDICATES DATA IS MISSING.
T  INDICATES TRACE AMOUNT.




$$
