000
CDUS46 KOTX 080433
CLIEAT


CLIMATE REPORT
NATIONAL WEATHER SERVICE SPOKANE, WA
932 PM PDT TUE JUL 7 2015


...................................

...THE WENATCHEE WA PANGBORN FIELD CLIMATE SUMMARY FOR JULY 7 2015...
VALID TODAY AS OF 0800 PM LOCAL TIME.

CLIMATE NORMAL PERIOD 1981 TO 2010
CLIMATE RECORD PERIOD 1959 TO 2015


WEATHER ITEM   OBSERVED TIME   RECORD YEAR NORMAL DEPARTURE LAST
                VALUE   (LST)  VALUE       VALUE  FROM      YEAR
                                                  NORMAL
..................................................................
TEMPERATURE (F)
 TODAY
  MAXIMUM        100R   444 PM  99    1968  85     15       96
  MINIMUM         74    312 AM  43    1971  60     14       66
  AVERAGE         87                        72     15       81

PRECIPITATION (IN)
  TODAY            0.14          0.21 2002   0.01   0.13     0.00
  MONTH TO DATE    0.14                      0.08   0.06     0.00
  SINCE OCT 1      7.05                      7.28  -0.23     3.31
  SINCE JAN 1      3.87                      4.33  -0.46     2.75

SNOWFALL (IN)
  TODAY           MM

DEGREE DAYS
 HEATING
  TODAY            0                         0      0        0
  MONTH TO DATE    0                         2     -2        0
  SINCE JUN 1      0                        60    -60       15
  SINCE JUL 1      0                         2     -2        0

 COOLING
  TODAY           22                         8     14       16
  MONTH TO DATE  158                        48    110      100
  SINCE JUN 1    541                       340    201      256
  SINCE JAN 1    640                       487    153      314
..................................................................


WIND (MPH)
  HIGHEST WIND SPEED    28   HIGHEST WIND DIRECTION     W (290)
  HIGHEST GUST SPEED    36   HIGHEST GUST DIRECTION     N (20)
  AVERAGE WIND SPEED    11.0


SKY COVER
  POSSIBLE SUNSHINE  MM
  AVERAGE SKY COVER 0.1


WEATHER CONDITIONS
 THE FOLLOWING WEATHER WAS RECORDED TODAY.
  HEAVY RAIN
  LIGHT RAIN


RELATIVE HUMIDITY (PERCENT)
 HIGHEST    25           500 AM
 LOWEST     14           300 PM
 AVERAGE    20

..........................................................


THE WENATCHEE WA PANGBORN FIELD CLIMATE NORMALS FOR TOMORROW
                         NORMAL    RECORD    YEAR
 MAXIMUM TEMPERATURE (F)   85       103      2012
                                             1968
 MINIMUM TEMPERATURE (F)   60        45      1981


SUNRISE AND SUNSET
JULY  7 2015..........SUNRISE   512 AM PDT   SUNSET   859 PM PDT
JULY  8 2015..........SUNRISE   513 AM PDT   SUNSET   858 PM PDT


-  INDICATES NEGATIVE NUMBERS.
R  INDICATES RECORD WAS SET OR TIED.
MM INDICATES DATA IS MISSING.
T  INDICATES TRACE AMOUNT.




$$
