000
CDUS46 KOTX 260448
CLIEAT


CLIMATE REPORT
NATIONAL WEATHER SERVICE SPOKANE, WA
947 PM PDT WED MAY 25 2016


...................................

...THE WENATCHEE WA PANGBORN FIELD CLIMATE SUMMARY FOR MAY 25 2016...
VALID TODAY AS OF 0800 PM LOCAL TIME.

CLIMATE NORMAL PERIOD 1981 TO 2010
CLIMATE RECORD PERIOD 1959 TO 2016


WEATHER ITEM   OBSERVED TIME   RECORD YEAR NORMAL DEPARTURE LAST
                VALUE   (LST)  VALUE       VALUE  FROM      YEAR
                                                  NORMAL
..................................................................
TEMPERATURE (F)
 TODAY
  MAXIMUM         79    342 PM  93    1992  74      5       76
  MINIMUM         54    456 AM  39    1984  51      3       56
  AVERAGE         67                        62      5       66

PRECIPITATION (IN)
  TODAY            0.00          0.49 1981   0.03  -0.03      T
  MONTH TO DATE    0.94                      0.51   0.43     1.17
  SINCE OCT 1     10.24                      6.43   3.81     6.83
  SINCE JAN 1      6.38                      3.48   2.90     3.65

DEGREE DAYS
 HEATING
  TODAY            0                         4     -4        0
  MONTH TO DATE   57                       177   -120       74
  SINCE MAR 1    823                      1229   -406      869
  SINCE JUL 1   4696                      5693   -997     4498

 COOLING
  TODAY            2                         2      0        1
  MONTH TO DATE   27                        24      3       50
  SINCE MAR 1     39                        62    -23       50
  SINCE JAN 1     39                        62    -23       50
..................................................................


WIND (MPH)
  HIGHEST WIND SPEED    29   HIGHEST WIND DIRECTION    NW (300)
  HIGHEST GUST SPEED    34   HIGHEST GUST DIRECTION    NW (310)
  AVERAGE WIND SPEED    11.5


SKY COVER
  POSSIBLE SUNSHINE  MM
  AVERAGE SKY COVER 0.0


WEATHER CONDITIONS
 THE FOLLOWING WEATHER WAS RECORDED TODAY.
  NO SIGNIFICANT WEATHER WAS OBSERVED.


RELATIVE HUMIDITY (PERCENT)
 HIGHEST    66           500 AM
 LOWEST     25           300 PM
 AVERAGE    46

..........................................................


THE WENATCHEE WA PANGBORN FIELD CLIMATE NORMALS FOR TOMORROW
                         NORMAL    RECORD    YEAR
 MAXIMUM TEMPERATURE (F)   74        89      2001
 MINIMUM TEMPERATURE (F)   51        40      1973


SUNRISE AND SUNSET
MAY 25 2016...........SUNRISE   513 AM PDT   SUNSET   843 PM PDT
MAY 26 2016...........SUNRISE   512 AM PDT   SUNSET   844 PM PDT


-  INDICATES NEGATIVE NUMBERS.
R  INDICATES RECORD WAS SET OR TIED.
MM INDICATES DATA IS MISSING.
T  INDICATES TRACE AMOUNT.




$$
