000
CDUS46 KOTX 280821
CLIEAT


CLIMATE REPORT
NATIONAL WEATHER SERVICE SPOKANE, WA
121 AM PDT FRI AUG 28 2015


...................................

...THE WENATCHEE WA PANGBORN FIELD CLIMATE SUMMARY FOR AUGUST 27 2015...

CLIMATE NORMAL PERIOD 1981 TO 2010
CLIMATE RECORD PERIOD 1959 TO 2015


WEATHER ITEM   OBSERVED TIME   RECORD YEAR NORMAL DEPARTURE LAST
                VALUE   (LST)  VALUE       VALUE  FROM      YEAR
                                                  NORMAL
..................................................................
TEMPERATURE (F)
 YESTERDAY
  MAXIMUM         95    447 PM  96    2011  83     12       95
                                      1999
  MINIMUM         70    323 AM  47    1960  58     12       66
  AVERAGE         83                        71     12       81

PRECIPITATION (IN)
  YESTERDAY        0.00          0.39 1968   0.01  -0.01     0.00
  MONTH TO DATE    T                         0.17  -0.17     0.83
  SINCE OCT 1      7.15                      7.64  -0.49     4.52
  SINCE JAN 1      3.97                      4.69  -0.72     3.96

SNOWFALL (IN)
  YESTERDAY       MM

DEGREE DAYS
 HEATING
  YESTERDAY        0                         0      0        0
  MONTH TO DATE    0                         0      0        0
  SINCE JUN 1      0                        65    -65       15
  SINCE JUL 1      0                         7     -7        0

 COOLING
  YESTERDAY       18                         6     12       16
  MONTH TO DATE  354                       245    109      357
  SINCE JUN 1   1217                       806    411     1004
  SINCE JAN 1   1316                       953    363     1062
..................................................................


WIND (MPH)
  HIGHEST WIND SPEED    17   HIGHEST WIND DIRECTION     W (290)
  HIGHEST GUST SPEED    24   HIGHEST GUST DIRECTION     W (290)
  AVERAGE WIND SPEED     8.8


SKY COVER
  POSSIBLE SUNSHINE  MM
  AVERAGE SKY COVER 0.0


WEATHER CONDITIONS
 THE FOLLOWING WEATHER WAS RECORDED YESTERDAY.
  NO SIGNIFICANT WEATHER WAS OBSERVED.


RELATIVE HUMIDITY (PERCENT)
 HIGHEST    29           200 AM
 LOWEST     12           300 PM
 AVERAGE    21

..........................................................


THE WENATCHEE WA PANGBORN FIELD CLIMATE NORMALS FOR TODAY
                         NORMAL    RECORD    YEAR
 MAXIMUM TEMPERATURE (F)   83        99      1972
 MINIMUM TEMPERATURE (F)   58        45      2010
                                             1984


SUNRISE AND SUNSET
AUGUST 28 2015........SUNRISE   614 AM PDT   SUNSET   749 PM PDT
AUGUST 29 2015........SUNRISE   615 AM PDT   SUNSET   747 PM PDT


-  INDICATES NEGATIVE NUMBERS.
R  INDICATES RECORD WAS SET OR TIED.
MM INDICATES DATA IS MISSING.
T  INDICATES TRACE AMOUNT.




$$
