000
CDUS46 KOTX 220829
CLIEAT


CLIMATE REPORT
NATIONAL WEATHER SERVICE SPOKANE, WA
129 AM PDT SUN OCT 22 2017


...................................

...THE WENATCHEE WA PANGBORN FIELD CLIMATE SUMMARY FOR OCTOBER 21 2017...

CLIMATE NORMAL PERIOD 1981 TO 2010
CLIMATE RECORD PERIOD 1959 TO 2017


WEATHER ITEM   OBSERVED TIME   RECORD YEAR NORMAL DEPARTURE LAST
                VALUE   (LST)  VALUE       VALUE  FROM      YEAR
                                                  NORMAL
..................................................................
TEMPERATURE (F)
 YESTERDAY
  MAXIMUM         43    132 PM  71    1972  58    -15       53
  MINIMUM         36   1102 PM  27    1984  39     -3       42
  AVERAGE         40                        48     -8       48

PRECIPITATION (IN)
  YESTERDAY        0.67R         0.43 1975   0.01   0.66      T
  MONTH TO DATE    0.74                      0.23   0.51     1.21
  SINCE OCT 1      0.74                      0.23   0.51     1.21
  SINCE JAN 1      7.82                      5.29   2.53     8.56

SNOWFALL (IN)
  YESTERDAY       MM

DEGREE DAYS
 HEATING
  YESTERDAY       25                        17      8       17
  MONTH TO DATE  325                       249     76      274
  SINCE SEP 1    427                       347     80      343
  SINCE JUL 1    427                       361     66      347

 COOLING
  YESTERDAY        0                         0      0        0
  MONTH TO DATE    0                         0      0        0
  SINCE SEP 1    113                         2    111       28
  SINCE JAN 1   1058                       790    268      801
..................................................................


WIND (MPH)
  HIGHEST WIND SPEED    15   HIGHEST WIND DIRECTION    SE (130)
  HIGHEST GUST SPEED    19   HIGHEST GUST DIRECTION    SE (120)
  AVERAGE WIND SPEED     6.3


SKY COVER
  POSSIBLE SUNSHINE  MM
  AVERAGE SKY COVER 0.8


WEATHER CONDITIONS
 THE FOLLOWING WEATHER WAS RECORDED YESTERDAY.
  HEAVY RAIN
  RAIN
  LIGHT RAIN
  FOG


RELATIVE HUMIDITY (PERCENT)
 HIGHEST   100           400 PM
 LOWEST     70          1200 AM
 AVERAGE    85

..........................................................


THE WENATCHEE WA PANGBORN FIELD CLIMATE NORMALS FOR TODAY
                         NORMAL    RECORD    YEAR
 MAXIMUM TEMPERATURE (F)   57        72      2003
 MINIMUM TEMPERATURE (F)   39        27      1984


SUNRISE AND SUNSET
OCTOBER 22 2017.......SUNRISE   730 AM PDT   SUNSET   600 PM PDT
OCTOBER 23 2017.......SUNRISE   732 AM PDT   SUNSET   558 PM PDT


-  INDICATES NEGATIVE NUMBERS.
R  INDICATES RECORD WAS SET OR TIED.
MM INDICATES DATA IS MISSING.
T  INDICATES TRACE AMOUNT.




$$
