000
CDUS43 KMPX 260842
CLIEAU


CLIMATE REPORT
NATIONAL WEATHER SERVICE CHANHASSEN MN
341 AM CDT THU MAR 26 2015


...................................

...THE EAU CLAIRE WI CLIMATE SUMMARY FOR MARCH 25 2015...

CLIMATE NORMAL PERIOD 1981 TO 2010
CLIMATE RECORD PERIOD 1893 TO 2015


WEATHER ITEM   OBSERVED TIME   RECORD YEAR NORMAL DEPARTURE LAST
                VALUE   (LST)  VALUE       VALUE  FROM      YEAR
                                                  NORMAL
..................................................................
TEMPERATURE (F)
 YESTERDAY
  MAXIMUM         38    554 PM  80    2007  46     -8       20
  MINIMUM         29    605 AM  -1    1955  25      4        7
                                      1940
  AVERAGE         34                        35     -1       14

PRECIPITATION (IN)
  YESTERDAY        0.27          0.86 1906   0.07   0.20      T
  MONTH TO DATE    0.55                      1.30  -0.75     0.22
  SINCE MAR 1      0.55                      1.30  -0.75     0.22
  SINCE JAN 1      1.14                      3.00  -1.86     3.42

SNOWFALL (IN)
  YESTERDAY        3.1           6.0  1923   0.2    2.9       T
  MONTH TO DATE    5.9                       7.3   -1.4      3.2
  SINCE MAR 1      5.9                       7.3   -1.4      3.2
  SINCE JUL 1     36.7                      43.6   -6.9     64.9
  SNOW DEPTH       3

DEGREE DAYS
 HEATING
  YESTERDAY       31                        30      1       51
  MONTH TO DATE  805                       876    -71     1106
  SINCE MAR 1    805                       876    -71     1106
  SINCE JUL 1   7158                      6897    261     7998

 COOLING
  YESTERDAY        0                         0      0        0
  MONTH TO DATE    0                         0      0        0
  SINCE MAR 1      0                         0      0        0
  SINCE JAN 1      0                         0      0        0
..................................................................


WIND (MPH)
  HIGHEST WIND SPEED    28   HIGHEST WIND DIRECTION     W (270)
  HIGHEST GUST SPEED    38   HIGHEST GUST DIRECTION     W (260)
  AVERAGE WIND SPEED    13.4


SKY COVER
  POSSIBLE SUNSHINE  MM
  AVERAGE SKY COVER 1.0


WEATHER CONDITIONS
 THE FOLLOWING WEATHER WAS RECORDED YESTERDAY.
  SNOW
  LIGHT SNOW
  FOG


RELATIVE HUMIDITY (PERCENT)
 HIGHEST    92          1200 AM
 LOWEST     59           700 PM
 AVERAGE    76

..........................................................


THE EAU CLAIRE WI CLIMATE NORMALS FOR TODAY
                         NORMAL    RECORD    YEAR
 MAXIMUM TEMPERATURE (F)   46        81      2007
 MINIMUM TEMPERATURE (F)   26       -12      1965


SUNRISE AND SUNSET
MARCH 26 2015.........SUNRISE   658 AM CDT   SUNSET   726 PM CDT
MARCH 27 2015.........SUNRISE   656 AM CDT   SUNSET   727 PM CDT


-  INDICATES NEGATIVE NUMBERS.
R  INDICATES RECORD WAS SET OR TIED.
MM INDICATES DATA IS MISSING.
T  INDICATES TRACE AMOUNT.




$$
