000
CDUS43 KMPX 051245
CLIEAU


CLIMATE REPORT
NATIONAL WEATHER SERVICE CHANHASSEN MN
745 AM CDT SAT SEP 5 2015


...................................

...THE EAU CLAIRE WI CLIMATE SUMMARY FOR SEPTEMBER 4 2015...

CLIMATE NORMAL PERIOD 1981 TO 2010
CLIMATE RECORD PERIOD 1893 TO 2015


WEATHER ITEM   OBSERVED TIME   RECORD YEAR NORMAL DEPARTURE LAST
                VALUE   (LST)  VALUE       VALUE  FROM      YEAR
                                                  NORMAL
..................................................................
TEMPERATURE (F)
 YESTERDAY
  MAXIMUM         86    346 PM  96    1922  76     10       77
                                      1925
  MINIMUM         69    636 AM  33    1974  54     15       64
  AVERAGE         78                        65     13       71

PRECIPITATION (IN)
  YESTERDAY        0.00          0.97 1989   0.12  -0.12     0.69
  MONTH TO DATE    1.40                      0.49   0.91     2.93
  SINCE SEP 1      1.40                      0.49   0.91     2.93
  SINCE JAN 1     28.96                     22.61   6.35    35.60

SNOWFALL (IN)
  YESTERDAY        0.0           0.0    MM   0.0    0.0      0.0
  MONTH TO DATE    0.0                       0.0    0.0      0.0
  SINCE SEP 1      0.0                       0.0    0.0      0.0
  SINCE JUL 1      0.0                       0.0    0.0      0.0
  SNOW DEPTH       0

DEGREE DAYS
 HEATING
  YESTERDAY        0                         3     -3        0
  MONTH TO DATE    0                        10    -10        0
  SINCE SEP 1      0                        10    -10        0
  SINCE JUL 1     55                        49      6       23

 COOLING
  YESTERDAY       13                         3     10        6
  MONTH TO DATE   40                        12     28       13
  SINCE SEP 1     40                        12     28       13
  SINCE JAN 1    442                       539    -97      491
..................................................................


WIND (MPH)
  HIGHEST WIND SPEED    15   HIGHEST WIND DIRECTION     E (110)
  HIGHEST GUST SPEED    19   HIGHEST GUST DIRECTION    SE (120)
  AVERAGE WIND SPEED     8.2


SKY COVER
  POSSIBLE SUNSHINE  MM
  AVERAGE SKY COVER 0.5


WEATHER CONDITIONS
 THE FOLLOWING WEATHER WAS RECORDED YESTERDAY.
  NO SIGNIFICANT WEATHER WAS OBSERVED.


RELATIVE HUMIDITY (PERCENT)
 HIGHEST    84          1200 AM
 LOWEST     61           100 PM
 AVERAGE    73

..........................................................


THE EAU CLAIRE WI CLIMATE NORMALS FOR TODAY
                         NORMAL    RECORD    YEAR
 MAXIMUM TEMPERATURE (F)   76        97      1922
                                             1945
 MINIMUM TEMPERATURE (F)   54        36      1962


SUNRISE AND SUNSET
SEPTEMBER  5 2015.....SUNRISE   633 AM CDT   SUNSET   736 PM CDT
SEPTEMBER  6 2015.....SUNRISE   634 AM CDT   SUNSET   734 PM CDT


-  INDICATES NEGATIVE NUMBERS.
R  INDICATES RECORD WAS SET OR TIED.
MM INDICATES DATA IS MISSING.
T  INDICATES TRACE AMOUNT.




$$
