000
CDUS42 KAKQ 040532
CLIECG


CLIMATE REPORT
NATIONAL WEATHER SERVICE WAKEFIELD, VA
132 AM EDT FRI SEP 4 2015


...................................

...THE ELIZABETH CITY NC CLIMATE SUMMARY FOR SEPTEMBER 3 2015...

CLIMATE NORMAL PERIOD 1981 TO 2010
CLIMATE RECORD PERIOD 1934 TO 2015


WEATHER ITEM   OBSERVED TIME   RECORD YEAR NORMAL DEPARTURE LAST
                VALUE   (LST)  VALUE       VALUE  FROM      YEAR
                                                  NORMAL
..................................................................
TEMPERATURE (F)
 YESTERDAY
  MAXIMUM         89    125 PM  96    1950  85      4       90
  MINIMUM         68    533 AM  53    1967  66      2       75
  AVERAGE         79                        75      4       83

PRECIPITATION (IN)
  YESTERDAY        0.01          2.80 1941   0.14  -0.13     0.11
  MONTH TO DATE    0.10                      0.44  -0.34     0.11
  SINCE SEP 1      0.10                      0.44  -0.34     0.11
  SINCE JAN 1     30.28                     34.40  -4.12    27.55

SNOWFALL (IN)
  YESTERDAY        0.0           0.0  2002  MM     MM
  MONTH TO DATE    0.0                      MM     MM
  SINCE NOV 1      T                        MM     MM
  SINCE JUL 1      0.0                      MM     MM
  SNOW DEPTH       0

DEGREE DAYS
 HEATING
  YESTERDAY        0                         0      0        0
  MONTH TO DATE    0                         0      0        0
  SINCE SEP 1      0                         0      0        0
  SINCE JUL 1      0                         0      0        0

 COOLING
  YESTERDAY       14                        10      4       18
  MONTH TO DATE   43                        32     11       56
  SINCE SEP 1     43                        32     11       56
  SINCE JAN 1   1483                      1328    155     1299
..................................................................


WIND (MPH)
  HIGHEST WIND SPEED    18   HIGHEST WIND DIRECTION    SW (220)
  HIGHEST GUST SPEED    25   HIGHEST GUST DIRECTION     S (200)
  AVERAGE WIND SPEED     3.6


SKY COVER
  POSSIBLE SUNSHINE  MM
  AVERAGE SKY COVER 0.1


WEATHER CONDITIONS
 THE FOLLOWING WEATHER WAS RECORDED YESTERDAY.
  THUNDERSTORM
  LIGHT RAIN
  FOG


RELATIVE HUMIDITY (PERCENT)
 HIGHEST   100           200 AM
 LOWEST     57          1200 PM
 AVERAGE    79

..........................................................


THE ELIZABETH CITY NC CLIMATE NORMALS FOR TODAY
                         NORMAL    RECORD    YEAR
 MAXIMUM TEMPERATURE (F)   84        98      1944
 MINIMUM TEMPERATURE (F)   66        52      1997


SUNRISE AND SUNSET
SEPTEMBER  4 2015.....SUNRISE   638 AM EDT   SUNSET   729 PM EDT
SEPTEMBER  5 2015.....SUNRISE   639 AM EDT   SUNSET   727 PM EDT


-  INDICATES NEGATIVE NUMBERS.
R  INDICATES RECORD WAS SET OR TIED.
MM INDICATES DATA IS MISSING.
T  INDICATES TRACE AMOUNT.




$$
