000
CDUS42 KAKQ 050545
CLIECG


CLIMATE REPORT
NATIONAL WEATHER SERVICE WAKEFIELD, VA
145 AM EDT THU MAY 5 2016


...................................

...THE ELIZABETH CITY NC CLIMATE SUMMARY FOR MAY 4 2016...

CLIMATE NORMAL PERIOD 1981 TO 2010
CLIMATE RECORD PERIOD 1934 TO 2016


WEATHER ITEM   OBSERVED TIME   RECORD YEAR NORMAL DEPARTURE LAST
                VALUE   (LST)  VALUE       VALUE  FROM      YEAR
                                                  NORMAL
..................................................................
TEMPERATURE (F)
 YESTERDAY
  MAXIMUM         72    355 PM  92    1938  74     -2       80
  MINIMUM         56   1159 PM  37    1941  53      3       53
  AVERAGE         64                        63      1       67

PRECIPITATION (IN)
  YESTERDAY        0.01          1.95 1994   0.11  -0.10     0.00
  MONTH TO DATE    0.56                      0.41   0.15     0.01
  SINCE MAR 1      6.82                      7.53  -0.71     7.09
  SINCE JAN 1     14.41                     13.97   0.44    13.89

SNOWFALL (IN)
  YESTERDAY        0.0           0.0  2002  MM     MM
  MONTH TO DATE    0.0                      MM     MM
  SINCE NOV 1      1.8                      MM     MM
  SINCE JUL 1      1.8                      MM     MM
  SNOW DEPTH       0

DEGREE DAYS
 HEATING
  YESTERDAY        1                         4     -3        0
  MONTH TO DATE    1                        16    -15       20
  SINCE MAR 1    513                       705   -192      692
  SINCE JUL 1   2424                      3177   -753     3226

 COOLING
  YESTERDAY        0                         2     -2        2
  MONTH TO DATE   13                         8      5        2
  SINCE MAR 1     68                        48     20       35
  SINCE JAN 1     68                        50     18       37
..................................................................


WIND (MPH)
  HIGHEST WIND SPEED    16   HIGHEST WIND DIRECTION    NE (30)
  HIGHEST GUST SPEED    20   HIGHEST GUST DIRECTION    NE (30)
  AVERAGE WIND SPEED     8.5


SKY COVER
  POSSIBLE SUNSHINE  MM
  AVERAGE SKY COVER 0.8


WEATHER CONDITIONS
 THE FOLLOWING WEATHER WAS RECORDED YESTERDAY.
  LIGHT RAIN
  FOG


RELATIVE HUMIDITY (PERCENT)
 HIGHEST   100           300 AM
 LOWEST     68           300 PM
 AVERAGE    84

..........................................................


THE ELIZABETH CITY NC CLIMATE NORMALS FOR TODAY
                         NORMAL    RECORD    YEAR
 MAXIMUM TEMPERATURE (F)   74        92      1938
 MINIMUM TEMPERATURE (F)   53        40      1966


SUNRISE AND SUNSET
MAY  5 2016...........SUNRISE   607 AM EDT   SUNSET   756 PM EDT
MAY  6 2016...........SUNRISE   606 AM EDT   SUNSET   757 PM EDT


-  INDICATES NEGATIVE NUMBERS.
R  INDICATES RECORD WAS SET OR TIED.
MM INDICATES DATA IS MISSING.
T  INDICATES TRACE AMOUNT.




$$
