000
CDUS42 KAKQ 220827
CLIECG


CLIMATE REPORT
NATIONAL WEATHER SERVICE WAKEFIELD, VA
427 AM EDT MON SEP 22 2014


...................................

...THE ELIZABETH CITY NC CLIMATE SUMMARY FOR SEPTEMBER 21 2014...

CLIMATE NORMAL PERIOD 1981 TO 2010
CLIMATE RECORD PERIOD 1934 TO 2014


WEATHER ITEM   OBSERVED TIME   RECORD YEAR NORMAL DEPARTURE LAST
                VALUE   (LST)  VALUE       VALUE  FROM      YEAR
                                                  NORMAL
..................................................................
TEMPERATURE (F)
 YESTERDAY
  MAXIMUM         81    413 PM  95    1995  80      1       82
  MINIMUM         70    648 PM  43    1937  62      8       55
  AVERAGE         76                        71      5       69

PRECIPITATION (IN)
  YESTERDAY        0.41          2.82 1982   0.12   0.29     0.01
  MONTH TO DATE    5.04                      2.84   2.20     0.68
  SINCE SEP 1      5.04                      2.84   2.20     0.68
  SINCE JAN 1     32.48                     36.80  -4.32    30.71

SNOWFALL (IN)
  YESTERDAY        0.0           0.0  2002  MM     MM
  MONTH TO DATE    0.0                      MM     MM
  SINCE NOV 1     10.2                      MM     MM
  SINCE JUL 1      0.0                      MM     MM
  SNOW DEPTH       0

DEGREE DAYS
 HEATING
  YESTERDAY        0                         1     -1        0
  MONTH TO DATE    0                         1     -1        2
  SINCE SEP 1      0                         1     -1        2
  SINCE JUL 1      0                         1     -1        2

 COOLING
  YESTERDAY       11                         6      5        4
  MONTH TO DATE  228                       181     47      172
  SINCE SEP 1    228                       181     47      172
  SINCE JAN 1   1471                      1477     -6     1552
..................................................................


WIND (MPH)
  HIGHEST WIND SPEED    21   HIGHEST WIND DIRECTION    NW (330)
  HIGHEST GUST SPEED    24   HIGHEST GUST DIRECTION    NW (330)
  AVERAGE WIND SPEED    11.1


SKY COVER
  POSSIBLE SUNSHINE  MM
  AVERAGE SKY COVER 0.4


WEATHER CONDITIONS
 THE FOLLOWING WEATHER WAS RECORDED YESTERDAY.
  HEAVY RAIN
  RAIN
  LIGHT RAIN
  FOG


RELATIVE HUMIDITY (PERCENT)
 HIGHEST   100           600 AM
 LOWEST     54           400 PM
 AVERAGE    77

..........................................................


THE ELIZABETH CITY NC CLIMATE NORMALS FOR TODAY
                         NORMAL    RECORD    YEAR
 MAXIMUM TEMPERATURE (F)   79        90      1998
 MINIMUM TEMPERATURE (F)   61        43      1956


SUNRISE AND SUNSET
SEPTEMBER 22 2014.....SUNRISE   653 AM EDT   SUNSET   702 PM EDT
SEPTEMBER 23 2014.....SUNRISE   653 AM EDT   SUNSET   700 PM EDT


-  INDICATES NEGATIVE NUMBERS.
R  INDICATES RECORD WAS SET OR TIED.
MM INDICATES DATA IS MISSING.
T  INDICATES TRACE AMOUNT.




$$
