000
CDUS42 KAKQ 210626
CLIECG


CLIMATE REPORT
NATIONAL WEATHER SERVICE WAKEFIELD, VA
125 AM EST SUN JAN 21 2018


...................................

...THE ELIZABETH CITY NC CLIMATE SUMMARY FOR JANUARY 20 2018...

CLIMATE NORMAL PERIOD 1981 TO 2010
CLIMATE RECORD PERIOD 1934 TO 2018


WEATHER ITEM   OBSERVED TIME   RECORD YEAR NORMAL DEPARTURE LAST
                VALUE   (LST)  VALUE       VALUE  FROM      YEAR
                                                  NORMAL
..................................................................
TEMPERATURE (F)
 YESTERDAY
  MAXIMUM         61    248 PM  73    1951  51     10       54
  MINIMUM         32    627 AM   8    1994  32      0       38
                                      1940
  AVERAGE         47                        41      6       46

PRECIPITATION (IN)
  YESTERDAY        0.00          1.56 1978   0.10  -0.10     0.11
  MONTH TO DATE    1.56                      2.01  -0.45     3.14
  SINCE DEC 1      4.62                      4.57   0.05     5.81
  SINCE JAN 1      1.56                      2.01  -0.45     3.14

SNOWFALL (IN)
  YESTERDAY        0.0           T    2016  MM     MM
                                      2009
                                      2008
  MONTH TO DATE    6.8                      MM     MM
  SINCE NOV 1      6.8                      MM     MM
  SINCE JUL 1      6.8                      MM     MM
  SNOW DEPTH       0

DEGREE DAYS
 HEATING
  YESTERDAY       18                        24     -6       19
  MONTH TO DATE  637                       480    157      410
  SINCE DEC 1   1279                      1120    159     1015
  SINCE JUL 1   1713                      1635     78     1505

 COOLING
  YESTERDAY        0                         0      0        0
  MONTH TO DATE    3                         0      3        0
  SINCE DEC 1      3                         2      1        0
  SINCE JAN 1      3                         0      3        0
..................................................................


WIND (MPH)
  HIGHEST WIND SPEED    18   HIGHEST WIND DIRECTION    SW (230)
  HIGHEST GUST SPEED    23   HIGHEST GUST DIRECTION    SW (230)
  AVERAGE WIND SPEED     9.8


SKY COVER
  POSSIBLE SUNSHINE  MM
  AVERAGE SKY COVER 0.0


WEATHER CONDITIONS
 THE FOLLOWING WEATHER WAS RECORDED YESTERDAY.
  NO SIGNIFICANT WEATHER WAS OBSERVED.


RELATIVE HUMIDITY (PERCENT)
 HIGHEST    89           400 AM
 LOWEST     47           100 PM
 AVERAGE    68

..........................................................


THE ELIZABETH CITY NC CLIMATE NORMALS FOR TODAY
                         NORMAL    RECORD    YEAR
 MAXIMUM TEMPERATURE (F)   51        75      1935
 MINIMUM TEMPERATURE (F)   32        -2      1985


SUNRISE AND SUNSET
JANUARY 21 2018.......SUNRISE   713 AM EST   SUNSET   520 PM EST
JANUARY 22 2018.......SUNRISE   712 AM EST   SUNSET   521 PM EST


-  INDICATES NEGATIVE NUMBERS.
R  INDICATES RECORD WAS SET OR TIED.
MM INDICATES DATA IS MISSING.
T  INDICATES TRACE AMOUNT.




$$
