000
CDUS42 KAKQ 160534
CLIECG


CLIMATE REPORT
NATIONAL WEATHER SERVICE WAKEFIELD, VA
130 AM EDT WED AUG 16 2017


...................................

...THE ELIZABETH CITY NC CLIMATE SUMMARY FOR AUGUST 15 2017...

CLIMATE NORMAL PERIOD 1981 TO 2010
CLIMATE RECORD PERIOD 1934 TO 2017


WEATHER ITEM   OBSERVED TIME   RECORD YEAR NORMAL DEPARTURE LAST
                VALUE   (LST)  VALUE       VALUE  FROM      YEAR
                                                  NORMAL
..................................................................
TEMPERATURE (F)
 YESTERDAY
  MAXIMUM         90    115 PM  96    1938  87      3       94
  MINIMUM         75    508 AM  55    1950  69      6       77
  AVERAGE         83                        78      5       86

PRECIPITATION (IN)
  YESTERDAY        0.57          3.14 1957   0.21   0.36     0.24
  MONTH TO DATE    4.54                      3.22   1.32     1.93
  SINCE JUN 1     16.70                     13.37   3.33     8.09
  SINCE JAN 1     33.67                     30.54   3.13    26.30

SNOWFALL (IN)
  YESTERDAY        0.0           0.0  2002  MM     MM
  MONTH TO DATE    0.0                      MM     MM
  SINCE NOV 1      1.2                      MM     MM
  SINCE JUL 1      0.0                      MM     MM
  SNOW DEPTH       0

DEGREE DAYS
 HEATING
  YESTERDAY        0                         0      0        0
  MONTH TO DATE    0                         0      0        0
  SINCE JUN 1      4                         3      1        0
  SINCE JUL 1      0                         0      0        0

 COOLING
  YESTERDAY       18                        13      5       21
  MONTH TO DATE  197                       200     -3      256
  SINCE JUN 1   1022                       940     82     1092
  SINCE JAN 1   1320                      1104    216     1262
..................................................................


WIND (MPH)
  HIGHEST WIND SPEED    23   HIGHEST WIND DIRECTION    NE (40)
  HIGHEST GUST SPEED    27   HIGHEST GUST DIRECTION    NE (30)
  AVERAGE WIND SPEED     6.6


SKY COVER
  POSSIBLE SUNSHINE  MM
  AVERAGE SKY COVER 0.5


WEATHER CONDITIONS
 THE FOLLOWING WEATHER WAS RECORDED YESTERDAY.
  HEAVY RAIN
  RAIN
  LIGHT RAIN
  FOG
  FOG W/VISIBILITY <= 1/4 MILE


RELATIVE HUMIDITY (PERCENT)
 HIGHEST   100           200 AM
 LOWEST     68          1200 PM
 AVERAGE    84

..........................................................


THE ELIZABETH CITY NC CLIMATE NORMALS FOR TODAY
                         NORMAL    RECORD    YEAR
 MAXIMUM TEMPERATURE (F)   87        99      1938
 MINIMUM TEMPERATURE (F)   69        58      1983
                                             1979


SUNRISE AND SUNSET
AUGUST 16 2017........SUNRISE   624 AM EDT   SUNSET   754 PM EDT
AUGUST 17 2017........SUNRISE   625 AM EDT   SUNSET   752 PM EDT


-  INDICATES NEGATIVE NUMBERS.
R  INDICATES RECORD WAS SET OR TIED.
MM INDICATES DATA IS MISSING.
T  INDICATES TRACE AMOUNT.




$$
