000
CDUS42 KAKQ 230545
CLIECG


CLIMATE REPORT
NATIONAL WEATHER SERVICE WAKEFIELD, VA
145 AM EDT MON OCT 23 2017


...................................

...THE ELIZABETH CITY NC CLIMATE SUMMARY FOR OCTOBER 22 2017...

CLIMATE NORMAL PERIOD 1981 TO 2010
CLIMATE RECORD PERIOD 1934 TO 2017


WEATHER ITEM   OBSERVED TIME   RECORD YEAR NORMAL DEPARTURE LAST
                VALUE   (LST)  VALUE       VALUE  FROM      YEAR
                                                  NORMAL
..................................................................
TEMPERATURE (F)
 YESTERDAY
  MAXIMUM         79    213 PM  86    1947  71      8       65
  MINIMUM         53    621 AM  28    1974  50      3       44
  AVERAGE         66                        60      6       55

PRECIPITATION (IN)
  YESTERDAY        0.00          2.73 1985   0.09  -0.09     0.00
  MONTH TO DATE    0.83                      2.20  -1.37    10.28
  SINCE SEP 1      3.25                      6.13  -2.88    22.31
  SINCE JAN 1     38.39                     40.09  -1.70    49.82

SNOWFALL (IN)
  YESTERDAY        0.0           0.0  2002  MM     MM
  MONTH TO DATE    0.0                      MM     MM
  SINCE NOV 1      1.2                      MM     MM
  SINCE JUL 1      0.0                      MM     MM
  SNOW DEPTH       0

DEGREE DAYS
 HEATING
  YESTERDAY        0                         6     -6       10
  MONTH TO DATE   16                        76    -60       37
  SINCE SEP 1     16                        88    -72       37
  SINCE JUL 1     16                        88    -72       37

 COOLING
  YESTERDAY        1                         1      0        0
  MONTH TO DATE  123                        48     75      104
  SINCE SEP 1    394                       274    120      432
  SINCE JAN 1   1940                      1570    370     1939
..................................................................


WIND (MPH)
  HIGHEST WIND SPEED    12   HIGHEST WIND DIRECTION     E (100)
  HIGHEST GUST SPEED    16   HIGHEST GUST DIRECTION    SE (130)
  AVERAGE WIND SPEED     4.2


SKY COVER
  POSSIBLE SUNSHINE  MM
  AVERAGE SKY COVER 0.1


WEATHER CONDITIONS
 THE FOLLOWING WEATHER WAS RECORDED YESTERDAY.
  FOG
  FOG W/VISIBILITY <= 1/4 MILE


RELATIVE HUMIDITY (PERCENT)
 HIGHEST   100          1200 AM
 LOWEST     48           200 PM
 AVERAGE    74

..........................................................


THE ELIZABETH CITY NC CLIMATE NORMALS FOR TODAY
                         NORMAL    RECORD    YEAR
 MAXIMUM TEMPERATURE (F)   71        87      1947
 MINIMUM TEMPERATURE (F)   50        31      1987


SUNRISE AND SUNSET
OCTOBER 23 2017.......SUNRISE   719 AM EDT   SUNSET   618 PM EDT
OCTOBER 24 2017.......SUNRISE   720 AM EDT   SUNSET   617 PM EDT


-  INDICATES NEGATIVE NUMBERS.
R  INDICATES RECORD WAS SET OR TIED.
MM INDICATES DATA IS MISSING.
T  INDICATES TRACE AMOUNT.




$$
