000
CDUS42 KAKQ 290545
CLIECG


CLIMATE REPORT
NATIONAL WEATHER SERVICE WAKEFIELD, VA
145 AM EDT THU JUN 29 2017


...................................

...THE ELIZABETH CITY NC CLIMATE SUMMARY FOR JUNE 28 2017...

CLIMATE NORMAL PERIOD 1981 TO 2010
CLIMATE RECORD PERIOD 1934 TO 2017


WEATHER ITEM   OBSERVED TIME   RECORD YEAR NORMAL DEPARTURE LAST
                VALUE   (LST)  VALUE       VALUE  FROM      YEAR
                                                  NORMAL
..................................................................
TEMPERATURE (F)
 YESTERDAY
  MAXIMUM         80    201 PM  97    2011  87     -7       86
                                      2010
                                      2008
  MINIMUM         60    429 AM  56    1981  69     -9       70
  AVERAGE         70                        78     -8       78

PRECIPITATION (IN)
  YESTERDAY        0.00          2.31 2000   0.14  -0.14     0.02
  MONTH TO DATE    3.42                      4.19  -0.77     2.66
  SINCE JUN 1      3.42                      4.19  -0.77     2.66
  SINCE JAN 1     20.39                     21.36  -0.97    20.87

SNOWFALL (IN)
  YESTERDAY        0.0           0.0  2002  MM     MM
  MONTH TO DATE    0.0                      MM     MM
  SINCE NOV 1      1.2                      MM     MM
  SINCE JUL 1      1.2                      MM     MM
  SNOW DEPTH       0

DEGREE DAYS
 HEATING
  YESTERDAY        0                         0      0        0
  MONTH TO DATE    4                         0      4        0
  SINCE JUN 1      4                         0      4        0
  SINCE JUL 1   2691                      3229   -538     2481

 COOLING
  YESTERDAY        5                        13     -8       13
  MONTH TO DATE  326                       288     38      293
  SINCE JUN 1    326                       288     38      293
  SINCE JAN 1    624                       452    172      463
..................................................................


WIND (MPH)
  HIGHEST WIND SPEED    16   HIGHEST WIND DIRECTION    NE (40)
  HIGHEST GUST SPEED    20   HIGHEST GUST DIRECTION    NE (40)
  AVERAGE WIND SPEED     7.3


SKY COVER
  POSSIBLE SUNSHINE  MM
  AVERAGE SKY COVER 0.0


WEATHER CONDITIONS
 THE FOLLOWING WEATHER WAS RECORDED YESTERDAY.
  FOG
  HAZE


RELATIVE HUMIDITY (PERCENT)
 HIGHEST   100           300 AM
 LOWEST     48          1100 AM
 AVERAGE    74

..........................................................


THE ELIZABETH CITY NC CLIMATE NORMALS FOR TODAY
                         NORMAL    RECORD    YEAR
 MAXIMUM TEMPERATURE (F)   87        97      2012
                                             2010
                                             1959
 MINIMUM TEMPERATURE (F)   69        55      1979
                                             1970
                                             1958


SUNRISE AND SUNSET
JUNE 29 2017..........SUNRISE   550 AM EDT   SUNSET   826 PM EDT
JUNE 30 2017..........SUNRISE   551 AM EDT   SUNSET   826 PM EDT


-  INDICATES NEGATIVE NUMBERS.
R  INDICATES RECORD WAS SET OR TIED.
MM INDICATES DATA IS MISSING.
T  INDICATES TRACE AMOUNT.




$$
