000
CDUS42 KAKQ 312138
CLIECG


CLIMATE REPORT
NATIONAL WEATHER SERVICE WAKEFIELD, VA
538 PM EDT TUE MAY 31 2016


...................................

...THE ELIZABETH CITY NC CLIMATE SUMMARY FOR MAY 31 2016...
VALID TODAY AS OF 0500 PM LOCAL TIME.

CLIMATE NORMAL PERIOD 1981 TO 2010
CLIMATE RECORD PERIOD 1934 TO 2016


WEATHER ITEM   OBSERVED TIME   RECORD YEAR NORMAL DEPARTURE LAST
                VALUE   (LST)  VALUE       VALUE  FROM      YEAR
                                                  NORMAL
..................................................................
TEMPERATURE (F)
 TODAY
  MAXIMUM         81    224 PM  97    1991  81      0       85
  MINIMUM         69    101 AM  44    1996  62      7       65
  AVERAGE         75

PRECIPITATION (IN)
  TODAY            0.00          1.30 1952   0.13  -0.13     0.00
  MONTH TO DATE    4.36                      3.61   0.75     3.42
  SINCE MAR 1     10.62                     10.73  -0.11    10.50
  SINCE JAN 1     18.21                     17.17   1.04    17.30

SNOWFALL (IN)
  TODAY            0.0
  MONTH TO DATE    0.0
  SINCE NOV 1      1.8
  SINCE JUL 1      1.8
  SNOW DEPTH       0

DEGREE DAYS
 HEATING
  TODAY            0
  MONTH TO DATE   58
  SINCE MAR 1    570
  SINCE JUL 1   2481

 COOLING
  TODAY           10
  MONTH TO DATE  115
  SINCE MAR 1    170
  SINCE JAN 1    170
..................................................................


WIND (MPH)
  RESULTANT WIND SPEED   6   RESULTANT WIND DIRECTION  NE (60)
  HIGHEST WIND SPEED    13   HIGHEST WIND DIRECTION     E (70)
  HIGHEST GUST SPEED    16   HIGHEST GUST DIRECTION     E (70)


SKY COVER
  POSSIBLE SUNSHINE  MM
  AVERAGE SKY COVER 0.7


WEATHER CONDITIONS
 THE FOLLOWING WEATHER WAS RECORDED TODAY.
  NO SIGNIFICANT WEATHER WAS OBSERVED.


RELATIVE HUMIDITY (PERCENT)
 HIGHEST   100
 LOWEST     67
 AVERAGE    84

..........................................................


THE ELIZABETH CITY NC CLIMATE NORMALS FOR TOMORROW
                         NORMAL    RECORD    YEAR
 MAXIMUM TEMPERATURE (F)   81        96      2002
 MINIMUM TEMPERATURE (F)   62        47      1938


SUNRISE AND SUNSET
MAY 31 2016...........SUNRISE   549 AM EDT   SUNSET   816 PM EDT
JUNE  1 2016..........SUNRISE   548 AM EDT   SUNSET   817 PM EDT


-  INDICATES NEGATIVE NUMBERS.
R  INDICATES RECORD WAS SET OR TIED.
MM INDICATES DATA IS MISSING.
T  INDICATES TRACE AMOUNT.




$$
