000
CDUS45 KGJT 230738
CLIEEO


CLIMATE REPORT
NATIONAL WEATHER SERVICE GRAND JUNCTION CO
136 AM MDT SAT AUG 23 2014


...................................

...THE MEEKER CO CLIMATE SUMMARY FOR AUGUST 22 2014...

CLIMATE NORMAL PERIOD 1981 TO 2010
CLIMATE RECORD PERIOD 9999 TO 9999


WEATHER ITEM   OBSERVED TIME   RECORD YEAR NORMAL DEPARTURE LAST
                VALUE   (LST)  VALUE       VALUE  FROM      YEAR
                                                  NORMAL
..................................................................
TEMPERATURE (F)
 YESTERDAY
  MAXIMUM         75   1032 AM  MM      MM  83     -8       83
  MINIMUM         53    521 AM  MM      MM  48      5       55
  AVERAGE         64                        65     -1       69

PRECIPITATION (IN)
  YESTERDAY        0.04         MM      MM   0.05  -0.01      T
  MONTH TO DATE    1.85                      0.88   0.97     0.59
  SINCE JUN 1      2.82                      3.27  -0.45     2.73
  SINCE JAN 1     10.25                      9.42   0.83     9.10

SNOWFALL (IN)
  YESTERDAY       MM            MM      MM  MM     MM       MM
  MONTH TO DATE   MM                        MM     MM       MM
  SINCE JUN 1     MM                        MM     MM       MM
  SINCE JUL 1     MM                        MM     MM       MM
  SNOW DEPTH      MM

DEGREE DAYS
 HEATING
  YESTERDAY        1                         1      0        0
  MONTH TO DATE    9                        15     -6       16
  SINCE JUN 1    151                       179    -28       92
  SINCE JUL 1     16                        35    -19       16

 COOLING
  YESTERDAY        0                         1     -1        4
  MONTH TO DATE   39                        55    -16       53
  SINCE JUN 1    195                       157     38      254
  SINCE JAN 1    196                       158     38      254
..................................................................


WIND (MPH)
  HIGHEST WIND SPEED    21   HIGHEST WIND DIRECTION     W (290)
  HIGHEST GUST SPEED    25   HIGHEST GUST DIRECTION     W (290)
  AVERAGE WIND SPEED     5.4


SKY COVER
  POSSIBLE SUNSHINE  MM
  AVERAGE SKY COVER 0.6


WEATHER CONDITIONS
 THE FOLLOWING WEATHER WAS RECORDED YESTERDAY.
  THUNDERSTORM
  RAIN


RELATIVE HUMIDITY (PERCENT)
 HIGHEST    80           800 PM
 LOWEST     38          1200 PM
 AVERAGE    59

..........................................................


THE MEEKER CO CLIMATE NORMALS FOR TODAY
                         NORMAL    RECORD    YEAR
 MAXIMUM TEMPERATURE (F)   82        MM        MM
 MINIMUM TEMPERATURE (F)   47        MM        MM


SUNRISE AND SUNSET
AUGUST 23 2014........SUNRISE   631 AM MDT   SUNSET   757 PM MDT
AUGUST 24 2014........SUNRISE   632 AM MDT   SUNSET   755 PM MDT


-  INDICATES NEGATIVE NUMBERS.
R  INDICATES RECORD WAS SET OR TIED.
MM INDICATES DATA IS MISSING.
T  INDICATES TRACE AMOUNT.




$$
