000
CDUS44 KBMX 020019
CLIEET


CLIMATE REPORT
NATIONAL WEATHER SERVICE BIRMINGHAM, AL
719 PM CDT MON SEP 1 2014


...................................

...THE SHELBY COUNTY AIRPORT CLIMATE SUMMARY FOR SEPTEMBER 1 2014...
VALID TODAY AS OF 0700 PM LOCAL TIME.

CLIMATE NORMAL PERIOD 1981 TO 2010
CLIMATE RECORD PERIOD 9999 TO 9999


WEATHER ITEM   OBSERVED TIME   RECORD YEAR NORMAL DEPARTURE LAST
                VALUE   (LST)  VALUE       VALUE  FROM      YEAR
                                                  NORMAL
..................................................................
TEMPERATURE (F)
 TODAY
  MAXIMUM         96    208 PM  MM      MM  89      7       93
  MINIMUM         72    549 AM  MM      MM  68      4       72
  AVERAGE         84                        78      6       83

PRECIPITATION (IN)
  TODAY            0.00                      0.14  -0.14     0.00
  MONTH TO DATE    0.00                      0.14  -0.14     0.00
  SINCE SEP 1      0.00                      0.14  -0.14     0.00
  SINCE JAN 1     38.82                     38.22   0.60    48.29

DEGREE DAYS
 COOLING
  TODAY           19                        13      6       18
  MONTH TO DATE   19                        13      6       18
  SINCE SEP 1     19                        13      6       18
  SINCE JAN 1   1687                      1611     76     1507
..................................................................


WIND (MPH)
  HIGHEST WIND SPEED    12   HIGHEST WIND DIRECTION     S (200)
  HIGHEST GUST SPEED    17   HIGHEST GUST DIRECTION    SW (210)
  AVERAGE WIND SPEED     1.8


SKY COVER
  POSSIBLE SUNSHINE  MM
  AVERAGE SKY COVER 0.1


WEATHER CONDITIONS
 THE FOLLOWING WEATHER WAS RECORDED TODAY.
  NO SIGNIFICANT WEATHER WAS OBSERVED.


RELATIVE HUMIDITY (PERCENT)
 HIGHEST    90           500 AM
 LOWEST     41          1200 PM
 AVERAGE    66

..........................................................


THE SHELBY COUNTY AIRPORT CLIMATE NORMALS FOR TOMORROW
                         NORMAL    RECORD    YEAR
 MAXIMUM TEMPERATURE (F)   88        MM        MM
 MINIMUM TEMPERATURE (F)   68        MM        MM


SUNRISE AND SUNSET
SEPTEMBER  1 2014.....SUNRISE   621 AM CDT   SUNSET   712 PM CDT
SEPTEMBER  2 2014.....SUNRISE   622 AM CDT   SUNSET   711 PM CDT


-  INDICATES NEGATIVE NUMBERS.
R  INDICATES RECORD WAS SET OR TIED.
MM INDICATES DATA IS MISSING.
T  INDICATES TRACE AMOUNT.




$$
