000
CDUS44 KBMX 310708
CLIEET


CLIMATE REPORT
NATIONAL WEATHER SERVICE BIRMINGHAM, AL
207 AM CDT FRI JUL 31 2015


...................................

...THE SHELBY COUNTY AIRPORT CLIMATE SUMMARY FOR JULY 30 2015...

CLIMATE NORMAL PERIOD 1981 TO 2010
CLIMATE RECORD PERIOD 9999 TO 9999


WEATHER ITEM   OBSERVED TIME   RECORD YEAR NORMAL DEPARTURE LAST
                VALUE   (LST)  VALUE       VALUE  FROM      YEAR
                                                  NORMAL
..................................................................
TEMPERATURE (F)
 YESTERDAY
  MAXIMUM         95    412 PM  MM      MM  91      4       86
  MINIMUM         76    235 AM  MM      MM  71      5       60
  AVERAGE         86                        81      5       73

PRECIPITATION (IN)
  YESTERDAY        0.00                      0.15  -0.15     0.00
  MONTH TO DATE   10.97                      4.59   6.38     3.06
  SINCE JUN 1     12.99                      9.22   3.77     8.53
  SINCE JAN 1     37.20                     33.15   4.05    36.03

DEGREE DAYS
 COOLING
  YESTERDAY       21                        16      5        8
  MONTH TO DATE  501                       472     29      434
  SINCE JUN 1    931                       846     85      849
  SINCE JAN 1   1281                      1115    166     1143
..................................................................


WIND (MPH)
  HIGHEST WIND SPEED    14   HIGHEST WIND DIRECTION     N (350)
  HIGHEST GUST SPEED    19   HIGHEST GUST DIRECTION     N (350)
  AVERAGE WIND SPEED     5.8


SKY COVER
  POSSIBLE SUNSHINE  MM
  AVERAGE SKY COVER 0.1


WEATHER CONDITIONS
 THE FOLLOWING WEATHER WAS RECORDED YESTERDAY.
  FOG
  HAZE


RELATIVE HUMIDITY (PERCENT)
 HIGHEST    94           200 AM
 LOWEST     51          1000 PM
 AVERAGE    73

..........................................................


THE SHELBY COUNTY AIRPORT CLIMATE NORMALS FOR TODAY
                         NORMAL    RECORD    YEAR
 MAXIMUM TEMPERATURE (F)   91        MM        MM
 MINIMUM TEMPERATURE (F)   71        MM        MM


SUNRISE AND SUNSET
JULY 31 2015..........SUNRISE   559 AM CDT   SUNSET   747 PM CDT
AUGUST  1 2015........SUNRISE   600 AM CDT   SUNSET   746 PM CDT


-  INDICATES NEGATIVE NUMBERS.
R  INDICATES RECORD WAS SET OR TIED.
MM INDICATES DATA IS MISSING.
T  INDICATES TRACE AMOUNT.




$$
