000
CDUS44 KBMX 240802
CLIEET


CLIMATE REPORT
NATIONAL WEATHER SERVICE BIRMINGHAM, AL
300 AM CDT SUN JUL 24 2016


...................................

...THE SHELBY COUNTY AIRPORT CLIMATE SUMMARY FOR JULY 23 2016...

CLIMATE NORMAL PERIOD 1981 TO 2010
CLIMATE RECORD PERIOD 9999 TO 9999


WEATHER ITEM   OBSERVED TIME   RECORD YEAR NORMAL DEPARTURE LAST
                VALUE   (LST)  VALUE       VALUE  FROM      YEAR
                                                  NORMAL
..................................................................
TEMPERATURE (F)
 YESTERDAY
  MAXIMUM         94    258 PM  MM      MM  91      3       89
  MINIMUM         76    550 AM  MM      MM  71      5       72
  AVERAGE         85                        81      4       81

PRECIPITATION (IN)
  YESTERDAY        0.00                      0.16  -0.16     1.01
  MONTH TO DATE    1.48                      3.54  -2.06     8.75
  SINCE JUN 1      4.49                      8.17  -3.68    10.77
  SINCE JAN 1     27.01                     32.10  -5.09    34.98

DEGREE DAYS
 COOLING
  YESTERDAY       20                        16      4       16
  MONTH TO DATE  422                       360     62      368
  SINCE JUN 1    877                       734    143      798
  SINCE JAN 1   1181                      1003    178     1148
..................................................................


WIND (MPH)
  HIGHEST WIND SPEED    10   HIGHEST WIND DIRECTION    SW (210)
  HIGHEST GUST SPEED    14   HIGHEST GUST DIRECTION    SW (210)
  AVERAGE WIND SPEED     2.3


SKY COVER
  POSSIBLE SUNSHINE  MM
  AVERAGE SKY COVER 0.1


WEATHER CONDITIONS
 THE FOLLOWING WEATHER WAS RECORDED YESTERDAY.
  FOG
  HAZE


RELATIVE HUMIDITY (PERCENT)
 HIGHEST    94           200 AM
 LOWEST     52           300 PM
 AVERAGE    73

..........................................................


THE SHELBY COUNTY AIRPORT CLIMATE NORMALS FOR TODAY
                         NORMAL    RECORD    YEAR
 MAXIMUM TEMPERATURE (F)   91        MM        MM
 MINIMUM TEMPERATURE (F)   71        MM        MM


SUNRISE AND SUNSET
JULY 24 2016..........SUNRISE   555 AM CDT   SUNSET   752 PM CDT
JULY 25 2016..........SUNRISE   556 AM CDT   SUNSET   751 PM CDT


-  INDICATES NEGATIVE NUMBERS.
R  INDICATES RECORD WAS SET OR TIED.
MM INDICATES DATA IS MISSING.
T  INDICATES TRACE AMOUNT.




$$
