000
CDUS44 KBMX 290714
CLIEET


CLIMATE REPORT
NATIONAL WEATHER SERVICE BIRMINGHAM, AL
213 AM CDT SUN MAY 29 2016


...................................

...THE SHELBY COUNTY AIRPORT CLIMATE SUMMARY FOR MAY 28 2016...

CLIMATE NORMAL PERIOD 1981 TO 2010
CLIMATE RECORD PERIOD 9999 TO 9999


WEATHER ITEM   OBSERVED TIME   RECORD YEAR NORMAL DEPARTURE LAST
                VALUE   (LST)  VALUE       VALUE  FROM      YEAR
                                                  NORMAL
..................................................................
TEMPERATURE (F)
 YESTERDAY
  MAXIMUM         84    422 PM  MM      MM  84      0       79
  MINIMUM         68   1159 PM  MM      MM  64      4       66
  AVERAGE         76                        74      2       73

PRECIPITATION (IN)
  YESTERDAY        T                         0.16  -0.16     1.21
  MONTH TO DATE    1.51                      4.01  -2.50     3.43
  SINCE MAR 1     11.88                     12.38  -0.50    14.03
  SINCE JAN 1     22.52                     23.46  -0.94    23.40

DEGREE DAYS
 COOLING
  YESTERDAY       11                         9      2        8
  MONTH TO DATE  158                       167     -9      207
  SINCE MAR 1    253                       238     15      316
  SINCE JAN 1    260                       242     18      316
..................................................................


WIND (MPH)
  HIGHEST WIND SPEED     9   HIGHEST WIND DIRECTION     E (110)
  HIGHEST GUST SPEED    14   HIGHEST GUST DIRECTION    SE (120)
  AVERAGE WIND SPEED     2.1


SKY COVER
  POSSIBLE SUNSHINE  MM
  AVERAGE SKY COVER 0.1


WEATHER CONDITIONS
 THE FOLLOWING WEATHER WAS RECORDED YESTERDAY.
  NO SIGNIFICANT WEATHER WAS OBSERVED.


RELATIVE HUMIDITY (PERCENT)
 HIGHEST    90           900 PM
 LOWEST     51           400 PM
 AVERAGE    71

..........................................................


THE SHELBY COUNTY AIRPORT CLIMATE NORMALS FOR TODAY
                         NORMAL    RECORD    YEAR
 MAXIMUM TEMPERATURE (F)   84        MM        MM
 MINIMUM TEMPERATURE (F)   64        MM        MM


SUNRISE AND SUNSET
MAY 29 2016...........SUNRISE   540 AM CDT   SUNSET   750 PM CDT
MAY 30 2016...........SUNRISE   539 AM CDT   SUNSET   750 PM CDT


-  INDICATES NEGATIVE NUMBERS.
R  INDICATES RECORD WAS SET OR TIED.
MM INDICATES DATA IS MISSING.
T  INDICATES TRACE AMOUNT.




$$
