000
CDUS44 KBMX 100937
CLIEET


CLIMATE REPORT
NATIONAL WEATHER SERVICE BIRMINGHAM, AL
437 AM CDT THU JUL 10 2014


...................................

...THE SHELBY COUNTY AIRPORT CLIMATE SUMMARY FOR JULY 9 2014...

CLIMATE NORMAL PERIOD 1981 TO 2010
CLIMATE RECORD PERIOD 9999 TO 9999


WEATHER ITEM   OBSERVED TIME   RECORD YEAR NORMAL DEPARTURE LAST
                VALUE   (LST)  VALUE       VALUE  FROM      YEAR
                                                  NORMAL
..................................................................
TEMPERATURE (F)
 YESTERDAY
  MAXIMUM         89   1244 PM  MM      MM  90     -1       89
  MINIMUM         73    601 AM  MM      MM  71      2       72
  AVERAGE         81                        81      0       81

PRECIPITATION (IN)
  YESTERDAY        0.00                      0.16  -0.16     0.01
  MONTH TO DATE    0.17                      1.38  -1.21     2.47
  SINCE JUN 1      5.48                      6.01  -0.53     7.17
  SINCE JAN 1     32.98                     29.94   3.04    36.17

DEGREE DAYS
 COOLING
  YESTERDAY       16                        16      0       16
  MONTH TO DATE  132                       136     -4      103
  SINCE JUN 1    547                       510     37      515
  SINCE JAN 1    841                       779     62      767
..................................................................


WIND (MPH)
  HIGHEST WIND SPEED    12   HIGHEST WIND DIRECTION    NW (310)
  HIGHEST GUST SPEED    17   HIGHEST GUST DIRECTION     S (170)
  AVERAGE WIND SPEED     3.7


SKY COVER
  POSSIBLE SUNSHINE  MM
  AVERAGE SKY COVER 0.2


WEATHER CONDITIONS
 THE FOLLOWING WEATHER WAS RECORDED YESTERDAY.
  THUNDERSTORM
  FOG


RELATIVE HUMIDITY (PERCENT)
 HIGHEST    93           500 AM
 LOWEST     55          1200 PM
 AVERAGE    74

..........................................................


THE SHELBY COUNTY AIRPORT CLIMATE NORMALS FOR TODAY
                         NORMAL    RECORD    YEAR
 MAXIMUM TEMPERATURE (F)   90        MM        MM
 MINIMUM TEMPERATURE (F)   71        MM        MM


SUNRISE AND SUNSET
JULY 10 2014..........SUNRISE   546 AM CDT   SUNSET   759 PM CDT
JULY 11 2014..........SUNRISE   547 AM CDT   SUNSET   758 PM CDT


-  INDICATES NEGATIVE NUMBERS.
R  INDICATES RECORD WAS SET OR TIED.
MM INDICATES DATA IS MISSING.
T  INDICATES TRACE AMOUNT.




$$
