000
CDUS46 KEKA 301210
CLIEKA


CLIMATE REPORT
NATIONAL WEATHER SERVICE EUREKA CA
509 AM PDT MON MAY 30 2016


...................................

...THE EUREKA CA CLIMATE SUMMARY FOR MAY 29 2016...

CLIMATE NORMAL PERIOD 1981 TO 2010
CLIMATE RECORD PERIOD 1886 TO 2016


WEATHER ITEM   OBSERVED RECORD YEAR NORMAL DEPARTURE LAST
                VALUE   VALUE       VALUE  FROM      YEAR
                                           NORMAL
...........................................................
TEMPERATURE (F)
 YESTERDAY
  MAXIMUM         60     77    1993  61     -1       57
  MINIMUM         49     42    1979  49      0       50
  AVERAGE         55                 55      0       54

PRECIPITATION (IN)
  YESTERDAY        0.00   0.40 1948   0.05  -0.05     0.01
  MONTH TO DATE    0.76               1.69  -0.93     0.01
  SINCE OCT 1     47.47              38.41   9.06    30.57
  SINCE JAN 1     26.75              22.44   4.31    12.19

SNOWFALL (IN)
  YESTERDAY        0.0   MM      MM   0.0    0.0      0.0
  MONTH TO DATE    0.0                0.0    0.0      0.0
  SINCE MAR 1      0.0                T      0.0       T
  SINCE JUL 1      T                  0.2   -0.2       T
  SNOW DEPTH       0

DEGREE DAYS
 HEATING
  YESTERDAY       10                 10      0       11
  MONTH TO DATE  275                328    -53      332
  SINCE MAR 1    974               1227   -253     1152
  SINCE JUL 1   3384               4149   -765     3307

 COOLING
  YESTERDAY        0                  0      0        0
  MONTH TO DATE    0                  0      0        0
  SINCE MAR 1      0                  0      0        0
  SINCE JAN 1      0                  0      0        0
...........................................................


WIND (MPH)
  HIGHEST WIND SPEED    13   HIGHEST WIND DIRECTION    NW (330)
  HIGHEST GUST SPEED    24   HIGHEST GUST DIRECTION     N (350)
  AVERAGE WIND SPEED     6.0


SKY COVER
  AVERAGE SKY COVER 0.6


WEATHER CONDITIONS
 THE FOLLOWING WEATHER WAS RECORDED YESTERDAY.
  NO SIGNIFICANT WEATHER WAS OBSERVED.


..........................................................


THE EUREKA CA CLIMATE NORMALS FOR TODAY
                         NORMAL    RECORD    YEAR
 MAXIMUM TEMPERATURE (F)   61        77      1997
 MINIMUM TEMPERATURE (F)   49        42      1898
                                             1893


SUNRISE AND SUNSET
MAY 30 2016...........SUNRISE   548 AM PDT   SUNSET   841 PM PDT
MAY 31 2016...........SUNRISE   548 AM PDT   SUNSET   842 PM PDT


-  INDICATES NEGATIVE NUMBERS.
R  INDICATES RECORD WAS SET OR TIED.
MM INDICATES DATA IS MISSING.
T  INDICATES TRACE AMOUNT.




&&

..........................................................

TOTAL SEASON     NORMAL   % OF NORMAL     LAST SEASON

    47.47         38.41        124            30.57


$$
