000
CDUS46 KEKA 231214
CLIEKA


CLIMATE REPORT
NATIONAL WEATHER SERVICE EUREKA CA
514 AM PDT TUE MAY 23 2017


...................................

...THE EUREKA CA CLIMATE SUMMARY FOR MAY 22 2017...

CLIMATE NORMAL PERIOD 1981 TO 2010
CLIMATE RECORD PERIOD 1886 TO 2017


WEATHER ITEM   OBSERVED RECORD YEAR NORMAL DEPARTURE LAST
                VALUE   VALUE       VALUE  FROM      YEAR
                                           NORMAL
...........................................................
TEMPERATURE (F)
 YESTERDAY
  MAXIMUM         63     74    1985  61      2       62
  MINIMUM         51     40    1986  48      3       51
  AVERAGE         57                 54      3       57

PRECIPITATION (IN)
  YESTERDAY        0.00   0.88 1958   0.05  -0.05     0.00
  MONTH TO DATE    1.29               1.34  -0.05     0.76
  SINCE OCT 1     62.10              38.06  24.04    47.47
  SINCE JAN 1     36.33              22.09  14.24    26.75

SNOWFALL (IN)
  YESTERDAY        0.0   MM      MM   0.0    0.0      0.0
  MONTH TO DATE    0.0                0.0    0.0      0.0
  SINCE MAR 1      T                  T      0.0      0.0
  SINCE JUL 1      T                  0.2   -0.2       T
  SNOW DEPTH       0

DEGREE DAYS
 HEATING
  YESTERDAY        8                 11     -3        8
  MONTH TO DATE  268                257     11      214
  SINCE MAR 1   1079               1156    -77      913
  SINCE JUL 1   3968               4078   -110     3323

 COOLING
  YESTERDAY        0                  0      0        0
  MONTH TO DATE    0                  0      0        0
  SINCE MAR 1      0                  0      0        0
  SINCE JAN 1      0                  0      0        0
...........................................................


WIND (MPH)
  HIGHEST WIND SPEED    10   HIGHEST WIND DIRECTION     W (270)
  HIGHEST GUST SPEED    14   HIGHEST GUST DIRECTION    MM
  AVERAGE WIND SPEED     3.5


SKY COVER
  AVERAGE SKY COVER 0.4


WEATHER CONDITIONS
 THE FOLLOWING WEATHER WAS RECORDED YESTERDAY.
  FOG W/VISIBILITY <= 1/4 MILE


..........................................................


THE EUREKA CA CLIMATE NORMALS FOR TODAY
                         NORMAL    RECORD    YEAR
 MAXIMUM TEMPERATURE (F)   61        67      1992
 MINIMUM TEMPERATURE (F)   48        37      2010


SUNRISE AND SUNSET
MAY 23 2017...........SUNRISE   552 AM PDT   SUNSET   835 PM PDT
MAY 24 2017...........SUNRISE   552 AM PDT   SUNSET   836 PM PDT


-  INDICATES NEGATIVE NUMBERS.
R  INDICATES RECORD WAS SET OR TIED.
MM INDICATES DATA IS MISSING.
T  INDICATES TRACE AMOUNT.




&&

..........................................................

TOTAL SEASON     NORMAL   % OF NORMAL     LAST SEASON

    62.10         38.06        163            47.47


$$
