979
CDUS46 KEKA 041210
CLIEKA


CLIMATE REPORT
NATIONAL WEATHER SERVICE EUREKA CA
508 AM PDT WED MAY 4 2016


...................................

...THE EUREKA CA CLIMATE SUMMARY FOR MAY 3 2016...

CLIMATE NORMAL PERIOD 1981 TO 2010
CLIMATE RECORD PERIOD 1886 TO 2016


WEATHER ITEM   OBSERVED RECORD YEAR NORMAL DEPARTURE LAST
                VALUE   VALUE       VALUE  FROM      YEAR
                                           NORMAL
...........................................................
TEMPERATURE (F)
 YESTERDAY
  MAXIMUM         57     73    1989  59     -2       53
  MINIMUM         52     39    1950  46      6       48
                               1894
  AVERAGE         55                 53      2       51

PRECIPITATION (IN)
  YESTERDAY        0.02   1.24 1896   0.08  -0.06     0.00
  MONTH TO DATE    0.02               0.23  -0.21     0.00
  SINCE OCT 1     46.73              36.95   9.78    30.56
  SINCE JAN 1     26.01              20.98   5.03    12.18

SNOWFALL (IN)
  YESTERDAY        0.0    0.0  2002   0.0    0.0      0.0
                               2001
  MONTH TO DATE    0.0                0.0    0.0      0.0
  SINCE MAR 1      0.0                T      0.0       T
  SINCE JUL 1      T                  0.2   -0.2       T
  SNOW DEPTH       0

DEGREE DAYS
 HEATING
  YESTERDAY       10                 13     -3       14
  MONTH TO DATE   27                 39    -12       42
  SINCE MAR 1    726                938   -212      862
  SINCE JUL 1   3136               3860   -724     3017

 COOLING
  YESTERDAY        0                  0      0        0
  MONTH TO DATE    0                  0      0        0
  SINCE MAR 1      0                  0      0        0
  SINCE JAN 1      0                  0      0        0
...........................................................


WIND (MPH)
  HIGHEST WIND SPEED    13   HIGHEST WIND DIRECTION     N (360)
  HIGHEST GUST SPEED    18   HIGHEST GUST DIRECTION     N (360)
  AVERAGE WIND SPEED     5.8


SKY COVER
  AVERAGE SKY COVER 0.0


WEATHER CONDITIONS
 THE FOLLOWING WEATHER WAS RECORDED YESTERDAY.
  LIGHT RAIN
  FOG


..........................................................


THE EUREKA CA CLIMATE NORMALS FOR TODAY
                         NORMAL    RECORD    YEAR
 MAXIMUM TEMPERATURE (F)   59        76      1990
 MINIMUM TEMPERATURE (F)   46        39      2010
                                             2002
                                             1975


SUNRISE AND SUNSET
MAY  4 2016...........SUNRISE   611 AM PDT   SUNSET   817 PM PDT
MAY  5 2016...........SUNRISE   609 AM PDT   SUNSET   818 PM PDT


-  INDICATES NEGATIVE NUMBERS.
R  INDICATES RECORD WAS SET OR TIED.
MM INDICATES DATA IS MISSING.
T  INDICATES TRACE AMOUNT.




&&

..........................................................

TOTAL SEASON     NORMAL   % OF NORMAL     LAST SEASON

    46.73         36.95        126            30.56


$$
