000
CDUS46 KEKA 301211
CLIEKA


CLIMATE REPORT
NATIONAL WEATHER SERVICE EUREKA CA
509 AM PDT THU MAR 30 2017


...................................

...THE EUREKA CA CLIMATE SUMMARY FOR MARCH 29 2017...

CLIMATE NORMAL PERIOD 1981 TO 2010
CLIMATE RECORD PERIOD 1886 TO 2017


WEATHER ITEM   OBSERVED RECORD YEAR NORMAL DEPARTURE LAST
                VALUE   VALUE       VALUE  FROM      YEAR
                                           NORMAL
...........................................................
TEMPERATURE (F)
 YESTERDAY
  MAXIMUM         59     71    1987  57      2       57
                               1906
  MINIMUM         44     33    2008  43      1       37
                               1897
  AVERAGE         52                 50      2       47

PRECIPITATION (IN)
  YESTERDAY        0.54   2.43 1974   0.15   0.39     0.00
  MONTH TO DATE    7.90               5.01   2.89     8.11
  SINCE OCT 1     55.28              33.11  22.17    43.87
  SINCE JAN 1     29.51              17.14  12.37    23.15

SNOWFALL (IN)
  YESTERDAY       MM      0.0  2002   0.0   MM        0.0
                               2001
  MONTH TO DATE    T                  0.0    0.0      0.0
  SINCE MAR 1      T                  0.0    0.0      0.0
  SINCE JUL 1      T                  0.2   -0.2       T
  SNOW DEPTH       0

DEGREE DAYS
 HEATING
  YESTERDAY       13                 15     -2       18
  MONTH TO DATE  401                443    -42      365
  SINCE MAR 1    401                443    -42      365
  SINCE JUL 1   3290               3365    -75     2775

 COOLING
  YESTERDAY        0                  0      0        0
  MONTH TO DATE    0                  0      0        0
  SINCE MAR 1      0                  0      0        0
  SINCE JAN 1      0                  0      0        0
...........................................................


WIND (MPH)
  HIGHEST WIND SPEED    12   HIGHEST WIND DIRECTION     W (270)
  HIGHEST GUST SPEED    22   HIGHEST GUST DIRECTION    NW (300)
  AVERAGE WIND SPEED     5.2


SKY COVER
  AVERAGE SKY COVER 1.0


WEATHER CONDITIONS
 THE FOLLOWING WEATHER WAS RECORDED YESTERDAY.
  LIGHT RAIN
  HAZE


..........................................................


THE EUREKA CA CLIMATE NORMALS FOR TODAY
                         NORMAL    RECORD    YEAR
 MAXIMUM TEMPERATURE (F)   57        70      1987
 MINIMUM TEMPERATURE (F)   43        32      1897


SUNRISE AND SUNSET
MARCH 30 2017.........SUNRISE   703 AM PDT   SUNSET   740 PM PDT
MARCH 31 2017.........SUNRISE   701 AM PDT   SUNSET   741 PM PDT


-  INDICATES NEGATIVE NUMBERS.
R  INDICATES RECORD WAS SET OR TIED.
MM INDICATES DATA IS MISSING.
T  INDICATES TRACE AMOUNT.




&&

..........................................................

TOTAL SEASON     NORMAL   % OF NORMAL     LAST SEASON

    55.28         33.11        167            43.87


$$
