000
CDUS46 KEKA 271236
CLIEKA


CLIMATE REPORT
NATIONAL WEATHER SERVICE EUREKA CA
536 AM PDT WED MAY 27 2015


...................................

...THE EUREKA CA CLIMATE SUMMARY FOR MAY 26 2015...

CLIMATE NORMAL PERIOD 1981 TO 2010
CLIMATE RECORD PERIOD 1886 TO 2015


WEATHER ITEM   OBSERVED RECORD YEAR NORMAL DEPARTURE LAST
                VALUE   VALUE       VALUE  FROM      YEAR
                                           NORMAL
...........................................................
TEMPERATURE (F)
 YESTERDAY
  MAXIMUM         57     75    1947  61     -4       63
  MINIMUM         50     42    1973  49      1       51
                               1920
  AVERAGE         54                 55     -1       57

PRECIPITATION (IN)
  YESTERDAY        T      1.53 1895   0.04  -0.04      T
  MONTH TO DATE    T                  1.54  -1.54     0.58
  SINCE OCT 1     30.56              38.26  -7.70    17.54
  SINCE JAN 1     12.18              22.29 -10.11    15.64

SNOWFALL (IN)
  YESTERDAY        0.0    0.0  2002   0.0    0.0      0.0
                               2001
  MONTH TO DATE    0.0                0.0    0.0      0.0
  SINCE MAR 1      T                  T      0.0      0.0
  SINCE JUL 1      T                  0.2   -0.2       T
  SNOW DEPTH       0

DEGREE DAYS
 HEATING
  YESTERDAY       11                 10      1        8
  MONTH TO DATE  300                298      2      205
  SINCE MAR 1   1120               1197    -77      994
  SINCE JUL 1   3275               4119   -844     4085

 COOLING
  YESTERDAY        0                  0      0        0
  MONTH TO DATE    0                  0      0        1
  SINCE MAR 1      0                  0      0        1
  SINCE JAN 1      0                  0      0        1
...........................................................


WIND (MPH)
  HIGHEST WIND SPEED     9   HIGHEST WIND DIRECTION    NW (310)
  HIGHEST GUST SPEED    11   HIGHEST GUST DIRECTION    MM
  AVERAGE WIND SPEED     3.9


SKY COVER
  AVERAGE SKY COVER 1.0


WEATHER CONDITIONS
 THE FOLLOWING WEATHER WAS RECORDED YESTERDAY.
  LIGHT RAIN


..........................................................


THE EUREKA CA CLIMATE NORMALS FOR TODAY
                         NORMAL    RECORD    YEAR
 MAXIMUM TEMPERATURE (F)   61        70      1988
                                             1922
 MINIMUM TEMPERATURE (F)   49        41      1929


SUNRISE AND SUNSET
MAY 27 2015...........SUNRISE   550 AM PDT   SUNSET   838 PM PDT
MAY 28 2015...........SUNRISE   550 AM PDT   SUNSET   839 PM PDT


-  INDICATES NEGATIVE NUMBERS.
R  INDICATES RECORD WAS SET OR TIED.
MM INDICATES DATA IS MISSING.
T  INDICATES TRACE AMOUNT.




&&

..........................................................

TOTAL SEASON     NORMAL   % OF NORMAL     LAST SEASON

    30.56         38.26        80            17.54


$$
