000
CDUS41 KRLX 210718
CLIEKN


CLIMATE REPORT
NATIONAL WEATHER SERVICE CHARLESTON WV
318 AM EDT TUE OCT 21 2014


...................................

...THE ELKINS WV CLIMATE SUMMARY FOR OCTOBER 20 2014...

CLIMATE NORMAL PERIOD 1981 TO 2010
CLIMATE RECORD PERIOD 1899 TO 2014


WEATHER ITEM   OBSERVED TIME   RECORD YEAR NORMAL DEPARTURE LAST
                VALUE   (LST)  VALUE       VALUE  FROM      YEAR
                                                  NORMAL
..................................................................
TEMPERATURE (F)
 YESTERDAY
  MAXIMUM         56    157 PM  80    1936  63     -7       57
  MINIMUM         30    631 AM  15    1992  37     -7       31
  AVERAGE         43                        50     -7       44

PRECIPITATION (IN)
  YESTERDAY        0.03          3.29 1985   0.08  -0.05     0.00
  MONTH TO DATE    5.03                      1.80   3.23     0.83
  SINCE JAN 1     34.49                     38.24  -3.75    36.11

SNOWFALL (IN)
  YESTERDAY        0.0
  MONTH TO DATE    0.0
  SINCE SEP 1      0.0
  SNOW DEPTH       0

DEGREE DAYS
 HEATING
  YESTERDAY       22                        15      7       21
  MONTH TO DATE  197                       244    -47      127
  SINCE SEP 1    293                       374    -81      240
  SINCE JUL 1    344                       404    -60      263

 COOLING
  YESTERDAY        0                         0      0        0
  MONTH TO DATE    2                         0      2       10
  SINCE SEP 1     67                        45     22       70
  SINCE JAN 1    505                       471     34      533
..................................................................


WIND (MPH)
  HIGHEST WIND SPEED    10   HIGHEST WIND DIRECTION     S (190)
  HIGHEST GUST SPEED    16   HIGHEST GUST DIRECTION     S (200)
  AVERAGE WIND SPEED     1.2


SKY COVER
  POSSIBLE SUNSHINE  MM
  AVERAGE SKY COVER 0.6


WEATHER CONDITIONS
 THE FOLLOWING WEATHER WAS RECORDED YESTERDAY.
  LIGHT RAIN
  FOG
  FOG W/VISIBILITY <= 1/4 MILE


RELATIVE HUMIDITY (PERCENT)
 HIGHEST   100          1200 AM
 LOWEST     51           100 PM
 AVERAGE    76

..........................................................


THE ELKINS WV CLIMATE NORMALS FOR TODAY
                         NORMAL    RECORD    YEAR
 MAXIMUM TEMPERATURE (F)   63        83      1949
 MINIMUM TEMPERATURE (F)   36        11      1952


SUNRISE AND SUNSET
OCTOBER 21 2014.......SUNRISE   735 AM EDT   SUNSET   633 PM EDT
OCTOBER 22 2014.......SUNRISE   736 AM EDT   SUNSET   631 PM EDT


-  INDICATES NEGATIVE NUMBERS.
R  INDICATES RECORD WAS SET OR TIED.
MM INDICATES DATA IS MISSING.
T  INDICATES TRACE AMOUNT.




$$
