000
CDUS41 KRLX 260827
CLIEKN


CLIMATE REPORT
NATIONAL WEATHER SERVICE CHARLESTON WV
326 AM EST MON JAN 26 2015


...................................

...THE ELKINS WV CLIMATE SUMMARY FOR JANUARY 25 2015...

CLIMATE NORMAL PERIOD 1981 TO 2010
CLIMATE RECORD PERIOD 1899 TO 2015


WEATHER ITEM   OBSERVED TIME   RECORD YEAR NORMAL DEPARTURE LAST
                VALUE   (LST)  VALUE       VALUE  FROM      YEAR
                                                  NORMAL
..................................................................
TEMPERATURE (F)
 YESTERDAY
  MAXIMUM         43    451 PM  76    1950  39      4       28
  MINIMUM         30    113 AM -12    1936  20     10        1
  AVERAGE         37                        29      8       15

PRECIPITATION (IN)
  YESTERDAY        0.02          0.89 2010   0.10  -0.08     0.05
                                      1978
  MONTH TO DATE    2.27                      2.60  -0.33     2.04
  SINCE JAN 1      2.27                      2.60  -0.33     2.04

SNOWFALL (IN)
  YESTERDAY       MM
  MONTH TO DATE    9.1
  SINCE SEP 1     18.2
  SNOW DEPTH      MM

DEGREE DAYS
 HEATING
  YESTERDAY       28                        36     -8       50
  MONTH TO DATE  900                       900      0     1005
  SINCE DEC 1   1772                      1907   -135     1920
  SINCE JUL 1   3128                      3191    -63     3215

 COOLING
  YESTERDAY        0                         0      0        0
  MONTH TO DATE    0                         0      0        0
  SINCE DEC 1      0                         0      0        0
  SINCE JAN 1      0                         0      0        0
..................................................................


WIND (MPH)
  HIGHEST WIND SPEED    14   HIGHEST WIND DIRECTION     W (250)
  HIGHEST GUST SPEED    22   HIGHEST GUST DIRECTION     W (250)
  AVERAGE WIND SPEED     3.5


SKY COVER
  POSSIBLE SUNSHINE  MM
  AVERAGE SKY COVER 0.7


WEATHER CONDITIONS
 THE FOLLOWING WEATHER WAS RECORDED YESTERDAY.
  LIGHT RAIN
  FOG


RELATIVE HUMIDITY (PERCENT)
 HIGHEST   100           700 PM
 LOWEST     70           100 PM
 AVERAGE    85

..........................................................


THE ELKINS WV CLIMATE NORMALS FOR TODAY
                         NORMAL    RECORD    YEAR
 MAXIMUM TEMPERATURE (F)   39        71      1950
 MINIMUM TEMPERATURE (F)   20       -12      1985


SUNRISE AND SUNSET
JANUARY 26 2015.......SUNRISE   731 AM EST   SUNSET   534 PM EST
JANUARY 27 2015.......SUNRISE   730 AM EST   SUNSET   535 PM EST


-  INDICATES NEGATIVE NUMBERS.
R  INDICATES RECORD WAS SET OR TIED.
MM INDICATES DATA IS MISSING.
T  INDICATES TRACE AMOUNT.




$$
