000
CDUS41 KRLX 240718
CLIEKN


CLIMATE REPORT
NATIONAL WEATHER SERVICE CHARLESTON WV
318 AM EDT MON APR 24 2017


...................................

...THE ELKINS WV CLIMATE SUMMARY FOR APRIL 23 2017...

CLIMATE NORMAL PERIOD 1981 TO 2010
CLIMATE RECORD PERIOD 1899 TO 2017


WEATHER ITEM   OBSERVED TIME   RECORD YEAR NORMAL DEPARTURE LAST
                VALUE   (LST)  VALUE       VALUE  FROM      YEAR
                                                  NORMAL
..................................................................
TEMPERATURE (F)
 YESTERDAY
  MAXIMUM         60    150 PM  88    2001  65     -5       55
  MINIMUM         35    603 AM  19    1982  39     -4       36
  AVERAGE         48                        52     -4       46

PRECIPITATION (IN)
  YESTERDAY        0.00          1.64 1970   0.13  -0.13     0.12
  MONTH TO DATE    4.32                      2.89   1.43     2.12
  SINCE JAN 1     15.71                     13.18   2.53     9.87

SNOWFALL (IN)
  YESTERDAY        0.0
  MONTH TO DATE    3.2
  SINCE SEP 1     44.5
  SNOW DEPTH       0

DEGREE DAYS
 HEATING
  YESTERDAY       17                        13      4       19
  MONTH TO DATE  247                       378   -131      391
  SINCE MAR 1    964                      1158   -194      953
  SINCE JUL 1   4367                      5479  -1112     4695

 COOLING
  YESTERDAY        0                         0      0        0
  MONTH TO DATE    0                         0      0        2
  SINCE MAR 1      0                         0      0        2
  SINCE JAN 1      0                         0      0        2
..................................................................


WIND (MPH)
  HIGHEST WIND SPEED    13   HIGHEST WIND DIRECTION    SE (130)
  HIGHEST GUST SPEED    16   HIGHEST GUST DIRECTION    SE (120)
  AVERAGE WIND SPEED     2.8


SKY COVER
  POSSIBLE SUNSHINE  MM
  AVERAGE SKY COVER 0.3


WEATHER CONDITIONS
 THE FOLLOWING WEATHER WAS RECORDED YESTERDAY.
  FOG
  FOG W/VISIBILITY <= 1/4 MILE


RELATIVE HUMIDITY (PERCENT)
 HIGHEST    92           200 AM
 LOWEST     36           100 PM
 AVERAGE    64

..........................................................


THE ELKINS WV CLIMATE NORMALS FOR TODAY
                         NORMAL    RECORD    YEAR
 MAXIMUM TEMPERATURE (F)   66        90      1925
 MINIMUM TEMPERATURE (F)   39        18      1986


SUNRISE AND SUNSET
APRIL 24 2017.........SUNRISE   630 AM EDT   SUNSET   805 PM EDT
APRIL 25 2017.........SUNRISE   629 AM EDT   SUNSET   806 PM EDT


-  INDICATES NEGATIVE NUMBERS.
R  INDICATES RECORD WAS SET OR TIED.
MM INDICATES DATA IS MISSING.
T  INDICATES TRACE AMOUNT.




$$
