000
CDUS41 KRLX 280816
CLIEKN


CLIMATE REPORT
NATIONAL WEATHER SERVICE CHARLESTON WV
316 AM EST TUE FEB 28 2017


...................................

...THE ELKINS WV CLIMATE SUMMARY FOR FEBRUARY 27 2017...

CLIMATE NORMAL PERIOD 1981 TO 2010
CLIMATE RECORD PERIOD 1899 TO 2017


WEATHER ITEM   OBSERVED TIME   RECORD YEAR NORMAL DEPARTURE LAST
                VALUE   (LST)  VALUE       VALUE  FROM      YEAR
                                                  NORMAL
..................................................................
TEMPERATURE (F)
 YESTERDAY
  MAXIMUM         51    633 PM  72    1996  46      5       36
  MINIMUM         22   1231 AM -21    1963  24     -2       21
  AVERAGE         37                        35      2       29

PRECIPITATION (IN)
  YESTERDAY        T             1.09 1996   0.12  -0.12      T
  MONTH TO DATE    1.81                      2.98  -1.17     2.65
  SINCE JAN 1      6.90                      6.21   0.69     5.02

SNOWFALL (IN)
  YESTERDAY        0.0
  MONTH TO DATE    9.9
  SINCE SEP 1     30.4
  SNOW DEPTH       0

DEGREE DAYS
 HEATING
  YESTERDAY       28                        30     -2       36
  MONTH TO DATE  655                       890   -235      865
  SINCE DEC 1   2435                      3007   -572     2692
  SINCE JUL 1   3380                      4291   -911     3695

 COOLING
  YESTERDAY        0                         0      0        0
  MONTH TO DATE    0                         0      0        0
  SINCE DEC 1      0                         0      0        0
  SINCE JAN 1      0                         0      0        0
..................................................................


WIND (MPH)
  HIGHEST WIND SPEED    15   HIGHEST WIND DIRECTION     S (180)
  HIGHEST GUST SPEED    22   HIGHEST GUST DIRECTION     S (170)
  AVERAGE WIND SPEED     2.3


SKY COVER
  POSSIBLE SUNSHINE  MM
  AVERAGE SKY COVER 0.8


WEATHER CONDITIONS
 THE FOLLOWING WEATHER WAS RECORDED YESTERDAY.
  NO SIGNIFICANT WEATHER WAS OBSERVED.


RELATIVE HUMIDITY (PERCENT)
 HIGHEST    81           200 AM
 LOWEST     35           600 PM
 AVERAGE    58

..........................................................


THE ELKINS WV CLIMATE NORMALS FOR TODAY
                         NORMAL    RECORD    YEAR
 MAXIMUM TEMPERATURE (F)   46        74      1918
 MINIMUM TEMPERATURE (F)   24       -18      1934


SUNRISE AND SUNSET
FEBRUARY 28 2017......SUNRISE   653 AM EST   SUNSET   611 PM EST
MARCH  1 2017.........SUNRISE   651 AM EST   SUNSET   612 PM EST


-  INDICATES NEGATIVE NUMBERS.
R  INDICATES RECORD WAS SET OR TIED.
MM INDICATES DATA IS MISSING.
T  INDICATES TRACE AMOUNT.




$$
