000
CDUS41 KRLX 060819
CLIEKN


CLIMATE REPORT
NATIONAL WEATHER SERVICE CHARLESTON WV
319 AM EST SAT FEB 6 2016


...................................

...THE ELKINS WV CLIMATE SUMMARY FOR FEBRUARY 5 2016...

CLIMATE NORMAL PERIOD 1981 TO 2010
CLIMATE RECORD PERIOD 1899 TO 2016


WEATHER ITEM   OBSERVED TIME   RECORD YEAR NORMAL DEPARTURE LAST
                VALUE   (LST)  VALUE       VALUE  FROM      YEAR
                                                  NORMAL
..................................................................
TEMPERATURE (F)
 YESTERDAY
  MAXIMUM         35    354 PM  64    2008  41     -6       42
  MINIMUM         19   1159 PM -22    1996  20     -1        2
  AVERAGE         27                        30     -3       22

PRECIPITATION (IN)
  YESTERDAY        T             1.90 1927   0.10  -0.10     0.07
  MONTH TO DATE    0.42                      0.53  -0.11     0.83
  SINCE JAN 1      2.79                      3.76  -0.97     3.85

SNOWFALL (IN)
  YESTERDAY        T
  MONTH TO DATE    T
  SINCE SEP 1     27.9
  SNOW DEPTH       0

DEGREE DAYS
 HEATING
  YESTERDAY       38                        35      3       43
  MONTH TO DATE  116                       175    -59      186
  SINCE DEC 1   1943                      2292   -349     2211
  SINCE JUL 1   2946                      3576   -630     3567

 COOLING
  YESTERDAY        0                         0      0        0
  MONTH TO DATE    0                         0      0        0
  SINCE DEC 1      0                         0      0        0
  SINCE JAN 1      0                         0      0        0
..................................................................


WIND (MPH)
  HIGHEST WIND SPEED    18   HIGHEST WIND DIRECTION    NW (300)
  HIGHEST GUST SPEED    26   HIGHEST GUST DIRECTION     W (290)
  AVERAGE WIND SPEED     6.9


SKY COVER
  POSSIBLE SUNSHINE  MM
  AVERAGE SKY COVER 0.5


WEATHER CONDITIONS
 THE FOLLOWING WEATHER WAS RECORDED YESTERDAY.
  LIGHT SNOW


RELATIVE HUMIDITY (PERCENT)
 HIGHEST    77           800 PM
 LOWEST     40           400 PM
 AVERAGE    59

..........................................................


THE ELKINS WV CLIMATE NORMALS FOR TODAY
                         NORMAL    RECORD    YEAR
 MAXIMUM TEMPERATURE (F)   41        66      2008
                                             1938
 MINIMUM TEMPERATURE (F)   20       -16      2007
                                             1979


SUNRISE AND SUNSET
FEBRUARY  6 2016......SUNRISE   721 AM EST   SUNSET   546 PM EST
FEBRUARY  7 2016......SUNRISE   720 AM EST   SUNSET   547 PM EST


-  INDICATES NEGATIVE NUMBERS.
R  INDICATES RECORD WAS SET OR TIED.
MM INDICATES DATA IS MISSING.
T  INDICATES TRACE AMOUNT.




$$
