000
CDUS41 KRLX 200825
CLIEKN


CLIMATE REPORT
NATIONAL WEATHER SERVICE CHARLESTON WV
325 AM EST SAT JAN 20 2018


...................................

...THE ELKINS WV CLIMATE SUMMARY FOR JANUARY 19 2018...

CLIMATE NORMAL PERIOD 1981 TO 2010
CLIMATE RECORD PERIOD 1899 TO 2018


WEATHER ITEM   OBSERVED TIME   RECORD YEAR NORMAL DEPARTURE LAST
                VALUE   (LST)  VALUE       VALUE  FROM      YEAR
                                                  NORMAL
..................................................................
TEMPERATURE (F)
 YESTERDAY
  MAXIMUM         44    321 PM  71    1907  39      5       53
  MINIMUM         12    519 AM -19    1994  19     -7       34
  AVERAGE         28                        29     -1       44

PRECIPITATION (IN)
  YESTERDAY        0.00          1.69 1996   0.11  -0.11     0.00
  MONTH TO DATE    1.50                      1.98  -0.48     4.04
  SINCE JAN 1      1.50                      1.98  -0.48     4.04

SNOWFALL (IN)
  YESTERDAY        0.0           6.0  1985   0.9   -0.9      0.0
  MONTH TO DATE   11.1                      14.7   -3.6      4.7
  SINCE SEP 1     27.2                      37.1   -9.9     14.9
  SNOW DEPTH       3

DEGREE DAYS
 HEATING
  YESTERDAY       37                        36      1       21
  MONTH TO DATE  853                       684    169      538
  SINCE DEC 1   1898                      1691    207     1456
  SINCE JUL 1   2983                      2975      8     2401

 COOLING
  YESTERDAY        0                         0      0        0
  MONTH TO DATE    0                         0      0        0
  SINCE DEC 1      0                         0      0        0
  SINCE JAN 1      0                         0      0        0
..................................................................


WIND (MPH)
  HIGHEST WIND SPEED    14   HIGHEST WIND DIRECTION     W (290)
  HIGHEST GUST SPEED    21   HIGHEST GUST DIRECTION    SW (230)
  AVERAGE WIND SPEED     4.5


SKY COVER
  POSSIBLE SUNSHINE  MM
  AVERAGE SKY COVER 0.0


WEATHER CONDITIONS
 THE FOLLOWING WEATHER WAS RECORDED YESTERDAY.
  NO SIGNIFICANT WEATHER WAS OBSERVED.


RELATIVE HUMIDITY (PERCENT)
 HIGHEST    81           900 PM
 LOWEST     35          1200 PM
 AVERAGE    58

..........................................................


THE ELKINS WV CLIMATE NORMALS FOR TODAY
                         NORMAL    RECORD    YEAR
 MAXIMUM TEMPERATURE (F)   39        70      1951
 MINIMUM TEMPERATURE (F)   19       -24      1984


SUNRISE AND SUNSET
JANUARY 20 2018.......SUNRISE   734 AM EST   SUNSET   527 PM EST
JANUARY 21 2018.......SUNRISE   734 AM EST   SUNSET   528 PM EST


-  INDICATES NEGATIVE NUMBERS.
R  INDICATES RECORD WAS SET OR TIED.
MM INDICATES DATA IS MISSING.
T  INDICATES TRACE AMOUNT.




$$
