000
CDUS41 KRLX 250727
CLIEKN


CLIMATE REPORT
NATIONAL WEATHER SERVICE CHARLESTON WV
322 AM EDT FRI JUL 25 2014


...................................

...THE ELKINS WV CLIMATE SUMMARY FOR JULY 24 2014...

CLIMATE NORMAL PERIOD 1981 TO 2010
CLIMATE RECORD PERIOD 1899 TO 2014


WEATHER ITEM   OBSERVED TIME   RECORD YEAR NORMAL DEPARTURE LAST
                VALUE   (LST)  VALUE       VALUE  FROM      YEAR
                                                  NORMAL
..................................................................
TEMPERATURE (F)
 YESTERDAY
  MAXIMUM         71    607 PM  95    1934  81    -10       73
  MINIMUM         56   1108 PM  39    1947  59     -3       54
  AVERAGE         64                        70     -6       64

PRECIPITATION (IN)
  YESTERDAY        0.58          3.97 1912   0.16   0.42      T
  MONTH TO DATE    3.94                      4.23  -0.29     3.79
  SINCE JAN 1     23.80                     27.84  -4.04    24.35

SNOWFALL (IN)
  YESTERDAY        0.0
  MONTH TO DATE    0.0
  SINCE SEP 1     92.3
  SNOW DEPTH       0

DEGREE DAYS
 HEATING
  YESTERDAY        1                         0      1        1
  MONTH TO DATE   18                         8     10        1
  SINCE JUN 1     32                        63    -31       13
  SINCE JUL 1     18                         8     10        1

 COOLING
  YESTERDAY        0                         5     -5        0
  MONTH TO DATE  124                       122      2      203
  SINCE JUN 1    269                       214     55      300
  SINCE JAN 1    305                       237     68      325
..................................................................


WIND (MPH)
  HIGHEST WIND SPEED    10   HIGHEST WIND DIRECTION     N (360)
  HIGHEST GUST SPEED    13   HIGHEST GUST DIRECTION    NW (320)
  AVERAGE WIND SPEED     3.1


SKY COVER
  POSSIBLE SUNSHINE  MM
  AVERAGE SKY COVER 0.7


WEATHER CONDITIONS
 THE FOLLOWING WEATHER WAS RECORDED YESTERDAY.
  HEAVY RAIN
  LIGHT RAIN
  FOG
  HAZE


RELATIVE HUMIDITY (PERCENT)
 HIGHEST    93           500 AM
 LOWEST     66           600 PM
 AVERAGE    80

..........................................................


THE ELKINS WV CLIMATE NORMALS FOR TODAY
                         NORMAL    RECORD    YEAR
 MAXIMUM TEMPERATURE (F)   81        94      1934
 MINIMUM TEMPERATURE (F)   59        46      1947


SUNRISE AND SUNSET
JULY 25 2014..........SUNRISE   614 AM EDT   SUNSET   837 PM EDT
JULY 26 2014..........SUNRISE   615 AM EDT   SUNSET   836 PM EDT


-  INDICATES NEGATIVE NUMBERS.
R  INDICATES RECORD WAS SET OR TIED.
MM INDICATES DATA IS MISSING.
T  INDICATES TRACE AMOUNT.




$$
