000
CDUS41 KRLX 280731
CLIEKN


CLIMATE REPORT
NATIONAL WEATHER SERVICE CHARLESTON WV
322 AM EDT SAT MAR 28 2015


...................................

...THE ELKINS WV CLIMATE SUMMARY FOR MARCH 27 2015...

CLIMATE NORMAL PERIOD 1981 TO 2010
CLIMATE RECORD PERIOD 1899 TO 2015


WEATHER ITEM   OBSERVED TIME   RECORD YEAR NORMAL DEPARTURE LAST
                VALUE   (LST)  VALUE       VALUE  FROM      YEAR
                                                  NORMAL
..................................................................
TEMPERATURE (F)
 YESTERDAY
  MAXIMUM         40   1203 PM  84    1921  56    -16       58
  MINIMUM         24   1159 PM  11    2001  31     -7       12
  AVERAGE         32                        44    -12       35

PRECIPITATION (IN)
  YESTERDAY        0.08          1.29 1932   0.14  -0.06     0.00
  MONTH TO DATE    7.20                      3.43   3.77     2.09
  SINCE JAN 1     12.92                      9.76   3.16     8.35

SNOWFALL (IN)
  YESTERDAY        2.2
  MONTH TO DATE   11.3
  SINCE SEP 1     67.3
  SNOW DEPTH       0

DEGREE DAYS
 HEATING
  YESTERDAY       33                        22     11       30
  MONTH TO DATE  681                       698    -17      813
  SINCE MAR 1    681                       698    -17      813
  SINCE JUL 1   5312                      5019    293     5336

 COOLING
  YESTERDAY        0                         0      0        0
  MONTH TO DATE    0                         0      0        0
  SINCE MAR 1      0                         0      0        0
  SINCE JAN 1      0                         0      0        0
..................................................................


WIND (MPH)
  HIGHEST WIND SPEED    18   HIGHEST WIND DIRECTION    NW (320)
  HIGHEST GUST SPEED    24   HIGHEST GUST DIRECTION    NW (310)
  AVERAGE WIND SPEED     7.5


SKY COVER
  POSSIBLE SUNSHINE  MM
  AVERAGE SKY COVER 0.9


WEATHER CONDITIONS
 THE FOLLOWING WEATHER WAS RECORDED YESTERDAY.
  RAIN
  LIGHT RAIN
  LIGHT SNOW
  FOG
  HAZE


RELATIVE HUMIDITY (PERCENT)
 HIGHEST    85           300 AM
 LOWEST     59          1200 PM
 AVERAGE    72

..........................................................


THE ELKINS WV CLIMATE NORMALS FOR TODAY
                         NORMAL    RECORD    YEAR
 MAXIMUM TEMPERATURE (F)   56        81      1989
                                             1945
                                             1910
 MINIMUM TEMPERATURE (F)   32         4      1982


SUNRISE AND SUNSET
MARCH 28 2015.........SUNRISE   711 AM EDT   SUNSET   739 PM EDT
MARCH 29 2015.........SUNRISE   709 AM EDT   SUNSET   740 PM EDT


-  INDICATES NEGATIVE NUMBERS.
R  INDICATES RECORD WAS SET OR TIED.
MM INDICATES DATA IS MISSING.
T  INDICATES TRACE AMOUNT.




$$
