000
CDUS45 KLKN 260032
CLIEKO


CLIMATE REPORT
NATIONAL WEATHER SERVICE ELKO NV
531 PM PDT SAT MAR 25 2017


...................................

...THE ELKO AIRPORT NV CLIMATE SUMMARY FOR MARCH 25 2017...
VALID TODAY AS OF 0500 PM LOCAL TIME.

CLIMATE NORMAL PERIOD 1981 TO 2010
CLIMATE RECORD PERIOD 1888 TO 2017


WEATHER ITEM   OBSERVED TIME   RECORD YEAR NORMAL DEPARTURE LAST
                VALUE   (LST)  VALUE       VALUE  FROM      YEAR
                                                  NORMAL
..................................................................
TEMPERATURE (F)
 TODAY
  MAXIMUM         52    316 PM  71    1960  54     -2       54
  MINIMUM         38    654 AM   3    1898  28     10       27
  AVERAGE         45                        41      4       41

PRECIPITATION (IN)
  TODAY            T             0.66 1975   0.03  -0.03     0.00
  MONTH TO DATE    0.89                      0.81   0.08     0.41
  SINCE OCT 1     10.57                      5.83   4.74     7.23
  SINCE JAN 1      4.94                      2.77   2.17     2.69

SNOWFALL (IN)
  TODAY           MM             3.9  1961   0.2   MM        0.0
  MONTH TO DATE    1.3                       4.2   -2.9      0.1
  SINCE MAR 1      1.3                       4.2   -2.9      0.1
  SINCE JUL 1     52.7                      36.7   16.0     56.4
  SNOW DEPTH       0

DEGREE DAYS
 HEATING
  TODAY           20                        24     -4       24
  MONTH TO DATE  492                       670   -178      516
  SINCE MAR 1    492                       670   -178      516
  SINCE JUL 1   5228                      5838   -610     5541

 COOLING
  TODAY            0                         0      0        0
  MONTH TO DATE    0                         0      0        0
  SINCE MAR 1      0                         0      0        0
  SINCE JAN 1      0                         0      0        0
..................................................................


WIND (MPH)
  HIGHEST WIND SPEED    14   HIGHEST WIND DIRECTION     W (260)
  HIGHEST GUST SPEED    16   HIGHEST GUST DIRECTION     W (270)



WEATHER CONDITIONS
 THE FOLLOWING WEATHER WAS RECORDED TODAY.
  NO SIGNIFICANT WEATHER WAS OBSERVED.


RELATIVE HUMIDITY (PERCENT)
 HIGHEST    92           300 AM
 LOWEST     32           200 PM
 AVERAGE    62

..........................................................


THE ELKO AIRPORT NV CLIMATE NORMALS FOR TOMORROW
                         NORMAL    RECORD    YEAR
 MAXIMUM TEMPERATURE (F)   54        73      1988
 MINIMUM TEMPERATURE (F)   28         7      1913


SUNRISE AND SUNSET
MARCH 25 2017.........SUNRISE   638 AM PDT   SUNSET   701 PM PDT
MARCH 26 2017.........SUNRISE   636 AM PDT   SUNSET   702 PM PDT


-  INDICATES NEGATIVE NUMBERS.
R  INDICATES RECORD WAS SET OR TIED.
MM INDICATES DATA IS MISSING.
T  INDICATES TRACE AMOUNT.




$$
