000
CDUS45 KLKN 190930
CLIEKO


CLIMATE REPORT
NATIONAL WEATHER SERVICE ELKO NV
227 AM PDT SAT APR 19 2014


...................................

...THE ELKO AIRPORT NV CLIMATE SUMMARY FOR APRIL 18 2014...

CLIMATE NORMAL PERIOD 1981 TO 2010
CLIMATE RECORD PERIOD 1888 TO 2014


WEATHER ITEM   OBSERVED TIME   RECORD YEAR NORMAL DEPARTURE LAST
                VALUE   (LST)  VALUE       VALUE  FROM      YEAR
                                                  NORMAL
..................................................................
TEMPERATURE (F)
 YESTERDAY
  MAXIMUM         66    433 PM  81    1962  60      6       56
  MINIMUM         38   1159 PM  15    2013  31      7       15
                                      1970
  AVERAGE         52                        46      6       36

PRECIPITATION (IN)
  YESTERDAY        0.00          0.61 1890   0.04  -0.04     0.00
  MONTH TO DATE    0.30                      0.58  -0.28     0.45
  SINCE OCT 1      5.54                      6.60  -1.06     5.00
  SINCE JAN 1      3.93                      3.54   0.39     2.17

SNOWFALL (IN)
  YESTERDAY        0.0           3.2  1971   0.1   -0.1      0.0
  MONTH TO DATE    2.6                       2.4    0.2      1.3
  SINCE MAR 1      7.9                       7.5    0.4      3.9
  SINCE JUL 1     20.2                      40.0  -19.8     42.2
  SNOW DEPTH       0

DEGREE DAYS
 HEATING
  YESTERDAY       13                        19     -6       29
  MONTH TO DATE  347                       382    -35      398
  SINCE MAR 1   1105                      1191    -86     1126
  SINCE JUL 1   5836                      6359   -523     6187

 COOLING
  YESTERDAY        0                         0      0        0
  MONTH TO DATE    0                         0      0        0
  SINCE MAR 1      0                         0      0        0
  SINCE JAN 1      0                         0      0        0
..................................................................


WIND (MPH)
  HIGHEST WIND SPEED    17   HIGHEST WIND DIRECTION     W (280)
  HIGHEST GUST SPEED    24   HIGHEST GUST DIRECTION     W (250)
  AVERAGE WIND SPEED     5.0



WEATHER CONDITIONS
 THE FOLLOWING WEATHER WAS RECORDED YESTERDAY.
  NO SIGNIFICANT WEATHER WAS OBSERVED.


RELATIVE HUMIDITY (PERCENT)
 HIGHEST    71           300 AM
 LOWEST     23           600 PM
 AVERAGE    47

..........................................................


THE ELKO AIRPORT NV CLIMATE NORMALS FOR TODAY
                         NORMAL    RECORD    YEAR
 MAXIMUM TEMPERATURE (F)   60        83      1962
 MINIMUM TEMPERATURE (F)   31        14      1895


SUNRISE AND SUNSET
APRIL 19 2014.........SUNRISE   558 AM PDT   SUNSET   727 PM PDT
APRIL 20 2014.........SUNRISE   557 AM PDT   SUNSET   728 PM PDT


-  INDICATES NEGATIVE NUMBERS.
R  INDICATES RECORD WAS SET OR TIED.
MM INDICATES DATA IS MISSING.
T  INDICATES TRACE AMOUNT.




$$
