000
CDUS45 KLKN 280939
CLIEKO


CLIMATE REPORT
NATIONAL WEATHER SERVICE ELKO NV
237 AM PDT MON JUL 28 2014


...................................

...THE ELKO AIRPORT NV CLIMATE SUMMARY FOR JULY 27 2014...

CLIMATE NORMAL PERIOD 1981 TO 2010
CLIMATE RECORD PERIOD 1888 TO 2014


WEATHER ITEM   OBSERVED TIME   RECORD YEAR NORMAL DEPARTURE LAST
                VALUE   (LST)  VALUE       VALUE  FROM      YEAR
                                                  NORMAL
..................................................................
TEMPERATURE (F)
 YESTERDAY
  MAXIMUM         97    153 PM 103    1934  92      5       92
                                      1931
  MINIMUM         57    406 AM  32    1909  51      6       66
  AVERAGE         77                        71      6       79

PRECIPITATION (IN)
  YESTERDAY        T             0.28 1982   0.01  -0.01     0.00
  MONTH TO DATE    0.51                      0.31   0.20     0.45
  SINCE OCT 1      7.97                      8.91  -0.94     6.14
  SINCE JAN 1      6.36                      5.85   0.51     3.31

SNOWFALL (IN)
  YESTERDAY        0.0           0.0  1888   0.0    0.0      0.0
  MONTH TO DATE    0.0                       0.0    0.0      0.0
  SINCE JUN 1      0.0                       0.0    0.0      0.0
  SINCE JUL 1      0.0                       0.0    0.0      0.0
  SNOW DEPTH       0

DEGREE DAYS
 HEATING
  YESTERDAY        0                         0      0        0
  MONTH TO DATE    0                        17    -17        0
  SINCE JUN 1     92                       148    -56       63
  SINCE JUL 1      0                        17    -17        0

 COOLING
  YESTERDAY       12                         7      5       14
  MONTH TO DATE  303                       157    146      331
  SINCE JUN 1    332                       204    128      454
  SINCE JAN 1    335                       208    127      458
..................................................................


WIND (MPH)
  HIGHEST WIND SPEED    28   HIGHEST WIND DIRECTION     S (170)
  HIGHEST GUST SPEED    37   HIGHEST GUST DIRECTION     S (170)
  AVERAGE WIND SPEED     5.1



WEATHER CONDITIONS
 THE FOLLOWING WEATHER WAS RECORDED YESTERDAY.
  NO SIGNIFICANT WEATHER WAS OBSERVED.


RELATIVE HUMIDITY (PERCENT)
 HIGHEST    40           400 AM
 LOWEST     11           100 PM
 AVERAGE    26

..........................................................


THE ELKO AIRPORT NV CLIMATE NORMALS FOR TODAY
                         NORMAL    RECORD    YEAR
 MAXIMUM TEMPERATURE (F)   92       104      1934
 MINIMUM TEMPERATURE (F)   51        30      1892


SUNRISE AND SUNSET
JULY 28 2014..........SUNRISE   536 AM PDT   SUNSET   803 PM PDT
JULY 29 2014..........SUNRISE   537 AM PDT   SUNSET   802 PM PDT


-  INDICATES NEGATIVE NUMBERS.
R  INDICATES RECORD WAS SET OR TIED.
MM INDICATES DATA IS MISSING.
T  INDICATES TRACE AMOUNT.




$$
