000
CDUS45 KLKN 290030
CLIEKO


CLIMATE REPORT
NATIONAL WEATHER SERVICE ELKO NV
526 PM PDT SAT MAR 28 2015


...................................

...THE ELKO AIRPORT NV CLIMATE SUMMARY FOR MARCH 28 2015...
VALID TODAY AS OF 0500 PM LOCAL TIME.

CLIMATE NORMAL PERIOD 1981 TO 2010
CLIMATE RECORD PERIOD 1888 TO 2015


WEATHER ITEM   OBSERVED TIME   RECORD YEAR NORMAL DEPARTURE LAST
                VALUE   (LST)  VALUE       VALUE  FROM      YEAR
                                                  NORMAL
..................................................................
TEMPERATURE (F)
 TODAY
  MAXIMUM         68   1157 AM  75    1986  55     13       57
  MINIMUM         32    434 AM   7    1944  28      4       28
  AVERAGE         50                        42      8       43

PRECIPITATION (IN)
  TODAY            0.00          0.40 1963   0.04  -0.04     0.00
  MONTH TO DATE    0.16                      0.91  -0.75     0.86
  SINCE OCT 1      2.89                      5.93  -3.04     4.81
  SINCE JAN 1      0.65                      2.87  -2.22     3.20

SNOWFALL (IN)
  TODAY            0.0           7.4  1998   0.1   -0.1      0.0
  MONTH TO DATE    0.7                       4.6   -3.9      2.2
  SINCE MAR 1      0.7                       4.6   -3.9      2.2
  SINCE JUL 1     10.1                      37.1  -27.0     14.5
  SNOW DEPTH       0

DEGREE DAYS
 HEATING
  TODAY           15                        23     -8       22
  MONTH TO DATE  587                       741   -154      680
  SINCE MAR 1    587                       741   -154      680
  SINCE JUL 1   4595                      5909  -1314     5411

 COOLING
  TODAY            0                         0      0        0
  MONTH TO DATE    0                         0      0        0
  SINCE MAR 1      0                         0      0        0
  SINCE JAN 1      0                         0      0        0
..................................................................


WIND (MPH)
  HIGHEST WIND SPEED    24   HIGHEST WIND DIRECTION     W (280)
  HIGHEST GUST SPEED    29   HIGHEST GUST DIRECTION     W (280)



WEATHER CONDITIONS
 THE FOLLOWING WEATHER WAS RECORDED TODAY.
  NO SIGNIFICANT WEATHER WAS OBSERVED.


RELATIVE HUMIDITY (PERCENT)
 HIGHEST    70           100 AM
 LOWEST     15           400 PM
 AVERAGE    43

..........................................................


THE ELKO AIRPORT NV CLIMATE NORMALS FOR TOMORROW
                         NORMAL    RECORD    YEAR
 MAXIMUM TEMPERATURE (F)   55        75      1978
 MINIMUM TEMPERATURE (F)   29        12      1926
                                             1898


SUNRISE AND SUNSET
MARCH 28 2015.........SUNRISE   634 AM PDT   SUNSET   704 PM PDT
MARCH 29 2015.........SUNRISE   632 AM PDT   SUNSET   705 PM PDT


-  INDICATES NEGATIVE NUMBERS.
R  INDICATES RECORD WAS SET OR TIED.
MM INDICATES DATA IS MISSING.
T  INDICATES TRACE AMOUNT.




$$
