000
CDUS45 KLKN 250927
CLIEKO


CLIMATE REPORT
NATIONAL WEATHER SERVICE ELKO NV
227 AM PDT FRI JUL 25 2014


...................................

...THE ELKO AIRPORT NV CLIMATE SUMMARY FOR JULY 24 2014...

CLIMATE NORMAL PERIOD 1981 TO 2010
CLIMATE RECORD PERIOD 1888 TO 2014


WEATHER ITEM   OBSERVED TIME   RECORD YEAR NORMAL DEPARTURE LAST
                VALUE   (LST)  VALUE       VALUE  FROM      YEAR
                                                  NORMAL
..................................................................
TEMPERATURE (F)
 YESTERDAY
  MAXIMUM         89    253 PM 107    1890  92     -3       90
  MINIMUM         53    245 AM  34    1899  51      2       63
  AVERAGE         71                        71      0       77

PRECIPITATION (IN)
  YESTERDAY        0.00          0.13 1982   0.02  -0.02      T
  MONTH TO DATE    0.51                      0.28   0.23     0.44
  SINCE OCT 1      7.97                      8.88  -0.91     6.13
  SINCE JAN 1      6.36                      5.82   0.54     3.30

SNOWFALL (IN)
  YESTERDAY        0.0           0.0  1888   0.0    0.0      0.0
  MONTH TO DATE    0.0                       0.0    0.0      0.0
  SINCE JUN 1      0.0                       0.0    0.0      0.0
  SINCE JUL 1      0.0                       0.0    0.0      0.0
  SNOW DEPTH       0

DEGREE DAYS
 HEATING
  YESTERDAY        0                         0      0        0
  MONTH TO DATE    0                        17    -17        0
  SINCE JUN 1     92                       148    -56       63
  SINCE JUL 1      0                        17    -17        0

 COOLING
  YESTERDAY        6                         7     -1       12
  MONTH TO DATE  277                       136    141      292
  SINCE JUN 1    306                       183    123      415
  SINCE JAN 1    309                       187    122      419
..................................................................


WIND (MPH)
  HIGHEST WIND SPEED    18   HIGHEST WIND DIRECTION     W (290)
  HIGHEST GUST SPEED    24   HIGHEST GUST DIRECTION     W (260)
  AVERAGE WIND SPEED     7.1



WEATHER CONDITIONS
 THE FOLLOWING WEATHER WAS RECORDED YESTERDAY.
  NO SIGNIFICANT WEATHER WAS OBSERVED.


RELATIVE HUMIDITY (PERCENT)
 HIGHEST    36           100 AM
 LOWEST      9           300 PM
 AVERAGE    23

..........................................................


THE ELKO AIRPORT NV CLIMATE NORMALS FOR TODAY
                         NORMAL    RECORD    YEAR
 MAXIMUM TEMPERATURE (F)   92       106      1890
 MINIMUM TEMPERATURE (F)   51        35      1999


SUNRISE AND SUNSET
JULY 25 2014..........SUNRISE   533 AM PDT   SUNSET   806 PM PDT
JULY 26 2014..........SUNRISE   534 AM PDT   SUNSET   805 PM PDT


-  INDICATES NEGATIVE NUMBERS.
R  INDICATES RECORD WAS SET OR TIED.
MM INDICATES DATA IS MISSING.
T  INDICATES TRACE AMOUNT.




$$
