000
CDUS45 KLKN 300928
CLIEKO


CLIMATE REPORT
NATIONAL WEATHER SERVICE ELKO NV
227 AM PDT SUN APR 30 2017


...................................

...THE ELKO AIRPORT NV CLIMATE SUMMARY FOR APRIL 29 2017...

CLIMATE NORMAL PERIOD 1981 TO 2010
CLIMATE RECORD PERIOD 1888 TO 2017


WEATHER ITEM   OBSERVED TIME   RECORD YEAR NORMAL DEPARTURE LAST
                VALUE   (LST)  VALUE       VALUE  FROM      YEAR
                                                  NORMAL
..................................................................
TEMPERATURE (F)
 YESTERDAY
  MAXIMUM         58    331 PM  86    1992  64     -6       51
  MINIMUM         26    450 AM  16    1899  34     -8       39
  AVERAGE         42                        49     -7       45

PRECIPITATION (IN)
  YESTERDAY        0.00          0.50 1973   0.04  -0.04     0.27
  MONTH TO DATE    1.31                      0.94   0.37     1.98
  SINCE OCT 1     12.28                      6.96   5.32     9.81
  SINCE JAN 1      6.65                      3.90   2.75     5.27

SNOWFALL (IN)
  YESTERDAY        0.0           0.3  1973   0.1   -0.1      0.0
  MONTH TO DATE    T                         3.2   -3.2      1.0
  SINCE MAR 1      1.9                       8.3   -6.4      7.5
  SINCE JUL 1     53.3                      40.8   12.5     63.8
  SNOW DEPTH       0

DEGREE DAYS
 HEATING
  YESTERDAY       23                        16      7       20
  MONTH TO DATE  572                       578     -6      453
  SINCE MAR 1   1207                      1387   -180     1129
  SINCE JUL 1   5943                      6555   -612     6154

 COOLING
  YESTERDAY        0                         0      0        0
  MONTH TO DATE    0                         0      0        0
  SINCE MAR 1      0                         0      0        0
  SINCE JAN 1      0                         0      0        0
..................................................................


WIND (MPH)
  HIGHEST WIND SPEED    15   HIGHEST WIND DIRECTION    SW (240)
  HIGHEST GUST SPEED    24   HIGHEST GUST DIRECTION     W (280)
  AVERAGE WIND SPEED     4.3



WEATHER CONDITIONS
 THE FOLLOWING WEATHER WAS RECORDED YESTERDAY.
  NO SIGNIFICANT WEATHER WAS OBSERVED.


RELATIVE HUMIDITY (PERCENT)
 HIGHEST    81           500 AM
 LOWEST     23           400 PM
 AVERAGE    52

..........................................................


THE ELKO AIRPORT NV CLIMATE NORMALS FOR TODAY
                         NORMAL    RECORD    YEAR
 MAXIMUM TEMPERATURE (F)   64        86      1981
 MINIMUM TEMPERATURE (F)   34        14      1972
                                             1913


SUNRISE AND SUNSET
APRIL 30 2017.........SUNRISE   542 AM PDT   SUNSET   739 PM PDT
MAY  1 2017...........SUNRISE   541 AM PDT   SUNSET   740 PM PDT


-  INDICATES NEGATIVE NUMBERS.
R  INDICATES RECORD WAS SET OR TIED.
MM INDICATES DATA IS MISSING.
T  INDICATES TRACE AMOUNT.




$$
