000
CDUS45 KLKN 290931
CLIEKO


CLIMATE REPORT
NATIONAL WEATHER SERVICE ELKO NV
230 AM PDT FRI APR 29 2016


...................................

...THE ELKO AIRPORT NV CLIMATE SUMMARY FOR APRIL 28 2016...

CLIMATE NORMAL PERIOD 1981 TO 2010
CLIMATE RECORD PERIOD 1888 TO 2016


WEATHER ITEM   OBSERVED TIME   RECORD YEAR NORMAL DEPARTURE LAST
                VALUE   (LST)  VALUE       VALUE  FROM      YEAR
                                                  NORMAL
..................................................................
TEMPERATURE (F)
 YESTERDAY
  MAXIMUM         59    333 PM  85    1915  63     -4       76
  MINIMUM         39    337 AM  13    1899  33      6       30
  AVERAGE         49                        48      1       53

PRECIPITATION (IN)
  YESTERDAY        0.18          0.90 1900   0.03   0.15     0.00
  MONTH TO DATE    1.71                      0.90   0.81     0.73
  SINCE OCT 1      9.54                      6.92   2.62     3.62
  SINCE JAN 1      5.00                      3.86   1.14     1.38

SNOWFALL (IN)
  YESTERDAY        0.0           2.7  1942   0.1   -0.1      0.0
  MONTH TO DATE    1.0                       3.1   -2.1      2.2
  SINCE MAR 1      7.5                       8.2   -0.7      2.9
  SINCE JUL 1     63.8                      40.7   23.1     12.3
  SNOW DEPTH       0

DEGREE DAYS
 HEATING
  YESTERDAY       16                        17     -1       12
  MONTH TO DATE  433                       562   -129      563
  SINCE MAR 1   1109                      1371   -262     1195
  SINCE JUL 1   6134                      6539   -405     5203

 COOLING
  YESTERDAY        0                         0      0        0
  MONTH TO DATE    0                         0      0        0
  SINCE MAR 1      0                         0      0        0
  SINCE JAN 1      0                         0      0        0
..................................................................


WIND (MPH)
  HIGHEST WIND SPEED    24   HIGHEST WIND DIRECTION    NE (30)
  HIGHEST GUST SPEED    33   HIGHEST GUST DIRECTION    NE (30)
  AVERAGE WIND SPEED     9.3



WEATHER CONDITIONS
 THE FOLLOWING WEATHER WAS RECORDED YESTERDAY.
  LIGHT RAIN
  FOG


RELATIVE HUMIDITY (PERCENT)
 HIGHEST    92           600 AM
 LOWEST     38           500 PM
 AVERAGE    65

..........................................................


THE ELKO AIRPORT NV CLIMATE NORMALS FOR TODAY
                         NORMAL    RECORD    YEAR
 MAXIMUM TEMPERATURE (F)   64        86      1992
 MINIMUM TEMPERATURE (F)   34        16      1899


SUNRISE AND SUNSET
APRIL 29 2016.........SUNRISE   543 AM PDT   SUNSET   738 PM PDT
APRIL 30 2016.........SUNRISE   542 AM PDT   SUNSET   739 PM PDT


-  INDICATES NEGATIVE NUMBERS.
R  INDICATES RECORD WAS SET OR TIED.
MM INDICATES DATA IS MISSING.
T  INDICATES TRACE AMOUNT.




$$
