000
CDUS45 KLKN 160943
CLIEKO


CLIMATE REPORT
NATIONAL WEATHER SERVICE ELKO NV
135 AM PST TUE JAN 16 2018


...................................

...THE ELKO AIRPORT NV CLIMATE SUMMARY FOR JANUARY 15 2018...

CLIMATE NORMAL PERIOD 1981 TO 2010
CLIMATE RECORD PERIOD 1888 TO 2018


WEATHER ITEM   OBSERVED TIME   RECORD YEAR NORMAL DEPARTURE LAST
                VALUE   (LST)  VALUE       VALUE  FROM      YEAR
                                                  NORMAL
..................................................................
TEMPERATURE (F)
 YESTERDAY
  MAXIMUM         51    105 PM  60    1895  36     15       27
  MINIMUM         25    719 AM -29    1917  14     11       22
  AVERAGE         38                        25     13       25

PRECIPITATION (IN)
  YESTERDAY        0.00          0.62 1998   0.04  -0.04      T
  MONTH TO DATE    0.34                      0.59  -0.25     1.84
  SINCE OCT 1      2.04                      3.65  -1.61     7.47
  SINCE JAN 1      0.34                      0.59  -0.25     1.84

SNOWFALL (IN)
  YESTERDAY        0.0           6.0  1899   0.3   -0.3       T
  MONTH TO DATE    T                         5.4   -5.4     18.3
  SINCE DEC 1      4.8                      15.3  -10.5     30.5
  SINCE JUL 1      5.5                      21.0  -15.5     36.0
  SNOW DEPTH       0

DEGREE DAYS
 HEATING
  YESTERDAY       27                        40    -13       40
  MONTH TO DATE  414                       600   -186      620
  SINCE DEC 1   1588                      1810   -222     1874
  SINCE JUL 1   3176                      3548   -372     3219

 COOLING
  YESTERDAY        0                         0      0        0
  MONTH TO DATE    0                         0      0        0
  SINCE DEC 1      0                         0      0        0
  SINCE JAN 1      0                         0      0        0
..................................................................


WIND (MPH)
  HIGHEST WIND SPEED     9   HIGHEST WIND DIRECTION     E (70)
  HIGHEST GUST SPEED    10   HIGHEST GUST DIRECTION     E (70)
  AVERAGE WIND SPEED     2.6



WEATHER CONDITIONS
 THE FOLLOWING WEATHER WAS RECORDED YESTERDAY.
  NO SIGNIFICANT WEATHER WAS OBSERVED.


RELATIVE HUMIDITY (PERCENT)
 HIGHEST    92           100 AM
 LOWEST     32           100 PM
 AVERAGE    62

..........................................................


THE ELKO AIRPORT NV CLIMATE NORMALS FOR TODAY
                         NORMAL    RECORD    YEAR
 MAXIMUM TEMPERATURE (F)   36        56      1899
 MINIMUM TEMPERATURE (F)   14       -25      1917


SUNRISE AND SUNSET
JANUARY 16 2018.......SUNRISE   705 AM PST   SUNSET   441 PM PST
JANUARY 17 2018.......SUNRISE   704 AM PST   SUNSET   443 PM PST


-  INDICATES NEGATIVE NUMBERS.
R  INDICATES RECORD WAS SET OR TIED.
MM INDICATES DATA IS MISSING.
T  INDICATES TRACE AMOUNT.




$$
