000
CDUS45 KLKN 080033
CLIEKO


CLIMATE REPORT
NATIONAL WEATHER SERVICE ELKO NV
529 PM PDT TUE JUL 7 2015


...................................

...THE ELKO AIRPORT NV CLIMATE SUMMARY FOR JULY 7 2015...
VALID TODAY AS OF 0500 PM LOCAL TIME.

CLIMATE NORMAL PERIOD 1981 TO 2010
CLIMATE RECORD PERIOD 1888 TO 2015


WEATHER ITEM   OBSERVED TIME   RECORD YEAR NORMAL DEPARTURE LAST
                VALUE   (LST)  VALUE       VALUE  FROM      YEAR
                                                  NORMAL
..................................................................
TEMPERATURE (F)
 TODAY
  MAXIMUM         88   1140 AM 102    2014  89     -1      102
  MINIMUM         59   1203 AM  29    1903  49     10       55
  AVERAGE         74                        69      5       79

PRECIPITATION (IN)
  TODAY            T             1.04 1950   0.01  -0.01     0.00
  MONTH TO DATE    0.04                      0.07  -0.03     0.00
  SINCE OCT 1      7.62                      8.67  -1.05     7.46
  SINCE JAN 1      5.38                      5.61  -0.23     5.85

SNOWFALL (IN)
  TODAY            0.0           0.0  1888   0.0    0.0      0.0
  MONTH TO DATE    0.0                       0.0    0.0      0.0
  SINCE JUN 1      0.0                       0.0    0.0      0.0
  SINCE JUL 1      0.0                       0.0    0.0      0.0
  SNOW DEPTH       0

DEGREE DAYS
 HEATING
  TODAY            0                         1     -1        0
  MONTH TO DATE    0                         7     -7        0
  SINCE JUN 1     24                       138   -114       92
  SINCE JUL 1      0                         7     -7        0

 COOLING
  TODAY            9                         5      4       14
  MONTH TO DATE   81                        31     50       77
  SINCE JUN 1    259                        78    181      106
  SINCE JAN 1    266                        82    184      109
..................................................................


WIND (MPH)
  HIGHEST WIND SPEED    26   HIGHEST WIND DIRECTION    SW (240)
  HIGHEST GUST SPEED    39   HIGHEST GUST DIRECTION    NE (50)



WEATHER CONDITIONS
 THE FOLLOWING WEATHER WAS RECORDED TODAY.
  THUNDERSTORM
  LIGHT RAIN


RELATIVE HUMIDITY (PERCENT)
 HIGHEST    57          1200 AM
 LOWEST     18          1200 PM
 AVERAGE    38

..........................................................


THE ELKO AIRPORT NV CLIMATE NORMALS FOR TOMORROW
                         NORMAL    RECORD    YEAR
 MAXIMUM TEMPERATURE (F)   89       104      1919
 MINIMUM TEMPERATURE (F)   50        31      1934
                                             1903


SUNRISE AND SUNSET
JULY  7 2015..........SUNRISE   519 AM PDT   SUNSET   817 PM PDT
JULY  8 2015..........SUNRISE   519 AM PDT   SUNSET   817 PM PDT


-  INDICATES NEGATIVE NUMBERS.
R  INDICATES RECORD WAS SET OR TIED.
MM INDICATES DATA IS MISSING.
T  INDICATES TRACE AMOUNT.




$$
