000
CDUS44 KSHV 292243
CLIELD


CLIMATE REPORT
NATIONAL WEATHER SERVICE SHREVEPORT, LA
442 PM CST THU JAN 29 2015


...................................

...THE EL DORADO CLIMATE SUMMARY FOR JANUARY 29 2015...
VALID TODAY AS OF 0400 PM LOCAL TIME.

CLIMATE NORMAL PERIOD 1981 TO 2010
CLIMATE RECORD PERIOD 1907 TO 2015


WEATHER ITEM   OBSERVED TIME   RECORD YEAR NORMAL DEPARTURE LAST
                VALUE   (LST)  VALUE       VALUE  FROM      YEAR
                                                  NORMAL
..................................................................
TEMPERATURE (F)
 TODAY
  MAXIMUM         73    221 PM  79    1975  56     17       41
  MINIMUM         51    712 AM  11    2014  34     17       11
                                      1966
  AVERAGE         62                        45     17       26

PRECIPITATION (IN)
  TODAY            0.00          2.55 1999   0.15  -0.15     0.00
  MONTH TO DATE    4.89                      3.99   0.90     1.16
  SINCE DEC 1      8.22                      9.17  -0.95     7.72
  SINCE JAN 1      4.89                      3.99   0.90     1.16

SNOWFALL (IN)
  TODAY            0.0
  MONTH TO DATE    T
  SINCE DEC 1      T
  SINCE JUL 1      T
  SNOW DEPTH       0

DEGREE DAYS
 HEATING
  TODAY            3                        20    -17       39
  MONTH TO DATE  662                       616     46      751
  SINCE DEC 1   1204                      1224    -20     1390
  SINCE JUL 1   1755                      1703     52     1975

 COOLING
  TODAY            0                         0      0        0
  MONTH TO DATE    0                         0      0        0
  SINCE DEC 1      0                         4     -4        8
  SINCE JAN 1      0                         0      0        0
..................................................................


WIND (MPH)
  HIGHEST WIND SPEED    17   HIGHEST WIND DIRECTION    NW (330)
  HIGHEST GUST SPEED    21   HIGHEST GUST DIRECTION    SW (220)
  AVERAGE WIND SPEED     9.4


SKY COVER
  POSSIBLE SUNSHINE  MM
  AVERAGE SKY COVER 0.1


WEATHER CONDITIONS
 THE FOLLOWING WEATHER WAS RECORDED TODAY.
  NO SIGNIFICANT WEATHER WAS OBSERVED.


RELATIVE HUMIDITY (PERCENT)
 HIGHEST    89           700 AM
 LOWEST     35           300 PM
 AVERAGE    62

..........................................................


THE EL DORADO CLIMATE NORMALS FOR TOMORROW
                         NORMAL    RECORD    YEAR
 MAXIMUM TEMPERATURE (F)   56        81      1975
 MINIMUM TEMPERATURE (F)   34         4      1966


SUNRISE AND SUNSET
JANUARY 29 2015.......SUNRISE   709 AM CST   SUNSET   540 PM CST
JANUARY 30 2015.......SUNRISE   708 AM CST   SUNSET   541 PM CST


-  INDICATES NEGATIVE NUMBERS.
R  INDICATES RECORD WAS SET OR TIED.
MM INDICATES DATA IS MISSING.
T  INDICATES TRACE AMOUNT.




$$
