000
CDUS44 KSHV 170853
CLIELD


CLIMATE REPORT
NATIONAL WEATHER SERVICE SHREVEPORT, LA
253 AM CST FRI NOV 17 2017


...................................

...THE EL DORADO CLIMATE SUMMARY FOR NOVEMBER 16 2017...

CLIMATE NORMAL PERIOD 1981 TO 2010
CLIMATE RECORD PERIOD 1907 TO 2017


WEATHER ITEM   OBSERVED TIME   RECORD YEAR NORMAL DEPARTURE LAST
                VALUE   (LST)  VALUE       VALUE  FROM      YEAR
                                                  NORMAL
..................................................................
TEMPERATURE (F)
 YESTERDAY
  MAXIMUM         65    323 PM  83    2016  65      0       83
                                      1964
  MINIMUM         57   1159 PM  20    1916  42     15       45
  AVERAGE         61                        54      7       64

PRECIPITATION (IN)
  YESTERDAY        0.00          4.44 1987   0.17  -0.17     0.00
  MONTH TO DATE    1.47                      2.43  -0.96     0.05
  SINCE DEC 1     47.36                     50.46  -3.10    60.68
  SINCE JAN 1     41.07                     45.28  -4.21    52.62

SNOWFALL (IN)
  YESTERDAY        0.0
  MONTH TO DATE    0.0
  SINCE SEP 1      0.0
  SINCE JUL 1      0.0
  SNOW DEPTH       0

DEGREE DAYS
 HEATING
  YESTERDAY        4                        12     -8        1
  MONTH TO DATE  100                       150    -50       77
  SINCE SEP 1    232                       283    -51      106
  SINCE JUL 1    232                       283    -51      106

 COOLING
  YESTERDAY        0                         0      0        0
  MONTH TO DATE   55                        13     42       18
  SINCE SEP 1    505                       397    108      533
  SINCE JAN 1   2240                      2124    116     2391
..................................................................


WIND (MPH)
  HIGHEST WIND SPEED    12   HIGHEST WIND DIRECTION    NE (60)
  HIGHEST GUST SPEED    14   HIGHEST GUST DIRECTION     E (70)
  AVERAGE WIND SPEED     5.8


SKY COVER
  POSSIBLE SUNSHINE  MM
  AVERAGE SKY COVER 1.0


WEATHER CONDITIONS
 THE FOLLOWING WEATHER WAS RECORDED YESTERDAY.
  NO SIGNIFICANT WEATHER WAS OBSERVED.


RELATIVE HUMIDITY (PERCENT)
 HIGHEST   100           700 AM
 LOWEST     78           200 PM
 AVERAGE    89

..........................................................


THE EL DORADO CLIMATE NORMALS FOR TODAY
                         NORMAL    RECORD    YEAR
 MAXIMUM TEMPERATURE (F)   65        83      2013
                                             1938
 MINIMUM TEMPERATURE (F)   42        19      1920


SUNRISE AND SUNSET
NOVEMBER 17 2017......SUNRISE   644 AM CST   SUNSET   508 PM CST
NOVEMBER 18 2017......SUNRISE   645 AM CST   SUNSET   507 PM CST


-  INDICATES NEGATIVE NUMBERS.
R  INDICATES RECORD WAS SET OR TIED.
MM INDICATES DATA IS MISSING.
T  INDICATES TRACE AMOUNT.




$$
