000
CDUS44 KSHV 300742
CLIELD


CLIMATE REPORT
NATIONAL WEATHER SERVICE SHREVEPORT, LA
238 AM CDT FRI SEP 30 2016


...................................

...THE EL DORADO CLIMATE SUMMARY FOR SEPTEMBER 29 2016...

CLIMATE NORMAL PERIOD 1981 TO 2010
CLIMATE RECORD PERIOD 1907 TO 2016


WEATHER ITEM   OBSERVED TIME   RECORD YEAR NORMAL DEPARTURE LAST
                VALUE   (LST)  VALUE       VALUE  FROM      YEAR
                                                  NORMAL
..................................................................
TEMPERATURE (F)
 YESTERDAY
  MAXIMUM         77    304 PM 110    1930  82     -5       87
  MINIMUM         54   1159 PM  35    1967  57     -3       69
  AVERAGE         66                        70     -4       78

PRECIPITATION (IN)
  YESTERDAY        0.00          2.42 1980   0.12  -0.12      T
  MONTH TO DATE    1.68                      2.99  -1.31     0.04
  SINCE DEC 1     58.54                     42.72  15.82    35.09
  SINCE JAN 1     50.48                     37.54  12.94    31.76

SNOWFALL (IN)
  YESTERDAY        0.0
  MONTH TO DATE    0.0
  SINCE SEP 1      0.0
  SINCE JUL 1      0.0
  SNOW DEPTH       0

DEGREE DAYS
 HEATING
  YESTERDAY        0                         1     -1        0
  MONTH TO DATE    0                        10    -10        0
  SINCE SEP 1      0                        10    -10        0
  SINCE JUL 1      0                        10    -10        0

 COOLING
  YESTERDAY        1                         6     -5       13
  MONTH TO DATE  383                       294     89      365
  SINCE SEP 1    383                       294     89      365
  SINCE JAN 1   2241                      2021    220     2238
..................................................................


WIND (MPH)
  HIGHEST WIND SPEED    15   HIGHEST WIND DIRECTION     N (350)
  HIGHEST GUST SPEED    21   HIGHEST GUST DIRECTION    NE (30)
  AVERAGE WIND SPEED     5.7


SKY COVER
  POSSIBLE SUNSHINE  MM
  AVERAGE SKY COVER 0.0


WEATHER CONDITIONS
 THE FOLLOWING WEATHER WAS RECORDED YESTERDAY.
  FOG
  FOG W/VISIBILITY <= 1/4 MILE


RELATIVE HUMIDITY (PERCENT)
 HIGHEST   100          1100 PM
 LOWEST     38           200 PM
 AVERAGE    69

..........................................................


THE EL DORADO CLIMATE NORMALS FOR TODAY
                         NORMAL    RECORD    YEAR
 MAXIMUM TEMPERATURE (F)   82       106      1930
 MINIMUM TEMPERATURE (F)   57        37      1942


SUNRISE AND SUNSET
SEPTEMBER 30 2016.....SUNRISE   705 AM CDT   SUNSET   656 PM CDT
OCTOBER  1 2016.......SUNRISE   706 AM CDT   SUNSET   655 PM CDT


-  INDICATES NEGATIVE NUMBERS.
R  INDICATES RECORD WAS SET OR TIED.
MM INDICATES DATA IS MISSING.
T  INDICATES TRACE AMOUNT.




$$
