000
CDUS44 KSHV 160841
CLIELD


CLIMATE REPORT
NATIONAL WEATHER SERVICE SHREVEPORT, LA
241 AM CST TUE JAN 16 2018


...................................

...THE EL DORADO CLIMATE SUMMARY FOR JANUARY 15 2018...

CLIMATE NORMAL PERIOD 1981 TO 2010
CLIMATE RECORD PERIOD 1907 TO 2018


WEATHER ITEM   OBSERVED TIME   RECORD YEAR NORMAL DEPARTURE LAST
                VALUE   (LST)  VALUE       VALUE  FROM      YEAR
                                                  NORMAL
..................................................................
TEMPERATURE (F)
 YESTERDAY
  MAXIMUM         58    314 PM  78    1952  54      4       62
  MINIMUM         23    725 AM  11    1964  33    -10       51
  AVERAGE         41                        44     -3       57

PRECIPITATION (IN)
  YESTERDAY        0.02          1.84 1991   0.13  -0.11     0.00
  MONTH TO DATE    1.68                      1.98  -0.30     0.38
  SINCE DEC 1      7.31                      7.16   0.15     6.67
  SINCE JAN 1      1.68                      1.98  -0.30     0.38

SNOWFALL (IN)
  YESTERDAY       MM
  MONTH TO DATE    0.1
  SINCE DEC 1      0.1
  SINCE JUL 1      0.1
  SNOW DEPTH       0

DEGREE DAYS
 HEATING
  YESTERDAY       24                        21      3        8
  MONTH TO DATE  413                       324     89      242
  SINCE DEC 1   1006                       932     74      762
  SINCE JUL 1   1408                      1411     -3     1035

 COOLING
  YESTERDAY        0                         0      0        0
  MONTH TO DATE    0                         0      0        9
  SINCE DEC 1      0                         4     -4       23
  SINCE JAN 1      0                         0      0        9
..................................................................


WIND (MPH)
  HIGHEST WIND SPEED    16   HIGHEST WIND DIRECTION     N (20)
  HIGHEST GUST SPEED    23   HIGHEST GUST DIRECTION     N (360)
  AVERAGE WIND SPEED     5.3


SKY COVER
  POSSIBLE SUNSHINE  MM
  AVERAGE SKY COVER 0.5


WEATHER CONDITIONS
 THE FOLLOWING WEATHER WAS RECORDED YESTERDAY.
  LIGHT RAIN
  LIGHT SNOW
  FOG


RELATIVE HUMIDITY (PERCENT)
 HIGHEST   100           100 AM
 LOWEST     50          1100 AM
 AVERAGE    75

..........................................................


THE EL DORADO CLIMATE NORMALS FOR TODAY
                         NORMAL    RECORD    YEAR
 MAXIMUM TEMPERATURE (F)   55        78      1907
 MINIMUM TEMPERATURE (F)   33        11      1972


SUNRISE AND SUNSET
JANUARY 16 2018.......SUNRISE   714 AM CST   SUNSET   528 PM CST
JANUARY 17 2018.......SUNRISE   714 AM CST   SUNSET   529 PM CST


-  INDICATES NEGATIVE NUMBERS.
R  INDICATES RECORD WAS SET OR TIED.
MM INDICATES DATA IS MISSING.
T  INDICATES TRACE AMOUNT.




$$
