000
CDUS44 KSHV 260733
CLIELD


CLIMATE REPORT
NATIONAL WEATHER SERVICE SHREVEPORT, LA
232 AM CDT TUE SEP 26 2017


...................................

...THE EL DORADO CLIMATE SUMMARY FOR SEPTEMBER 25 2017...

CLIMATE NORMAL PERIOD 1981 TO 2010
CLIMATE RECORD PERIOD 1907 TO 2017


WEATHER ITEM   OBSERVED TIME   RECORD YEAR NORMAL DEPARTURE LAST
                VALUE   (LST)  VALUE       VALUE  FROM      YEAR
                                                  NORMAL
..................................................................
TEMPERATURE (F)
 YESTERDAY
  MAXIMUM         89        MM  99    1931  83      6       90
  MINIMUM         65        MM  44    1965  59      6       68
  AVERAGE         77                        71      6       79

PRECIPITATION (IN)
  YESTERDAY        0.00          2.45 1974   0.12  -0.12     0.00
  MONTH TO DATE    1.27                      2.52  -1.25     1.68
  SINCE DEC 1     44.90                     42.25   2.65    58.54
  SINCE JAN 1     38.61                     37.07   1.54    50.48

SNOWFALL (IN)
  YESTERDAY        0.0
  MONTH TO DATE    0.0
  SINCE SEP 1      0.0
  SINCE JUL 1      0.0
  SNOW DEPTH       0

DEGREE DAYS
 HEATING
  YESTERDAY        0                         1     -1        0
  MONTH TO DATE    3                         6     -3        0
  SINCE SEP 1      3                         6     -3        0
  SINCE JUL 1      3                         6     -3        0

 COOLING
  YESTERDAY       12                         7      5       14
  MONTH TO DATE  259                       269    -10      369
  SINCE SEP 1    259                       269    -10      369
  SINCE JAN 1   1994                      1996     -2     2227
..................................................................


WIND (MPH)
  HIGHEST WIND SPEED     8   HIGHEST WIND DIRECTION     E (90)
  HIGHEST GUST SPEED    MM   HIGHEST GUST DIRECTION    MM
  AVERAGE WIND SPEED     2.9


SKY COVER
  POSSIBLE SUNSHINE  MM
  AVERAGE SKY COVER 0.0


WEATHER CONDITIONS
 THE FOLLOWING WEATHER WAS RECORDED YESTERDAY.
  FOG


RELATIVE HUMIDITY (PERCENT)
 HIGHEST   100          1200 AM
 LOWEST     46           100 PM
 AVERAGE    73

..........................................................


THE EL DORADO CLIMATE NORMALS FOR TODAY
                         NORMAL    RECORD    YEAR
 MAXIMUM TEMPERATURE (F)   83       101      1930
 MINIMUM TEMPERATURE (F)   59        42      2001


SUNRISE AND SUNSET
SEPTEMBER 26 2017.....SUNRISE   702 AM CDT   SUNSET   702 PM CDT
SEPTEMBER 27 2017.....SUNRISE   703 AM CDT   SUNSET   701 PM CDT


-  INDICATES NEGATIVE NUMBERS.
R  INDICATES RECORD WAS SET OR TIED.
MM INDICATES DATA IS MISSING.
T  INDICATES TRACE AMOUNT.




$$
