000
CDUS44 KSHV 230743
CLIELD


CLIMATE REPORT
NATIONAL WEATHER SERVICE SHREVEPORT, LA
241 AM CDT SAT MAY 23 2015


...................................

...THE EL DORADO CLIMATE SUMMARY FOR MAY 22 2015...

CLIMATE NORMAL PERIOD 1981 TO 2010
CLIMATE RECORD PERIOD 1907 TO 2015


WEATHER ITEM   OBSERVED TIME   RECORD YEAR NORMAL DEPARTURE LAST
                VALUE   (LST)  VALUE       VALUE  FROM      YEAR
                                                  NORMAL
..................................................................
TEMPERATURE (F)
 YESTERDAY
  MAXIMUM         76    344 PM  94    1925  84     -8       86
  MINIMUM         49    512 AM  43    1919  62    -13       61
  AVERAGE         63                        73    -10       74

PRECIPITATION (IN)
  YESTERDAY        0.00          2.06 1979   0.17  -0.17     0.00
  MONTH TO DATE    5.16                      3.61   1.55     4.88
  SINCE DEC 1     24.56                     26.72  -2.16    25.65
  SINCE JAN 1     21.23                     21.54  -0.31    19.09

SNOWFALL (IN)
  YESTERDAY        0.0
  MONTH TO DATE    0.0
  SINCE MAR 1      0.7
  SINCE JUL 1      0.7
  SNOW DEPTH       0

DEGREE DAYS
 HEATING
  YESTERDAY        2                         0      2        0
  MONTH TO DATE    6                        16    -10       38
  SINCE MAR 1    433                       442     -9      641
  SINCE JUL 1   2919                      2670    249     3248

 COOLING
  YESTERDAY        0                         8     -8        9
  MONTH TO DATE  150                       130     20      107
  SINCE MAR 1    251                       223     28      164
  SINCE JAN 1    251                       229     22      164
..................................................................


WIND (MPH)
  HIGHEST WIND SPEED    16   HIGHEST WIND DIRECTION    NE (60)
  HIGHEST GUST SPEED    21   HIGHEST GUST DIRECTION    NE (60)
  AVERAGE WIND SPEED     5.8


SKY COVER
  POSSIBLE SUNSHINE  MM
  AVERAGE SKY COVER 0.0


WEATHER CONDITIONS
 THE FOLLOWING WEATHER WAS RECORDED YESTERDAY.
  NO SIGNIFICANT WEATHER WAS OBSERVED.


RELATIVE HUMIDITY (PERCENT)
 HIGHEST    96           100 AM
 LOWEST     49           400 PM
 AVERAGE    73

..........................................................


THE EL DORADO CLIMATE NORMALS FOR TODAY
                         NORMAL    RECORD    YEAR
 MAXIMUM TEMPERATURE (F)   84        95      1918
 MINIMUM TEMPERATURE (F)   62        47      1963


SUNRISE AND SUNSET
MAY 23 2015...........SUNRISE   607 AM CDT   SUNSET   810 PM CDT
MAY 24 2015...........SUNRISE   606 AM CDT   SUNSET   810 PM CDT


-  INDICATES NEGATIVE NUMBERS.
R  INDICATES RECORD WAS SET OR TIED.
MM INDICATES DATA IS MISSING.
T  INDICATES TRACE AMOUNT.




$$
