000
CDUS44 KSHV 271245
CLIELD


CLIMATE REPORT
NATIONAL WEATHER SERVICE SHREVEPORT, LA
745 AM CDT FRI MAR 27 2015


...................................

...THE EL DORADO CLIMATE SUMMARY FOR MARCH 26 2015...

CLIMATE NORMAL PERIOD 1981 TO 2010
CLIMATE RECORD PERIOD 1907 TO 2015


WEATHER ITEM   OBSERVED TIME   RECORD YEAR NORMAL DEPARTURE LAST
                VALUE   (LST)  VALUE       VALUE  FROM      YEAR
                                                  NORMAL
..................................................................
TEMPERATURE (F)
 YESTERDAY
  MAXIMUM         64   1033 AM  89    1907  71     -7       64
  MINIMUM         40   1150 PM  22    1955  46     -6       31
  AVERAGE         52                        58     -6       48

PRECIPITATION (IN)
  YESTERDAY        0.02          4.20 1934   0.15  -0.13      T
  MONTH TO DATE    2.81                      4.03  -1.22     2.81
  SINCE DEC 1     12.37                     18.30  -5.93    13.95
  SINCE JAN 1      9.04                     13.12  -4.08     7.39

SNOWFALL (IN)
  YESTERDAY       MM
  MONTH TO DATE    0.7
  SINCE MAR 1      0.7
  SINCE JUL 1      0.7
  SNOW DEPTH       0

DEGREE DAYS
 HEATING
  YESTERDAY       13                         8      5       17
  MONTH TO DATE  318                       274     44      412
  SINCE MAR 1    318                       274     44      412
  SINCE JUL 1   2804                      2502    302     3019

 COOLING
  YESTERDAY        0                         1     -1        0
  MONTH TO DATE    8                        17     -9        0
  SINCE MAR 1      8                        17     -9        0
  SINCE JAN 1      8                        23    -15        0
..................................................................


WIND (MPH)
  HIGHEST WIND SPEED    25   HIGHEST WIND DIRECTION     N (340)
  HIGHEST GUST SPEED    35   HIGHEST GUST DIRECTION     N (350)
  AVERAGE WIND SPEED     5.7


SKY COVER
  POSSIBLE SUNSHINE  MM
  AVERAGE SKY COVER 0.6


WEATHER CONDITIONS
 THE FOLLOWING WEATHER WAS RECORDED YESTERDAY.
  THUNDERSTORM
  HEAVY RAIN
  LIGHT RAIN
  FOG


RELATIVE HUMIDITY (PERCENT)
 HIGHEST   100          1000 PM
 LOWEST     66           600 PM
 AVERAGE    83

..........................................................


THE EL DORADO CLIMATE NORMALS FOR TODAY
                         NORMAL    RECORD    YEAR
 MAXIMUM TEMPERATURE (F)   71        84      1982
 MINIMUM TEMPERATURE (F)   46        20      1955


SUNRISE AND SUNSET
MARCH 27 2015.........SUNRISE   706 AM CDT   SUNSET   728 PM CDT
MARCH 28 2015.........SUNRISE   705 AM CDT   SUNSET   729 PM CDT


-  INDICATES NEGATIVE NUMBERS.
R  INDICATES RECORD WAS SET OR TIED.
MM INDICATES DATA IS MISSING.
T  INDICATES TRACE AMOUNT.




$$
