000
CDUS44 KSHV 192304
CLIELD


CLIMATE REPORT
NATIONAL WEATHER SERVICE SHREVEPORT, LA
450 PM CST THU JAN 19 2017


...................................

...THE EL DORADO CLIMATE SUMMARY FOR JANUARY 19 2017...
VALID TODAY AS OF 0400 PM LOCAL TIME.

CLIMATE NORMAL PERIOD 1981 TO 2010
CLIMATE RECORD PERIOD 1907 TO 2017


WEATHER ITEM   OBSERVED TIME   RECORD YEAR NORMAL DEPARTURE LAST
                VALUE   (LST)  VALUE       VALUE  FROM      YEAR
                                                  NORMAL
..................................................................
TEMPERATURE (F)
 TODAY
  MAXIMUM         60    359 PM  80    1914  55      5       53
  MINIMUM         49    650 AM  -1    1930  33     16       25
  AVERAGE         55                        44     11       39

PRECIPITATION (IN)
  TODAY            0.02          3.46 1979   0.14  -0.12     0.00
  MONTH TO DATE    3.34                      2.53   0.81     1.43
  SINCE DEC 1      9.63                      7.71   1.92     9.49
  SINCE JAN 1      3.34                      2.53   0.81     1.43

SNOWFALL (IN)
  TODAY            0.0
  MONTH TO DATE    T
  SINCE DEC 1      T
  SINCE JUL 1      T
  SNOW DEPTH       0

DEGREE DAYS
 HEATING
  TODAY           10                        21    -11       26
  MONTH TO DATE  276                       408   -132      425
  SINCE DEC 1    796                      1016   -220      820
  SINCE JUL 1   1069                      1495   -426     1114

 COOLING
  TODAY            0                         0      0        0
  MONTH TO DATE    9                         0      9        0
  SINCE DEC 1     23                         4     19       15
  SINCE JAN 1      9                         0      9        0
..................................................................


WIND (MPH)
  HIGHEST WIND SPEED    16   HIGHEST WIND DIRECTION    SE (120)
  HIGHEST GUST SPEED    23   HIGHEST GUST DIRECTION     W (280)
  AVERAGE WIND SPEED     3.5


SKY COVER
  POSSIBLE SUNSHINE  MM
  AVERAGE SKY COVER 1.0


WEATHER CONDITIONS
 THE FOLLOWING WEATHER WAS RECORDED TODAY.
  LIGHT RAIN
  FOG


RELATIVE HUMIDITY (PERCENT)
 HIGHEST   100          1200 AM
 LOWEST     90           400 PM
 AVERAGE    95

..........................................................


THE EL DORADO CLIMATE NORMALS FOR TOMORROW
                         NORMAL    RECORD    YEAR
 MAXIMUM TEMPERATURE (F)   55        79      1954
 MINIMUM TEMPERATURE (F)   33        10      1943


SUNRISE AND SUNSET
JANUARY 19 2017.......SUNRISE   713 AM CST   SUNSET   531 PM CST
JANUARY 20 2017.......SUNRISE   713 AM CST   SUNSET   532 PM CST


-  INDICATES NEGATIVE NUMBERS.
R  INDICATES RECORD WAS SET OR TIED.
MM INDICATES DATA IS MISSING.
T  INDICATES TRACE AMOUNT.




$$
