000
CDUS44 KEPZ 010934
CLIELP


CLIMATE REPORT
NATIONAL WEATHER SERVICE EL PASO, TX
333 AM MDT TUE SEP 1 2015


...................................

...THE EL PASO CLIMATE SUMMARY FOR AUGUST 31 2015...

CLIMATE NORMAL PERIOD 1981 TO 2010
CLIMATE RECORD PERIOD 1879 TO 2015


WEATHER ITEM   OBSERVED TIME   RECORD YEAR NORMAL DEPARTURE LAST
                VALUE   (LST)  VALUE       VALUE  FROM      YEAR
                                                  NORMAL
..................................................................
TEMPERATURE (F)
 YESTERDAY
  MAXIMUM         97    135 PM 101    2011  91      6      100
  MINIMUM         69    553 AM  53    1882  68      1       70
  AVERAGE         83                        80      3       85

PRECIPITATION (IN)
  YESTERDAY        0.00          2.00 1957   0.05  -0.05     0.00
  MONTH TO DATE    1.55                      2.01  -0.46     1.79
  SINCE JUN 1      4.61                      4.50   0.11     2.49
  SINCE JAN 1      7.15                      6.32   0.83     3.13

SNOWFALL (IN)
  YESTERDAY        0.0                                       0.0
  MONTH TO DATE    0.0                                       0.0
  SINCE JUN 1      0.0                                       0.0
  SINCE JUL 1      0.0                                       0.0
  SNOW DEPTH       0

DEGREE DAYS
 HEATING
  YESTERDAY        0                         0      0        0
  MONTH TO DATE    0                         0      0        0
  SINCE JUN 1      0                         0      0        0
  SINCE JUL 1      0                         0      0        0

 COOLING
  YESTERDAY       18                        15      3       20
  MONTH TO DATE  642                       498    144      477
  SINCE JUN 1   1846                      1552    294     1792
  SINCE JAN 1   2217                      1929    288     2219
..................................................................


WIND (MPH)
  HIGHEST WIND SPEED    13   HIGHEST WIND DIRECTION     W (270)
  HIGHEST GUST SPEED    17   HIGHEST GUST DIRECTION     W (270)
  AVERAGE WIND SPEED     4.9


SKY COVER
  POSSIBLE SUNSHINE  MM
  AVERAGE SKY COVER 0.1


WEATHER CONDITIONS
 THE FOLLOWING WEATHER WAS RECORDED YESTERDAY.
  NO SIGNIFICANT WEATHER WAS OBSERVED.


RELATIVE HUMIDITY (PERCENT)
 HIGHEST    53           600 AM
 LOWEST     15           200 PM
 AVERAGE    34

..........................................................


THE EL PASO CLIMATE NORMALS FOR TODAY
                         NORMAL    RECORD    YEAR
 MAXIMUM TEMPERATURE (F)   91       104      1982
 MINIMUM TEMPERATURE (F)   68        50      1882
                                             1880


SUNRISE AND SUNSET
SEPTEMBER  1 2015.....SUNRISE   641 AM MDT   SUNSET   730 PM MDT
SEPTEMBER  2 2015.....SUNRISE   642 AM MDT   SUNSET   728 PM MDT


-  INDICATES NEGATIVE NUMBERS.
R  INDICATES RECORD WAS SET OR TIED.
MM INDICATES DATA IS MISSING.
T  INDICATES TRACE AMOUNT.




$$
