000
CDUS44 KEPZ 280929
CLIELP


CLIMATE REPORT
NATIONAL WEATHER SERVICE EL PASO, TX
228 AM MST FRI NOV 28 2014


...................................

...THE EL PASO CLIMATE SUMMARY FOR NOVEMBER 27 2014...

CLIMATE NORMAL PERIOD 1981 TO 2010
CLIMATE RECORD PERIOD 1879 TO 2014


WEATHER ITEM   OBSERVED TIME   RECORD YEAR NORMAL DEPARTURE LAST
                VALUE   (LST)  VALUE       VALUE  FROM      YEAR
                                                  NORMAL
..................................................................
TEMPERATURE (F)
 YESTERDAY
  MAXIMUM         68    329 PM  78    1949  61      7       50
  MINIMUM         32    638 AM  18    1992  36     -4       24
  AVERAGE         50                        49      1       37

PRECIPITATION (IN)
  YESTERDAY        0.00          0.37 1943   0.02  -0.02     0.00
  MONTH TO DATE    0.11                      0.44  -0.33     0.10
  SINCE SEP 1      5.32                      2.56   2.76     3.95
  SINCE JAN 1      8.45                      8.88  -0.43     9.25

SNOWFALL (IN)
  YESTERDAY        0.0                                       0.0
  MONTH TO DATE    0.0                                        T
  SINCE SEP 1      0.0                                        T
  SINCE JUL 1      0.0                                        T
  SNOW DEPTH       0

DEGREE DAYS
 HEATING
  YESTERDAY       15                        16     -1       28
  MONTH TO DATE  323                       307     16      279
  SINCE SEP 1    328                       390    -62      337
  SINCE JUL 1    328                       390    -62      337

 COOLING
  YESTERDAY        0                         0      0        0
  MONTH TO DATE    6                         0      6        1
  SINCE SEP 1    452                       399     53      417
  SINCE JAN 1   2671                      2328    343     2695
..................................................................


WIND (MPH)
  HIGHEST WIND SPEED     8   HIGHEST WIND DIRECTION     E (70)
  HIGHEST GUST SPEED     9   HIGHEST GUST DIRECTION    SE (120)
  AVERAGE WIND SPEED     1.9


SKY COVER
  POSSIBLE SUNSHINE  MM
  AVERAGE SKY COVER 0.0


WEATHER CONDITIONS
 THE FOLLOWING WEATHER WAS RECORDED YESTERDAY.
  NO SIGNIFICANT WEATHER WAS OBSERVED.


RELATIVE HUMIDITY (PERCENT)
 HIGHEST    51           600 AM
 LOWEST     18           200 PM
 AVERAGE    35

..........................................................


THE EL PASO CLIMATE NORMALS FOR TODAY
                         NORMAL    RECORD    YEAR
 MAXIMUM TEMPERATURE (F)   61        78      1949
 MINIMUM TEMPERATURE (F)   36         4      1976


SUNRISE AND SUNSET
NOVEMBER 28 2014......SUNRISE   645 AM MST   SUNSET   502 PM MST
NOVEMBER 29 2014......SUNRISE   646 AM MST   SUNSET   502 PM MST


-  INDICATES NEGATIVE NUMBERS.
R  INDICATES RECORD WAS SET OR TIED.
MM INDICATES DATA IS MISSING.
T  INDICATES TRACE AMOUNT.




$$
