000
CDUS44 KEPZ 032327
CLIELP


CLIMATE REPORT
NATIONAL WEATHER SERVICE EL PASO, TX
427 PM MST TUE MAR 3 2015


...................................

...THE EL PASO CLIMATE SUMMARY FOR MARCH 3 2015...
VALID TODAY AS OF 0400 PM LOCAL TIME.

CLIMATE NORMAL PERIOD 1981 TO 2010
CLIMATE RECORD PERIOD 1879 TO 2015


WEATHER ITEM   OBSERVED TIME   RECORD YEAR NORMAL DEPARTURE LAST
                VALUE   (LST)  VALUE       VALUE  FROM      YEAR
                                                  NORMAL
..................................................................
TEMPERATURE (F)
 TODAY
  MAXIMUM         61    359 PM  85    2009  67     -6       61
  MINIMUM         52    954 AM  14    1971  40     12       43

PRECIPITATION (IN)
  TODAY            0.04                      0.01   0.03     0.00
  MONTH TO DATE    0.12                      0.03   0.09     0.16
  SINCE MAR 1      0.12                      0.03   0.09     0.16
  SINCE JAN 1      1.00                      0.89   0.11     0.16

SNOWFALL (IN)
  TODAY            0.0                                       0.0
  MONTH TO DATE    0.0                                       0.0
  SINCE JUL 1      T                                          T

..................................................................


WIND (MPH)
  HIGHEST WIND SPEED    14   HIGHEST WIND DIRECTION    SW (230)
  HIGHEST GUST SPEED    18   HIGHEST GUST DIRECTION    SW (240)


SKY COVER
  AVERAGE SKY COVER 1.0


WEATHER CONDITIONS
 THE FOLLOWING WEATHER WAS RECORDED TODAY.
  LIGHT RAIN
  FOG


RELATIVE HUMIDITY (PERCENT)
 HIGHEST    89          1000 AM
 LOWEST     51           400 PM

..........................................................


THE EL PASO CLIMATE NORMALS FOR TOMORROW
                         NORMAL    RECORD    YEAR
 MAXIMUM TEMPERATURE (F)   67        84      2009
                                             1908
 MINIMUM TEMPERATURE (F)   41        15      1965


SUNRISE AND SUNSET
MARCH  3 2015.........SUNRISE   631 AM MST   SUNSET   605 PM MST
MARCH  4 2015.........SUNRISE   629 AM MST   SUNSET   606 PM MST


-  INDICATES NEGATIVE NUMBERS.
R  INDICATES RECORD WAS SET OR TIED.
MM INDICATES DATA IS MISSING.
T  INDICATES TRACE AMOUNT.




$$
