000
CDUS44 KEPZ 270928
CLIELP


CLIMATE REPORT
NATIONAL WEATHER SERVICE EL PASO, TX
227 AM MST TUE JAN 27 2015


...................................

...THE EL PASO CLIMATE SUMMARY FOR JANUARY 26 2015...

CLIMATE NORMAL PERIOD 1981 TO 2010
CLIMATE RECORD PERIOD 1879 TO 2015


WEATHER ITEM   OBSERVED TIME   RECORD YEAR NORMAL DEPARTURE LAST
                VALUE   (LST)  VALUE       VALUE  FROM      YEAR
                                                  NORMAL
..................................................................
TEMPERATURE (F)
 YESTERDAY
  MAXIMUM         61    136 PM  76    1975  59      2       71
                                      1914
  MINIMUM         37    407 AM  16    1881  34      3       45
  AVERAGE         49                        46      3       58

PRECIPITATION (IN)
  YESTERDAY        0.00          0.42 1931   0.02  -0.02     0.00
  MONTH TO DATE    0.26                      0.33  -0.07     0.00
  SINCE DEC 1      0.38                      1.11  -0.73     0.26
  SINCE JAN 1      0.26                      0.33  -0.07     0.00

SNOWFALL (IN)
  YESTERDAY        0.0                                       0.0
  MONTH TO DATE    T                                         0.0
  SINCE DEC 1      T                                          T
  SINCE JUL 1      T                                          T
  SNOW DEPTH       0

DEGREE DAYS
 HEATING
  YESTERDAY       16                        19     -3        7
  MONTH TO DATE  575                       526     49      471
  SINCE DEC 1   1070                      1152    -82     1094
  SINCE JUL 1   1433                      1594   -161     1478

 COOLING
  YESTERDAY        0                         0      0        0
  MONTH TO DATE    0                         0      0        0
  SINCE DEC 1      0                         0      0        0
  SINCE JAN 1      0                         0      0        0
..................................................................


WIND (MPH)
  HIGHEST WIND SPEED    13   HIGHEST WIND DIRECTION     N (20)
  HIGHEST GUST SPEED    15   HIGHEST GUST DIRECTION     N (10)
  AVERAGE WIND SPEED     7.3


SKY COVER
  POSSIBLE SUNSHINE  MM
  AVERAGE SKY COVER 0.8


WEATHER CONDITIONS
 THE FOLLOWING WEATHER WAS RECORDED YESTERDAY.
  NO SIGNIFICANT WEATHER WAS OBSERVED.


RELATIVE HUMIDITY (PERCENT)
 HIGHEST    70           100 AM
 LOWEST     28           300 PM
 AVERAGE    49

..........................................................


THE EL PASO CLIMATE NORMALS FOR TODAY
                         NORMAL    RECORD    YEAR
 MAXIMUM TEMPERATURE (F)   59        75      1890
 MINIMUM TEMPERATURE (F)   34        14      1948


SUNRISE AND SUNSET
JANUARY 27 2015.......SUNRISE   702 AM MST   SUNSET   535 PM MST
JANUARY 28 2015.......SUNRISE   701 AM MST   SUNSET   536 PM MST


-  INDICATES NEGATIVE NUMBERS.
R  INDICATES RECORD WAS SET OR TIED.
MM INDICATES DATA IS MISSING.
T  INDICATES TRACE AMOUNT.




$$
