000
CDUS44 KEPZ 190928
CLIELP


CLIMATE REPORT
NATIONAL WEATHER SERVICE EL PASO, TX
227 AM MST FRI DEC 19 2014


...................................

...THE EL PASO CLIMATE SUMMARY FOR DECEMBER 18 2014...

CLIMATE NORMAL PERIOD 1981 TO 2010
CLIMATE RECORD PERIOD 1879 TO 2014


WEATHER ITEM   OBSERVED TIME   RECORD YEAR NORMAL DEPARTURE LAST
                VALUE   (LST)  VALUE       VALUE  FROM      YEAR
                                                  NORMAL
..................................................................
TEMPERATURE (F)
 YESTERDAY
  MAXIMUM         55    206 PM  79    1980  56     -1       62
  MINIMUM         35    719 AM   6    1996  32      3       30
  AVERAGE         45                        44      1       46

PRECIPITATION (IN)
  YESTERDAY        0.01          0.75 1880   0.03  -0.02     0.00
  MONTH TO DATE    0.01                      0.48  -0.47     0.23
  SINCE DEC 1      0.01                      0.48  -0.47     0.23
  SINCE JAN 1      8.46                      9.41  -0.95     9.48

SNOWFALL (IN)
  YESTERDAY       MM                                         0.0
  MONTH TO DATE    0.0                                        T
  SINCE DEC 1      0.0                                        T
  SINCE JUL 1      0.0                                        T
  SNOW DEPTH       0

DEGREE DAYS
 HEATING
  YESTERDAY       20                        21     -1       19
  MONTH TO DATE  204                       352   -148      337
  SINCE DEC 1    204                       352   -148      337
  SINCE JUL 1    567                       794   -227      721

 COOLING
  YESTERDAY        0                         0      0        0
  MONTH TO DATE    0                         0      0        0
  SINCE DEC 1      0                         0      0        0
  SINCE JAN 1   2671                      2331    340     2695
..................................................................


WIND (MPH)
  HIGHEST WIND SPEED    30   HIGHEST WIND DIRECTION     W (260)
  HIGHEST GUST SPEED    37   HIGHEST GUST DIRECTION     W (260)
  AVERAGE WIND SPEED     7.0


SKY COVER
  POSSIBLE SUNSHINE  MM
  AVERAGE SKY COVER 0.6


WEATHER CONDITIONS
 THE FOLLOWING WEATHER WAS RECORDED YESTERDAY.
  LIGHT RAIN


RELATIVE HUMIDITY (PERCENT)
 HIGHEST    85           700 AM
 LOWEST     47           200 PM
 AVERAGE    66

..........................................................


THE EL PASO CLIMATE NORMALS FOR TODAY
                         NORMAL    RECORD    YEAR
 MAXIMUM TEMPERATURE (F)   56        74      1921
 MINIMUM TEMPERATURE (F)   32        11      1996


SUNRISE AND SUNSET
DECEMBER 19 2014......SUNRISE   701 AM MST   SUNSET   505 PM MST
DECEMBER 20 2014......SUNRISE   701 AM MST   SUNSET   505 PM MST


-  INDICATES NEGATIVE NUMBERS.
R  INDICATES RECORD WAS SET OR TIED.
MM INDICATES DATA IS MISSING.
T  INDICATES TRACE AMOUNT.




$$
