000
CDUS45 KLKN 190929
CLIELY


CLIMATE REPORT
NATIONAL WEATHER SERVICE ELKO NV
128 AM PST SUN FEB 19 2017


...................................

...THE ELY AIRPORT NV CLIMATE SUMMARY FOR FEBRUARY 18 2017...

CLIMATE NORMAL PERIOD 1981 TO 2010
CLIMATE RECORD PERIOD 1893 TO 2017


WEATHER ITEM   OBSERVED TIME   RECORD YEAR NORMAL DEPARTURE LAST
                VALUE   (LST)  VALUE       VALUE  FROM      YEAR
                                                  NORMAL
..................................................................
TEMPERATURE (F)
 YESTERDAY
  MAXIMUM         43    245 PM  66    2015  43      0       41
  MINIMUM         34    741 AM -14    1952  16     18       18
  AVERAGE         39                        30      9       30

PRECIPITATION (IN)
  YESTERDAY        T             0.65 1897   0.03  -0.03     0.49
  MONTH TO DATE    0.88                      0.46   0.42     0.60
  SINCE OCT 1      4.18                      3.45   0.73     7.54
  SINCE JAN 1      2.40                      1.16   1.24     3.18

SNOWFALL (IN)
  YESTERDAY        T             6.5  1897   0.3   -0.3      3.8
  MONTH TO DATE    4.0                       5.1   -1.1      4.1
  SINCE DEC 1     35.7                      22.6   13.1     61.6
  SINCE JUL 1     41.6                      32.1    9.5     79.3
  SNOW DEPTH       T

DEGREE DAYS
 HEATING
  YESTERDAY       26                        35     -9       35
  MONTH TO DATE  432                       670   -238      760
  SINCE DEC 1   3003                      3131   -128     3432
  SINCE JUL 1   4556                      4999   -443     5061

 COOLING
  YESTERDAY        0                         0      0        0
  MONTH TO DATE    0                         0      0        0
  SINCE DEC 1      0                         0      0        0
  SINCE JAN 1      0                         0      0        0
..................................................................


WIND (MPH)
  HIGHEST WIND SPEED    30   HIGHEST WIND DIRECTION    SE (150)
  HIGHEST GUST SPEED    41   HIGHEST GUST DIRECTION    SE (150)
  AVERAGE WIND SPEED    18.9



WEATHER CONDITIONS
 THE FOLLOWING WEATHER WAS RECORDED YESTERDAY.
  LIGHT RAIN
  FOG


RELATIVE HUMIDITY (PERCENT)
 HIGHEST    92           800 AM
 LOWEST     70          1200 PM
 AVERAGE    81

..........................................................


THE ELY AIRPORT NV CLIMATE NORMALS FOR TODAY
                         NORMAL    RECORD    YEAR
 MAXIMUM TEMPERATURE (F)   43        65      2015
 MINIMUM TEMPERATURE (F)   17        -8      1952


SUNRISE AND SUNSET
FEBRUARY 19 2017......SUNRISE   626 AM PST   SUNSET   521 PM PST
FEBRUARY 20 2017......SUNRISE   624 AM PST   SUNSET   522 PM PST


-  INDICATES NEGATIVE NUMBERS.
R  INDICATES RECORD WAS SET OR TIED.
MM INDICATES DATA IS MISSING.
T  INDICATES TRACE AMOUNT.




$$
