000
CDUS45 KLKN 220932
CLIELY


CLIMATE REPORT
NATIONAL WEATHER SERVICE ELKO NV
232 AM PDT FRI MAY 22 2015


...................................

...THE ELY AIRPORT NV CLIMATE SUMMARY FOR MAY 21 2015...

CLIMATE NORMAL PERIOD 1981 TO 2010
CLIMATE RECORD PERIOD 1893 TO 2015


WEATHER ITEM   OBSERVED TIME   RECORD YEAR NORMAL DEPARTURE LAST
                VALUE   (LST)  VALUE       VALUE  FROM      YEAR
                                                  NORMAL
..................................................................
TEMPERATURE (F)
 YESTERDAY
  MAXIMUM         59    322 PM  86    2012  70    -11       62
  MINIMUM         31    146 AM  20    2002  35     -4       29
  AVERAGE         45                        52     -7       46

PRECIPITATION (IN)
  YESTERDAY        T             0.50 1894   0.04  -0.04     0.01
  MONTH TO DATE    1.16                      0.74   0.42     0.96
  SINCE OCT 1      3.88                      6.36  -2.48     6.85
  SINCE JAN 1      2.71                      4.07  -1.36     4.17

SNOWFALL (IN)
  YESTERDAY        0.0           1.0  1975   0.0    0.0      0.0
  MONTH TO DATE    T                         2.0   -2.0      1.7
  SINCE MAR 1      8.7                      15.5   -6.8     12.7
  SINCE JUL 1     19.7                      50.4  -30.7     51.8
  SNOW DEPTH       0

DEGREE DAYS
 HEATING
  YESTERDAY       20                        13      7       19
  MONTH TO DATE  343                       328     15      326
  SINCE MAR 1   1698                      1894   -196     1789
  SINCE JUL 1   5942                      7231  -1289     6808

 COOLING
  YESTERDAY        0                         0      0        0
  MONTH TO DATE    0                         0      0        0
  SINCE MAR 1      0                         0      0        0
  SINCE JAN 1      0                         0      0        0
..................................................................


WIND (MPH)
  HIGHEST WIND SPEED    31   HIGHEST WIND DIRECTION    SE (140)
  HIGHEST GUST SPEED    39   HIGHEST GUST DIRECTION    SE (140)
  AVERAGE WIND SPEED     8.1



WEATHER CONDITIONS
 THE FOLLOWING WEATHER WAS RECORDED YESTERDAY.
  LIGHT RAIN


RELATIVE HUMIDITY (PERCENT)
 HIGHEST    89           300 AM
 LOWEST     36          1100 AM
 AVERAGE    63

..........................................................


THE ELY AIRPORT NV CLIMATE NORMALS FOR TODAY
                         NORMAL    RECORD    YEAR
 MAXIMUM TEMPERATURE (F)   70        87      2000
 MINIMUM TEMPERATURE (F)   35        18      2002


SUNRISE AND SUNSET
MAY 22 2015...........SUNRISE   520 AM PDT   SUNSET   752 PM PDT
MAY 23 2015...........SUNRISE   520 AM PDT   SUNSET   753 PM PDT


-  INDICATES NEGATIVE NUMBERS.
R  INDICATES RECORD WAS SET OR TIED.
MM INDICATES DATA IS MISSING.
T  INDICATES TRACE AMOUNT.




$$
