846
CDUS45 KLKN 050926
CLIELY


CLIMATE REPORT
NATIONAL WEATHER SERVICE ELKO NV
226 AM PDT THU MAY 5 2016


...................................

...THE ELY AIRPORT NV CLIMATE SUMMARY FOR MAY 4 2016...

CLIMATE NORMAL PERIOD 1981 TO 2010
CLIMATE RECORD PERIOD 1893 TO 2016


WEATHER ITEM   OBSERVED TIME   RECORD YEAR NORMAL DEPARTURE LAST
                VALUE   (LST)  VALUE       VALUE  FROM      YEAR
                                                  NORMAL
..................................................................
TEMPERATURE (F)
 YESTERDAY
  MAXIMUM         72    124 PM  82    2004  64      8       64
                                      2000
                                      1947
  MINIMUM         35    415 AM   7    1950  31      4       42
  AVERAGE         54                        47      7       53

PRECIPITATION (IN)
  YESTERDAY        0.00          0.83 1975   0.03  -0.03      T
  MONTH TO DATE    T                         0.14  -0.14      T
  SINCE OCT 1     10.79                      5.76   5.03     2.72
  SINCE JAN 1      6.43                      3.47   2.96     1.55

SNOWFALL (IN)
  YESTERDAY        0.0           7.6  1975   0.1   -0.1      0.0
  MONTH TO DATE    0.0                       0.5   -0.5      0.0
  SINCE MAR 1     21.1                      14.0    7.1      8.7
  SINCE JUL 1    100.4                      48.9   51.5     19.7
  SNOW DEPTH       0

DEGREE DAYS
 HEATING
  YESTERDAY       11                        18     -7       12
  MONTH TO DATE   71                        72     -1       36
  SINCE MAR 1   1487                      1638   -151     1391
  SINCE JUL 1   6861                      6975   -114     5635

 COOLING
  YESTERDAY        0                         0      0        0
  MONTH TO DATE    0                         0      0        0
  SINCE MAR 1      0                         0      0        0
  SINCE JAN 1      0                         0      0        0
..................................................................


WIND (MPH)
  HIGHEST WIND SPEED    28   HIGHEST WIND DIRECTION     S (160)
  HIGHEST GUST SPEED    35   HIGHEST GUST DIRECTION    SE (150)
  AVERAGE WIND SPEED    10.2



WEATHER CONDITIONS
 THE FOLLOWING WEATHER WAS RECORDED YESTERDAY.
  NO SIGNIFICANT WEATHER WAS OBSERVED.


RELATIVE HUMIDITY (PERCENT)
 HIGHEST    82           400 AM
 LOWEST     16           400 PM
 AVERAGE    49

..........................................................


THE ELY AIRPORT NV CLIMATE NORMALS FOR TODAY
                         NORMAL    RECORD    YEAR
 MAXIMUM TEMPERATURE (F)   64        80      1992
 MINIMUM TEMPERATURE (F)   31        14      1965


SUNRISE AND SUNSET
MAY  5 2016...........SUNRISE   535 AM PDT   SUNSET   737 PM PDT
MAY  6 2016...........SUNRISE   534 AM PDT   SUNSET   738 PM PDT


-  INDICATES NEGATIVE NUMBERS.
R  INDICATES RECORD WAS SET OR TIED.
MM INDICATES DATA IS MISSING.
T  INDICATES TRACE AMOUNT.




$$
