000
CDUS45 KLKN 240037
CLIELY


CLIMATE REPORT
NATIONAL WEATHER SERVICE ELKO NV
537 PM PDT WED APR 23 2014


...................................

...THE ELY AIRPORT NV CLIMATE SUMMARY FOR APRIL 23 2014...
VALID TODAY AS OF 0500 PM LOCAL TIME.

CLIMATE NORMAL PERIOD 1981 TO 2010
CLIMATE RECORD PERIOD 1893 TO 2014


WEATHER ITEM   OBSERVED TIME   RECORD YEAR NORMAL DEPARTURE LAST
                VALUE   (LST)  VALUE       VALUE  FROM      YEAR
                                                  NORMAL
..................................................................
TEMPERATURE (F)
 TODAY
  MAXIMUM         54    345 PM  83    2012  60     -6       55
  MINIMUM         21    523 AM   7    1963  29     -8       22
  AVERAGE         38                        44     -6       39

PRECIPITATION (IN)
  TODAY            0.00          0.50 1893   0.03  -0.03     0.00
  MONTH TO DATE    0.20                      0.71  -0.51     0.86
  SINCE OCT 1      5.03                      5.38  -0.35     5.66
  SINCE JAN 1      2.35                      3.09  -0.74     2.56

SNOWFALL (IN)
  TODAY            0.0           6.2  1964   0.1   -0.1      0.0
  MONTH TO DATE    2.9                       4.2   -1.3      6.5
  SINCE MAR 1      7.3                      12.5   -5.2      9.6
  SINCE JUL 1     46.4                      47.4   -1.0     65.0
  SNOW DEPTH       0

DEGREE DAYS
 HEATING
  TODAY           27                        21      6       26
  MONTH TO DATE  461                       540    -79      539
  SINCE MAR 1   1294                      1430   -136     1300
  SINCE JUL 1   6313                      6767   -454     6519

 COOLING
  TODAY            0                         0      0        0
  MONTH TO DATE    0                         0      0        0
  SINCE MAR 1      0                         0      0        0
  SINCE JAN 1      0                         0      0        0
..................................................................


WIND (MPH)
  HIGHEST WIND SPEED    14   HIGHEST WIND DIRECTION     N (360)
  HIGHEST GUST SPEED    22   HIGHEST GUST DIRECTION    NW (330)



WEATHER CONDITIONS
 THE FOLLOWING WEATHER WAS RECORDED TODAY.
  NO SIGNIFICANT WEATHER WAS OBSERVED.


RELATIVE HUMIDITY (PERCENT)
 HIGHEST    88           500 AM
 LOWEST     19           400 PM
 AVERAGE    54

..........................................................


THE ELY AIRPORT NV CLIMATE NORMALS FOR TOMORROW
                         NORMAL    RECORD    YEAR
 MAXIMUM TEMPERATURE (F)   60        77      1977
 MINIMUM TEMPERATURE (F)   29         4      1964


SUNRISE AND SUNSET
APRIL 23 2014.........SUNRISE   551 AM PDT   SUNSET   725 PM PDT
APRIL 24 2014.........SUNRISE   550 AM PDT   SUNSET   726 PM PDT


-  INDICATES NEGATIVE NUMBERS.
R  INDICATES RECORD WAS SET OR TIED.
MM INDICATES DATA IS MISSING.
T  INDICATES TRACE AMOUNT.




$$
