738
CDUS45 KLKN 170032 CCA
CLIELY

CLIMATE REPORT
NATIONAL WEATHER SERVICE ELKO NV
528 PM PDT MON OCT 16  2017

....CORRECTION FOR ABOVE DATE....
...................................

...THE ELY AIRPORT NV CLIMATE SUMMARY FOR OCTOBER 16 2017...
VALID TODAY AS OF 0500 PM LOCAL TIME.

CLIMATE NORMAL PERIOD 1981 TO 2010
CLIMATE RECORD PERIOD 1893 TO 2017


WEATHER ITEM   OBSERVED TIME   RECORD YEAR NORMAL DEPARTURE LAST
                VALUE   (LST)  VALUE       VALUE  FROM      YEAR
                                                  NORMAL
..................................................................
TEMPERATURE (F)
 TODAY
  MAXIMUM         75    245 PM  80    1991  63     12       69
  MINIMUM         20    546 AM   9    1893  28     -8       49
  AVERAGE         48                        45      3       59

PRECIPITATION (IN)
  TODAY            0.00          0.61 1981   0.04  -0.04     0.00
  MONTH TO DATE    0.04                      0.52  -0.48      T
  SINCE OCT 1      0.04                      0.52  -0.48      T
  SINCE JAN 1      9.14                      7.99   1.15     9.72

SNOWFALL (IN)
  TODAY            0.0           5.2  1981   0.1   -0.1      0.0
  MONTH TO DATE    0.0                       1.3   -1.3       T
  SINCE SEP 1      5.0                       1.7    3.3       T
  SINCE JUL 1      5.0                       1.7    3.3       T
  SNOW DEPTH       0

DEGREE DAYS
 HEATING
  TODAY           17                        20     -3        6
  MONTH TO DATE  354                       275     79      233
  SINCE SEP 1    644                       527    117      468
  SINCE JUL 1    650                       591     59      505

 COOLING
  TODAY            0                         0      0        0
  MONTH TO DATE    0                         0      0        0
  SINCE SEP 1     24                         6     18       12
  SINCE JAN 1    433                       218    215      267
..................................................................


WIND (MPH)
  HIGHEST WIND SPEED    18   HIGHEST WIND DIRECTION     S (160)
  HIGHEST GUST SPEED    21   HIGHEST GUST DIRECTION     S (180)



WEATHER CONDITIONS
 THE FOLLOWING WEATHER WAS RECORDED TODAY.
  NO SIGNIFICANT WEATHER WAS OBSERVED.


RELATIVE HUMIDITY (PERCENT)
 HIGHEST    39           400 AM
 LOWEST     10          1000 AM
 AVERAGE    25

..........................................................


THE ELY AIRPORT NV CLIMATE NORMALS FOR TOMORROW
                         NORMAL    RECORD    YEAR
 MAXIMUM TEMPERATURE (F)   62        80      1958
 MINIMUM TEMPERATURE (F)   28        11      1999
                                             1996


SUNRISE AND SUNSET
OCTOBER 16 2017.......SUNRISE   651 AM PDT   SUNSET   559 PM PDT
OCTOBER 17 2017.......SUNRISE   652 AM PDT   SUNSET   557 PM PDT


-  INDICATES NEGATIVE NUMBERS.
R  INDICATES RECORD WAS SET OR TIED.
MM INDICATES DATA IS MISSING.
T  INDICATES TRACE AMOUNT.




$$
