000
CDUS45 KLKN 100102
CLIELY


CLIMATE REPORT
NATIONAL WEATHER SERVICE ELKO NV
501 PM PST FRI DEC 9 2016


...................................

...THE ELY AIRPORT NV CLIMATE SUMMARY FOR DECEMBER 9 2016...
VALID TODAY AS OF 0500 PM LOCAL TIME.

CLIMATE NORMAL PERIOD 1981 TO 2010
CLIMATE RECORD PERIOD 1893 TO 2016


WEATHER ITEM   OBSERVED TIME   RECORD YEAR NORMAL DEPARTURE LAST
                VALUE   (LST)  VALUE       VALUE  FROM      YEAR
                                                  NORMAL
..................................................................
TEMPERATURE (F)
 TODAY
  MAXIMUM         44    152 PM  64    1975  40      4       59
  MINIMUM         15    338 AM -27    1972  11      4       30
  AVERAGE         30                        26      4       45

PRECIPITATION (IN)
  TODAY            0.00          0.50 1894   0.02  -0.02     0.00
  MONTH TO DATE    T                         0.15  -0.15     0.00
  SINCE OCT 1      0.61                      1.85  -1.24     3.15
  SINCE JAN 1     10.33                      9.32   1.01     8.65

SNOWFALL (IN)
  TODAY            0.0           5.0  1894   0.3   -0.3      0.0
  MONTH TO DATE    T                         1.9   -1.9      0.0
  SINCE DEC 1      T                         1.9   -1.9      0.0
  SINCE JUL 1      5.9                      11.4   -5.5     17.7
  SNOW DEPTH       0

DEGREE DAYS
 HEATING
  TODAY           35                        39     -4       20
  MONTH TO DATE  367                       346     21      291
  SINCE DEC 1    367                       346     21      291
  SINCE JUL 1   1920                      2214   -294     1920

 COOLING
  TODAY            0                         0      0        0
  MONTH TO DATE    0                         0      0        0
  SINCE DEC 1      0                         0      0        0
  SINCE JAN 1    267                       218     49      329
..................................................................


WIND (MPH)
  HIGHEST WIND SPEED    12   HIGHEST WIND DIRECTION     S (180)
  HIGHEST GUST SPEED    13   HIGHEST GUST DIRECTION     S (180)



WEATHER CONDITIONS
 THE FOLLOWING WEATHER WAS RECORDED TODAY.
  NO SIGNIFICANT WEATHER WAS OBSERVED.


RELATIVE HUMIDITY (PERCENT)
 HIGHEST    74           500 AM
 LOWEST     39           200 PM
 AVERAGE    57

..........................................................


THE ELY AIRPORT NV CLIMATE NORMALS FOR TOMORROW
                         NORMAL    RECORD    YEAR
 MAXIMUM TEMPERATURE (F)   40        61      1990
 MINIMUM TEMPERATURE (F)   11       -28      1972


SUNRISE AND SUNSET
DECEMBER  9 2016......SUNRISE   648 AM PST   SUNSET   416 PM PST
DECEMBER 10 2016......SUNRISE   649 AM PST   SUNSET   416 PM PST


-  INDICATES NEGATIVE NUMBERS.
R  INDICATES RECORD WAS SET OR TIED.
MM INDICATES DATA IS MISSING.
T  INDICATES TRACE AMOUNT.




$$
