000
CDUS45 KLKN 260935
CLIELY


CLIMATE REPORT
NATIONAL WEATHER SERVICE ELKO NV
231 AM PDT WED APR 26 2017


...................................

...THE ELY AIRPORT NV CLIMATE SUMMARY FOR APRIL 25 2017...

CLIMATE NORMAL PERIOD 1981 TO 2010
CLIMATE RECORD PERIOD 1893 TO 2017


WEATHER ITEM   OBSERVED TIME   RECORD YEAR NORMAL DEPARTURE LAST
                VALUE   (LST)  VALUE       VALUE  FROM      YEAR
                                                  NORMAL
..................................................................
TEMPERATURE (F)
 YESTERDAY
  MAXIMUM         51    313 PM  77    1987  61    -10       40
                                      1898
  MINIMUM         31    835 AM  10    1960  29      2       32
  AVERAGE         41                        45     -4       36

PRECIPITATION (IN)
  YESTERDAY        0.02          0.55 1939   0.03  -0.01     0.51
  MONTH TO DATE    0.91                      0.77   0.14     1.23
  SINCE OCT 1      7.55                      5.44   2.11    10.33
  SINCE JAN 1      5.77                      3.15   2.62     5.97

SNOWFALL (IN)
  YESTERDAY        T             4.8  1971   0.2   -0.2      0.8
  MONTH TO DATE    1.4                       4.5   -3.1      3.9
  SINCE MAR 1     17.2                      12.8    4.4     20.1
  SINCE JUL 1     66.8                      47.7   19.1     99.4
  SNOW DEPTH       0

DEGREE DAYS
 HEATING
  YESTERDAY       24                        20      4       29
  MONTH TO DATE  547                       580    -33      494
  SINCE MAR 1   1287                      1470   -183     1295
  SINCE JUL 1   6248                      6807   -559     6669

 COOLING
  YESTERDAY        0                         0      0        0
  MONTH TO DATE    0                         0      0        0
  SINCE MAR 1      0                         0      0        0
  SINCE JAN 1      0                         0      0        0
..................................................................


WIND (MPH)
  HIGHEST WIND SPEED    24   HIGHEST WIND DIRECTION    NW (320)
  HIGHEST GUST SPEED    33   HIGHEST GUST DIRECTION    NW (320)
  AVERAGE WIND SPEED     7.8



WEATHER CONDITIONS
 THE FOLLOWING WEATHER WAS RECORDED YESTERDAY.
  SNOW
  LIGHT SNOW
  FOG
  HAZE


RELATIVE HUMIDITY (PERCENT)
 HIGHEST   100           500 AM
 LOWEST     27           100 PM
 AVERAGE    64

..........................................................


THE ELY AIRPORT NV CLIMATE NORMALS FOR TODAY
                         NORMAL    RECORD    YEAR
 MAXIMUM TEMPERATURE (F)   61        80      1992
 MINIMUM TEMPERATURE (F)   29         8      1975


SUNRISE AND SUNSET
APRIL 26 2017.........SUNRISE   547 AM PDT   SUNSET   728 PM PDT
APRIL 27 2017.........SUNRISE   545 AM PDT   SUNSET   729 PM PDT


-  INDICATES NEGATIVE NUMBERS.
R  INDICATES RECORD WAS SET OR TIED.
MM INDICATES DATA IS MISSING.
T  INDICATES TRACE AMOUNT.




$$
