000
CDUS45 KLKN 200927
CLIELY


CLIMATE REPORT
NATIONAL WEATHER SERVICE ELKO NV
226 AM PDT WED AUG 20 2014


...................................

...THE ELY AIRPORT NV CLIMATE SUMMARY FOR AUGUST 19 2014...

CLIMATE NORMAL PERIOD 1981 TO 2010
CLIMATE RECORD PERIOD 1893 TO 2014


WEATHER ITEM   OBSERVED TIME   RECORD YEAR NORMAL DEPARTURE LAST
                VALUE   (LST)  VALUE       VALUE  FROM      YEAR
                                                  NORMAL
..................................................................
TEMPERATURE (F)
 YESTERDAY
  MAXIMUM         76    146 PM  93    1992  85     -9       87
  MINIMUM         53   1158 PM  34    1978  47      6       54
  AVERAGE         65                        66     -1       71

PRECIPITATION (IN)
  YESTERDAY        0.66R         0.60 1896   0.03   0.63     0.26
  MONTH TO DATE    1.81                      0.58   1.23     0.27
  SINCE OCT 1      9.27                      8.61   0.66     6.73
  SINCE JAN 1      6.59                      6.32   0.27     3.63

SNOWFALL (IN)
  YESTERDAY        0.0           0.0  1893   0.0    0.0      0.0
  MONTH TO DATE    0.0                       0.0    0.0      0.0
  SINCE JUN 1      T                         0.1   -0.1      0.0
  SINCE JUL 1      0.0                       0.0    0.0      0.0
  SNOW DEPTH       0

DEGREE DAYS
 HEATING
  YESTERDAY        0                         1     -1        0
  MONTH TO DATE   11                        13     -2        3
  SINCE JUN 1    151                       211    -60      103
  SINCE JUL 1     11                        36    -25        8

 COOLING
  YESTERDAY        0                         2     -2        6
  MONTH TO DATE   33                        59    -26       64
  SINCE JUN 1    258                       193     65      332
  SINCE JAN 1    260                       194     66      332
..................................................................


WIND (MPH)
  HIGHEST WIND SPEED    29   HIGHEST WIND DIRECTION     N (360)
  HIGHEST GUST SPEED    37   HIGHEST GUST DIRECTION     N (350)
  AVERAGE WIND SPEED    11.0



WEATHER CONDITIONS
 THE FOLLOWING WEATHER WAS RECORDED YESTERDAY.
  THUNDERSTORM
  HEAVY RAIN
  RAIN
  LIGHT RAIN
  FOG


RELATIVE HUMIDITY (PERCENT)
 HIGHEST   100           700 PM
 LOWEST     38           200 PM
 AVERAGE    69

..........................................................


THE ELY AIRPORT NV CLIMATE NORMALS FOR TODAY
                         NORMAL    RECORD    YEAR
 MAXIMUM TEMPERATURE (F)   85        93      1992
                                             1911
 MINIMUM TEMPERATURE (F)   47        29      1964


SUNRISE AND SUNSET
AUGUST 20 2014........SUNRISE   557 AM PDT   SUNSET   728 PM PDT
AUGUST 21 2014........SUNRISE   558 AM PDT   SUNSET   726 PM PDT


-  INDICATES NEGATIVE NUMBERS.
R  INDICATES RECORD WAS SET OR TIED.
MM INDICATES DATA IS MISSING.
T  INDICATES TRACE AMOUNT.




$$
