000
CDUS45 KLKN 040930
CLIELY


CLIMATE REPORT
NATIONAL WEATHER SERVICE ELKO NV
229 AM PDT TUE AUG 4 2015


...................................

...THE ELY AIRPORT NV CLIMATE SUMMARY FOR AUGUST 3 2015...

CLIMATE NORMAL PERIOD 1981 TO 2010
CLIMATE RECORD PERIOD 1893 TO 2015


WEATHER ITEM   OBSERVED TIME   RECORD YEAR NORMAL DEPARTURE LAST
                VALUE   (LST)  VALUE       VALUE  FROM      YEAR
                                                  NORMAL
..................................................................
TEMPERATURE (F)
 YESTERDAY
  MAXIMUM         88    144 PM  95    1992  88      0       75
                                      1986
                                      1979
  MINIMUM         49    529 AM  33    1956  49      0       56
  AVERAGE         69                        68      1       66

PRECIPITATION (IN)
  YESTERDAY        T             0.45 1973   0.03  -0.03     0.21
                                      1945
  MONTH TO DATE    T                         0.09  -0.09     0.21
  SINCE OCT 1      5.62                      8.12  -2.50     7.67
  SINCE JAN 1      4.45                      5.83  -1.38     4.99

SNOWFALL (IN)
  YESTERDAY        0.0           0.0  1893   0.0    0.0      0.0
  MONTH TO DATE    0.0                       0.0    0.0      0.0
  SINCE JUN 1      0.0                       0.1   -0.1       T
  SINCE JUL 1      0.0                       0.0    0.0      0.0
  SNOW DEPTH       0

DEGREE DAYS
 HEATING
  YESTERDAY        0                         0      0        0
  MONTH TO DATE    0                         0      0        0
  SINCE JUN 1     74                       198   -124      140
  SINCE JUL 1     19                        23     -4        0

 COOLING
  YESTERDAY        4                         4      0        1
  MONTH TO DATE   17                        12      5       12
  SINCE JUN 1    203                       146     57      237
  SINCE JAN 1    206                       147     59      239
..................................................................


WIND (MPH)
  HIGHEST WIND SPEED    25   HIGHEST WIND DIRECTION     N (360)
  HIGHEST GUST SPEED    32   HIGHEST GUST DIRECTION     N (360)
  AVERAGE WIND SPEED     8.7



WEATHER CONDITIONS
 THE FOLLOWING WEATHER WAS RECORDED YESTERDAY.
  THUNDERSTORM
  LIGHT RAIN


RELATIVE HUMIDITY (PERCENT)
 HIGHEST    63           400 AM
 LOWEST     16           100 PM
 AVERAGE    40

..........................................................


THE ELY AIRPORT NV CLIMATE NORMALS FOR TODAY
                         NORMAL    RECORD    YEAR
 MAXIMUM TEMPERATURE (F)   88        95      1978
 MINIMUM TEMPERATURE (F)   49        35      1944


SUNRISE AND SUNSET
AUGUST  4 2015........SUNRISE   542 AM PDT   SUNSET   748 PM PDT
AUGUST  5 2015........SUNRISE   543 AM PDT   SUNSET   747 PM PDT


-  INDICATES NEGATIVE NUMBERS.
R  INDICATES RECORD WAS SET OR TIED.
MM INDICATES DATA IS MISSING.
T  INDICATES TRACE AMOUNT.




$$
