000
CDUS43 KTOP 270636
CLIEMP


CLIMATE REPORT
NATIONAL WEATHER SERVICE TOPEKA KS
1235 AM CST FRI FEB 27 2015


...................................

...THE EMPORIA KS CLIMATE SUMMARY FOR FEBRUARY 26 2015...

CLIMATE NORMAL PERIOD 1981 TO 2010
CLIMATE RECORD PERIOD 9999 TO 9999


WEATHER ITEM   OBSERVED NORMAL DEPARTURE LAST
                VALUE   VALUE  FROM      YEAR
                               NORMAL
...............................................
TEMPERATURE (F)
 YESTERDAY
  MAXIMUM         23     50    -27       32
  MINIMUM          8     27    -19        1
  AVERAGE         16     39    -23       17

PRECIPITATION (IN)
  YESTERDAY        T      0.05  -0.05     0.01
  MONTH TO DATE    0.49   1.15  -0.66     0.29
  SINCE DEC 1      2.87   3.13  -0.26     0.99
  SINCE JAN 1      1.28   1.78  -0.50     0.49

DEGREE DAYS
 HEATING
  YESTERDAY       49     26     23       48
  MONTH TO DATE  912    782    130      987
  SINCE DEC 1   2852   2830     22     3227
  SINCE JUL 1   3902   3770    132     4258

 COOLING
  YESTERDAY        0      0      0        0
  MONTH TO DATE    0      0      0        0
  SINCE DEC 1      0      0      0        0
  SINCE JAN 1      0      0      0        0
...............................................


WIND (MPH)
  HIGHEST WIND SPEED    29   HIGHEST WIND DIRECTION     N (350)
  HIGHEST GUST SPEED    38   HIGHEST GUST DIRECTION     N (20)
  AVERAGE WIND SPEED    16.7


SKY COVER
  AVERAGE SKY COVER 0.3


WEATHER CONDITIONS
 THE FOLLOWING WEATHER WAS RECORDED YESTERDAY.
  LIGHT SNOW


RELATIVE HUMIDITY (PERCENT)
 HIGHEST    76
 LOWEST     39
 AVERAGE    58

..........................................................


THE EMPORIA KS CLIMATE NORMALS FOR TODAY
                         NORMAL
 MAXIMUM TEMPERATURE (F)   50
 MINIMUM TEMPERATURE (F)   28


SUNRISE AND SUNSET
FEBRUARY 27 2015......SUNRISE   700 AM CST   SUNSET   616 PM CST
FEBRUARY 28 2015......SUNRISE   658 AM CST   SUNSET   617 PM CST


-  INDICATES NEGATIVE NUMBERS.
R  INDICATES RECORD WAS SET OR TIED.
MM INDICATES DATA IS MISSING.
T  INDICATES TRACE AMOUNT.




$$
