000
CDUS43 KTOP 050632
CLIEMP


CLIMATE REPORT
NATIONAL WEATHER SERVICE TOPEKA KS
131 AM CDT SAT SEP 5 2015


...................................

...THE EMPORIA KS CLIMATE SUMMARY FOR SEPTEMBER 4 2015...

CLIMATE NORMAL PERIOD 1981 TO 2010
CLIMATE RECORD PERIOD 9999 TO 9999


WEATHER ITEM   OBSERVED NORMAL DEPARTURE LAST
                VALUE   VALUE  FROM      YEAR
                               NORMAL
...............................................
TEMPERATURE (F)
 YESTERDAY
  MAXIMUM         91     86      5       93
  MINIMUM         69     61      8       73
  AVERAGE         80     73      7       83

PRECIPITATION (IN)
  YESTERDAY        0.00   0.17  -0.17     0.00
  MONTH TO DATE    0.00   0.66  -0.66     1.60
  SINCE SEP 1      0.00   0.66  -0.66     1.60
  SINCE JAN 1     25.62  27.27  -1.65    20.36

DEGREE DAYS
 HEATING
  YESTERDAY        0      0      0        0
  MONTH TO DATE    0      0      0        0
  SINCE SEP 1      0      0      0        0
  SINCE JUL 1      0      1     -1        2

 COOLING
  YESTERDAY       15      9      6       18
  MONTH TO DATE   61     36     25       50
  SINCE SEP 1     61     36     25       50
  SINCE JAN 1   1240   1244     -4     1253
...............................................


WIND (MPH)
  HIGHEST WIND SPEED    23   HIGHEST WIND DIRECTION     S (170)
  HIGHEST GUST SPEED    31   HIGHEST GUST DIRECTION     S (170)
  AVERAGE WIND SPEED    12.8


SKY COVER
  AVERAGE SKY COVER 0.0


WEATHER CONDITIONS
 THE FOLLOWING WEATHER WAS RECORDED YESTERDAY.
  FOG


RELATIVE HUMIDITY (PERCENT)
 HIGHEST    97
 LOWEST     46
 AVERAGE    72

..........................................................


THE EMPORIA KS CLIMATE NORMALS FOR TODAY
                         NORMAL
 MAXIMUM TEMPERATURE (F)   85
 MINIMUM TEMPERATURE (F)   61


SUNRISE AND SUNSET
SEPTEMBER  5 2015.....SUNRISE   658 AM CDT   SUNSET   749 PM CDT
SEPTEMBER  6 2015.....SUNRISE   658 AM CDT   SUNSET   747 PM CDT


-  INDICATES NEGATIVE NUMBERS.
R  INDICATES RECORD WAS SET OR TIED.
MM INDICATES DATA IS MISSING.
T  INDICATES TRACE AMOUNT.




$$
