000
CDUS43 KTOP 172236
CLIEMP


CLIMATE REPORT
NATIONAL WEATHER SERVICE TOPEKA KS
434 PM CST WED DEC 17 2014


...................................

...THE EMPORIA KS CLIMATE SUMMARY FOR DECEMBER 17 2014...
VALID TODAY AS OF 0400 PM LOCAL TIME.

CLIMATE NORMAL PERIOD 1981 TO 2010
CLIMATE RECORD PERIOD 9999 TO 9999


WEATHER ITEM   OBSERVED NORMAL DEPARTURE LAST
                VALUE   VALUE  FROM      YEAR
                               NORMAL
...............................................
TEMPERATURE (F)
 TODAY
  MAXIMUM         29     42    -13       52
  MINIMUM         21     22     -1       23
  AVERAGE         25     32     -7       38

PRECIPITATION (IN)
  TODAY            0.00   0.04  -0.04     0.00
  MONTH TO DATE    1.51   0.87   0.64     0.03
  SINCE DEC 1      1.51   0.87   0.64     0.03
  SINCE JAN 1     27.73  35.91  -8.18    32.96

DEGREE DAYS
 HEATING
  TODAY           40     33      7       27
  MONTH TO DATE  459    520    -61      616
  SINCE DEC 1    459    520    -61      616
  SINCE JUL 1   1509   1460     49     1647

 COOLING
  TODAY            0      0      0        0
  MONTH TO DATE    0      0      0        0
  SINCE DEC 1      0      0      0        0
  SINCE JAN 1   1380   1403    -23     1375
...............................................


WIND (MPH)
  HIGHEST WIND SPEED    12   HIGHEST WIND DIRECTION     E (90)
  HIGHEST GUST SPEED    14   HIGHEST GUST DIRECTION     E (90)
  AVERAGE WIND SPEED     5.9



WEATHER CONDITIONS
 THE FOLLOWING WEATHER WAS RECORDED TODAY.
  FOG


RELATIVE HUMIDITY (PERCENT)
 HIGHEST    96
 LOWEST     84
 AVERAGE    90

..........................................................


THE EMPORIA KS CLIMATE NORMALS FOR TOMORROW
                         NORMAL
 MAXIMUM TEMPERATURE (F)   42
 MINIMUM TEMPERATURE (F)   22


SUNRISE AND SUNSET
DECEMBER 17 2014......SUNRISE   736 AM CST   SUNSET   506 PM CST
DECEMBER 18 2014......SUNRISE   736 AM CST   SUNSET   506 PM CST


-  INDICATES NEGATIVE NUMBERS.
R  INDICATES RECORD WAS SET OR TIED.
MM INDICATES DATA IS MISSING.
T  INDICATES TRACE AMOUNT.




$$
