000
CDUS43 KTOP 290635
CLIEMP


CLIMATE REPORT
NATIONAL WEATHER SERVICE TOPEKA KS
133 AM CDT FRI MAY 29 2015


...................................

...THE EMPORIA KS CLIMATE SUMMARY FOR MAY 28 2015...

CLIMATE NORMAL PERIOD 1981 TO 2010
CLIMATE RECORD PERIOD 9999 TO 9999


WEATHER ITEM   OBSERVED NORMAL DEPARTURE LAST
                VALUE   VALUE  FROM      YEAR
                               NORMAL
...............................................
TEMPERATURE (F)
 YESTERDAY
  MAXIMUM         77     79     -2       87
  MINIMUM         63     58      5       61
  AVERAGE         70     69      1       74

PRECIPITATION (IN)
  YESTERDAY        0.67   0.16   0.51     0.00
  MONTH TO DATE    7.75   4.34   3.41     3.06
  SINCE MAR 1     12.64  10.25   2.39     5.12
  SINCE JAN 1     14.04  12.11   1.93     5.61

DEGREE DAYS
 HEATING
  YESTERDAY        0      1     -1        0
  MONTH TO DATE  101     79     22      113
  SINCE MAR 1    861    986   -125     1169
  SINCE JUL 1   4862   4808     54     5494

 COOLING
  YESTERDAY        5      5      0        9
  MONTH TO DATE   59     80    -21      132
  SINCE MAR 1     65    103    -38      150
  SINCE JAN 1     65    103    -38      150
...............................................


WIND (MPH)
  HIGHEST WIND SPEED    26   HIGHEST WIND DIRECTION     S (180)
  HIGHEST GUST SPEED    33   HIGHEST GUST DIRECTION     S (190)
  AVERAGE WIND SPEED    10.6


SKY COVER
  AVERAGE SKY COVER 0.5


WEATHER CONDITIONS
 THE FOLLOWING WEATHER WAS RECORDED YESTERDAY.
  THUNDERSTORM
  HEAVY RAIN
  RAIN
  LIGHT RAIN
  FOG


RELATIVE HUMIDITY (PERCENT)
 HIGHEST   100
 LOWEST     60
 AVERAGE    80

..........................................................


THE EMPORIA KS CLIMATE NORMALS FOR TODAY
                         NORMAL
 MAXIMUM TEMPERATURE (F)   79
 MINIMUM TEMPERATURE (F)   59


SUNRISE AND SUNSET
MAY 29 2015...........SUNRISE   604 AM CDT   SUNSET   840 PM CDT
MAY 30 2015...........SUNRISE   604 AM CDT   SUNSET   841 PM CDT


-  INDICATES NEGATIVE NUMBERS.
R  INDICATES RECORD WAS SET OR TIED.
MM INDICATES DATA IS MISSING.
T  INDICATES TRACE AMOUNT.




$$
