914
CDUS43 KTOP 290705
CLIEMP


CLIMATE REPORT
NATIONAL WEATHER SERVICE TOPEKA KS
204 AM CDT FRI JUL 29 2016


...................................

...THE EMPORIA KS CLIMATE SUMMARY FOR JULY 28 2016...

CLIMATE NORMAL PERIOD 1981 TO 2010
CLIMATE RECORD PERIOD 9999 TO 9999


WEATHER ITEM   OBSERVED NORMAL DEPARTURE LAST
                VALUE   VALUE  FROM      YEAR
                               NORMAL
...............................................
TEMPERATURE (F)
 YESTERDAY
  MAXIMUM         91     91      0      100
  MINIMUM         67     69     -2       75
  AVERAGE         79     80     -1       88

PRECIPITATION (IN)
  YESTERDAY        0.36   0.09   0.27     0.00
  MONTH TO DATE    4.54   3.96   0.58     3.21
  SINCE JUN 1      5.80   9.80  -4.00     5.73
  SINCE JAN 1     21.53  22.48  -0.95    20.77

DEGREE DAYS
 HEATING
  YESTERDAY        0      0      0        0
  MONTH TO DATE    0      0      0        0
  SINCE JUN 1      0      8     -8        3
  SINCE JUL 1      0      0      0        0

 COOLING
  YESTERDAY       14     15     -1       23
  MONTH TO DATE  427    392     35      426
  SINCE JUN 1    829    655    174      782
  SINCE JAN 1    905    774    131      850
...............................................


WIND (MPH)
  HIGHEST WIND SPEED    26   HIGHEST WIND DIRECTION     W (290)
  HIGHEST GUST SPEED    37   HIGHEST GUST DIRECTION     W (290)
  AVERAGE WIND SPEED     4.9


SKY COVER
  AVERAGE SKY COVER 0.2


WEATHER CONDITIONS
 THE FOLLOWING WEATHER WAS RECORDED YESTERDAY.
  THUNDERSTORM
  HEAVY RAIN
  LIGHT RAIN
  FOG


RELATIVE HUMIDITY (PERCENT)
 HIGHEST    94
 LOWEST     41
 AVERAGE    68

..........................................................


THE EMPORIA KS CLIMATE NORMALS FOR TODAY
                         NORMAL
 MAXIMUM TEMPERATURE (F)   91
 MINIMUM TEMPERATURE (F)   68


SUNRISE AND SUNSET
JULY 29 2016..........SUNRISE   625 AM CDT   SUNSET   837 PM CDT
JULY 30 2016..........SUNRISE   626 AM CDT   SUNSET   836 PM CDT


-  INDICATES NEGATIVE NUMBERS.
R  INDICATES RECORD WAS SET OR TIED.
MM INDICATES DATA IS MISSING.
T  INDICATES TRACE AMOUNT.




$$
