000
CDUS43 KTOP 050633
CLIEMP


CLIMATE REPORT
NATIONAL WEATHER SERVICE TOPEKA KS
132 AM CDT WED AUG 5 2015


...................................

...THE EMPORIA KS CLIMATE SUMMARY FOR AUGUST 4 2015...

CLIMATE NORMAL PERIOD 1981 TO 2010
CLIMATE RECORD PERIOD 9999 TO 9999


WEATHER ITEM   OBSERVED NORMAL DEPARTURE LAST
                VALUE   VALUE  FROM      YEAR
                               NORMAL
...............................................
TEMPERATURE (F)
 YESTERDAY
  MAXIMUM         83     91     -8       95
  MINIMUM         69     68      1       70
  AVERAGE         76     79     -3       83

PRECIPITATION (IN)
  YESTERDAY        0.01   0.08  -0.07      T
  MONTH TO DATE    0.01   0.35  -0.34     0.09
  SINCE JUN 1      7.01  10.46  -3.45     8.16
  SINCE JAN 1     22.05  23.14  -1.09    13.77

DEGREE DAYS
 HEATING
  YESTERDAY        0      0      0        0
  MONTH TO DATE    0      0      0        0
  SINCE JUN 1      3      8     -5        6
  SINCE JUL 1      0      0      0        2

 COOLING
  YESTERDAY       11     14     -3       18
  MONTH TO DATE   57     56      1       55
  SINCE JUN 1    874    753    121      629
  SINCE JAN 1    942    872     70      805
...............................................


WIND (MPH)
  HIGHEST WIND SPEED    22   HIGHEST WIND DIRECTION     S (190)
  HIGHEST GUST SPEED    30   HIGHEST GUST DIRECTION     S (180)
  AVERAGE WIND SPEED     8.9


SKY COVER
  AVERAGE SKY COVER 0.4


WEATHER CONDITIONS
 THE FOLLOWING WEATHER WAS RECORDED YESTERDAY.
  LIGHT RAIN


RELATIVE HUMIDITY (PERCENT)
 HIGHEST    90
 LOWEST     58
 AVERAGE    74

..........................................................


THE EMPORIA KS CLIMATE NORMALS FOR TODAY
                         NORMAL
 MAXIMUM TEMPERATURE (F)   91
 MINIMUM TEMPERATURE (F)   68


SUNRISE AND SUNSET
AUGUST  5 2015........SUNRISE   630 AM CDT   SUNSET   831 PM CDT
AUGUST  6 2015........SUNRISE   631 AM CDT   SUNSET   830 PM CDT


-  INDICATES NEGATIVE NUMBERS.
R  INDICATES RECORD WAS SET OR TIED.
MM INDICATES DATA IS MISSING.
T  INDICATES TRACE AMOUNT.




$$
