000
CDUS43 KTOP 230635
CLIEMP


CLIMATE REPORT
NATIONAL WEATHER SERVICE TOPEKA KS
134 AM CDT WED AUG 23 2017


...................................

...THE EMPORIA KS CLIMATE SUMMARY FOR AUGUST 22 2017...

CLIMATE NORMAL PERIOD 1981 TO 2010
CLIMATE RECORD PERIOD 9999 TO 9999


WEATHER ITEM   OBSERVED NORMAL DEPARTURE LAST
                VALUE   VALUE  FROM      YEAR
                               NORMAL
...............................................
TEMPERATURE (F)
 YESTERDAY
  MAXIMUM         82     89     -7       82
  MINIMUM         60     65     -5       57
  AVERAGE         71     77     -6       70

PRECIPITATION (IN)
  YESTERDAY        0.21   0.16   0.05     0.00
  MONTH TO DATE    4.73   2.40   2.33     3.12
  SINCE JUN 1     10.69  12.51  -1.82     9.16
  SINCE JAN 1     26.18  25.19   0.99    24.89

DEGREE DAYS
 HEATING
  YESTERDAY        0      0      0        0
  MONTH TO DATE    0      0      0        0
  SINCE JUN 1      0      8     -8        0
  SINCE JUL 1      0      0      0        0

 COOLING
  YESTERDAY        6     12     -6        5
  MONTH TO DATE  207    293    -86      283
  SINCE JUN 1    917    990    -73     1151
  SINCE JAN 1   1049   1109    -60     1227
...............................................


WIND (MPH)
  HIGHEST WIND SPEED    23   HIGHEST WIND DIRECTION    NW (330)
  HIGHEST GUST SPEED    34   HIGHEST GUST DIRECTION    NW (330)
  AVERAGE WIND SPEED    10.2


SKY COVER
  AVERAGE SKY COVER 0.5


WEATHER CONDITIONS
 THE FOLLOWING WEATHER WAS RECORDED YESTERDAY.
  RAIN
  LIGHT RAIN
  FOG


RELATIVE HUMIDITY (PERCENT)
 HIGHEST    97
 LOWEST     46
 AVERAGE    72

..........................................................


THE EMPORIA KS CLIMATE NORMALS FOR TODAY
                         NORMAL
 MAXIMUM TEMPERATURE (F)   89
 MINIMUM TEMPERATURE (F)   64


SUNRISE AND SUNSET
AUGUST 23 2017........SUNRISE   647 AM CDT   SUNSET   807 PM CDT
AUGUST 24 2017........SUNRISE   648 AM CDT   SUNSET   806 PM CDT


-  INDICATES NEGATIVE NUMBERS.
R  INDICATES RECORD WAS SET OR TIED.
MM INDICATES DATA IS MISSING.
T  INDICATES TRACE AMOUNT.

$$
