000
CDUS43 KTOP 280636
CLIEMP


CLIMATE REPORT
NATIONAL WEATHER SERVICE TOPEKA KS
134 AM CDT SUN AUG 28 2016


...................................

...THE EMPORIA KS CLIMATE SUMMARY FOR AUGUST 27 2016...

CLIMATE NORMAL PERIOD 1981 TO 2010
CLIMATE RECORD PERIOD 9999 TO 9999


WEATHER ITEM   OBSERVED NORMAL DEPARTURE LAST
                VALUE   VALUE  FROM      YEAR
                               NORMAL
...............................................
TEMPERATURE (F)
 YESTERDAY
  MAXIMUM         87     88     -1       88
  MINIMUM         67     63      4       65
  AVERAGE         77     76      1       77

PRECIPITATION (IN)
  YESTERDAY        0.20   0.14   0.06     0.00
  MONTH TO DATE    4.67   3.19   1.48     3.51
  SINCE JUN 1     10.71  13.30  -2.59    10.51
  SINCE JAN 1     26.44  25.98   0.46    25.55

DEGREE DAYS
 HEATING
  YESTERDAY        0      0      0        0
  MONTH TO DATE    0      0      0        0
  SINCE JUN 1      0      8     -8        3
  SINCE JUL 1      0      0      0        0

 COOLING
  YESTERDAY       12     11      1       12
  MONTH TO DATE  345    349     -4      262
  SINCE JUN 1   1213   1046    167     1079
  SINCE JAN 1   1289   1165    124     1147
...............................................


WIND (MPH)
  HIGHEST WIND SPEED    17   HIGHEST WIND DIRECTION     S (200)
  HIGHEST GUST SPEED    24   HIGHEST GUST DIRECTION     S (190)
  AVERAGE WIND SPEED     7.2


SKY COVER
  AVERAGE SKY COVER 0.2


WEATHER CONDITIONS
 THE FOLLOWING WEATHER WAS RECORDED YESTERDAY.
  THUNDERSTORM
  HEAVY RAIN
  LIGHT RAIN
  FOG
  HAZE


RELATIVE HUMIDITY (PERCENT)
 HIGHEST   100
 LOWEST     59
 AVERAGE    80

..........................................................


THE EMPORIA KS CLIMATE NORMALS FOR TODAY
                         NORMAL
 MAXIMUM TEMPERATURE (F)   88
 MINIMUM TEMPERATURE (F)   63


SUNRISE AND SUNSET
AUGUST 28 2016........SUNRISE   651 AM CDT   SUNSET   800 PM CDT
AUGUST 29 2016........SUNRISE   652 AM CDT   SUNSET   758 PM CDT


-  INDICATES NEGATIVE NUMBERS.
R  INDICATES RECORD WAS SET OR TIED.
MM INDICATES DATA IS MISSING.
T  INDICATES TRACE AMOUNT.




$$
