000
CDUS46 KOTX 270842
CLIEPH


CLIMATE REPORT
NATIONAL WEATHER SERVICE SPOKANE, WA
142 AM PDT SUN JUL 27 2014


...................................

...THE EPHRATA WA AIRPORT CLIMATE SUMMARY FOR JULY 26 2014...

CLIMATE NORMAL PERIOD 1981 TO 2010
CLIMATE RECORD PERIOD 9999 TO 9999


WEATHER ITEM   OBSERVED TIME   RECORD YEAR NORMAL DEPARTURE LAST
                VALUE   (LST)  VALUE       VALUE  FROM      YEAR
                                                  NORMAL
..................................................................
TEMPERATURE (F)
 YESTERDAY
  MAXIMUM         90    404 PM 106    1998  90      0       99
  MINIMUM         55    425 AM  52    2011  62     -7       62
  AVERAGE         73                        76     -3       81

PRECIPITATION (IN)
  YESTERDAY        0.00          0.26 1955   0.01  -0.01     0.00
  MONTH TO DATE    T                         0.34  -0.34      T
  SINCE OCT 1      3.81                      7.24  -3.43     7.41
  SINCE JAN 1      3.06                      4.41  -1.35     3.61

SNOWFALL (IN)
  YESTERDAY       MM            MM      MM   0.0   MM       MM
  MONTH TO DATE   MM                         0.0   MM       MM
  SINCE JUN 1     MM                         0.0   MM       MM
  SINCE JUL 1     MM                         0.0   MM       MM
  SNOW DEPTH      MM

DEGREE DAYS
 HEATING
  YESTERDAY        0                         0      0        0
  MONTH TO DATE    1                         4     -3        0
  SINCE JUN 1     24                        64    -40       58
  SINCE JUL 1      1                         4     -3        0

 COOLING
  YESTERDAY        8                        11     -3       16
  MONTH TO DATE  371                       239    132      378
  SINCE JUN 1    517                       349    168      490
  SINCE JAN 1    561                       386    175      547
..................................................................


WIND (MPH)
  HIGHEST WIND SPEED    16   HIGHEST WIND DIRECTION    SW (210)
  HIGHEST GUST SPEED    22   HIGHEST GUST DIRECTION    SW (210)
  AVERAGE WIND SPEED     5.8


SKY COVER
  POSSIBLE SUNSHINE  MM
  AVERAGE SKY COVER 0.0


WEATHER CONDITIONS
 THE FOLLOWING WEATHER WAS RECORDED YESTERDAY.
  NO SIGNIFICANT WEATHER WAS OBSERVED.


RELATIVE HUMIDITY (PERCENT)
 HIGHEST    62           400 AM
 LOWEST     17           200 PM
 AVERAGE    40

..........................................................


THE EPHRATA WA AIRPORT CLIMATE NORMALS FOR TODAY
                         NORMAL    RECORD    YEAR
 MAXIMUM TEMPERATURE (F)   90       108      1998
 MINIMUM TEMPERATURE (F)   62        52      1955


SUNRISE AND SUNSET
JULY 27 2014..........SUNRISE   530 AM PDT   SUNSET   838 PM PDT
JULY 28 2014..........SUNRISE   532 AM PDT   SUNSET   837 PM PDT


-  INDICATES NEGATIVE NUMBERS.
R  INDICATES RECORD WAS SET OR TIED.
MM INDICATES DATA IS MISSING.
T  INDICATES TRACE AMOUNT.




$$
