000
CDUS46 KOTX 070841
CLIEPH


CLIMATE REPORT
NATIONAL WEATHER SERVICE SPOKANE, WA
1241 AM PST WED DEC 7 2016


...................................

...THE EPHRATA WA AIRPORT CLIMATE SUMMARY FOR DECEMBER 6 2016...

CLIMATE NORMAL PERIOD 1981 TO 2010
CLIMATE RECORD PERIOD 9999 TO 9999


WEATHER ITEM   OBSERVED TIME   RECORD YEAR NORMAL DEPARTURE LAST
                VALUE   (LST)  VALUE       VALUE  FROM      YEAR
                                                  NORMAL
..................................................................
TEMPERATURE (F)
 YESTERDAY
  MAXIMUM         31   1253 AM  54    1999  35     -4       46
  MINIMUM         22    558 PM   3    1956  23     -1       37
  AVERAGE         27                        29     -2       42

PRECIPITATION (IN)
  YESTERDAY        0.03          0.35 1987   0.04  -0.01     0.16
  MONTH TO DATE    0.16                      0.25  -0.09     0.66
  SINCE OCT 1      3.44                      1.84   1.60     1.13
  SINCE JAN 1      9.80                      6.86   2.94     5.49

SNOWFALL (IN)
  YESTERDAY       MM

DEGREE DAYS
 HEATING
  YESTERDAY       38                        36      2       23
  MONTH TO DATE  194                       211    -17      185
  SINCE DEC 1    194                       211    -17      185
  SINCE JUL 1   1317                      1630   -313     1341

 COOLING
  YESTERDAY        0                         0      0        0
  MONTH TO DATE    0                         0      0        0
  SINCE DEC 1      0                         0      0        0
  SINCE JAN 1    751                       772    -21     1277
..................................................................


WIND (MPH)
  HIGHEST WIND SPEED    21   HIGHEST WIND DIRECTION     N (350)
  HIGHEST GUST SPEED    26   HIGHEST GUST DIRECTION     N (10)
  AVERAGE WIND SPEED    13.5


SKY COVER
  POSSIBLE SUNSHINE  MM
  AVERAGE SKY COVER 0.6


WEATHER CONDITIONS
 THE FOLLOWING WEATHER WAS RECORDED YESTERDAY.
  LIGHT SNOW
  FOG
  HAZE


RELATIVE HUMIDITY (PERCENT)
 HIGHEST    85           300 AM
 LOWEST     46           300 PM
 AVERAGE    66

..........................................................


THE EPHRATA WA AIRPORT CLIMATE NORMALS FOR TODAY
                         NORMAL    RECORD    YEAR
 MAXIMUM TEMPERATURE (F)   35        51      1973
 MINIMUM TEMPERATURE (F)   22        -1      2013


SUNRISE AND SUNSET
DECEMBER  7 2016......SUNRISE   732 AM PST   SUNSET   408 PM PST
DECEMBER  8 2016......SUNRISE   733 AM PST   SUNSET   408 PM PST


-  INDICATES NEGATIVE NUMBERS.
R  INDICATES RECORD WAS SET OR TIED.
MM INDICATES DATA IS MISSING.
T  INDICATES TRACE AMOUNT.




$$
