000
CDUS46 KOTX 030822
CLIEPH


CLIMATE REPORT
NATIONAL WEATHER SERVICE SPOKANE, WA
120 AM PDT THU SEP 3 2015


...................................

...THE EPHRATA WA AIRPORT CLIMATE SUMMARY FOR SEPTEMBER 2 2015...

CLIMATE NORMAL PERIOD 1981 TO 2010
CLIMATE RECORD PERIOD 9999 TO 9999


WEATHER ITEM   OBSERVED TIME   RECORD YEAR NORMAL DEPARTURE LAST
                VALUE   (LST)  VALUE       VALUE  FROM      YEAR
                                                  NORMAL
..................................................................
TEMPERATURE (F)
 YESTERDAY
  MAXIMUM         76    218 PM 101    1988  83     -7       82
  MINIMUM         57   1158 PM  42    2008  54      3       52
                                      1973
  AVERAGE         67                        68     -1       67

PRECIPITATION (IN)
  YESTERDAY        0.00          0.12 1971   0.01  -0.01     0.00
  MONTH TO DATE    0.00                      0.02  -0.02     0.00
  SINCE OCT 1      6.99                      7.51  -0.52     4.64
  SINCE JAN 1      4.20                      4.68  -0.48     3.89

SNOWFALL (IN)
  YESTERDAY       MM

DEGREE DAYS
 HEATING
  YESTERDAY        0                         1     -1        0
  MONTH TO DATE    2                         2      0        0
  SINCE SEP 1      2                         2      0        0
  SINCE JUL 1      2                        19    -17        1

 COOLING
  YESTERDAY        2                         4     -2        2
  MONTH TO DATE    2                         9     -7        7
  SINCE SEP 1      2                         9     -7        7
  SINCE JAN 1   1236                       703    533     1040
..................................................................


WIND (MPH)
  HIGHEST WIND SPEED    24   HIGHEST WIND DIRECTION    NW (310)
  HIGHEST GUST SPEED    32   HIGHEST GUST DIRECTION     W (250)
  AVERAGE WIND SPEED    11.7


SKY COVER
  POSSIBLE SUNSHINE  MM
  AVERAGE SKY COVER 0.2


WEATHER CONDITIONS
 THE FOLLOWING WEATHER WAS RECORDED YESTERDAY.
  NO SIGNIFICANT WEATHER WAS OBSERVED.


RELATIVE HUMIDITY (PERCENT)
 HIGHEST    64           100 AM
 LOWEST     21           200 PM
 AVERAGE    43

..........................................................


THE EPHRATA WA AIRPORT CLIMATE NORMALS FOR TODAY
                         NORMAL    RECORD    YEAR
 MAXIMUM TEMPERATURE (F)   82       106      1988
 MINIMUM TEMPERATURE (F)   54        47      2008


SUNRISE AND SUNSET
SEPTEMBER  3 2015.....SUNRISE   619 AM PDT   SUNSET   734 PM PDT
SEPTEMBER  4 2015.....SUNRISE   621 AM PDT   SUNSET   732 PM PDT


-  INDICATES NEGATIVE NUMBERS.
R  INDICATES RECORD WAS SET OR TIED.
MM INDICATES DATA IS MISSING.
T  INDICATES TRACE AMOUNT.




$$
