000
CDUS46 KOTX 210823
CLIEPH


CLIMATE REPORT
NATIONAL WEATHER SERVICE SPOKANE, WA
1223 AM PST SAT JAN 21 2017


...................................

...THE EPHRATA WA AIRPORT CLIMATE SUMMARY FOR JANUARY 20 2017...

CLIMATE NORMAL PERIOD 1981 TO 2010
CLIMATE RECORD PERIOD 9999 TO 9999


WEATHER ITEM   OBSERVED TIME   RECORD YEAR NORMAL DEPARTURE LAST
                VALUE   (LST)  VALUE       VALUE  FROM      YEAR
                                                  NORMAL
..................................................................
TEMPERATURE (F)
 YESTERDAY
  MAXIMUM         38   1133 PM  54    1968  36      2       40
  MINIMUM         31    711 AM  -3    1954  23      8       26
  AVERAGE         35                        30      5       33

PRECIPITATION (IN)
  YESTERDAY        T             0.48 1985   0.03  -0.03      T
  MONTH TO DATE    0.68                      0.63   0.05     1.22
  SINCE OCT 1      4.28                      3.46   0.82     3.94
  SINCE JAN 1      0.68                      0.63   0.05     1.22

SNOWFALL (IN)
  YESTERDAY       MM

DEGREE DAYS
 HEATING
  YESTERDAY       30                        35     -5       32
  MONTH TO DATE  966                       742    224      708
  SINCE DEC 1   2256                      1909    347     1751
  SINCE JUL 1   3379                      3328     51     2907

 COOLING
  YESTERDAY        0                         0      0        0
  MONTH TO DATE    0                         0      0        0
  SINCE DEC 1      0                         0      0        0
  SINCE JAN 1      0                         0      0        0
..................................................................


WIND (MPH)
  HIGHEST WIND SPEED    15   HIGHEST WIND DIRECTION     N (350)
  HIGHEST GUST SPEED    17   HIGHEST GUST DIRECTION     N (350)
  AVERAGE WIND SPEED     9.8


SKY COVER
  POSSIBLE SUNSHINE  MM
  AVERAGE SKY COVER 0.9


WEATHER CONDITIONS
 THE FOLLOWING WEATHER WAS RECORDED YESTERDAY.
  LIGHT RAIN
  FOG


RELATIVE HUMIDITY (PERCENT)
 HIGHEST    85          1200 AM
 LOWEST     70          1100 AM
 AVERAGE    78

..........................................................


THE EPHRATA WA AIRPORT CLIMATE NORMALS FOR TODAY
                         NORMAL    RECORD    YEAR
 MAXIMUM TEMPERATURE (F)   36        51      2010
 MINIMUM TEMPERATURE (F)   23        -4      1962


SUNRISE AND SUNSET
JANUARY 21 2017.......SUNRISE   735 AM PST   SUNSET   444 PM PST
JANUARY 22 2017.......SUNRISE   735 AM PST   SUNSET   445 PM PST


-  INDICATES NEGATIVE NUMBERS.
R  INDICATES RECORD WAS SET OR TIED.
MM INDICATES DATA IS MISSING.
T  INDICATES TRACE AMOUNT.




$$
