000
CDUS46 KOTX 270836
CLIEPH


CLIMATE REPORT
NATIONAL WEATHER SERVICE SPOKANE, WA
136 AM PDT SAT MAY 27 2017


...................................

...THE EPHRATA WA AIRPORT CLIMATE SUMMARY FOR MAY 26 2017...

CLIMATE NORMAL PERIOD 1981 TO 2010
CLIMATE RECORD PERIOD 9999 TO 9999


WEATHER ITEM   OBSERVED TIME   RECORD YEAR NORMAL DEPARTURE LAST
                VALUE   (LST)  VALUE       VALUE  FROM      YEAR
                                                  NORMAL
..................................................................
TEMPERATURE (F)
 YESTERDAY
  MAXIMUM         82    502 PM  98    1958  75      7       75
  MINIMUM         48    305 AM  38    1978  49     -1       48
  AVERAGE         65                        62      3       62

PRECIPITATION (IN)
  YESTERDAY        0.00          0.53 1997   0.02  -0.02     0.00
  MONTH TO DATE    0.74                      0.51   0.23     0.53
  SINCE OCT 1      9.09                      6.15   2.94     7.42
  SINCE JAN 1      5.49                      3.32   2.17     4.70

SNOWFALL (IN)
  YESTERDAY       MM

DEGREE DAYS
 HEATING
  YESTERDAY        0                         4     -4        3
  MONTH TO DATE  178                       192    -14       69
  SINCE MAR 1   1319                      1316      3      890
  SINCE JUL 1   6097                      5889    208     4843

 COOLING
  YESTERDAY        0                         2     -2        0
  MONTH TO DATE   23                        26     -3       27
  SINCE MAR 1     23                        28     -5       32
  SINCE JAN 1     23                        28     -5       32
..................................................................


WIND (MPH)
  HIGHEST WIND SPEED    13   HIGHEST WIND DIRECTION     N (340)
  HIGHEST GUST SPEED    17   HIGHEST GUST DIRECTION    NE (40)
  AVERAGE WIND SPEED     5.6


SKY COVER
  POSSIBLE SUNSHINE  MM
  AVERAGE SKY COVER 0.1


WEATHER CONDITIONS
 THE FOLLOWING WEATHER WAS RECORDED YESTERDAY.
  NO SIGNIFICANT WEATHER WAS OBSERVED.


RELATIVE HUMIDITY (PERCENT)
 HIGHEST    66           600 AM
 LOWEST     15           300 PM
 AVERAGE    41

..........................................................


THE EPHRATA WA AIRPORT CLIMATE NORMALS FOR TODAY
                         NORMAL    RECORD    YEAR
 MAXIMUM TEMPERATURE (F)   75        95      1958
 MINIMUM TEMPERATURE (F)   50        35      2011


SUNRISE AND SUNSET
MAY 27 2017...........SUNRISE   509 AM PDT   SUNSET   842 PM PDT
MAY 28 2017...........SUNRISE   508 AM PDT   SUNSET   843 PM PDT


-  INDICATES NEGATIVE NUMBERS.
R  INDICATES RECORD WAS SET OR TIED.
MM INDICATES DATA IS MISSING.
T  INDICATES TRACE AMOUNT.




$$
