000
CDUS46 KOTX 230825
CLIEPH


CLIMATE REPORT
NATIONAL WEATHER SERVICE SPOKANE, WA
124 AM PDT SUN JUL 23 2017


...................................

...THE EPHRATA WA AIRPORT CLIMATE SUMMARY FOR JULY 22 2017...

CLIMATE NORMAL PERIOD 1981 TO 2010
CLIMATE RECORD PERIOD 9999 TO 9999


WEATHER ITEM   OBSERVED TIME   RECORD YEAR NORMAL DEPARTURE LAST
                VALUE   (LST)  VALUE       VALUE  FROM      YEAR
                                                  NORMAL
..................................................................
TEMPERATURE (F)
 YESTERDAY
  MAXIMUM         93    402 PM 106    2006  90      3       83
                                      1994
  MINIMUM         59    444 AM  49    1973  62     -3       62
  AVERAGE         76                        76      0       73

PRECIPITATION (IN)
  YESTERDAY        0.00          0.07 2005   0.01  -0.01     0.07
                                      2005
                                      2016
  MONTH TO DATE    0.00                      0.29  -0.29     0.28
  SINCE OCT 1      9.35                      7.19   2.16     8.97
  SINCE JAN 1      5.75                      4.36   1.39     6.25

SNOWFALL (IN)
  YESTERDAY       MM

DEGREE DAYS
 HEATING
  YESTERDAY        0                         0      0        0
  MONTH TO DATE    0                         4     -4        0
  SINCE JUN 1     43                        64    -21       70
  SINCE JUL 1      0                         4     -4        0

 COOLING
  YESTERDAY       11                        11      0        8
  MONTH TO DATE  249                       195     54      121
  SINCE JUN 1    404                       305     99      296
  SINCE JAN 1    462                       342    120      328
..................................................................


WIND (MPH)
  HIGHEST WIND SPEED    16   HIGHEST WIND DIRECTION    NW (310)
  HIGHEST GUST SPEED    21   HIGHEST GUST DIRECTION    NW (310)
  AVERAGE WIND SPEED     6.9


SKY COVER
  POSSIBLE SUNSHINE  MM
  AVERAGE SKY COVER 0.0


WEATHER CONDITIONS
 THE FOLLOWING WEATHER WAS RECORDED YESTERDAY.
  NO SIGNIFICANT WEATHER WAS OBSERVED.


RELATIVE HUMIDITY (PERCENT)
 HIGHEST    48           600 AM
 LOWEST     23           600 PM
 AVERAGE    36

..........................................................


THE EPHRATA WA AIRPORT CLIMATE NORMALS FOR TODAY
                         NORMAL    RECORD    YEAR
 MAXIMUM TEMPERATURE (F)   90       107      2006
 MINIMUM TEMPERATURE (F)   62        51      1963


SUNRISE AND SUNSET
JULY 23 2017..........SUNRISE   526 AM PDT   SUNSET   842 PM PDT
JULY 24 2017..........SUNRISE   527 AM PDT   SUNSET   841 PM PDT


-  INDICATES NEGATIVE NUMBERS.
R  INDICATES RECORD WAS SET OR TIED.
MM INDICATES DATA IS MISSING.
T  INDICATES TRACE AMOUNT.




$$
