000
CDUS46 KOTX 080824
CLIEPH


CLIMATE REPORT
NATIONAL WEATHER SERVICE SPOKANE, WA
1223 AM PST MON FEB 8 2016


...................................

...THE EPHRATA WA AIRPORT CLIMATE SUMMARY FOR FEBRUARY 7 2016...

CLIMATE NORMAL PERIOD 1981 TO 2010
CLIMATE RECORD PERIOD 9999 TO 9999


WEATHER ITEM   OBSERVED TIME   RECORD YEAR NORMAL DEPARTURE LAST
                VALUE   (LST)  VALUE       VALUE  FROM      YEAR
                                                  NORMAL
..................................................................
TEMPERATURE (F)
 YESTERDAY
  MAXIMUM         45    210 PM  62    2015  40      5       62
  MINIMUM         27    656 AM   1    1989  25      2       41
  AVERAGE         36                        32      4       52

PRECIPITATION (IN)
  YESTERDAY        0.00          0.46 2002   0.03  -0.03     0.24
  MONTH TO DATE    0.09                      0.18  -0.09     0.57
  SINCE OCT 1      4.45                      3.92   0.53     4.07
  SINCE JAN 1      1.73                      1.09   0.64     1.28

SNOWFALL (IN)
  YESTERDAY       MM

DEGREE DAYS
 HEATING
  YESTERDAY       29                        33     -4       13
  MONTH TO DATE  229                       232     -3      165
  SINCE DEC 1   2299                      2521   -222     2085
  SINCE JUL 1   3455                      3940   -485     3232

 COOLING
  YESTERDAY        0                         0      0        0
  MONTH TO DATE    0                         0      0        0
  SINCE DEC 1      0                         0      0        0
  SINCE JAN 1      0                         0      0        0
..................................................................


WIND (MPH)
  HIGHEST WIND SPEED    13   HIGHEST WIND DIRECTION    NW (310)
  HIGHEST GUST SPEED    15   HIGHEST GUST DIRECTION    NW (310)
  AVERAGE WIND SPEED     7.4


SKY COVER
  POSSIBLE SUNSHINE  MM
  AVERAGE SKY COVER 0.1


WEATHER CONDITIONS
 THE FOLLOWING WEATHER WAS RECORDED YESTERDAY.
  NO SIGNIFICANT WEATHER WAS OBSERVED.


RELATIVE HUMIDITY (PERCENT)
 HIGHEST    92          1200 AM
 LOWEST     65           200 PM
 AVERAGE    79

..........................................................


THE EPHRATA WA AIRPORT CLIMATE NORMALS FOR TODAY
                         NORMAL    RECORD    YEAR
 MAXIMUM TEMPERATURE (F)   40        56      1995
 MINIMUM TEMPERATURE (F)   25         4      1994


SUNRISE AND SUNSET
FEBRUARY  8 2016......SUNRISE   715 AM PST   SUNSET   510 PM PST
FEBRUARY  9 2016......SUNRISE   713 AM PST   SUNSET   512 PM PST


-  INDICATES NEGATIVE NUMBERS.
R  INDICATES RECORD WAS SET OR TIED.
MM INDICATES DATA IS MISSING.
T  INDICATES TRACE AMOUNT.




$$
