000
CDUS41 KCLE 050527
CLIERI


CLIMATE REPORT
NATIONAL WEATHER SERVICE CLEVELAND OH
1227 AM EST THU MAR 5 2015


...................................

...THE ERIE PA CLIMATE SUMMARY FOR MARCH 4 2015...

CLIMATE NORMAL PERIOD 1981 TO 2010
CLIMATE RECORD PERIOD 1873 TO 2015


WEATHER ITEM   OBSERVED TIME   RECORD YEAR NORMAL DEPARTURE LAST
                VALUE   (LST)  VALUE       VALUE  FROM      YEAR
                                                  NORMAL
..................................................................
TEMPERATURE (F)
 YESTERDAY
  MAXIMUM         37   1245 AM  70    1966  39     -2       18
  MINIMUM         24   1159 PM  -4    2014  24      0       -4
  AVERAGE         31                        32     -1        7

PRECIPITATION (IN)
  YESTERDAY        0.00                      0.09  -0.09     0.00
  MONTH TO DATE    0.71                      0.37   0.34     0.32
  SINCE MAR 1      0.71                      0.37   0.34     0.32
  SINCE JAN 1      6.47                      5.71   0.76     6.23

SNOWFALL (IN)
  YESTERDAY        0.0                       0.5   -0.5      0.0
  MONTH TO DATE    4.4                       2.2    2.2      3.3
  SINCE MAR 1      4.4                       2.2    2.2      3.3
  SINCE JUL 1    104.0                      86.2   17.8    122.9
  SNOW DEPTH      14

DEGREE DAYS
 HEATING
  YESTERDAY       34                        33      1       58
  MONTH TO DATE  164                       135     29      210
  SINCE MAR 1    164                       135     29      210
  SINCE JUL 1   5040                      4500    540     5031

 COOLING
  YESTERDAY        0                         0      0        0
  MONTH TO DATE    0                         0      0        0
  SINCE MAR 1      0                         0      0        0
  SINCE JAN 1      0                         0      0        0
..................................................................


WIND (MPH)
  HIGHEST WIND SPEED    22   HIGHEST WIND DIRECTION     W (250)
  HIGHEST GUST SPEED    33   HIGHEST GUST DIRECTION     W (250)
  AVERAGE WIND SPEED     9.8


SKY COVER
  POSSIBLE SUNSHINE  MM
  AVERAGE SKY COVER 0.9


WEATHER CONDITIONS
 THE FOLLOWING WEATHER WAS RECORDED YESTERDAY.
  NO SIGNIFICANT WEATHER WAS OBSERVED.


RELATIVE HUMIDITY (PERCENT)
 HIGHEST    89           300 AM
 LOWEST     56          1200 PM
 AVERAGE    73

..........................................................


THE ERIE PA CLIMATE NORMALS FOR TODAY
                         NORMAL    RECORD    YEAR
 MAXIMUM TEMPERATURE (F)   40        76      2004
 MINIMUM TEMPERATURE (F)   24         2      1883


SUNRISE AND SUNSET
MARCH  5 2015.........SUNRISE   650 AM EST   SUNSET   615 PM EST
MARCH  6 2015.........SUNRISE   648 AM EST   SUNSET   617 PM EST


-  INDICATES NEGATIVE NUMBERS.
R  INDICATES RECORD WAS SET OR TIED.
MM INDICATES DATA IS MISSING.
T  INDICATES TRACE AMOUNT.




$$
