000
CDUS41 KCLE 040527
CLIERI


CLIMATE REPORT
NATIONAL WEATHER SERVICE CLEVELAND OH
125 AM EDT TUE AUG 4 2015


...................................

...THE ERIE PA CLIMATE SUMMARY FOR AUGUST 3 2015...

CLIMATE NORMAL PERIOD 1981 TO 2010
CLIMATE RECORD PERIOD 1873 TO 2015


WEATHER ITEM   OBSERVED TIME   RECORD YEAR NORMAL DEPARTURE LAST
                VALUE   (LST)  VALUE       VALUE  FROM      YEAR
                                                  NORMAL
..................................................................
TEMPERATURE (F)
 YESTERDAY
  MAXIMUM         78    320 PM  93    1944  80     -2       76
  MINIMUM         66   1159 PM  49    1976  64      2       63
                                      1956
  AVERAGE         72                        72      0       70

PRECIPITATION (IN)
  YESTERDAY        0.01                      0.12  -0.11      T
  MONTH TO DATE    0.01                      0.36  -0.35     0.95
  SINCE JUN 1      8.08                      7.66   0.42     9.19
  SINCE JAN 1     22.27                     22.72  -0.45    25.34

SNOWFALL (IN)
  YESTERDAY        0.0                       0.0    0.0      0.0
  MONTH TO DATE    0.0                       0.0    0.0      0.0
  SINCE JUN 1      0.0                       0.0    0.0      0.0
  SINCE JUL 1      0.0                       0.0    0.0      0.0
  SNOW DEPTH       0

DEGREE DAYS
 HEATING
  YESTERDAY        0                         0      0        0
  MONTH TO DATE    0                         0      0        0
  SINCE JUN 1     49                        68    -19       35
  SINCE JUL 1     12                         7      5        5

 COOLING
  YESTERDAY        7                         7      0        5
  MONTH TO DATE   26                        21      5       20
  SINCE JUN 1    325                       357    -32      330
  SINCE JAN 1    437                       396     41      369
..................................................................


WIND (MPH)
  HIGHEST WIND SPEED    22   HIGHEST WIND DIRECTION     S (200)
  HIGHEST GUST SPEED    32   HIGHEST GUST DIRECTION     W (290)
  AVERAGE WIND SPEED     9.1


SKY COVER
  POSSIBLE SUNSHINE  MM
  AVERAGE SKY COVER 0.4


WEATHER CONDITIONS
 THE FOLLOWING WEATHER WAS RECORDED YESTERDAY.
  LIGHT RAIN


RELATIVE HUMIDITY (PERCENT)
 HIGHEST    81          1100 PM
 LOWEST     56           500 PM
 AVERAGE    69

..........................................................


THE ERIE PA CLIMATE NORMALS FOR TODAY
                         NORMAL    RECORD    YEAR
 MAXIMUM TEMPERATURE (F)   79        94      2012
                                             1930
                                             1887
 MINIMUM TEMPERATURE (F)   64        51      1886


SUNRISE AND SUNSET
AUGUST  4 2015........SUNRISE   617 AM EDT   SUNSET   836 PM EDT
AUGUST  5 2015........SUNRISE   618 AM EDT   SUNSET   835 PM EDT


-  INDICATES NEGATIVE NUMBERS.
R  INDICATES RECORD WAS SET OR TIED.
MM INDICATES DATA IS MISSING.
T  INDICATES TRACE AMOUNT.




$$
