000
CDUS41 KCLE 292113
CLIERI


CLIMATE REPORT
NATIONAL WEATHER SERVICE CLEVELAND OH
513 PM EDT SAT AUG 29 2015


...................................

...THE ERIE PA CLIMATE SUMMARY FOR AUGUST 29 2015...
VALID TODAY AS OF 0500 PM LOCAL TIME.

CLIMATE NORMAL PERIOD 1981 TO 2010
CLIMATE RECORD PERIOD 1873 TO 2015


WEATHER ITEM   OBSERVED TIME   RECORD YEAR NORMAL DEPARTURE LAST
                VALUE   (LST)  VALUE       VALUE  FROM      YEAR
                                                  NORMAL
..................................................................
TEMPERATURE (F)
 TODAY
  MAXIMUM         80    302 PM  93    1953  77      3       78
  MINIMUM         56    434 AM  37    1982  61     -5       54
  AVERAGE         68                        69     -1       66

PRECIPITATION (IN)
  TODAY            0.00                      0.11  -0.11     0.00
  MONTH TO DATE    1.37                      3.25  -1.88     2.68
  SINCE JUN 1      9.44                     10.55  -1.11    10.92
  SINCE JAN 1     23.63                     25.61  -1.98    27.07

SNOWFALL (IN)
  TODAY            0.0                       0.0    0.0      0.0
  MONTH TO DATE    0.0                       0.0    0.0      0.0
  SINCE JUN 1      0.0                       0.0    0.0      0.0
  SINCE JUL 1      0.0                       0.0    0.0      0.0
  SNOW DEPTH       0

DEGREE DAYS
 HEATING
  TODAY            0                         1     -1        0
  MONTH TO DATE    6                         4      2       13
  SINCE JUN 1     55                        72    -17       48
  SINCE JUL 1     18                        11      7       18

 COOLING
  TODAY            3                         5     -2        1
  MONTH TO DATE  176                       175      1      142
  SINCE JUN 1    475                       511    -36      452
  SINCE JAN 1    587                       550     37      491
..................................................................


WIND (MPH)
  HIGHEST WIND SPEED     9   HIGHEST WIND DIRECTION     N (350)
  HIGHEST GUST SPEED    14   HIGHEST GUST DIRECTION    SW (220)


SKY COVER
  POSSIBLE SUNSHINE  MM
  AVERAGE SKY COVER 0.0


WEATHER CONDITIONS
 THE FOLLOWING WEATHER WAS RECORDED TODAY.
  NO SIGNIFICANT WEATHER WAS OBSERVED.


RELATIVE HUMIDITY (PERCENT)
 HIGHEST    87           200 AM
 LOWEST     47           400 PM
 AVERAGE    67

..........................................................


THE ERIE PA CLIMATE NORMALS FOR TOMORROW
                         NORMAL    RECORD    YEAR
 MAXIMUM TEMPERATURE (F)   77        94      1953
 MINIMUM TEMPERATURE (F)   61        44      1965


SUNRISE AND SUNSET
AUGUST 29 2015........SUNRISE   643 AM EDT   SUNSET   800 PM EDT
AUGUST 30 2015........SUNRISE   644 AM EDT   SUNSET   758 PM EDT


-  INDICATES NEGATIVE NUMBERS.
R  INDICATES RECORD WAS SET OR TIED.
MM INDICATES DATA IS MISSING.
T  INDICATES TRACE AMOUNT.




$$
