000
CDUS41 KCLE 050546
CLIERI


CLIMATE REPORT
NATIONAL WEATHER SERVICE CLEVELAND OH
145 AM EDT SUN JUL 5 2015


...................................

...THE ERIE PA CLIMATE SUMMARY FOR JULY 4 2015...

CLIMATE NORMAL PERIOD 1981 TO 2010
CLIMATE RECORD PERIOD 1873 TO 2015


WEATHER ITEM   OBSERVED TIME   RECORD YEAR NORMAL DEPARTURE LAST
                VALUE   (LST)  VALUE       VALUE  FROM      YEAR
                                                  NORMAL
..................................................................
TEMPERATURE (F)
 YESTERDAY
  MAXIMUM         73    433 PM  99    1990  80     -7       71
  MINIMUM         56    525 AM  47    1968  63     -7       59
  AVERAGE         65                        71     -6       65

PRECIPITATION (IN)
  YESTERDAY        0.00                      0.10  -0.10     0.00
  MONTH TO DATE    0.05                      0.44  -0.39     0.08
  SINCE JUN 1      5.33                      4.20   1.13     5.07
  SINCE JAN 1     19.52                     19.26   0.26    21.22

SNOWFALL (IN)
  YESTERDAY        0.0                       0.0    0.0      0.0
  MONTH TO DATE    0.0                       0.0    0.0      0.0
  SINCE JUN 1      0.0                       0.0    0.0      0.0
  SINCE JUL 1      0.0                       0.0    0.0      0.0
  SNOW DEPTH       0

DEGREE DAYS
 HEATING
  YESTERDAY        0                         0      0        0
  MONTH TO DATE    6                         2      4        0
  SINCE JUN 1     43                        63    -20       30
  SINCE JUL 1      6                         2      4        0

 COOLING
  YESTERDAY        0                         7     -7        0
  MONTH TO DATE    1                        26    -25       30
  SINCE JUN 1    101                       149    -48      195
  SINCE JAN 1    213                       188     25      234
..................................................................


WIND (MPH)
  HIGHEST WIND SPEED    12   HIGHEST WIND DIRECTION     N (350)
  HIGHEST GUST SPEED    13   HIGHEST GUST DIRECTION     N (10)
  AVERAGE WIND SPEED     4.5


SKY COVER
  POSSIBLE SUNSHINE  MM
  AVERAGE SKY COVER 0.1


WEATHER CONDITIONS
 THE FOLLOWING WEATHER WAS RECORDED YESTERDAY.
  NO SIGNIFICANT WEATHER WAS OBSERVED.


RELATIVE HUMIDITY (PERCENT)
 HIGHEST    86           400 AM
 LOWEST     41           200 PM
 AVERAGE    64

..........................................................


THE ERIE PA CLIMATE NORMALS FOR TODAY
                         NORMAL    RECORD    YEAR
 MAXIMUM TEMPERATURE (F)   80        96      1993
                                             1911
 MINIMUM TEMPERATURE (F)   63        47      1961


SUNRISE AND SUNSET
JULY  5 2015..........SUNRISE   551 AM EDT   SUNSET   900 PM EDT
JULY  6 2015..........SUNRISE   551 AM EDT   SUNSET   859 PM EDT


-  INDICATES NEGATIVE NUMBERS.
R  INDICATES RECORD WAS SET OR TIED.
MM INDICATES DATA IS MISSING.
T  INDICATES TRACE AMOUNT.




$$
