000
CDUS41 KCLE 190531
CLIERI


CLIMATE REPORT
NATIONAL WEATHER SERVICE CLEVELAND OH
1230 AM EST THU JAN 19 2017


...................................

...THE ERIE PA CLIMATE SUMMARY FOR JANUARY 18 2017...

CLIMATE NORMAL PERIOD 1981 TO 2010
CLIMATE RECORD PERIOD 1873 TO 2017


WEATHER ITEM   OBSERVED TIME   RECORD YEAR NORMAL DEPARTURE LAST
                VALUE   (LST)  VALUE       VALUE  FROM      YEAR
                                                  NORMAL
..................................................................
TEMPERATURE (F)
 YESTERDAY
  MAXIMUM         40    112 AM  65    1929  34      6       18
  MINIMUM         36   1159 PM -10    1994  20     16       11
  AVERAGE         38                        27     11       15

PRECIPITATION (IN)
  YESTERDAY        0.04                      0.09  -0.05     0.27
  MONTH TO DATE    3.47                      1.83   1.64     2.10
  SINCE DEC 1      7.35                      5.57   1.78     5.99
  SINCE JAN 1      3.47                      1.83   1.64     2.10

SNOWFALL (IN)
  YESTERDAY        0.0                       1.0   -1.0      8.5
  MONTH TO DATE   20.2                      18.3    1.9     32.9
  SINCE DEC 1     42.4                      45.8   -3.4     37.8
  SINCE JUL 1     44.8                      54.5   -9.7     38.3
  SNOW DEPTH       0

DEGREE DAYS
 HEATING
  YESTERDAY       27                        38    -11       50
  MONTH TO DATE  613                       676    -63      652
  SINCE DEC 1   1606                      1688    -82     1296
  SINCE JUL 1   2386                      2844   -458     2187

 COOLING
  YESTERDAY        0                         0      0        0
  MONTH TO DATE    0                         0      0        0
  SINCE DEC 1      0                         0      0        0
  SINCE JAN 1      0                         0      0        0
..................................................................


WIND (MPH)
  HIGHEST WIND SPEED    22   HIGHEST WIND DIRECTION     W (260)
  HIGHEST GUST SPEED    32   HIGHEST GUST DIRECTION     W (250)
  AVERAGE WIND SPEED    12.9


SKY COVER
  POSSIBLE SUNSHINE  MM
  AVERAGE SKY COVER 0.9


WEATHER CONDITIONS
 THE FOLLOWING WEATHER WAS RECORDED YESTERDAY.
  LIGHT RAIN
  FOG


RELATIVE HUMIDITY (PERCENT)
 HIGHEST   100           200 AM
 LOWEST     85           400 PM
 AVERAGE    93

..........................................................


THE ERIE PA CLIMATE NORMALS FOR TODAY
                         NORMAL    RECORD    YEAR
 MAXIMUM TEMPERATURE (F)   33        65      1907
 MINIMUM TEMPERATURE (F)   20       -18      1994


SUNRISE AND SUNSET
JANUARY 19 2017.......SUNRISE   744 AM EST   SUNSET   519 PM EST
JANUARY 20 2017.......SUNRISE   744 AM EST   SUNSET   521 PM EST


-  INDICATES NEGATIVE NUMBERS.
R  INDICATES RECORD WAS SET OR TIED.
MM INDICATES DATA IS MISSING.
T  INDICATES TRACE AMOUNT.




$$
