000
CDUS46 KPQR 020223
CLIEUG


CLIMATE REPORT
NATIONAL WEATHER SERVICE PORTLAND OREGON
723 PM PDT FRI AUG 1 2014


...................................

...THE EUGENE OR CLIMATE SUMMARY FOR AUGUST 1 2014...
VALID TODAY AS OF 0700 PM LOCAL TIME.

CLIMATE NORMAL PERIOD 1981 TO 2010
CLIMATE RECORD PERIOD 1892 TO 2014


WEATHER ITEM   OBSERVED TIME   RECORD YEAR NORMAL DEPARTURE LAST
                VALUE   (LST)  VALUE       VALUE  FROM      YEAR
                                                  NORMAL
..................................................................
TEMPERATURE (F)
 TODAY
  MAXIMUM         93    505 PM  97    1974  84      9       67
  MINIMUM         58    523 AM  43    2002  52      6       53
                                      1980
                                      1957
  AVERAGE         76                        68      8       60

PRECIPITATION (IN)
  TODAY            0.01          0.37 1989   0.01   0.00     0.00
  MONTH TO DATE    0.01                      0.01   0.00     0.00
  SINCE OCT 1     27.01                     44.21 -17.20    29.01
  SINCE JAN 1     22.82                     25.41  -2.59     9.67

SNOWFALL (IN)
  TODAY            0.0
  MONTH TO DATE    0.0
  SINCE JUN 1      0.0
  SINCE JUL 1      0.0

DEGREE DAYS
 HEATING
  TODAY            0                         1     -1        5
  MONTH TO DATE    0                         1     -1        5
  SINCE JUN 1    113                       194    -81      103
  SINCE JUL 1      6                        37    -31       11

 COOLING
  TODAY           11                         4      7        0
  MONTH TO DATE   11                         4      7        0
  SINCE JUN 1    210                       116     94      194
  SINCE JAN 1    213                       121     92      199
..................................................................


WIND (MPH)
  HIGHEST WIND SPEED    15   HIGHEST WIND DIRECTION    NE (30)
  HIGHEST GUST SPEED    24   HIGHEST GUST DIRECTION     N (10)
  AVERAGE WIND SPEED     6.3


SKY COVER
  POSSIBLE SUNSHINE  MM
  AVERAGE SKY COVER 0.3


WEATHER CONDITIONS
 THE FOLLOWING WEATHER WAS RECORDED TODAY.
  FOG


RELATIVE HUMIDITY (PERCENT)
 HIGHEST    97           500 AM
 LOWEST     26           400 PM
 AVERAGE    62

..........................................................


THE EUGENE OR CLIMATE NORMALS FOR TOMORROW
                         NORMAL    RECORD    YEAR
 MAXIMUM TEMPERATURE (F)   84        99      1939
 MINIMUM TEMPERATURE (F)   52        42      2002
                                             1914


SUNRISE AND SUNSET
AUGUST  1 2014........SUNRISE   601 AM PDT   SUNSET   837 PM PDT
AUGUST  2 2014........SUNRISE   602 AM PDT   SUNSET   836 PM PDT


-  INDICATES NEGATIVE NUMBERS.
R  INDICATES RECORD WAS SET OR TIED.
MM INDICATES DATA IS MISSING.
T  INDICATES TRACE AMOUNT.




$$
