000
CDUS46 KPQR 040224
CLIEUG


CLIMATE REPORT
NATIONAL WEATHER SERVICE PORTLAND OREGON
623 PM PST TUE MAR 3 2015


...................................

...THE EUGENE OR CLIMATE SUMMARY FOR MARCH 3 2015...
VALID TODAY AS OF 0600 PM LOCAL TIME.

CLIMATE NORMAL PERIOD 1981 TO 2010
CLIMATE RECORD PERIOD 1892 TO 2015


WEATHER ITEM   OBSERVED TIME   RECORD YEAR NORMAL DEPARTURE LAST
                VALUE   (LST)  VALUE       VALUE  FROM      YEAR
                                                  NORMAL
..................................................................
TEMPERATURE (F)
 TODAY
  MAXIMUM         56    341 PM  66    1905  54      2       60
  MINIMUM         26    658 AM  25    1923  36    -10       44
  AVERAGE         41                        45     -4       52

PRECIPITATION (IN)
  TODAY            0.00          2.13 1991   0.19  -0.19     0.07
  MONTH TO DATE    0.04                      0.57  -0.53     0.56
  SINCE OCT 1     23.63                     31.67  -8.04    15.30
  SINCE JAN 1      6.58                     12.87  -6.29    11.11

SNOWFALL (IN)
  TODAY            0.0
  MONTH TO DATE    0.0
  SINCE MAR 1      0.0
  SINCE JUL 1      0.0

DEGREE DAYS
 HEATING
  TODAY           24                        20      4       13
  MONTH TO DATE   68                        60      8       39
  SINCE MAR 1     68                        60      8       39
  SINCE JUL 1   2630                      3387   -757     3606

 COOLING
  TODAY            0                         0      0        0
  MONTH TO DATE    0                         0      0        0
  SINCE MAR 1      0                         0      0        0
  SINCE JAN 1      0                         0      0        0
..................................................................


WIND (MPH)
  HIGHEST WIND SPEED    16   HIGHEST WIND DIRECTION     N (10)
  HIGHEST GUST SPEED    20   HIGHEST GUST DIRECTION     N (10)
  AVERAGE WIND SPEED     5.6


SKY COVER
  POSSIBLE SUNSHINE  MM
  AVERAGE SKY COVER 0.3


WEATHER CONDITIONS
 THE FOLLOWING WEATHER WAS RECORDED TODAY.
  FOG


RELATIVE HUMIDITY (PERCENT)
 HIGHEST   100           400 AM
 LOWEST     46           500 PM
 AVERAGE    73

..........................................................


THE EUGENE OR CLIMATE NORMALS FOR TOMORROW
                         NORMAL    RECORD    YEAR
 MAXIMUM TEMPERATURE (F)   54        71      1929
 MINIMUM TEMPERATURE (F)   36        25      1923


SUNRISE AND SUNSET
MARCH  3 2015.........SUNRISE   647 AM PST   SUNSET   604 PM PST
MARCH  4 2015.........SUNRISE   645 AM PST   SUNSET   605 PM PST


-  INDICATES NEGATIVE NUMBERS.
R  INDICATES RECORD WAS SET OR TIED.
MM INDICATES DATA IS MISSING.
T  INDICATES TRACE AMOUNT.




$$
