000
CDUS46 KPQR 272321
CLIEUG


CLIMATE REPORT
NATIONAL WEATHER SERVICE PORTLAND OREGON
421 PM PDT MON JUL 27 2015


...................................

...THE EUGENE OR CLIMATE SUMMARY FOR JULY 27 2015...
VALID TODAY AS OF 0400 PM LOCAL TIME.

CLIMATE NORMAL PERIOD 1981 TO 2010
CLIMATE RECORD PERIOD 1892 TO 2015


WEATHER ITEM   OBSERVED TIME   RECORD YEAR NORMAL DEPARTURE LAST
                VALUE   (LST)  VALUE       VALUE  FROM      YEAR
                                                  NORMAL
..................................................................
TEMPERATURE (F)
 TODAY
  MAXIMUM         80    228 PM 105    1998  84     -4       89
  MINIMUM         53    518 AM  41    1919  52      1       53
  AVERAGE         67                        68     -1       71

PRECIPITATION (IN)
  TODAY            0.00          1.36 1947   0.01  -0.01     0.00
  MONTH TO DATE    0.05                      0.49  -0.44     0.33
  SINCE OCT 1     29.46                     44.15 -14.69    26.96
  SINCE JAN 1     12.41                     25.35 -12.94    22.77

SNOWFALL (IN)
  TODAY            0.0
  MONTH TO DATE    0.0
  SINCE JUN 1      0.0
  SINCE JUL 1      0.0

DEGREE DAYS
 HEATING
  TODAY            0                         1     -1        0
  MONTH TO DATE    5                        36    -31        6
  SINCE JUN 1     46                       193   -147      113
  SINCE JUL 1      5                        36    -31        6

 COOLING
  TODAY            2                         4     -2        6
  MONTH TO DATE  164                        81     83      155
  SINCE JUN 1    277                       100    177      161
  SINCE JAN 1    282                       105    177      164
..................................................................


WIND (MPH)
  HIGHEST WIND SPEED    17   HIGHEST WIND DIRECTION     N (10)
  HIGHEST GUST SPEED    21   HIGHEST GUST DIRECTION     N (20)
  AVERAGE WIND SPEED     6.3


SKY COVER
  POSSIBLE SUNSHINE  MM
  AVERAGE SKY COVER 0.6


WEATHER CONDITIONS
 THE FOLLOWING WEATHER WAS RECORDED TODAY.
  NO SIGNIFICANT WEATHER WAS OBSERVED.


RELATIVE HUMIDITY (PERCENT)
 HIGHEST    86           500 AM
 LOWEST     30           300 PM
 AVERAGE    58

..........................................................


THE EUGENE OR CLIMATE NORMALS FOR TOMORROW
                         NORMAL    RECORD    YEAR
 MAXIMUM TEMPERATURE (F)   84       106      2009
 MINIMUM TEMPERATURE (F)   52        43      2013


SUNRISE AND SUNSET
JULY 27 2015..........SUNRISE   555 AM PDT   SUNSET   843 PM PDT
JULY 28 2015..........SUNRISE   556 AM PDT   SUNSET   842 PM PDT


-  INDICATES NEGATIVE NUMBERS.
R  INDICATES RECORD WAS SET OR TIED.
MM INDICATES DATA IS MISSING.
T  INDICATES TRACE AMOUNT.




$$
