802
CDUS46 KPQR 262320
CLIEUG


CLIMATE REPORT
NATIONAL WEATHER SERVICE PORTLAND OREGON
420 PM PDT WED APR 26 2017


...................................

...THE EUGENE OR CLIMATE SUMMARY FOR APRIL 26 2017...
VALID TODAY AS OF 0400 PM LOCAL TIME.

CLIMATE NORMAL PERIOD 1981 TO 2010
CLIMATE RECORD PERIOD 1892 TO 2017


WEATHER ITEM   OBSERVED TIME   RECORD YEAR NORMAL DEPARTURE LAST
                VALUE   (LST)  VALUE       VALUE  FROM      YEAR
                                                  NORMAL
..................................................................
TEMPERATURE (F)
 TODAY
  MAXIMUM         57    233 PM  86    1947  63     -6       60
  MINIMUM         48    928 AM  30    1943  41      7       35
  AVERAGE         53                        52      1       48

PRECIPITATION (IN)
  TODAY            0.45          0.63 2010   0.09   0.36     0.02
  MONTH TO DATE    3.51                      2.99   0.52     2.96
  SINCE OCT 1     42.30                     39.08   3.22    37.40
  SINCE JAN 1     22.71                     20.28   2.43    18.56

SNOWFALL (IN)
  TODAY           MM
  MONTH TO DATE    0.0
  SINCE MAR 1      T
  SINCE JUL 1      5.1

DEGREE DAYS
 HEATING
  TODAY           12                        13     -1       17
  MONTH TO DATE  382                       394    -12      247
  SINCE MAR 1    906                       963    -57      737
  SINCE JUL 1   4107                      4290   -183     3542

 COOLING
  TODAY            0                         0      0        0
  MONTH TO DATE    0                         0      0        0
  SINCE MAR 1      0                         0      0        0
  SINCE JAN 1      0                         0      0        0
..................................................................


WIND (MPH)
  HIGHEST WIND SPEED    18   HIGHEST WIND DIRECTION     W (280)
  HIGHEST GUST SPEED    22   HIGHEST GUST DIRECTION     W (280)
  AVERAGE WIND SPEED     6.5


SKY COVER
  POSSIBLE SUNSHINE  MM
  AVERAGE SKY COVER 1.0


WEATHER CONDITIONS
 THE FOLLOWING WEATHER WAS RECORDED TODAY.
  RAIN
  LIGHT RAIN
  FOG


RELATIVE HUMIDITY (PERCENT)
 HIGHEST   100           100 AM
 LOWEST     66           200 PM
 AVERAGE    83

..........................................................


THE EUGENE OR CLIMATE NORMALS FOR TOMORROW
                         NORMAL    RECORD    YEAR
 MAXIMUM TEMPERATURE (F)   63        88      1926
 MINIMUM TEMPERATURE (F)   41        30      1948


SUNRISE AND SUNSET
APRIL 26 2017.........SUNRISE   611 AM PDT   SUNSET   811 PM PDT
APRIL 27 2017.........SUNRISE   610 AM PDT   SUNSET   812 PM PDT


-  INDICATES NEGATIVE NUMBERS.
R  INDICATES RECORD WAS SET OR TIED.
MM INDICATES DATA IS MISSING.
T  INDICATES TRACE AMOUNT.




$$
