000
CDUS46 KPQR 200222
CLIEUG


CLIMATE REPORT
NATIONAL WEATHER SERVICE PORTLAND OREGON
722 PM PDT SAT AUG 19 2017


...................................

...THE EUGENE OR CLIMATE SUMMARY FOR AUGUST 19 2017...
VALID TODAY AS OF 0700 PM LOCAL TIME.

CLIMATE NORMAL PERIOD 1981 TO 2010
CLIMATE RECORD PERIOD 1892 TO 2017


WEATHER ITEM   OBSERVED TIME   RECORD YEAR NORMAL DEPARTURE LAST
                VALUE   (LST)  VALUE       VALUE  FROM      YEAR
                                                  NORMAL
..................................................................
TEMPERATURE (F)
 TODAY
  MAXIMUM         81    446 PM 104    2016  83     -2      104
  MINIMUM         55    538 AM  40    1916  51      4       57
  AVERAGE         68                        67      1       81

PRECIPITATION (IN)
  TODAY            0.00          1.52 1993   0.02  -0.02     0.00
  MONTH TO DATE    0.14                      0.28  -0.14      T
  SINCE OCT 1     45.20                     44.48   0.72    39.80
  SINCE JAN 1     25.61                     25.68  -0.07    20.96

SNOWFALL (IN)
  TODAY            0.0
  MONTH TO DATE    0.0
  SINCE JUN 1      0.0
  SINCE JUL 1      0.0

DEGREE DAYS
 HEATING
  TODAY            0                         1     -1        0
  MONTH TO DATE   10                        19     -9       11
  SINCE JUN 1    140                       212    -72      121
  SINCE JUL 1     15                        55    -40       21

 COOLING
  TODAY            3                         3      0       16
  MONTH TO DATE  127                        66     61       99
  SINCE JUN 1    243                       178     65      249
  SINCE JAN 1    256                       183     73      252
..................................................................


WIND (MPH)
  HIGHEST WIND SPEED    23   HIGHEST WIND DIRECTION     N (360)
  HIGHEST GUST SPEED    28   HIGHEST GUST DIRECTION     N (350)
  AVERAGE WIND SPEED    12.7


SKY COVER
  POSSIBLE SUNSHINE  MM
  AVERAGE SKY COVER 0.3


WEATHER CONDITIONS
 THE FOLLOWING WEATHER WAS RECORDED TODAY.
  HAZE


RELATIVE HUMIDITY (PERCENT)
 HIGHEST   100           600 AM
 LOWEST     23           400 PM
 AVERAGE    62

..........................................................


THE EUGENE OR CLIMATE NORMALS FOR TOMORROW
                         NORMAL    RECORD    YEAR
 MAXIMUM TEMPERATURE (F)   82       100      2016
 MINIMUM TEMPERATURE (F)   51        41      2000


SUNRISE AND SUNSET
AUGUST 19 2017........SUNRISE   621 AM PDT   SUNSET   810 PM PDT
AUGUST 20 2017........SUNRISE   623 AM PDT   SUNSET   809 PM PDT


-  INDICATES NEGATIVE NUMBERS.
R  INDICATES RECORD WAS SET OR TIED.
MM INDICATES DATA IS MISSING.
T  INDICATES TRACE AMOUNT.




$$
