000
CDUS46 KPQR 230220
CLIEUG


CLIMATE REPORT
NATIONAL WEATHER SERVICE PORTLAND OREGON
720 PM PDT TUE JUL 22 2014


...................................

...THE EUGENE OR CLIMATE SUMMARY FOR JULY 22 2014...
VALID TODAY AS OF 0700 PM LOCAL TIME.

CLIMATE NORMAL PERIOD 1981 TO 2010
CLIMATE RECORD PERIOD 1892 TO 2014


WEATHER ITEM   OBSERVED TIME   RECORD YEAR NORMAL DEPARTURE LAST
                VALUE   (LST)  VALUE       VALUE  FROM      YEAR
                                                  NORMAL
..................................................................
TEMPERATURE (F)
 TODAY
  MAXIMUM         81    519 PM 101    2006  84     -3       90
  MINIMUM         59    533 AM  43    1982  52      7       54
                                      1934
                                      1933
  AVERAGE         70                        68      2       72

PRECIPITATION (IN)
  TODAY            T             0.20 1934   0.01  -0.01     0.00
  MONTH TO DATE    0.12                      0.43  -0.31     0.00
  SINCE OCT 1     26.75                     44.09 -17.34    29.01
  SINCE JAN 1     22.56                     25.29  -2.73     9.67

SNOWFALL (IN)
  TODAY            0.0
  MONTH TO DATE    0.0
  SINCE JUN 1      0.0
  SINCE JUL 1      0.0

DEGREE DAYS
 HEATING
  TODAY            0                         1     -1        0
  MONTH TO DATE    0                        31    -31        4
  SINCE JUN 1    107                       188    -81       96
  SINCE JUL 1      0                        31    -31        4

 COOLING
  TODAY            5                         4      1        7
  MONTH TO DATE  145                        61     84       97
  SINCE JUN 1    151                        80     71      145
  SINCE JAN 1    154                        85     69      150
..................................................................


WIND (MPH)
  HIGHEST WIND SPEED    12   HIGHEST WIND DIRECTION     W (260)
  HIGHEST GUST SPEED    15   HIGHEST GUST DIRECTION     W (270)
  AVERAGE WIND SPEED     6.0


SKY COVER
  POSSIBLE SUNSHINE  MM
  AVERAGE SKY COVER 0.7


WEATHER CONDITIONS
 THE FOLLOWING WEATHER WAS RECORDED TODAY.
  LIGHT RAIN


RELATIVE HUMIDITY (PERCENT)
 HIGHEST    84           300 AM
 LOWEST     39           400 PM
 AVERAGE    62

..........................................................


THE EUGENE OR CLIMATE NORMALS FOR TOMORROW
                         NORMAL    RECORD    YEAR
 MAXIMUM TEMPERATURE (F)   84       105      2006
 MINIMUM TEMPERATURE (F)   52        44      2008


SUNRISE AND SUNSET
JULY 22 2014..........SUNRISE   550 AM PDT   SUNSET   848 PM PDT
JULY 23 2014..........SUNRISE   551 AM PDT   SUNSET   847 PM PDT


-  INDICATES NEGATIVE NUMBERS.
R  INDICATES RECORD WAS SET OR TIED.
MM INDICATES DATA IS MISSING.
T  INDICATES TRACE AMOUNT.




$$
