415
CDUS43 KPAH 080633
CLIEVV


CLIMATE REPORT
NATIONAL WEATHER SERVICE PADUCAH KY
1231 AM CST THU DEC 8 2016


...................................

...THE EVANSVILLE IN CLIMATE SUMMARY FOR DECEMBER 7 2016...

CLIMATE NORMAL PERIOD 1981 TO 2010
CLIMATE RECORD PERIOD 1896 TO 2016


WEATHER ITEM   OBSERVED TIME   RECORD YEAR NORMAL DEPARTURE LAST
                VALUE   (LST)  VALUE       VALUE  FROM      YEAR
                                                  NORMAL
..................................................................
TEMPERATURE (F)
 YESTERDAY
  MAXIMUM         45    136 PM  72    1916  46     -1       50
  MINIMUM         30    754 AM   2    1984  29      1       35
  AVERAGE         38                        38      0       43

PRECIPITATION (IN)
  YESTERDAY        0.00          2.07 1924   0.14  -0.14     0.00
  MONTH TO DATE    0.86                      0.92  -0.06     0.05
  SINCE DEC 1      0.86                      0.92  -0.06     0.05
  SINCE JAN 1     46.52                     42.47   4.05    46.79

SNOWFALL (IN)
  YESTERDAY        0.0           0.2  1950   0.1   -0.1      0.0
  MONTH TO DATE    0.0                       0.4   -0.4      0.0
  SINCE DEC 1      0.0                       0.4   -0.4      0.0
  SINCE JUL 1      0.0                       0.7   -0.7      0.0
  SNOW DEPTH       0

DEGREE DAYS
 HEATING
  YESTERDAY       27                        27      0       22
  MONTH TO DATE  179                       184     -5      170
  SINCE DEC 1    179                       184     -5      170
  SINCE JUL 1    709                      1045   -336      779

 COOLING
  YESTERDAY        0                         0      0        0
  MONTH TO DATE    0                         0      0        0
  SINCE DEC 1      0                         0      0        0
  SINCE JAN 1   1775                      1397    378     1576
..................................................................


WIND (MPH)
  HIGHEST WIND SPEED    13   HIGHEST WIND DIRECTION    NW (320)
  HIGHEST GUST SPEED    20   HIGHEST GUST DIRECTION    NW (330)
  AVERAGE WIND SPEED     4.7


SKY COVER
  AVERAGE SKY COVER 0.5


WEATHER CONDITIONS
 THE FOLLOWING WEATHER WAS RECORDED YESTERDAY.
  NO SIGNIFICANT WEATHER WAS OBSERVED.


RELATIVE HUMIDITY (PERCENT)
 HIGHEST    92
 LOWEST     39
 AVERAGE    66

..........................................................


THE EVANSVILLE IN CLIMATE NORMALS FOR TODAY
                         NORMAL    RECORD    YEAR
 MAXIMUM TEMPERATURE (F)   46        69      1966
 MINIMUM TEMPERATURE (F)   29         1      1917


SUNRISE AND SUNSET
DECEMBER  8 2016......SUNRISE   654 AM CST   SUNSET   430 PM CST
DECEMBER  9 2016......SUNRISE   655 AM CST   SUNSET   430 PM CST


-  INDICATES NEGATIVE NUMBERS.
R  INDICATES RECORD WAS SET OR TIED.
MM INDICATES DATA IS MISSING.
T  INDICATES TRACE AMOUNT.




$$
