000
CDUS43 KPAH 220635
CLIEVV


CLIMATE REPORT
NATIONAL WEATHER SERVICE PADUCAH KY
131 AM CDT WED OCT 22 2014


...................................

...THE EVANSVILLE IN CLIMATE SUMMARY FOR OCTOBER 21 2014...

CLIMATE NORMAL PERIOD 1981 TO 2010
CLIMATE RECORD PERIOD 1896 TO 2014


WEATHER ITEM   OBSERVED TIME   RECORD YEAR NORMAL DEPARTURE LAST
                VALUE   (LST)  VALUE       VALUE  FROM      YEAR
                                                  NORMAL
..................................................................
TEMPERATURE (F)
 YESTERDAY
  MAXIMUM         65    150 PM  90    1963  68     -3       67
  MINIMUM         45    640 AM  26    1952  44      1       44
  AVERAGE         55                        56     -1       56

PRECIPITATION (IN)
  YESTERDAY        0.00          1.10 1919   0.11  -0.11     0.01
  MONTH TO DATE    3.66                      2.15   1.51     4.84
  SINCE SEP 1      6.21                      5.20   1.01     7.65
  SINCE JAN 1     40.39                     36.12   4.27    42.98

SNOWFALL (IN)
  YESTERDAY        0.0                       0.0    0.0      0.0
  MONTH TO DATE    0.0                       0.1   -0.1      0.0
  SINCE SEP 1      0.0                       0.1   -0.1      0.0
  SINCE JUL 1      0.0                       0.1   -0.1      0.0
  SNOW DEPTH       0

DEGREE DAYS
 HEATING
  YESTERDAY       10                         9      1        9
  MONTH TO DATE  127                       147    -20       93
  SINCE SEP 1    163                       193    -30      103
  SINCE JUL 1    163                       194    -31      103

 COOLING
  YESTERDAY        0                         1     -1        0
  MONTH TO DATE   28                        28      0       55
  SINCE SEP 1    191                       195     -4      270
  SINCE JAN 1   1471                      1394     77     1462
..................................................................


WIND (MPH)
  HIGHEST WIND SPEED    15   HIGHEST WIND DIRECTION     N (20)
  HIGHEST GUST SPEED    19   HIGHEST GUST DIRECTION     N (360)
  AVERAGE WIND SPEED     6.1


SKY COVER
  AVERAGE SKY COVER 0.1


WEATHER CONDITIONS
 THE FOLLOWING WEATHER WAS RECORDED YESTERDAY.
  NO SIGNIFICANT WEATHER WAS OBSERVED.


RELATIVE HUMIDITY (PERCENT)
 HIGHEST    93
 LOWEST     46
 AVERAGE    70

..........................................................


THE EVANSVILLE IN CLIMATE NORMALS FOR TODAY
                         NORMAL    RECORD    YEAR
 MAXIMUM TEMPERATURE (F)   68        90      1963
 MINIMUM TEMPERATURE (F)   44        21      1952


SUNRISE AND SUNSET
OCTOBER 22 2014.......SUNRISE   706 AM CDT   SUNSET   603 PM CDT
OCTOBER 23 2014.......SUNRISE   707 AM CDT   SUNSET   602 PM CDT


-  INDICATES NEGATIVE NUMBERS.
R  INDICATES RECORD WAS SET OR TIED.
MM INDICATES DATA IS MISSING.
T  INDICATES TRACE AMOUNT.




$$
