000
CDUS43 KPAH 232233
CLIEVV


CLIMATE REPORT
NATIONAL WEATHER SERVICE PADUCAH KY
428 PM CST TUE JAN 23 2018


...................................

...THE EVANSVILLE IN CLIMATE SUMMARY FOR JANUARY 23 2018...
VALID TODAY AS OF 0400 PM LOCAL TIME.

CLIMATE NORMAL PERIOD 1981 TO 2010
CLIMATE RECORD PERIOD 1896 TO 2018


WEATHER ITEM   OBSERVED TIME   RECORD YEAR NORMAL DEPARTURE LAST
                VALUE   (LST)  VALUE       VALUE  FROM      YEAR
                                                  NORMAL
..................................................................
TEMPERATURE (F)
 TODAY
  MAXIMUM         45   1202 AM  72    1967  41      4       51
  MINIMUM         34    358 PM -14    1963  24     10       42
  AVERAGE         40                        32      8       47

PRECIPITATION (IN)
  TODAY            T             1.16 1996   0.10  -0.10     0.00
  MONTH TO DATE    2.37                      2.26   0.11     2.26
  SINCE DEC 1      4.79                      6.02  -1.23     6.18
  SINCE JAN 1      2.37                      2.26   0.11     2.26

SNOWFALL (IN)
  TODAY            T                                         0.0
  MONTH TO DATE    7.1                                       0.4
  SINCE JUL 1      7.1                                       0.4
  SNOW DEPTH       0

..................................................................


WIND (MPH)
  HIGHEST WIND SPEED    31   HIGHEST WIND DIRECTION     W (250)
  HIGHEST GUST SPEED    45   HIGHEST GUST DIRECTION     W (250)




..........................................................


THE EVANSVILLE IN CLIMATE NORMALS FOR TOMORROW
                         NORMAL    RECORD    YEAR
 MAXIMUM TEMPERATURE (F)   41        76      1943
 MINIMUM TEMPERATURE (F)   24       -15      1963


SUNRISE AND SUNSET
JANUARY 23 2018.......SUNRISE   701 AM CST   SUNSET   503 PM CST
JANUARY 24 2018.......SUNRISE   701 AM CST   SUNSET   504 PM CST


-  INDICATES NEGATIVE NUMBERS.
R  INDICATES RECORD WAS SET OR TIED.
MM INDICATES DATA IS MISSING.
T  INDICATES TRACE AMOUNT.




$$
