000
CDUS45 KSLC 191227
CLIEVW


CLIMATE REPORT
NATIONAL WEATHER SERVICE SALT LAKE CITY UT
526 AM MST MON FEB 19 2018


...................................

...THE EVANSTON WY CLIMATE SUMMARY FOR FEBRUARY 18 2018...

CLIMATE NORMAL PERIOD 1981 TO 2010
CLIMATE RECORD PERIOD 9999 TO 9999


WEATHER ITEM   OBSERVED TIME   RECORD YEAR NORMAL DEPARTURE LAST
                VALUE   (LST)  VALUE       VALUE  FROM      YEAR
                                                  NORMAL
..................................................................
TEMPERATURE (F)
 YESTERDAY
  MAXIMUM         41    250 AM  MM      MM  32      9       40
  MINIMUM         20   1159 PM  MM      MM  15      5       31
  AVERAGE         31                        23      8       36

PRECIPITATION (IN)
  YESTERDAY        0.24         MM      MM   0.03   0.21      T
  MONTH TO DATE    0.24                      0.38  -0.14     0.72
  SINCE OCT 1      1.95                      3.71  -1.76     3.38
  SINCE JAN 1      0.41                      0.92  -0.51     1.80

DEGREE DAYS
 HEATING
  YESTERDAY       34                        42     -8       29
  MONTH TO DATE  607                       772   -165      635
  SINCE DEC 1   2808                      3492   -684     3487
  SINCE JUL 1   4655                      5601   -946     5138

 COOLING
  YESTERDAY        0                         0      0        0
  MONTH TO DATE    0                         0      0        0
  SINCE DEC 1      0                         0      0        0
  SINCE JAN 1      0                         0      0        0
..................................................................


WIND (MPH)
  RESULTANT WIND SPEED  13   RESULTANT WIND DIRECTION  SW (240)
  HIGHEST WIND SPEED    49   HIGHEST WIND DIRECTION    SW (230)
  HIGHEST GUST SPEED    59   HIGHEST GUST DIRECTION    SW (230)
  AVERAGE WIND SPEED    19.7


SKY COVER
  POSSIBLE SUNSHINE  MM
  AVERAGE SKY COVER 0.8


WEATHER CONDITIONS
 THE FOLLOWING WEATHER WAS RECORDED YESTERDAY.
  HEAVY SNOW
  SNOW
  LIGHT SNOW
  FOG
  FOG W/VISIBILITY <= 1/4 MILE


RELATIVE HUMIDITY (PERCENT)
 HIGHEST   100           300 PM
 LOWEST     34           200 AM
 AVERAGE    67

..........................................................


THE EVANSTON WY CLIMATE NORMALS FOR TODAY
                         NORMAL    RECORD    YEAR
 MAXIMUM TEMPERATURE (F)   32        MM        MM
 MINIMUM TEMPERATURE (F)   15        MM        MM


SUNRISE AND SUNSET
FEBRUARY 19 2018......SUNRISE   713 AM MST   SUNSET   603 PM MST
FEBRUARY 20 2018......SUNRISE   712 AM MST   SUNSET   604 PM MST


-  INDICATES NEGATIVE NUMBERS.
R  INDICATES RECORD WAS SET OR TIED.
MM INDICATES DATA IS MISSING.
T  INDICATES TRACE AMOUNT.




$$
