000
CDUS45 KSLC 270032
CLIEVW


CLIMATE REPORT
NATIONAL WEATHER SERVICE SALT LAKE CITY UT
631 PM MDT MON SEP 26 2016


...................................

...THE EVANSTON WY CLIMATE SUMMARY FOR SEPTEMBER 26 2016...
VALID TODAY AS OF 0500 PM LOCAL TIME.

CLIMATE NORMAL PERIOD 1981 TO 2010
CLIMATE RECORD PERIOD 9999 TO 9999


WEATHER ITEM   OBSERVED TIME   RECORD YEAR NORMAL DEPARTURE LAST
                VALUE   (LST)  VALUE       VALUE  FROM      YEAR
                                                  NORMAL
..................................................................
TEMPERATURE (F)
 TODAY
  MAXIMUM         68    200 PM  MM      MM  65      3       81
  MINIMUM         42        MM  MM      MM  39      3       54
  AVERAGE         55                        52      3       68

PRECIPITATION (IN)
  TODAY            0.00         MM      MM   0.05  -0.05     0.00
  MONTH TO DATE    1.85                      1.13   0.72     0.88
  SINCE OCT 1      6.71                     11.95  -5.24    10.67
  SINCE JAN 1      5.72                      9.16  -3.44     9.79

DEGREE DAYS
 HEATING
  TODAY           10                        13     -3        0
  MONTH TO DATE  229                       237     -8      126
  SINCE SEP 1    229                       237     -8      126
  SINCE JUL 1    288                       340    -52      218

 COOLING
  TODAY            0                         0      0        3
  MONTH TO DATE    7                         0      7       21
  SINCE SEP 1      7                         0      7       21
  SINCE JAN 1    293                       157    136      230
..................................................................


WIND (MPH)
  RESULTANT WIND SPEED   1   RESULTANT WIND DIRECTION  NW (310)
  HIGHEST WIND SPEED     9   HIGHEST WIND DIRECTION     N (10)
  HIGHEST GUST SPEED    MM   HIGHEST GUST DIRECTION    MM
  AVERAGE WIND SPEED     4.2


SKY COVER
  POSSIBLE SUNSHINE  MM
  AVERAGE SKY COVER 0.0


WEATHER CONDITIONS
 THE FOLLOWING WEATHER WAS RECORDED TODAY.
  HAZE


RELATIVE HUMIDITY (PERCENT)
 HIGHEST    67           700 AM
 LOWEST     29           200 PM
 AVERAGE    48

..........................................................


THE EVANSTON WY CLIMATE NORMALS FOR TOMORROW
                         NORMAL    RECORD    YEAR
 MAXIMUM TEMPERATURE (F)   64        MM        MM
 MINIMUM TEMPERATURE (F)   38        MM        MM


SUNRISE AND SUNSET
SEPTEMBER 26 2016.....SUNRISE   716 AM MDT   SUNSET   713 PM MDT
SEPTEMBER 27 2016.....SUNRISE   717 AM MDT   SUNSET   712 PM MDT


-  INDICATES NEGATIVE NUMBERS.
R  INDICATES RECORD WAS SET OR TIED.
MM INDICATES DATA IS MISSING.
T  INDICATES TRACE AMOUNT.




$$
