000
CDUS45 KSLC 251227
CLIEVW


CLIMATE REPORT
NATIONAL WEATHER SERVICE SALT LAKE CITY UT
626 AM MDT WED MAY 25 2016


...................................

...THE EVANSTON WY CLIMATE SUMMARY FOR MAY 24 2016...

CLIMATE NORMAL PERIOD 1981 TO 2010
CLIMATE RECORD PERIOD 9999 TO 9999


WEATHER ITEM   OBSERVED TIME   RECORD YEAR NORMAL DEPARTURE LAST
                VALUE   (LST)  VALUE       VALUE  FROM      YEAR
                                                  NORMAL
..................................................................
TEMPERATURE (F)
 YESTERDAY
  MAXIMUM         57    124 PM  MM      MM  64     -7       55
  MINIMUM         37   1159 PM  MM      MM  39     -2       36
  AVERAGE         47                        51     -4       46

PRECIPITATION (IN)
  YESTERDAY        0.01         MM      MM   0.06  -0.05     0.05
  MONTH TO DATE    1.92                      1.41   0.51     3.75
  SINCE OCT 1      4.24                      7.36  -3.12     6.65
  SINCE JAN 1      3.25                      4.57  -1.32     5.77

DEGREE DAYS
 HEATING
  YESTERDAY       18                        14      4       19
  MONTH TO DATE  414                       415     -1      426
  SINCE MAR 1   1989                      2244   -255     1879
  SINCE JUL 1   7516                      8252   -736     6851

 COOLING
  YESTERDAY        0                         0      0        0
  MONTH TO DATE    0                         0      0        0
  SINCE MAR 1      0                         0      0        0
  SINCE JAN 1      0                         0      0        0
..................................................................


WIND (MPH)
  RESULTANT WIND SPEED   3   RESULTANT WIND DIRECTION  SW (230)
  HIGHEST WIND SPEED    33   HIGHEST WIND DIRECTION    SW (220)
  HIGHEST GUST SPEED    43   HIGHEST GUST DIRECTION    SW (220)
  AVERAGE WIND SPEED    10.1


SKY COVER
  POSSIBLE SUNSHINE  MM
  AVERAGE SKY COVER 0.6


WEATHER CONDITIONS
 THE FOLLOWING WEATHER WAS RECORDED YESTERDAY.
  THUNDERSTORM
  RAIN
  LIGHT RAIN


RELATIVE HUMIDITY (PERCENT)
 HIGHEST    82          1000 PM
 LOWEST     41           500 PM
 AVERAGE    62

..........................................................


THE EVANSTON WY CLIMATE NORMALS FOR TODAY
                         NORMAL    RECORD    YEAR
 MAXIMUM TEMPERATURE (F)   64        MM        MM
 MINIMUM TEMPERATURE (F)   39        MM        MM


SUNRISE AND SUNSET
MAY 25 2016...........SUNRISE   557 AM MDT   SUNSET   846 PM MDT
MAY 26 2016...........SUNRISE   556 AM MDT   SUNSET   847 PM MDT


-  INDICATES NEGATIVE NUMBERS.
R  INDICATES RECORD WAS SET OR TIED.
MM INDICATES DATA IS MISSING.
T  INDICATES TRACE AMOUNT.




$$
