000
CDUS45 KSLC 251228
CLIEVW


CLIMATE REPORT
NATIONAL WEATHER SERVICE SALT LAKE CITY UT
627 AM MDT THU MAY 25 2017


...................................

...THE EVANSTON WY CLIMATE SUMMARY FOR MAY 24 2017...

CLIMATE NORMAL PERIOD 1981 TO 2010
CLIMATE RECORD PERIOD 9999 TO 9999


WEATHER ITEM   OBSERVED TIME   RECORD YEAR NORMAL DEPARTURE LAST
                VALUE   (LST)  VALUE       VALUE  FROM      YEAR
                                                  NORMAL
..................................................................
TEMPERATURE (F)
 YESTERDAY
  MAXIMUM         73    334 PM  MM      MM  64      9       57
  MINIMUM         49   1040 PM  MM      MM  39     10       37
  AVERAGE         61                        51     10       47

PRECIPITATION (IN)
  YESTERDAY        1.66         MM      MM   0.06   1.60     0.01
  MONTH TO DATE    1.80                      1.41   0.39     1.92
  SINCE OCT 1      6.72                      7.36  -0.64     4.24
  SINCE JAN 1      5.14                      4.57   0.57     3.25

DEGREE DAYS
 HEATING
  YESTERDAY        4                        14    -10       18
  MONTH TO DATE  375                       415    -40      414
  SINCE MAR 1   2002                      2244   -242     1989
  SINCE JUL 1   7579                      8252   -673     7516

 COOLING
  YESTERDAY        0                         0      0        0
  MONTH TO DATE    0                         0      0        0
  SINCE MAR 1      0                         0      0        0
  SINCE JAN 1      0                         0      0        0
..................................................................


WIND (MPH)
  RESULTANT WIND SPEED  15   RESULTANT WIND DIRECTION  SW (240)
  HIGHEST WIND SPEED    51   HIGHEST WIND DIRECTION    SW (240)
  HIGHEST GUST SPEED    69   HIGHEST GUST DIRECTION    SW (210)
  AVERAGE WIND SPEED    15.8


SKY COVER
  POSSIBLE SUNSHINE  MM
  AVERAGE SKY COVER 0.3


WEATHER CONDITIONS
 THE FOLLOWING WEATHER WAS RECORDED YESTERDAY.
  THUNDERSTORM
  LIGHT RAIN


RELATIVE HUMIDITY (PERCENT)
 HIGHEST    77           900 PM
 LOWEST     25           400 PM
 AVERAGE    51

..........................................................


THE EVANSTON WY CLIMATE NORMALS FOR TODAY
                         NORMAL    RECORD    YEAR
 MAXIMUM TEMPERATURE (F)   64        MM        MM
 MINIMUM TEMPERATURE (F)   39        MM        MM


SUNRISE AND SUNSET
MAY 25 2017...........SUNRISE   557 AM MDT   SUNSET   846 PM MDT
MAY 26 2017...........SUNRISE   556 AM MDT   SUNSET   846 PM MDT


-  INDICATES NEGATIVE NUMBERS.
R  INDICATES RECORD WAS SET OR TIED.
MM INDICATES DATA IS MISSING.
T  INDICATES TRACE AMOUNT.




$$
