000
CDUS42 KMHX 202131
CLIEWN


CLIMATE REPORT
NATIONAL WEATHER SERVICE NEWPORT/MOREHEAD CITY NC
531 PM EDT SAT SEP 20 2014


...................................

...THE NEW BERN NC CLIMATE SUMMARY FOR SEPTEMBER 20 2014...
VALID TODAY AS OF 0500 PM LOCAL TIME.

CLIMATE NORMAL PERIOD 1981 TO 2010
CLIMATE RECORD PERIOD 1948 TO 2014


WEATHER ITEM   OBSERVED TIME   RECORD YEAR NORMAL DEPARTURE LAST
                VALUE   (LST)  VALUE       VALUE  FROM      YEAR
                                                  NORMAL
..................................................................
TEMPERATURE (F)
 TODAY
  MAXIMUM         79    257 PM  91    1977  82     -3       82
  MINIMUM         66    220 AM  50    1984  64      2       61
  AVERAGE         73                        73      0       72

PRECIPITATION (IN)
  TODAY            T             1.56 1989   0.20  -0.20     0.00
  MONTH TO DATE    6.60                      4.06   2.54     2.03
  SINCE SEP 1      6.60                      4.06   2.54     2.03
  SINCE JAN 1     43.61                     40.86   2.75    31.40

SNOWFALL (IN)
  TODAY            0.0
  MONTH TO DATE    0.0
  SINCE NOV 1     14.0
  SINCE JUL 1      0.0
  SNOW DEPTH       0

DEGREE DAYS
 HEATING
  TODAY            0                         0      0        0
  MONTH TO DATE    0                         0      0        0
  SINCE SEP 1      0                         0      0        0
  SINCE JUL 1      0                         0      0        0

 COOLING
  TODAY            8                         8      0        7
  MONTH TO DATE  286                       207     79      228
  SINCE SEP 1    286                       207     79      228
  SINCE JAN 1   1997                      1736    261     1845
..................................................................


WIND (MPH)
  HIGHEST WIND SPEED    16   HIGHEST WIND DIRECTION    NE (40)
  HIGHEST GUST SPEED    23   HIGHEST GUST DIRECTION    NE (40)
  AVERAGE WIND SPEED     8.9


SKY COVER
  POSSIBLE SUNSHINE  MM
  AVERAGE SKY COVER 0.3


WEATHER CONDITIONS
 THE FOLLOWING WEATHER WAS RECORDED TODAY.
  LIGHT RAIN


RELATIVE HUMIDITY (PERCENT)
 HIGHEST    87           500 AM
 LOWEST     70           100 AM
 AVERAGE    79

..........................................................


THE NEW BERN NC CLIMATE NORMALS FOR TOMORROW
                         NORMAL    RECORD    YEAR
 MAXIMUM TEMPERATURE (F)   82        92      1957
 MINIMUM TEMPERATURE (F)   63        52      1962


SUNRISE AND SUNSET
SEPTEMBER 20 2014.....SUNRISE   655 AM EDT   SUNSET   708 PM EDT
SEPTEMBER 21 2014.....SUNRISE   655 AM EDT   SUNSET   706 PM EDT


-  INDICATES NEGATIVE NUMBERS.
R  INDICATES RECORD WAS SET OR TIED.
MM INDICATES DATA IS MISSING.
T  INDICATES TRACE AMOUNT.




$$
