000
CDUS42 KMHX 210625
CLIEWN


CLIMATE REPORT
NATIONAL WEATHER SERVICE NEWPORT/MOREHEAD CITY NC
125 AM EST WED FEB 21 2018


...................................

...THE NEW BERN NC CLIMATE SUMMARY FOR FEBRUARY 20 2018...

CLIMATE NORMAL PERIOD 1981 TO 2010
CLIMATE RECORD PERIOD 1948 TO 2018


WEATHER ITEM   OBSERVED TIME   RECORD YEAR NORMAL DEPARTURE LAST
                VALUE   (LST)  VALUE       VALUE  FROM      YEAR
                                                  NORMAL
..................................................................
TEMPERATURE (F)
 YESTERDAY
  MAXIMUM         79    306 PM  81    1991  59     20       71
  MINIMUM         61    202 AM  11    2015  37     24       44
  AVERAGE         70                        48     22       58

PRECIPITATION (IN)
  YESTERDAY        0.03          0.91 1956   0.14  -0.11     0.00
  MONTH TO DATE    0.93                      2.56  -1.63     1.97
  SINCE DEC 1     10.22                      9.98   0.24     9.72
  SINCE JAN 1      5.99                      6.58  -0.59     6.22

SNOWFALL (IN)
  YESTERDAY        0.0
  MONTH TO DATE    0.0
  SINCE NOV 1      6.0
  SINCE JUL 1      6.0
  SNOW DEPTH       0

DEGREE DAYS
 HEATING
  YESTERDAY        0                        17    -17        7
  MONTH TO DATE  253                       375   -122      262
  SINCE DEC 1   1688                      1588    100     1290
  SINCE JUL 1   2127                      2015    112     1685

 COOLING
  YESTERDAY        5                         0      5        0
  MONTH TO DATE   17                         0     17        6
  SINCE DEC 1     20                         4     16        6
  SINCE JAN 1     20                         1     19        6
..................................................................


WIND (MPH)
  HIGHEST WIND SPEED    18   HIGHEST WIND DIRECTION     S (180)
  HIGHEST GUST SPEED    25   HIGHEST GUST DIRECTION     S (200)
  AVERAGE WIND SPEED     7.3


SKY COVER
  POSSIBLE SUNSHINE  MM
  AVERAGE SKY COVER 0.7


WEATHER CONDITIONS
 THE FOLLOWING WEATHER WAS RECORDED YESTERDAY.
  LIGHT RAIN
  FOG


RELATIVE HUMIDITY (PERCENT)
 HIGHEST   100          1200 AM
 LOWEST     62           300 PM
 AVERAGE    81

..........................................................


THE NEW BERN NC CLIMATE NORMALS FOR TODAY
                         NORMAL    RECORD    YEAR
 MAXIMUM TEMPERATURE (F)   59        79      2011
                                             1953
 MINIMUM TEMPERATURE (F)   37        14      2015


SUNRISE AND SUNSET
FEBRUARY 21 2018......SUNRISE   647 AM EST   SUNSET   557 PM EST
FEBRUARY 22 2018......SUNRISE   646 AM EST   SUNSET   557 PM EST


-  INDICATES NEGATIVE NUMBERS.
R  INDICATES RECORD WAS SET OR TIED.
MM INDICATES DATA IS MISSING.
T  INDICATES TRACE AMOUNT.




$$
