000
CDUS42 KMHX 282126
CLIEWN


CLIMATE REPORT
NATIONAL WEATHER SERVICE NEWPORT/MOREHEAD CITY NC
525 PM EDT WED JUN 28 2017


...................................

...THE NEW BERN NC CLIMATE SUMMARY FOR JUNE 28 2017...
VALID TODAY AS OF 0500 PM LOCAL TIME.

CLIMATE NORMAL PERIOD 1981 TO 2010
CLIMATE RECORD PERIOD 1948 TO 2017


WEATHER ITEM   OBSERVED TIME   RECORD YEAR NORMAL DEPARTURE LAST
                VALUE   (LST)  VALUE       VALUE  FROM      YEAR
                                                  NORMAL
..................................................................
TEMPERATURE (F)
 TODAY
  MAXIMUM         84    343 PM  99    1959  89     -5       85
  MINIMUM         61    523 AM  58    1985  70     -9       69
  AVERAGE         73                        80     -7       77

PRECIPITATION (IN)
  TODAY            T             1.11 1986   0.17  -0.17     0.11
  MONTH TO DATE    5.57                      4.25   1.32     3.40
  SINCE JUN 1      5.57                      4.25   1.32     3.40
  SINCE JAN 1     25.08                     23.64   1.44    26.11

SNOWFALL (IN)
  TODAY            0.0
  MONTH TO DATE    0.0
  SINCE NOV 1      T
  SINCE JUL 1      T
  SNOW DEPTH       0

DEGREE DAYS
 HEATING
  TODAY            0                         0      0        0
  MONTH TO DATE    2                         0      2        0
  SINCE JUN 1      2                         0      2        0
  SINCE JUL 1   2236                      2701   -465     2112

 COOLING
  TODAY            8                        15     -7       12
  MONTH TO DATE  343                       335      8      363
  SINCE JUN 1    343                       335      8      363
  SINCE JAN 1    715                       578    137      633
..................................................................


WIND (MPH)
  HIGHEST WIND SPEED    10   HIGHEST WIND DIRECTION     N (10)
  HIGHEST GUST SPEED    17   HIGHEST GUST DIRECTION     N (10)
  AVERAGE WIND SPEED     3.6


SKY COVER
  POSSIBLE SUNSHINE  MM
  AVERAGE SKY COVER 0.0


WEATHER CONDITIONS
 THE FOLLOWING WEATHER WAS RECORDED TODAY.
  FOG
  HAZE


RELATIVE HUMIDITY (PERCENT)
 HIGHEST    93           300 AM
 LOWEST     37          1200 PM
 AVERAGE    65

..........................................................


THE NEW BERN NC CLIMATE NORMALS FOR TOMORROW
                         NORMAL    RECORD    YEAR
 MAXIMUM TEMPERATURE (F)   89       102      1959
 MINIMUM TEMPERATURE (F)   70        55      1970


SUNRISE AND SUNSET
JUNE 28 2017..........SUNRISE   557 AM EDT   SUNSET   826 PM EDT
JUNE 29 2017..........SUNRISE   557 AM EDT   SUNSET   826 PM EDT


-  INDICATES NEGATIVE NUMBERS.
R  INDICATES RECORD WAS SET OR TIED.
MM INDICATES DATA IS MISSING.
T  INDICATES TRACE AMOUNT.




$$
