000
CDUS42 KMHX 120542
CLIEWN


CLIMATE REPORT
NATIONAL WEATHER SERVICE NEWPORT/MOREHEAD CITY NC
1242 AM EST FRI FEB 12 2016


...................................

...THE NEW BERN NC CLIMATE SUMMARY FOR FEBRUARY 11 2016...

CLIMATE NORMAL PERIOD 1981 TO 2010
CLIMATE RECORD PERIOD 1948 TO 2016


WEATHER ITEM   OBSERVED TIME   RECORD YEAR NORMAL DEPARTURE LAST
                VALUE   (LST)  VALUE       VALUE  FROM      YEAR
                                                  NORMAL
..................................................................
TEMPERATURE (F)
 YESTERDAY
  MAXIMUM         42    358 PM  80    1965  57    -15       44
  MINIMUM         24    719 AM  16    1968  36    -12       29
  AVERAGE         33                        46    -13       37

PRECIPITATION (IN)
  YESTERDAY        0.00          1.96 1983   0.12  -0.12     0.00
  MONTH TO DATE    5.96                      1.36   4.60     1.38
  SINCE DEC 1     16.09                      8.78   7.31    10.02
  SINCE JAN 1      9.67                      5.38   4.29     5.87

SNOWFALL (IN)
  YESTERDAY        0.0
  MONTH TO DATE    0.0
  SINCE NOV 1      T
  SINCE JUL 1      T
  SNOW DEPTH       0

DEGREE DAYS
 HEATING
  YESTERDAY       32                        19     13       28
  MONTH TO DATE  196                       213    -17      215
  SINCE DEC 1   1018                      1426   -408     1290
  SINCE JUL 1   1301                      1853   -552     1735

 COOLING
  YESTERDAY        0                         0      0        0
  MONTH TO DATE    0                         0      0        0
  SINCE DEC 1     49                         4     45        7
  SINCE JAN 1      0                         1     -1        7
..................................................................


WIND (MPH)
  HIGHEST WIND SPEED    18   HIGHEST WIND DIRECTION     W (290)
  HIGHEST GUST SPEED    25   HIGHEST GUST DIRECTION    NW (300)
  AVERAGE WIND SPEED     7.6


SKY COVER
  POSSIBLE SUNSHINE  MM
  AVERAGE SKY COVER 0.0


WEATHER CONDITIONS
 THE FOLLOWING WEATHER WAS RECORDED YESTERDAY.
  NO SIGNIFICANT WEATHER WAS OBSERVED.


RELATIVE HUMIDITY (PERCENT)
 HIGHEST    75          1100 PM
 LOWEST     25           100 PM
 AVERAGE    50

..........................................................


THE NEW BERN NC CLIMATE NORMALS FOR TODAY
                         NORMAL    RECORD    YEAR
 MAXIMUM TEMPERATURE (F)   57        78      1965
 MINIMUM TEMPERATURE (F)   36        13      1968


SUNRISE AND SUNSET
FEBRUARY 12 2016......SUNRISE   658 AM EST   SUNSET   547 PM EST
FEBRUARY 13 2016......SUNRISE   657 AM EST   SUNSET   548 PM EST


-  INDICATES NEGATIVE NUMBERS.
R  INDICATES RECORD WAS SET OR TIED.
MM INDICATES DATA IS MISSING.
T  INDICATES TRACE AMOUNT.




$$
