000
CDUS42 KMHX 240625
CLIEWN


CLIMATE REPORT
NATIONAL WEATHER SERVICE NEWPORT/MOREHEAD CITY NC
125 AM EST FRI FEB 24 2017


...................................

...THE NEW BERN NC CLIMATE SUMMARY FOR FEBRUARY 23 2017...

CLIMATE NORMAL PERIOD 1981 TO 2010
CLIMATE RECORD PERIOD 1948 TO 2017


WEATHER ITEM   OBSERVED TIME   RECORD YEAR NORMAL DEPARTURE LAST
                VALUE   (LST)  VALUE       VALUE  FROM      YEAR
                                                  NORMAL
..................................................................
TEMPERATURE (F)
 YESTERDAY
  MAXIMUM         74    222 PM  81    1980  59     15       64
  MINIMUM         49    609 AM  15    1963  37     12       47
  AVERAGE         62                        48     14       56

PRECIPITATION (IN)
  YESTERDAY        0.00          1.31 1984   0.14  -0.14      T
  MONTH TO DATE    1.97                      2.98  -1.01     6.83
  SINCE DEC 1      9.72                     10.40  -0.68    16.96
  SINCE JAN 1      6.22                      7.00  -0.78    10.54

SNOWFALL (IN)
  YESTERDAY        0.0
  MONTH TO DATE    0.0
  SINCE NOV 1      T
  SINCE JUL 1      T
  SNOW DEPTH       0

DEGREE DAYS
 HEATING
  YESTERDAY        3                        17    -14        9
  MONTH TO DATE  282                       426   -144      437
  SINCE DEC 1   1310                      1639   -329     1331
  SINCE JUL 1   1705                      2066   -361     1614

 COOLING
  YESTERDAY        0                         0      0        0
  MONTH TO DATE    6                         0      6        0
  SINCE DEC 1      6                         4      2       49
  SINCE JAN 1      6                         1      5        0
..................................................................


WIND (MPH)
  HIGHEST WIND SPEED    15   HIGHEST WIND DIRECTION    SE (130)
  HIGHEST GUST SPEED    19   HIGHEST GUST DIRECTION    SE (120)
  AVERAGE WIND SPEED     3.4


SKY COVER
  POSSIBLE SUNSHINE  MM
  AVERAGE SKY COVER 0.1


WEATHER CONDITIONS
 THE FOLLOWING WEATHER WAS RECORDED YESTERDAY.
  FOG
  HAZE


RELATIVE HUMIDITY (PERCENT)
 HIGHEST   100           100 AM
 LOWEST     53           100 PM
 AVERAGE    77

..........................................................


THE NEW BERN NC CLIMATE NORMALS FOR TODAY
                         NORMAL    RECORD    YEAR
 MAXIMUM TEMPERATURE (F)   60        84      1962
 MINIMUM TEMPERATURE (F)   37        23      2009


SUNRISE AND SUNSET
FEBRUARY 24 2017......SUNRISE   644 AM EST   SUNSET   600 PM EST
FEBRUARY 25 2017......SUNRISE   642 AM EST   SUNSET   600 PM EST


-  INDICATES NEGATIVE NUMBERS.
R  INDICATES RECORD WAS SET OR TIED.
MM INDICATES DATA IS MISSING.
T  INDICATES TRACE AMOUNT.




$$
