000
CDUS42 KMHX 230526
CLIEWN


CLIMATE REPORT
NATIONAL WEATHER SERVICE NEWPORT/MOREHEAD CITY NC
1225 AM EST THU NOV 23 2017


...................................

...THE NEW BERN NC CLIMATE SUMMARY FOR NOVEMBER 22 2017...

CLIMATE NORMAL PERIOD 1981 TO 2010
CLIMATE RECORD PERIOD 1948 TO 2017


WEATHER ITEM   OBSERVED TIME   RECORD YEAR NORMAL DEPARTURE LAST
                VALUE   (LST)  VALUE       VALUE  FROM      YEAR
                                                  NORMAL
..................................................................
TEMPERATURE (F)
 YESTERDAY
  MAXIMUM         67    214 PM  78    1992  65      2       54
  MINIMUM         43    953 PM  22    1951  42      1       26
  AVERAGE         55                        53      2       40

PRECIPITATION (IN)
  YESTERDAY        0.24          3.57 2006   0.11   0.13     0.00
  MONTH TO DATE    0.42                      2.46  -2.04     0.61
  SINCE SEP 1      8.40                     11.61  -3.21    18.31
  SINCE JAN 1     47.04                     48.41  -1.37    61.68

SNOWFALL (IN)
  YESTERDAY        0.0
  MONTH TO DATE    0.0
  SINCE NOV 1      0.0
  SINCE JUL 1      0.0
  SNOW DEPTH       0

DEGREE DAYS
 HEATING
  YESTERDAY       10                        12     -2       25
  MONTH TO DATE  237                       204     33      248
  SINCE SEP 1    315                       321     -6      306
  SINCE JUL 1    315                       321     -6      306

 COOLING
  YESTERDAY        0                         0      0        0
  MONTH TO DATE    6                        14     -8        6
  SINCE SEP 1    467                       370     97      500
  SINCE JAN 1   2150                      1899    251     2255
..................................................................


WIND (MPH)
  HIGHEST WIND SPEED    15   HIGHEST WIND DIRECTION     N (20)
  HIGHEST GUST SPEED    19   HIGHEST GUST DIRECTION     N (20)
  AVERAGE WIND SPEED     5.5


SKY COVER
  POSSIBLE SUNSHINE  MM
  AVERAGE SKY COVER 0.5


WEATHER CONDITIONS
 THE FOLLOWING WEATHER WAS RECORDED YESTERDAY.
  RAIN
  LIGHT RAIN
  FOG
  FOG W/VISIBILITY <= 1/4 MILE


RELATIVE HUMIDITY (PERCENT)
 HIGHEST   100           200 AM
 LOWEST     52           300 PM
 AVERAGE    76

..........................................................


THE NEW BERN NC CLIMATE NORMALS FOR TODAY
                         NORMAL    RECORD    YEAR
 MAXIMUM TEMPERATURE (F)   64        83      1992
 MINIMUM TEMPERATURE (F)   42        24      1949


SUNRISE AND SUNSET
NOVEMBER 23 2017......SUNRISE   651 AM EST   SUNSET   458 PM EST
NOVEMBER 24 2017......SUNRISE   652 AM EST   SUNSET   458 PM EST


-  INDICATES NEGATIVE NUMBERS.
R  INDICATES RECORD WAS SET OR TIED.
MM INDICATES DATA IS MISSING.
T  INDICATES TRACE AMOUNT.




$$
