000
CDUS42 KMHX 282130
CLIEWN


CLIMATE REPORT
NATIONAL WEATHER SERVICE NEWPORT/MOREHEAD CITY NC
529 PM EDT SUN AUG 28 2016


...................................

...THE NEW BERN NC CLIMATE SUMMARY FOR AUGUST 28 2016...
VALID TODAY AS OF 0500 PM LOCAL TIME.

CLIMATE NORMAL PERIOD 1981 TO 2010
CLIMATE RECORD PERIOD 1948 TO 2016


WEATHER ITEM   OBSERVED TIME   RECORD YEAR NORMAL DEPARTURE LAST
                VALUE   (LST)  VALUE       VALUE  FROM      YEAR
                                                  NORMAL
..................................................................
TEMPERATURE (F)
 TODAY
  MAXIMUM         84   1233 PM  96    1987  87     -3       83
  MINIMUM         75    530 AM  57    1986  69      6       69
  AVERAGE         80                        78      2       76

PRECIPITATION (IN)
  TODAY            0.54          2.09 1959   0.20   0.34     0.00
  MONTH TO DATE    4.37                      6.07  -1.70     7.64
  SINCE JUN 1     19.89                     16.83   3.06    23.27
  SINCE JAN 1     42.60                     36.22   6.38    40.09

SNOWFALL (IN)
  TODAY            0.0
  MONTH TO DATE    0.0
  SINCE NOV 1      T
  SINCE JUL 1      0.0
  SNOW DEPTH       0

DEGREE DAYS
 HEATING
  TODAY            0                         0      0        0
  MONTH TO DATE    0                         0      0        0
  SINCE JUN 1      0                         1     -1        0
  SINCE JUL 1      0                         0      0        0

 COOLING
  TODAY           15                        13      2       11
  MONTH TO DATE  481                       400     81      398
  SINCE JUN 1   1439                      1247    192     1389
  SINCE JAN 1   1709                      1490    219     1687
..................................................................


WIND (MPH)
  HIGHEST WIND SPEED    20   HIGHEST WIND DIRECTION     E (80)
  HIGHEST GUST SPEED    28   HIGHEST GUST DIRECTION     E (70)
  AVERAGE WIND SPEED     6.7


SKY COVER
  POSSIBLE SUNSHINE  MM
  AVERAGE SKY COVER 0.6


WEATHER CONDITIONS
 THE FOLLOWING WEATHER WAS RECORDED TODAY.
  THUNDERSTORM
  HEAVY RAIN
  RAIN
  LIGHT RAIN
  FOG


RELATIVE HUMIDITY (PERCENT)
 HIGHEST    94           200 AM
 LOWEST     74          1100 AM
 AVERAGE    84

..........................................................


THE NEW BERN NC CLIMATE NORMALS FOR TOMORROW
                         NORMAL    RECORD    YEAR
 MAXIMUM TEMPERATURE (F)   87        98      1993
 MINIMUM TEMPERATURE (F)   69        54      1965


SUNRISE AND SUNSET
AUGUST 28 2016........SUNRISE   638 AM EDT   SUNSET   740 PM EDT
AUGUST 29 2016........SUNRISE   639 AM EDT   SUNSET   738 PM EDT


-  INDICATES NEGATIVE NUMBERS.
R  INDICATES RECORD WAS SET OR TIED.
MM INDICATES DATA IS MISSING.
T  INDICATES TRACE AMOUNT.




$$
