000
CDUS42 KMHX 270526
CLIEWN


CLIMATE REPORT
NATIONAL WEATHER SERVICE NEWPORT/MOREHEAD CITY NC
126 AM EDT THU APR 27 2017


...................................

...THE NEW BERN NC CLIMATE SUMMARY FOR APRIL 26 2017...

CLIMATE NORMAL PERIOD 1981 TO 2010
CLIMATE RECORD PERIOD 1948 TO 2017


WEATHER ITEM   OBSERVED TIME   RECORD YEAR NORMAL DEPARTURE LAST
                VALUE   (LST)  VALUE       VALUE  FROM      YEAR
                                                  NORMAL
..................................................................
TEMPERATURE (F)
 YESTERDAY
  MAXIMUM         81    351 PM  95    1990  76      5       84
  MINIMUM         59    215 AM  39    2001  53      6       56
  AVERAGE         70                        64      6       70

PRECIPITATION (IN)
  YESTERDAY        0.00          1.62 1979   0.11  -0.11     0.00
  MONTH TO DATE    4.36                      2.75   1.61     1.34
  SINCE MAR 1      8.39                      7.14   1.25     4.67
  SINCE JAN 1     14.61                     14.82  -0.21    15.69

SNOWFALL (IN)
  YESTERDAY        0.0
  MONTH TO DATE    0.0
  SINCE NOV 1      T
  SINCE JUL 1      T
  SNOW DEPTH       0

DEGREE DAYS
 HEATING
  YESTERDAY        0                         3     -3        0
  MONTH TO DATE   55                       141    -86      169
  SINCE MAR 1    466                       510    -44      386
  SINCE JUL 1   2206                      2656   -450     2074

 COOLING
  YESTERDAY        5                         3      2        5
  MONTH TO DATE   82                        45     37       32
  SINCE MAR 1     93                        56     37       80
  SINCE JAN 1     99                        59     40       80
..................................................................


WIND (MPH)
  HIGHEST WIND SPEED    13   HIGHEST WIND DIRECTION     S (170)
  HIGHEST GUST SPEED    19   HIGHEST GUST DIRECTION     W (250)
  AVERAGE WIND SPEED     6.6


SKY COVER
  POSSIBLE SUNSHINE  MM
  AVERAGE SKY COVER 0.5


WEATHER CONDITIONS
 THE FOLLOWING WEATHER WAS RECORDED YESTERDAY.
  NO SIGNIFICANT WEATHER WAS OBSERVED.


RELATIVE HUMIDITY (PERCENT)
 HIGHEST   100          1200 AM
 LOWEST     58           200 PM
 AVERAGE    79

..........................................................


THE NEW BERN NC CLIMATE NORMALS FOR TODAY
                         NORMAL    RECORD    YEAR
 MAXIMUM TEMPERATURE (F)   76        94      1990
 MINIMUM TEMPERATURE (F)   53        36      1963


SUNRISE AND SUNSET
APRIL 27 2017.........SUNRISE   621 AM EDT   SUNSET   751 PM EDT
APRIL 28 2017.........SUNRISE   620 AM EDT   SUNSET   752 PM EDT


-  INDICATES NEGATIVE NUMBERS.
R  INDICATES RECORD WAS SET OR TIED.
MM INDICATES DATA IS MISSING.
T  INDICATES TRACE AMOUNT.




$$
