000
CDUS42 KMHX 222225
CLIEWN


CLIMATE REPORT
NATIONAL WEATHER SERVICE NEWPORT/MOREHEAD CITY NC
525 PM EST MON DEC 22 2014


...................................

...THE NEW BERN NC CLIMATE SUMMARY FOR DECEMBER 22 2014...
VALID TODAY AS OF 0500 PM LOCAL TIME.

CLIMATE NORMAL PERIOD 1981 TO 2010
CLIMATE RECORD PERIOD 1948 TO 2014


WEATHER ITEM   OBSERVED TIME   RECORD YEAR NORMAL DEPARTURE LAST
                VALUE   (LST)  VALUE       VALUE  FROM      YEAR
                                                  NORMAL
..................................................................
TEMPERATURE (F)
 TODAY
  MAXIMUM         52    220 PM  82    2013  56     -4       82
  MINIMUM         44   1229 AM  17    1989  35      9       69
  AVERAGE         48                        45      3       76

PRECIPITATION (IN)
  TODAY            0.31          1.42 2006   0.12   0.19     0.01
  MONTH TO DATE    1.10                      2.41  -1.31     1.44
  SINCE DEC 1      1.10                      2.41  -1.31     1.44
  SINCE JAN 1     51.81                     51.76   0.05    41.72

SNOWFALL (IN)
  TODAY           MM
  MONTH TO DATE    0.0
  SINCE NOV 1      0.0
  SINCE JUL 1      0.0
  SNOW DEPTH       0

DEGREE DAYS
 HEATING
  TODAY           17                        20     -3        0
  MONTH TO DATE  350                       383    -33      283
  SINCE DEC 1    350                       383    -33      283
  SINCE JUL 1    795                       810    -15      706

 COOLING
  TODAY            0                         0      0       11
  MONTH TO DATE    0                         0      0       23
  SINCE DEC 1      0                         0      0       23
  SINCE JAN 1   2193                      1900    293     2029
..................................................................


WIND (MPH)
  HIGHEST WIND SPEED    13   HIGHEST WIND DIRECTION    NE (30)
  HIGHEST GUST SPEED    19   HIGHEST GUST DIRECTION    NE (60)
  AVERAGE WIND SPEED     7.5


SKY COVER
  POSSIBLE SUNSHINE  MM
  AVERAGE SKY COVER 0.9


WEATHER CONDITIONS
 THE FOLLOWING WEATHER WAS RECORDED TODAY.
  RAIN
  LIGHT RAIN
  FOG
  HAZE


RELATIVE HUMIDITY (PERCENT)
 HIGHEST    93           500 PM
 LOWEST     82           200 AM
 AVERAGE    88

..........................................................


THE NEW BERN NC CLIMATE NORMALS FOR TOMORROW
                         NORMAL    RECORD    YEAR
 MAXIMUM TEMPERATURE (F)   56        79      2013
 MINIMUM TEMPERATURE (F)   35        15      1989
                                             1947


SUNRISE AND SUNSET
DECEMBER 22 2014......SUNRISE   713 AM EST   SUNSET   501 PM EST
DECEMBER 23 2014......SUNRISE   713 AM EST   SUNSET   501 PM EST


-  INDICATES NEGATIVE NUMBERS.
R  INDICATES RECORD WAS SET OR TIED.
MM INDICATES DATA IS MISSING.
T  INDICATES TRACE AMOUNT.




$$
