000
CDUS41 KOKX 300616
CLIEWR


CLIMATE REPORT
NATIONAL WEATHER SERVICE NEW YORK NY
216 AM EDT TUE SEP 30 2014


...................................

...THE NEWARK NJ CLIMATE SUMMARY FOR SEPTEMBER 29 2014...

CLIMATE NORMAL PERIOD 1981 TO 2010
CLIMATE RECORD PERIOD 1929 TO 2014


WEATHER ITEM   OBSERVED TIME   RECORD YEAR NORMAL DEPARTURE LAST
                VALUE   (LST)  VALUE       VALUE  FROM      YEAR
                                                  NORMAL
..................................................................
TEMPERATURE (F)
 YESTERDAY
  MAXIMUM         79    254 PM  89    1945  72      7       71
  MINIMUM         65    546 AM  40    1942  54     11       53
  AVERAGE         72                        63      9       62

PRECIPITATION (IN)
  YESTERDAY        T             1.93 1963   0.14  -0.14     0.00
  MONTH TO DATE    1.52                      3.68  -2.16     1.54
  SINCE SEP 1      1.52                      3.68  -2.16     1.54
  SINCE JAN 1     36.14                     35.05   1.09    34.84

SNOWFALL (IN)
  YESTERDAY        0.0           0.0  2002   0.0    0.0      0.0
                                      2001
  MONTH TO DATE    0.0                       0.0    0.0      0.0
  SINCE OCT 1     61.1                      28.5   32.6     29.5
  SINCE JUL 1      0.0                       0.0    0.0      0.0
  SNOW DEPTH       0

DEGREE DAYS
 HEATING
  YESTERDAY        0                         4     -4        3
  MONTH TO DATE   19                        39    -20       46
  SINCE SEP 1     19                        39    -20       46
  SINCE JUL 1     19                        40    -21       46

 COOLING
  YESTERDAY        7                         2      5        0
  MONTH TO DATE  166                       137     29      119
  SINCE SEP 1    166                       137     29      119
  SINCE JAN 1   1151                      1171    -20     1290
..................................................................


WIND (MPH)
  HIGHEST WIND SPEED    10   HIGHEST WIND DIRECTION    SW (240)
  HIGHEST GUST SPEED    24   HIGHEST GUST DIRECTION     W (260)
  AVERAGE WIND SPEED     5.2


SKY COVER
  AVERAGE SKY COVER 0.9


WEATHER CONDITIONS
 THE FOLLOWING WEATHER WAS RECORDED YESTERDAY.
  LIGHT RAIN


RELATIVE HUMIDITY (PERCENT)
 HIGHEST    81           100 AM
 LOWEST     45           100 PM
 AVERAGE    63

..........................................................


THE NEWARK NJ CLIMATE NORMALS FOR TODAY
                         NORMAL    RECORD    YEAR
 MAXIMUM TEMPERATURE (F)   71        89      1986
 MINIMUM TEMPERATURE (F)   54        38      1942


SUNRISE AND SUNSET
SEPTEMBER 30 2014.....SUNRISE   652 AM EDT   SUNSET   640 PM EDT
OCTOBER  1 2014.......SUNRISE   653 AM EDT   SUNSET   639 PM EDT


-  INDICATES NEGATIVE NUMBERS.
R  INDICATES RECORD WAS SET OR TIED.
MM INDICATES DATA IS MISSING.
T  INDICATES TRACE AMOUNT.




$$
