000
CDUS41 KOKX 250616
CLIEWR


CLIMATE REPORT
NATIONAL WEATHER SERVICE NEW YORK NY
216 AM EDT FRI APR 25 2014


...................................

...THE NEWARK NJ CLIMATE SUMMARY FOR APRIL 24 2014...

CLIMATE NORMAL PERIOD 1981 TO 2010
CLIMATE RECORD PERIOD 1929 TO 2014


WEATHER ITEM   OBSERVED TIME   RECORD YEAR NORMAL DEPARTURE LAST
                VALUE   (LST)  VALUE       VALUE  FROM      YEAR
                                                  NORMAL
..................................................................
TEMPERATURE (F)
 YESTERDAY
  MAXIMUM         64    405 PM  87    2001  65     -1       71
  MINIMUM         42    531 AM  36    1967  47     -5       42
  AVERAGE         53                        56     -3       57

PRECIPITATION (IN)
  YESTERDAY        0.00          1.72 1944   0.13  -0.13     0.00
  MONTH TO DATE    1.96                      3.41  -1.45     1.34
  SINCE MAR 1      5.61                      7.59  -1.98     4.34
  SINCE JAN 1     13.33                     14.01  -0.68    10.68

SNOWFALL (IN)
  YESTERDAY        0.0           T    1967   0.0    0.0      0.0
  MONTH TO DATE    0.4                       0.9   -0.5      0.0
  SINCE OCT 1     61.1                      28.5   32.6     29.5
  SINCE JUL 1     61.1                      28.5   32.6     29.5
  SNOW DEPTH       0

DEGREE DAYS
 HEATING
  YESTERDAY       12                        10      2        8
  MONTH TO DATE  307                       325    -18      303
  SINCE MAR 1   1141                      1034    107     1062
  SINCE JUL 1   5016                      4669    347     4442

 COOLING
  YESTERDAY        0                         1     -1        0
  MONTH TO DATE    8                         3      5        3
  SINCE MAR 1      8                         4      4        3
  SINCE JAN 1      8                         4      4        3
..................................................................


WIND (MPH)
  HIGHEST WIND SPEED    30   HIGHEST WIND DIRECTION     W (290)
  HIGHEST GUST SPEED    41   HIGHEST GUST DIRECTION    NW (330)
  AVERAGE WIND SPEED    19.1


SKY COVER
  AVERAGE SKY COVER 0.1


WEATHER CONDITIONS
 THE FOLLOWING WEATHER WAS RECORDED YESTERDAY.
  NO SIGNIFICANT WEATHER WAS OBSERVED.


RELATIVE HUMIDITY (PERCENT)
 HIGHEST    57           200 AM
 LOWEST     11           500 PM
 AVERAGE    34

..........................................................


THE NEWARK NJ CLIMATE NORMALS FOR TODAY
                         NORMAL    RECORD    YEAR
 MAXIMUM TEMPERATURE (F)   66        91      1960
 MINIMUM TEMPERATURE (F)   47        34      1936


SUNRISE AND SUNSET
APRIL 25 2014.........SUNRISE   603 AM EDT   SUNSET   746 PM EDT
APRIL 26 2014.........SUNRISE   602 AM EDT   SUNSET   748 PM EDT


-  INDICATES NEGATIVE NUMBERS.
R  INDICATES RECORD WAS SET OR TIED.
MM INDICATES DATA IS MISSING.
T  INDICATES TRACE AMOUNT.




$$
