000
CDUS43 KIND 180534
CLIEYE


CLIMATE REPORT
NATIONAL WEATHER SERVICE INDIANAPOLIS IN
134 AM EDT FRI APR 18 2014


...................................

...THE INDIANAPOLIS EAGLE CREEK IN CLIMATE SUMMARY FOR APRIL 17 2014...

CLIMATE NORMAL PERIOD 1981 TO 2010
CLIMATE RECORD PERIOD 9999 TO 9999


WEATHER ITEM   OBSERVED TIME   NORMAL DEPARTURE LAST
                VALUE   (LST)  VALUE  FROM      YEAR
                                      NORMAL
......................................................
TEMPERATURE (F)
 YESTERDAY
  MAXIMUM         64    458 PM  63      1       73
  MINIMUM         35    530 AM  44     -9       47
  AVERAGE         50            54     -4       60

PRECIPITATION (IN)
  YESTERDAY        0.00          0.12  -0.12    MM
  MONTH TO DATE    4.53          1.97   2.56     0.69
  SINCE MAR 1      5.51          5.27   0.24     2.15
  SINCE JAN 1      9.89          9.61   0.28     9.09

DEGREE DAYS
 HEATING
  YESTERDAY       15            12      3        5
  MONTH TO DATE  254           243     11      222
  SINCE MAR 1   1151           943    208     1148
  SINCE JUL 1   5977          5068    909     5262

 COOLING
  YESTERDAY        0             1     -1        0
  MONTH TO DATE    5             7     -2        3
  SINCE MAR 1      5             8     -3        3
  SINCE JAN 1      5             8     -3        3
......................................................


WIND (MPH)
  HIGHEST WIND SPEED    18   HIGHEST WIND DIRECTION    SW (210)
  HIGHEST GUST SPEED    27   HIGHEST GUST DIRECTION     S (190)
  AVERAGE WIND SPEED     6.1


SKY COVER
  AVERAGE SKY COVER 0.0


WEATHER CONDITIONS
 THE FOLLOWING WEATHER WAS RECORDED YESTERDAY.
  NO SIGNIFICANT WEATHER WAS OBSERVED.


RELATIVE HUMIDITY (PERCENT)
 HIGHEST    80          1100 PM
 LOWEST     27           100 PM
 AVERAGE    54

..........................................................


THE INDIANAPOLIS EAGLE CREEK IN CLIMATE NORMALS FOR TODAY
                         NORMAL
 MAXIMUM TEMPERATURE (F)   64
 MINIMUM TEMPERATURE (F)   44


SUNRISE AND SUNSET
APRIL 18 2014.........SUNRISE   703 AM EDT   SUNSET   826 PM EDT
APRIL 19 2014.........SUNRISE   702 AM EDT   SUNSET   827 PM EDT


-  INDICATES NEGATIVE NUMBERS.
R  INDICATES RECORD WAS SET OR TIED.
MM INDICATES DATA IS MISSING.
T  INDICATES TRACE AMOUNT.




$$
