000
CDUS43 KIND 010532
CLIEYE


CLIMATE REPORT
NATIONAL WEATHER SERVICE INDIANAPOLIS IN
131 AM EDT WED OCT 1 2014


...................................

...THE INDIANAPOLIS EAGLE CREEK IN CLIMATE SUMMARY FOR SEPTEMBER 30 2014...

CLIMATE NORMAL PERIOD 1981 TO 2010
CLIMATE RECORD PERIOD 9999 TO 9999


WEATHER ITEM   OBSERVED TIME   NORMAL DEPARTURE LAST
                VALUE   (LST)  VALUE  FROM      YEAR
                                      NORMAL
......................................................
TEMPERATURE (F)
 YESTERDAY
  MAXIMUM         71    242 PM  71      0       73
  MINIMUM         51   1159 PM  51      0       60
  AVERAGE         61            61      0       67

PRECIPITATION (IN)
  YESTERDAY        0.00          0.09  -0.09     0.01
  MONTH TO DATE    3.42          2.25   1.17     2.31
  SINCE SEP 1      3.42          2.25   1.17     2.31
  SINCE JAN 1     32.24         30.90   1.34    29.80

DEGREE DAYS
 HEATING
  YESTERDAY        4             6     -2        0
  MONTH TO DATE   74            58     16       42
  SINCE SEP 1     74            58     16       42
  SINCE JUL 1     82            61     21       53

 COOLING
  YESTERDAY        0             1     -1        2
  MONTH TO DATE   92           123    -31      143
  SINCE SEP 1     92           123    -31      143
  SINCE JAN 1    885          1043   -158      978
......................................................


WIND (MPH)
  HIGHEST WIND SPEED    14   HIGHEST WIND DIRECTION     N (360)
  HIGHEST GUST SPEED    18   HIGHEST GUST DIRECTION     N (360)
  AVERAGE WIND SPEED     6.1


SKY COVER
  AVERAGE SKY COVER 0.4


WEATHER CONDITIONS
 THE FOLLOWING WEATHER WAS RECORDED YESTERDAY.
  FOG


RELATIVE HUMIDITY (PERCENT)
 HIGHEST    93           500 AM
 LOWEST     53           300 PM
 AVERAGE    73

..........................................................


THE INDIANAPOLIS EAGLE CREEK IN CLIMATE NORMALS FOR TODAY
                         NORMAL
 MAXIMUM TEMPERATURE (F)   71
 MINIMUM TEMPERATURE (F)   50


SUNRISE AND SUNSET
OCTOBER  1 2014.......SUNRISE   741 AM EDT   SUNSET   728 PM EDT
OCTOBER  2 2014.......SUNRISE   742 AM EDT   SUNSET   726 PM EDT


-  INDICATES NEGATIVE NUMBERS.
R  INDICATES RECORD WAS SET OR TIED.
MM INDICATES DATA IS MISSING.
T  INDICATES TRACE AMOUNT.




$$
