000
CDUS43 KIND 020538
CLIEYE


CLIMATE REPORT
NATIONAL WEATHER SERVICE INDIANAPOLIS IN
138 AM EDT MON MAY 2 2016


...................................

...THE INDIANAPOLIS EAGLE CREEK IN CLIMATE SUMMARY FOR MAY 1 2016...

CLIMATE NORMAL PERIOD 1981 TO 2010
CLIMATE RECORD PERIOD 9999 TO 9999


WEATHER ITEM   OBSERVED TIME   NORMAL DEPARTURE LAST
                VALUE   (LST)  VALUE  FROM      YEAR
                                      NORMAL
......................................................
TEMPERATURE (F)
 YESTERDAY
  MAXIMUM         76    443 PM  68      8       70
  MINIMUM         60   1159 PM  48     12       41
  AVERAGE         68            58     10       56

PRECIPITATION (IN)
  YESTERDAY        0.09          0.22  -0.13     0.00
  MONTH TO DATE    0.09          0.22  -0.13     0.00
  SINCE MAR 1      6.39          7.42  -1.03     8.13
  SINCE JAN 1      8.35         11.76  -3.41    10.61

DEGREE DAYS
 HEATING
  YESTERDAY        0             8     -8        9
  MONTH TO DATE    0             8     -8        9
  SINCE MAR 1    839          1078   -239     1161
  SINCE JUL 1   4352          5203   -851     5847

 COOLING
  YESTERDAY        3             1      2        0
  MONTH TO DATE    3             1      2        0
  SINCE MAR 1     16            16      0        4
  SINCE JAN 1     16            16      0        4
......................................................


WIND (MPH)
  HIGHEST WIND SPEED    15   HIGHEST WIND DIRECTION     N (340)
  HIGHEST GUST SPEED    20   HIGHEST GUST DIRECTION    NW (320)
  AVERAGE WIND SPEED     4.3


SKY COVER
  AVERAGE SKY COVER 0.5


WEATHER CONDITIONS
 THE FOLLOWING WEATHER WAS RECORDED YESTERDAY.
  THUNDERSTORM
  LIGHT RAIN
  FOG


RELATIVE HUMIDITY (PERCENT)
 HIGHEST   100           700 AM
 LOWEST     50           400 PM
 AVERAGE    75

..........................................................


THE INDIANAPOLIS EAGLE CREEK IN CLIMATE NORMALS FOR TODAY
                         NORMAL
 MAXIMUM TEMPERATURE (F)   68
 MINIMUM TEMPERATURE (F)   48


SUNRISE AND SUNSET
MAY  2 2016...........SUNRISE   644 AM EDT   SUNSET   841 PM EDT
MAY  3 2016...........SUNRISE   643 AM EDT   SUNSET   842 PM EDT


-  INDICATES NEGATIVE NUMBERS.
R  INDICATES RECORD WAS SET OR TIED.
MM INDICATES DATA IS MISSING.
T  INDICATES TRACE AMOUNT.




$$
