000
CDUS43 KIND 010532
CLIEYE


CLIMATE REPORT
NATIONAL WEATHER SERVICE INDIANAPOLIS IN
132 AM EDT MON SEP 1 2014


...................................

...THE INDIANAPOLIS EAGLE CREEK IN CLIMATE SUMMARY FOR AUGUST 31 2014...

CLIMATE NORMAL PERIOD 1981 TO 2010
CLIMATE RECORD PERIOD 9999 TO 9999


WEATHER ITEM   OBSERVED TIME   NORMAL DEPARTURE LAST
                VALUE   (LST)  VALUE  FROM      YEAR
                                      NORMAL
......................................................
TEMPERATURE (F)
 YESTERDAY
  MAXIMUM         82    555 PM  82      0       93
  MINIMUM         70    321 AM  63      7       69
  AVERAGE         76            73      3       81

PRECIPITATION (IN)
  YESTERDAY        0.04          0.12  -0.08     0.70
  MONTH TO DATE    3.22          3.19   0.03     1.74
  SINCE JUN 1     12.37         11.84   0.53     8.65
  SINCE JAN 1     28.82         28.65   0.17    27.49

DEGREE DAYS
 HEATING
  YESTERDAY        0             0      0        0
  MONTH TO DATE    3             0      3        8
  SINCE JUN 1     11            17     -6       25
  SINCE JUL 1      8             3      5       11

 COOLING
  YESTERDAY       11             8      3       16
  MONTH TO DATE  277           284     -7      274
  SINCE JUN 1    685           836   -151      724
  SINCE JAN 1    793           920   -127      835
......................................................


WIND (MPH)
  HIGHEST WIND SPEED    14   HIGHEST WIND DIRECTION    SW (210)
  HIGHEST GUST SPEED    23   HIGHEST GUST DIRECTION     S (160)
  AVERAGE WIND SPEED     5.6


SKY COVER
  AVERAGE SKY COVER 0.6


WEATHER CONDITIONS
 THE FOLLOWING WEATHER WAS RECORDED YESTERDAY.
  LIGHT RAIN
  FOG


RELATIVE HUMIDITY (PERCENT)
 HIGHEST    93          1000 AM
 LOWEST     58           600 PM
 AVERAGE    76

..........................................................


THE INDIANAPOLIS EAGLE CREEK IN CLIMATE NORMALS FOR TODAY
                         NORMAL
 MAXIMUM TEMPERATURE (F)   82
 MINIMUM TEMPERATURE (F)   63


SUNRISE AND SUNSET
SEPTEMBER  1 2014.....SUNRISE   713 AM EDT   SUNSET   816 PM EDT
SEPTEMBER  2 2014.....SUNRISE   714 AM EDT   SUNSET   815 PM EDT


-  INDICATES NEGATIVE NUMBERS.
R  INDICATES RECORD WAS SET OR TIED.
MM INDICATES DATA IS MISSING.
T  INDICATES TRACE AMOUNT.




$$
