000
CDUS42 KKEY 302117
CLIEYW


CLIMATE REPORT
NATIONAL WEATHER SERVICE KEY WEST, FL
516 PM EDT SUN APR 30 2017


...................................

...THE KEY WEST CLIMATE SUMMARY FOR APRIL 30 2017...
VALID TODAY AS OF 0500 PM LOCAL TIME.

CLIMATE NORMAL PERIOD 1981 TO 2010
CLIMATE RECORD PERIOD 1871 TO 2017


WEATHER ITEM   OBSERVED TIME   RECORD YEAR NORMAL DEPARTURE LAST
                VALUE   (LST)  VALUE       VALUE  FROM      YEAR
                                                  NORMAL
..................................................................
TEMPERATURE (F)
 TODAY
  MAXIMUM         85    300 PM  90    1883  83      2       83
  MINIMUM         79    623 AM  59    1992  74      5       76
  AVERAGE         82                        78      4       80

PRECIPITATION (IN)
  TODAY            T             3.37 2003   0.05  -0.05     0.00
  MONTH TO DATE    3.88                      2.05   1.83     1.40
  SINCE MAR 1      4.81                      4.10   0.71     1.70
  SINCE JAN 1      7.86                      7.63   0.23     8.78

SNOWFALL (IN)
  TODAY            0.0
  MONTH TO DATE    0.0
  SINCE MAR 1      0.0
  SINCE JUL 1      0.0
  SNOW DEPTH       0

DEGREE DAYS
 HEATING
  TODAY            0                         0      0        0
  MONTH TO DATE    0                         0      0        0
  SINCE MAR 1      0                         7     -7        0
  SINCE JUL 1      5                        73    -68       24

 COOLING
  TODAY           17                        13      4       15
  MONTH TO DATE  388                       344     44      368
  SINCE MAR 1    694                       606     88      693
  SINCE JAN 1   1234                       954    280     1021
..................................................................


WIND (MPH)
  HIGHEST WIND SPEED    23   HIGHEST WIND DIRECTION     E (100)
  HIGHEST GUST SPEED    30   HIGHEST GUST DIRECTION     E (100)
  AVERAGE WIND SPEED    19.4


SKY COVER
  POSSIBLE SUNSHINE  MM
  AVERAGE SKY COVER 0.1


WEATHER CONDITIONS
 THE FOLLOWING WEATHER WAS RECORDED TODAY.
  LIGHT RAIN


RELATIVE HUMIDITY (PERCENT)
 HIGHEST    85
 LOWEST     70
 AVERAGE    78

..........................................................


THE KEY WEST CLIMATE NORMALS FOR TOMORROW
                         NORMAL    RECORD    YEAR
 MAXIMUM TEMPERATURE (F)   83        90      1873
 MINIMUM TEMPERATURE (F)   74        64      1992


SUNRISE AND SUNSET
APRIL 30 2017.........SUNRISE   652 AM EDT   SUNSET   756 PM EDT
MAY  1 2017...........SUNRISE   652 AM EDT   SUNSET   757 PM EDT


-  INDICATES NEGATIVE NUMBERS.
R  INDICATES RECORD WAS SET OR TIED.
MM INDICATES DATA IS MISSING.
T  INDICATES TRACE AMOUNT.




$$
