000
CDUS42 KKEY 102029
CLIEYW

CLIMATE REPORT
NATIONAL WEATHER SERVICE KEY WEST, FL
426 PM EDT THU JUL 10 2014

...................................

...THE KEY WEST CLIMATE SUMMARY FOR JULY 10 2014...
VALID TODAY AS OF 0400 PM LOCAL TIME.

CLIMATE NORMAL PERIOD 1981 TO 2010
CLIMATE RECORD PERIOD 1871 TO 2014

WEATHER ITEM   OBSERVED TIME   RECORD YEAR NORMAL DEPARTURE LAST
                VALUE   (LST)  VALUE       VALUE  FROM      YEAR
                                                  NORMAL
..................................................................
TEMPERATURE (F)
 TODAY
  MAXIMUM         91    211 PM  94    1882  89      2       88
  MINIMUM         83    456 AM  71    1966  80      3       76
  AVERAGE         87                        84      3       82

PRECIPITATION (IN)
  TODAY            0.00          2.27 1965   0.11  -0.11     0.08
  MONTH TO DATE    T                         1.19  -1.19     3.37
  SINCE JUN 1      2.38                      5.30  -2.92    11.91
  SINCE JAN 1     15.23                     15.93  -0.70    26.70

SNOWFALL (IN)
  TODAY            0.0
  MONTH TO DATE    0.0
  SINCE JUN 1      0.0
  SINCE JUL 1      0.0
  SNOW DEPTH       0

DEGREE DAYS
 HEATING
  TODAY            0                         0      0        0
  MONTH TO DATE    0                         0      0        0
  SINCE JUN 1      0                         0      0        0
  SINCE JUL 1      0                         0      0        0

 COOLING
  TODAY           22                        19      3       17
  MONTH TO DATE  217                       190     27      176
  SINCE JUN 1    775                       739     36      734
  SINCE JAN 1   2397                      2169    228     2363
..................................................................


WIND (MPH)
  HIGHEST WIND SPEED    15   HIGHEST WIND DIRECTION    SE (120)
  HIGHEST GUST SPEED    22   HIGHEST GUST DIRECTION    SE (140)
  AVERAGE WIND SPEED    10.5


SKY COVER
  POSSIBLE SUNSHINE  MM
  AVERAGE SKY COVER 0.1


WEATHER CONDITIONS
 THE FOLLOWING WEATHER WAS RECORDED TODAY.
  THUNDERSTORM


RELATIVE HUMIDITY (PERCENT)
 HIGHEST    74
 LOWEST     60
 AVERAGE    67

..........................................................


THE KEY WEST CLIMATE NORMALS FOR TOMORROW
                         NORMAL    RECORD    YEAR
 MAXIMUM TEMPERATURE (F)   89        94      2007
 MINIMUM TEMPERATURE (F)   80        71      1929


SUNRISE AND SUNSET
JULY 10 2014..........SUNRISE   645 AM EDT   SUNSET   819 PM EDT
JULY 11 2014..........SUNRISE   646 AM EDT   SUNSET   819 PM EDT


-  INDICATES NEGATIVE NUMBERS.
R  INDICATES RECORD WAS SET OR TIED.
MM INDICATES DATA IS MISSING.
T  INDICATES TRACE AMOUNT.

$$
