000
CDUS42 KKEY 210541
CLIEYW

CLIMATE REPORT
NATIONAL WEATHER SERVICE KEY WEST, FL
1239 AM EST WED FEB 21 2018


...................................

...THE KEY WEST CLIMATE SUMMARY FOR FEBRUARY 20 2018...

CLIMATE NORMAL PERIOD 1981 TO 2010
CLIMATE RECORD PERIOD 1871 TO 2018


WEATHER ITEM   OBSERVED TIME   RECORD YEAR NORMAL DEPARTURE LAST
                VALUE   (LST)  VALUE       VALUE  FROM      YEAR
                                                  NORMAL
..................................................................
TEMPERATURE (F)
 YESTERDAY
  MAXIMUM         82    323 PM  85    1984  76      6       81
  MINIMUM         76    515 AM  49    2015  67      9       70
  AVERAGE         79                        71      8       76

PRECIPITATION (IN)
  YESTERDAY        0.00          1.09 1941   0.05  -0.05     0.00
  MONTH TO DATE    0.11                      1.00  -0.89     0.14
  SINCE DEC 1      2.29                      5.26  -2.97     2.88
  SINCE JAN 1      1.01                      3.04  -2.03     1.14

SNOWFALL (IN)
  YESTERDAY        0.0
  MONTH TO DATE    0.0
  SINCE DEC 1      0.0
  SINCE JUL 1      0.0
  SNOW DEPTH       0

DEGREE DAYS
 HEATING
  YESTERDAY        0                         1     -1        0
  MONTH TO DATE    0                        17    -17        0
  SINCE DEC 1     42                        67    -25        5
  SINCE JUL 1     42                        68    -26        5

 COOLING
  YESTERDAY       14                         7      7       11
  MONTH TO DATE  230                       127    103      195
  SINCE DEC 1    609                       509    100      849
  SINCE JAN 1    349                       292     57      456
..................................................................


WIND (MPH)
  HIGHEST WIND SPEED    26   HIGHEST WIND DIRECTION     E (100)
  HIGHEST GUST SPEED    33   HIGHEST GUST DIRECTION     E (100)
  AVERAGE WIND SPEED    18.5


SKY COVER
  POSSIBLE SUNSHINE  MM
  AVERAGE SKY COVER 0.2


WEATHER CONDITIONS
 THE FOLLOWING WEATHER WAS RECORDED YESTERDAY.
  NO SIGNIFICANT WEATHER WAS OBSERVED.


RELATIVE HUMIDITY (PERCENT)
 HIGHEST    87
 LOWEST     69
 AVERAGE    78

..........................................................


THE KEY WEST CLIMATE NORMALS FOR TODAY
                         NORMAL    RECORD    YEAR
 MAXIMUM TEMPERATURE (F)   77        85      1882
 MINIMUM TEMPERATURE (F)   67        51      1958
                                             1908


SUNRISE AND SUNSET
FEBRUARY 21 2018......SUNRISE   656 AM EST   SUNSET   625 PM EST
FEBRUARY 22 2018......SUNRISE   655 AM EST   SUNSET   626 PM EST


-  INDICATES NEGATIVE NUMBERS.
R  INDICATES RECORD WAS SET OR TIED.
MM INDICATES DATA IS MISSING.
T  INDICATES TRACE AMOUNT.


$$

APA
