000
CDUS42 KKEY 270603
CLIEYW

CLIMATE REPORT
NATIONAL WEATHER SERVICE KEY WEST, FL
1258 AM EST SAT DEC 27 2014

...................................

...THE KEY WEST CLIMATE SUMMARY FOR DECEMBER 26 2014...

CLIMATE NORMAL PERIOD 1981 TO 2010
CLIMATE RECORD PERIOD 1871 TO 2014


WEATHER ITEM   OBSERVED TIME   RECORD YEAR NORMAL DEPARTURE LAST
                VALUE   (LST)  VALUE       VALUE  FROM      YEAR
                                                  NORMAL
..................................................................
TEMPERATURE (F)
 YESTERDAY
  MAXIMUM         78    420 PM  87    1876  75      3       79
  MINIMUM         69    620 AM  45    1983  65      4       71
  AVERAGE         74                        70      4       75

PRECIPITATION (IN)
  YESTERDAY        0.02          1.19 1958   0.05  -0.03     0.00
  MONTH TO DATE    2.20                      1.92   0.28     0.95
  SINCE DEC 1      2.20                      1.92   0.28     0.95
  SINCE JAN 1     36.57                     39.53  -2.96    46.55

SNOWFALL (IN)
  YESTERDAY        0.0
  MONTH TO DATE    0.0
  SINCE DEC 1      0.0
  SINCE JUL 1      0.0
  SNOW DEPTH       0

DEGREE DAYS
 HEATING
  YESTERDAY        0                         1     -1        0
  MONTH TO DATE    5                        10     -5        0
  SINCE DEC 1      5                        10     -5        0
  SINCE JUL 1      6                        11     -5        0

 COOLING
  YESTERDAY        9                         6      3       10
  MONTH TO DATE  194                       188      6      286
  SINCE DEC 1    194                       188      6      286
  SINCE JAN 1   5037                      4721    316     5047
..................................................................


WIND (MPH)
  HIGHEST WIND SPEED    15   HIGHEST WIND DIRECTION    NE (30)
  HIGHEST GUST SPEED    19   HIGHEST GUST DIRECTION    NE (30)
  AVERAGE WIND SPEED     8.3


SKY COVER
  POSSIBLE SUNSHINE  MM
  AVERAGE SKY COVER 0.7


WEATHER CONDITIONS
 THE FOLLOWING WEATHER WAS RECORDED YESTERDAY.
  LIGHT RAIN
  FOG


RELATIVE HUMIDITY (PERCENT)
 HIGHEST    97
 LOWEST     68
 AVERAGE    83

..........................................................


THE KEY WEST CLIMATE NORMALS FOR TODAY
                         NORMAL    RECORD    YEAR
 MAXIMUM TEMPERATURE (F)   75        84      1941
                                             1876
 MINIMUM TEMPERATURE (F)   65        44      1985


SUNRISE AND SUNSET
DECEMBER 27 2014......SUNRISE   709 AM EST   SUNSET   547 PM EST
DECEMBER 28 2014......SUNRISE   710 AM EST   SUNSET   548 PM EST


-  INDICATES NEGATIVE NUMBERS.
R  INDICATES RECORD WAS SET OR TIED.
MM INDICATES DATA IS MISSING.
T  INDICATES TRACE AMOUNT.


$$
