000
CDUS42 KKEY 280543
CLIEYW

CLIMATE REPORT
NATIONAL WEATHER SERVICE KEY WEST, FL
136 AM EDT THU AUG 28 2014


...................................

...THE KEY WEST CLIMATE SUMMARY FOR AUGUST 27 2014...

CLIMATE NORMAL PERIOD 1981 TO 2010
CLIMATE RECORD PERIOD 1871 TO 2014


WEATHER ITEM   OBSERVED TIME   RECORD YEAR NORMAL DEPARTURE LAST
               VALUE    (LST)  VALUE       VALUE  FROM      YEAR
                                                  NORMAL
..................................................................
TEMPERATURE (F)
 YESTERDAY
  MAXIMUM         90    338 PM  95    1956  89      1       83
  MINIMUM         80   1101 PM  71    1891  79      1       77
                                      1888
  AVERAGE         85                        84      1       80

PRECIPITATION (IN)
  YESTERDAY        0.21          3.15 1875   0.20   0.01      T
  MONTH TO DATE    3.16                      4.57  -1.41     4.38
  SINCE JUN 1      8.40                     12.23  -3.83    20.72
  SINCE JAN 1     21.25                     22.86  -1.61    35.51

SNOWFALL (IN)
  YESTERDAY        0.0
  MONTH TO DATE    0.0
  SINCE JUN 1      0.0
  SINCE JUL 1      0.0
  SNOW DEPTH       0

DEGREE DAYS
 HEATING
  YESTERDAY        0                         0      0        0
  MONTH TO DATE    0                         0      0        0
  SINCE JUN 1      0                         0      0        0
  SINCE JUL 1      0                         0      0        0

 COOLING
  YESTERDAY       20                        19      1       15
  MONTH TO DATE  586                       530     56      506
  SINCE JUN 1   1811                      1685    126     1620
  SINCE JAN 1   3433                      3115    318     3249
..................................................................


WIND (MPH)
  HIGHEST WIND SPEED    24   HIGHEST WIND DIRECTION     S (180)
  HIGHEST GUST SPEED    29   HIGHEST GUST DIRECTION     S (180)
  AVERAGE WIND SPEED    11.8


SKY COVER
  POSSIBLE SUNSHINE  MM
  AVERAGE SKY COVER 0.4


WEATHER CONDITIONS
 THE FOLLOWING WEATHER WAS RECORDED YESTERDAY.
  THUNDERSTORM
  HEAVY RAIN
  LIGHT RAIN
  FOG


RELATIVE HUMIDITY (PERCENT)
 HIGHEST    85
 LOWEST     68
 AVERAGE    77

..........................................................


THE KEY WEST CLIMATE NORMALS FOR TODAY
                         NORMAL    RECORD    YEAR
 MAXIMUM TEMPERATURE (F)   89        95      1881
 MINIMUM TEMPERATURE (F)   79        71      1908


SUNRISE AND SUNSET
AUGUST 28 2014........SUNRISE   707 AM EDT   SUNSET   749 PM EDT
AUGUST 29 2014........SUNRISE   707 AM EDT   SUNSET   748 PM EDT


-  INDICATES NEGATIVE NUMBERS.
R  INDICATES RECORD WAS SET OR TIED.
MM INDICATES DATA IS MISSING.
T  INDICATES TRACE AMOUNT.


$$
