000
CDUS42 KKEY 042037
CLIEYW

CLIMATE REPORT
NATIONAL WEATHER SERVICE KEY WEST, FL
434 PM EDT TUE AUG 4 2015


...................................

...THE KEY WEST CLIMATE SUMMARY FOR AUGUST 4 2015...
VALID TODAY AS OF 0400 PM LOCAL TIME.

CLIMATE NORMAL PERIOD 1981 TO 2010
CLIMATE RECORD PERIOD 1871 TO 2015


WEATHER ITEM   OBSERVED TIME   RECORD YEAR NORMAL DEPARTURE LAST
                VALUE   (LST)  VALUE       VALUE  FROM      YEAR
                                                  NORMAL
..................................................................
TEMPERATURE (F)
 TODAY
  MAXIMUM         90    315 PM  94    1957  90      0       88
                                      1956
  MINIMUM         82    413 AM  68    1894  80      2       77
  AVERAGE         86                        85      1       83

PRECIPITATION (IN)
  TODAY            0.00          2.74 1894   0.15  -0.15     0.28
  MONTH TO DATE    3.14                      0.57   2.57     0.78
  SINCE JUN 1      6.45                      8.23  -1.78     6.02
  SINCE JAN 1     18.88                     18.86   0.02    18.87

SNOWFALL (IN)
  TODAY            0.0
  MONTH TO DATE    0.0
  SINCE JUN 1      0.0
  SINCE JUL 1      0.0
  SNOW DEPTH       0

DEGREE DAYS
 HEATING
  TODAY            0                         0      0        0
  MONTH TO DATE    0                         0      0        0
  SINCE JUN 1      0                         0      0        0
  SINCE JUL 1      0                         0      0        0

 COOLING
  TODAY           21                        20      1       18
  MONTH TO DATE   83                        80      3       78
  SINCE JUN 1   1306                      1235     71     1303
  SINCE JAN 1   3023                      2665    358     2925
..................................................................


WIND (MPH)
  HIGHEST WIND SPEED    12   HIGHEST WIND DIRECTION    SE (120)
  HIGHEST GUST SPEED    15   HIGHEST GUST DIRECTION    SE (140)
  AVERAGE WIND SPEED     7.4


SKY COVER
  POSSIBLE SUNSHINE  MM
  AVERAGE SKY COVER 0.2


WEATHER CONDITIONS
 THE FOLLOWING WEATHER WAS RECORDED TODAY.
  NO SIGNIFICANT WEATHER WAS OBSERVED.


RELATIVE HUMIDITY (PERCENT)
 HIGHEST    79
 LOWEST     64
 AVERAGE    72

..........................................................


THE KEY WEST CLIMATE NORMALS FOR TOMORROW
                         NORMAL    RECORD    YEAR
 MAXIMUM TEMPERATURE (F)   90        94      1950
                                             1878
 MINIMUM TEMPERATURE (F)   80        70      1890


SUNRISE AND SUNSET
AUGUST  4 2015........SUNRISE   657 AM EDT   SUNSET   809 PM EDT
AUGUST  5 2015........SUNRISE   657 AM EDT   SUNSET   809 PM EDT


-  INDICATES NEGATIVE NUMBERS.
R  INDICATES RECORD WAS SET OR TIED.
MM INDICATES DATA IS MISSING.
T  INDICATES TRACE AMOUNT.


$$
