000
CDUS42 KKEY 242031
CLIEYW

CLIMATE REPORT
NATIONAL WEATHER SERVICE KEY WEST, FL
426 PM EDT SAT SEP 24 2016

...................................

...THE KEY WEST CLIMATE SUMMARY FOR SEPTEMBER 24 2016...
VALID TODAY AS OF 0400 PM LOCAL TIME.

CLIMATE NORMAL PERIOD 1981 TO 2010
CLIMATE RECORD PERIOD 1871 TO 2016


WEATHER ITEM   OBSERVED TIME   RECORD YEAR NORMAL DEPARTURE LAST
                VALUE   (LST)  VALUE       VALUE  FROM      YEAR
                                                  NORMAL
..................................................................
TEMPERATURE (F)
 TODAY
  MAXIMUM         90    111 PM  92    1989  87      3       87
                                      1957
                                      1951
  MINIMUM         75   1153 AM  72    1963  78     -3       80
                                      1923
                                      1894
  AVERAGE         83                        83      0       84

PRECIPITATION (IN)
  TODAY            0.71          5.83 1894   0.22   0.49      T
  MONTH TO DATE    6.86                      5.40   1.46     4.68
  SINCE SEP 1      6.86                      5.40   1.46     4.68
  SINCE JAN 1     32.20                     29.07   3.13    27.19

SNOWFALL (IN)
  TODAY            0.0
  MONTH TO DATE    0.0
  SINCE SEP 1      0.0
  SINCE JUL 1      0.0
  SNOW DEPTH       0

DEGREE DAYS
 HEATING
  TODAY            0                         0      0        0
  MONTH TO DATE    0                         0      0        0
  SINCE SEP 1      0                         0      0        0
  SINCE JUL 1      0                         0      0        0

 COOLING
  TODAY           18                        18      0       19
  MONTH TO DATE  469                       442     27      490
  SINCE SEP 1    469                       442     27      490
  SINCE JAN 1   3776                      3631    145     4083
..................................................................

WIND (MPH)
  HIGHEST WIND SPEED    18   HIGHEST WIND DIRECTION     N (360)
  HIGHEST GUST SPEED    25   HIGHEST GUST DIRECTION     N (10)
  AVERAGE WIND SPEED     3.2

SKY COVER
  POSSIBLE SUNSHINE  MM
  AVERAGE SKY COVER 0.2

WEATHER CONDITIONS
 THE FOLLOWING WEATHER WAS RECORDED TODAY.
  THUNDERSTORM
  HEAVY RAIN
  RAIN
  LIGHT RAIN
  FOG
  HAZE

RELATIVE HUMIDITY (PERCENT)
 HIGHEST    94
 LOWEST     65
 AVERAGE    80

..........................................................

THE KEY WEST CLIMATE NORMALS FOR TOMORROW
                         NORMAL    RECORD    YEAR
 MAXIMUM TEMPERATURE (F)   87        93      1957
                                             1951
 MINIMUM TEMPERATURE (F)   78        70      1903

SUNRISE AND SUNSET
SEPTEMBER 24 2016.....SUNRISE   717 AM EDT   SUNSET   721 PM EDT
SEPTEMBER 25 2016.....SUNRISE   717 AM EDT   SUNSET   720 PM EDT

-  INDICATES NEGATIVE NUMBERS.
R  INDICATES RECORD WAS SET OR TIED.
MM INDICATES DATA IS MISSING.
T  INDICATES TRACE AMOUNT.


$$

FLING
