000
CDAK49 PAFG 300934
CLIFAI

CLIMATE REPORT
NATIONAL WEATHER SERVICE FAIRBANKS AK
134 AM AKDT THU JUL 30 2015

...................................

...THE FAIRBANKS AK CLIMATE SUMMARY FOR JULY 29 2015...

CLIMATE NORMAL PERIOD 1981 TO 2010
CLIMATE RECORD PERIOD 1904 TO 2015


WEATHER ITEM   OBSERVED TIME   RECORD YEAR NORMAL DEPARTURE LAST
                VALUE   (LST)  VALUE       VALUE  FROM      YEAR
                                                  NORMAL
..................................................................
TEMPERATURE (F)
 YESTERDAY
  MAXIMUM         70    354 PM  95    1919  70      0       74
  MINIMUM         48    412 AM  33    1929  51     -3       53
  AVERAGE         59                        61     -2       64

PRECIPITATION (IN)
  YESTERDAY        0.46          0.77 2008   0.07   0.39     0.00
  MONTH TO DATE    2.35                      2.01   0.34     5.78
  SINCE JUN 1      3.38                      3.38   0.00     9.34
  SINCE JAN 1      4.95                      5.54  -0.59    10.43

SNOWFALL (IN)
  YESTERDAY        0.0           0.0  2002   0.0    0.0      0.0
                                      2001
                                      2000
  MONTH TO DATE    0.0                       0.0    0.0      0.0
  SINCE JUN 1      0.0                       0.0    0.0      0.0
  SINCE JUL 1      0.0                       0.0    0.0      0.0
  SNOW DEPTH       0

DEGREE DAYS
 HEATING
  YESTERDAY        6                         5      1        1
  MONTH TO DATE   95                       100     -5      132
  SINCE JUN 1    276                       260     16      324
  SINCE JUL 1     95                       100     -5      132

 COOLING
  YESTERDAY        0                         0      0        0
  MONTH TO DATE   24                        29     -5       19
  SINCE JUN 1     55                        52      3       20
  SINCE JAN 1     57                        53      4       20
..................................................................


WIND (MPH)
  HIGHEST GUST SPEED    26   HIGHEST GUST DIRECTION     S (190)


SKY COVER
  AVERAGE SKY COVER 0.7


WEATHER CONDITIONS
 THE FOLLOWING WEATHER WAS RECORDED YESTERDAY.
  THUNDERSTORM
  RAIN
  LIGHT RAIN
  FOG
  HAZE


RELATIVE HUMIDITY (PERCENT)
 HIGHEST    96
 LOWEST     53
 AVERAGE    75

..........................................................


THE FAIRBANKS AK CLIMATE NORMALS FOR TODAY
                         NORMAL    RECORD    YEAR
 MAXIMUM TEMPERATURE (F)   70        90      1977
 MINIMUM TEMPERATURE (F)   51        32      1929


SUNRISE AND SUNSET
JULY 30 2015..........SUNRISE  445 AM AKDT   SUNSET  1109 PM AKDT
JULY 31 2015..........SUNRISE  448 AM AKDT   SUNSET  1106 PM AKDT


-  INDICATES NEGATIVE NUMBERS.
R  INDICATES RECORD WAS SET OR TIED.
MM INDICATES DATA IS MISSING.
T  INDICATES TRACE AMOUNT.

&&

SNOW DEPTH IS MEASURED AT 3AM AKST/4AM AKDT

----------------------------
AVAILABLE DAYLIGHT

AMOUNT OF DAYLIGHT TODAY  (HOUR:MIN)........18:24
LOSS SINCE YESTERDAY........................7 MINUTES
----------------------------

$$
LTH JUL 15
