000
CDAK49 PAFG 050933
CLIFAI

CLIMATE REPORT
NATIONAL WEATHER SERVICE FAIRBANKS AK
1233 AM AKST THU MAR 5 2015

...................................

...THE FAIRBANKS AK CLIMATE SUMMARY FOR MARCH 4 2015...

CLIMATE NORMAL PERIOD 1981 TO 2010
CLIMATE RECORD PERIOD 1904 TO 2015


WEATHER ITEM   OBSERVED TIME   RECORD YEAR NORMAL DEPARTURE LAST
                VALUE   (LST)  VALUE       VALUE  FROM      YEAR
                                                  NORMAL
..................................................................
TEMPERATURE (F)
 YESTERDAY
  MAXIMUM         37    344 PM  44    1957  19     18       20
  MINIMUM         19    756 AM -41    1951  -9     28       -4
  AVERAGE         28                         5     23        8

PRECIPITATION (IN)
  YESTERDAY        T             0.30 1918   0.01  -0.01     0.02
                                      1950
  MONTH TO DATE    0.05                      0.04   0.01     0.02
  SINCE MAR 1      0.05                      0.04   0.01     0.02
  SINCE JAN 1      0.68                      1.04  -0.36     0.64

SNOWFALL (IN)
  YESTERDAY        T             3.1  1950   0.2   -0.2      0.2
  MONTH TO DATE    0.5                       0.8   -0.3      0.2
  SINCE MAR 1      0.5                       0.8   -0.3      0.2
  SINCE JUL 1     34.1                      57.1  -23.0     43.1
  SNOW DEPTH      15

DEGREE DAYS
 HEATING
  YESTERDAY       37                        60    -23       57
  MONTH TO DATE  189                       241    -52      223
  SINCE MAR 1    189                       241    -52      223
  SINCE JUL 1   9656                     10631   -975     9615

 COOLING
  YESTERDAY        0                         0      0        0
  MONTH TO DATE    0                         0      0        0
  SINCE MAR 1      0                         0      0        0
  SINCE JAN 1      0                         0      0        0
..................................................................


WIND (MPH)
  HIGHEST GUST SPEED     7   HIGHEST GUST DIRECTION    NW (330)


SKY COVER
  AVERAGE SKY COVER 0.7


WEATHER CONDITIONS
 THE FOLLOWING WEATHER WAS RECORDED YESTERDAY.
  LIGHT SNOW


RELATIVE HUMIDITY (PERCENT)
 HIGHEST    92
 LOWEST     59
 AVERAGE    76

..........................................................


THE FAIRBANKS AK CLIMATE NORMALS FOR TODAY
                         NORMAL    RECORD    YEAR
 MAXIMUM TEMPERATURE (F)   20        44      1984
 MINIMUM TEMPERATURE (F)   -8       -45      1956


SUNRISE AND SUNSET
MARCH 05 2015..........SUNRISE  747 AM AKST   SUNSET  621 PM AKST
MARCH 06 2015..........SUNRISE  743 AM AKST   SUNSET  625 PM AKST


-  INDICATES NEGATIVE NUMBERS.
R  INDICATES RECORD WAS SET OR TIED.
MM INDICATES DATA IS MISSING.
T  INDICATES TRACE AMOUNT.

&&

SNOW DEPTH IS MEASURED AT 3AM AKST/4AM AKDT

----------------------------
AVAILABLE DAYLIGHT

AMOUNT OF DAYLIGHT TODAY  (HOUR:MIN)........10:34
GAIN SINCE YESTERDAY........................6 MINUTES
----------------------------

$$
CCC MAR 15
