000
CDAK49 PAFG 190039
CLIFAI

CLIMATE REPORT
NATIONAL WEATHER SERVICE FAIRBANKS AK
439 PM AKDT WED OCT 18 2017

...................................

...THE FAIRBANKS AK CLIMATE SUMMARY FOR OCTOBER 18 2017...
VALID TODAY AS OF 0400 PM LOCAL TIME.

CLIMATE NORMAL PERIOD 1981 TO 2010
CLIMATE RECORD PERIOD 1904 TO 2017


WEATHER ITEM   OBSERVED TIME   RECORD YEAR NORMAL DEPARTURE LAST
                VALUE   (LST)  VALUE       VALUE  FROM      YEAR
                                                  NORMAL
..................................................................
TEMPERATURE (F)
 TODAY
  MAXIMUM         29    259 PM  63    1925  30     -1       35
  MINIMUM         26    834 AM -15    1915  15     11       17
  AVERAGE         28                        23      5       26

PRECIPITATION (IN)
  TODAY            T             0.25 1982   0.03  -0.03     0.00
  MONTH TO DATE    2.00                      0.51   1.49     0.00
  SINCE SEP 1      3.42                      1.61   1.81     2.08
  SINCE JAN 1     12.29                      9.18   3.11    13.79

SNOWFALL (IN)
  TODAY            T            17.0  2005   0.4   -0.4      0.0
  MONTH TO DATE    3.9                       5.4   -1.5      0.0
  SINCE SEP 1      3.9                       7.2   -3.3       T
  SINCE JUL 1      3.9                       7.2   -3.3       T
  SNOW DEPTH       T

DEGREE DAYS
 HEATING
  TODAY           37                        42     -5       39
  MONTH TO DATE  493                       634   -141      566
  SINCE SEP 1    997                      1239   -242     1121
  SINCE JUL 1   1220                      1628   -408     1323

 COOLING
  TODAY            0                         0      0        0
  MONTH TO DATE    0                         0      0        0
  SINCE SEP 1      0                         0      0        0
  SINCE JAN 1    104                        61     43       76
..................................................................


WIND (MPH)
  HIGHEST GUST SPEED     9   HIGHEST GUST DIRECTION    SW (230)


SKY COVER
  AVERAGE SKY COVER 0.9


WEATHER CONDITIONS
 THE FOLLOWING WEATHER WAS RECORDED TODAY.
  LIGHT SNOW
  FOG


RELATIVE HUMIDITY (PERCENT)
 HIGHEST   100
 LOWEST     85
 AVERAGE    93

..........................................................


THE FAIRBANKS AK CLIMATE NORMALS FOR TOMORROW
                         NORMAL    RECORD    YEAR
 MAXIMUM TEMPERATURE (F)   29        58      1938
 MINIMUM TEMPERATURE (F)   14       -11      1992
                                             1970
                                             1965


SUNRISE AND SUNSET
OCTOBER 18 2017.......SUNRISE   855 AM AKDT  SUNSET   617 PM AKDT
OCTOBER 19 2017.......SUNRISE   858 AM AKDT  SUNSET   613 PM AKDT


-  INDICATES NEGATIVE NUMBERS.
R  INDICATES RECORD WAS SET OR TIED.
MM INDICATES DATA IS MISSING.
T  INDICATES TRACE AMOUNT.

&&

SNOW DEPTH IS MEASURED AT 3AM AKST/4AM AKDT

----------------------------
AVAILABLE DAYLIGHT

AMOUNT OF DAYLIGHT TODAY  (HOUR:MIN)........09:15
LOSS SINCE YESTERDAY........................7 MINUTES
----------------------------

$$
HFL OCT 17
