000
CDAK49 PAFG 030932
CLIFAI

CLIMATE REPORT
NATIONAL WEATHER SERVICE FAIRBANKS AK
132 AM AKDT THU SEP 3 2015

...................................

...THE FAIRBANKS AK CLIMATE SUMMARY FOR SEPTEMBER 2 2015...

CLIMATE NORMAL PERIOD 1981 TO 2010
CLIMATE RECORD PERIOD 1904 TO 2015


WEATHER ITEM   OBSERVED TIME   RECORD YEAR NORMAL DEPARTURE LAST
                VALUE   (LST)  VALUE       VALUE  FROM      YEAR
                                                  NORMAL
..................................................................
TEMPERATURE (F)
 YESTERDAY
  MAXIMUM         62    528 PM  74    1917  61      1       51
  MINIMUM         30    602 AM  18    1922  41    -11       40
  AVERAGE         46                        51     -5       46

PRECIPITATION (IN)
  YESTERDAY        0.00          0.86 1955   0.05  -0.05     0.81
  MONTH TO DATE    0.00                      0.10  -0.10     2.24
  SINCE SEP 1      0.00                      0.10  -0.10     2.24
  SINCE JAN 1      7.96                      7.67   0.29    14.96

SNOWFALL (IN)
  YESTERDAY        0.0           1.6  1980   0.0    0.0      0.0
  MONTH TO DATE    0.0                       0.0    0.0      0.0
  SINCE SEP 1      0.0                       0.0    0.0      0.0
  SINCE JUL 1      0.0                       T      0.0      0.0
  SNOW DEPTH       0

DEGREE DAYS
 HEATING
  YESTERDAY       19                        14      5       19
  MONTH TO DATE   39                        28     11       42
  SINCE SEP 1     39                        28     11       42
  SINCE JUL 1    464                       417     47      363

 COOLING
  YESTERDAY        0                         0      0        0
  MONTH TO DATE    0                         0      0        0
  SINCE SEP 1      0                         0      0        0
  SINCE JAN 1     62                        61      1       27
..................................................................


WIND (MPH)
  HIGHEST GUST SPEED    13   HIGHEST GUST DIRECTION     E (90)


SKY COVER
  AVERAGE SKY COVER 0.4


WEATHER CONDITIONS
 THE FOLLOWING WEATHER WAS RECORDED YESTERDAY.
  NO SIGNIFICANT WEATHER WAS OBSERVED.


RELATIVE HUMIDITY (PERCENT)
 HIGHEST    92
 LOWEST     36
 AVERAGE    64

..........................................................


THE FAIRBANKS AK CLIMATE NORMALS FOR TODAY
                         NORMAL    RECORD    YEAR
 MAXIMUM TEMPERATURE (F)   61        78      1917
 MINIMUM TEMPERATURE (F)   40        23      1928


SUNRISE AND SUNSET
SEPTEMBER 03 2015..........SUNRISE  638 AM AKDT   SUNSET  903 PM AKDT
SEPTEMBER 04 2015..........SUNRISE  641 AM AKDT   SUNSET  859 PM AKDT


-  INDICATES NEGATIVE NUMBERS.
R  INDICATES RECORD WAS SET OR TIED.
MM INDICATES DATA IS MISSING.
T  INDICATES TRACE AMOUNT.

&&

SNOW DEPTH IS MEASURED AT 3AM AKST/4AM AKDT

----------------------------
AVAILABLE DAYLIGHT

AMOUNT OF DAYLIGHT TODAY  (HOUR:MIN)........14:25
LOSS SINCE YESTERDAY........................7 MINUTES
----------------------------

$$
RF SEP 15
