000
CDAK49 PAFG 300932
CLIFAI

CLIMATE REPORT
NATIONAL WEATHER SERVICE FAIRBANKS AK
132 AM AKDT SAT MAY 30 2015

...................................

...THE FAIRBANKS AK CLIMATE SUMMARY FOR MAY 29 2015...

CLIMATE NORMAL PERIOD 1981 TO 2010
CLIMATE RECORD PERIOD 1904 TO 2015


WEATHER ITEM   OBSERVED TIME   RECORD YEAR NORMAL DEPARTURE LAST
                VALUE   (LST)  VALUE       VALUE  FROM      YEAR
                                                  NORMAL
..................................................................
TEMPERATURE (F)
 YESTERDAY
  MAXIMUM         70    646 PM  86    1947  66      4       75
  MINIMUM         46    224 AM  29    1934  43      3       43
  AVERAGE         58                        55      3       59

PRECIPITATION (IN)
  YESTERDAY        0.00          0.74 1946   0.02  -0.02      T
  MONTH TO DATE    0.29                      0.55  -0.26     0.04
  SINCE MAR 1      0.94                      1.11  -0.17     0.45
  SINCE JAN 1      1.57                      2.11  -0.54     1.07

SNOWFALL (IN)
  YESTERDAY        0.0           T    1931   0.0    0.0      0.0
  MONTH TO DATE    0.0                       0.9   -0.9       T
  SINCE MAR 1     10.2                       8.7    1.5      6.0
  SINCE JUL 1     43.8                      65.0  -21.2     48.9
  SNOW DEPTH       0

DEGREE DAYS
 HEATING
  YESTERDAY        7                        11     -4        6
  MONTH TO DATE  284                       466   -182      406
  SINCE MAR 1   2652                      3100   -448     2907
  SINCE JUL 1  12119                     13490  -1371    12299

 COOLING
  YESTERDAY        0                         0      0        0
  MONTH TO DATE    2                         0      2        0
  SINCE MAR 1      2                         0      2        0
  SINCE JAN 1      2                         0      2        0
..................................................................


WIND (MPH)
  HIGHEST GUST SPEED    22   HIGHEST GUST DIRECTION     W (260)


SKY COVER
  AVERAGE SKY COVER 0.4


WEATHER CONDITIONS
 THE FOLLOWING WEATHER WAS RECORDED YESTERDAY.
  NO SIGNIFICANT WEATHER WAS OBSERVED.


RELATIVE HUMIDITY (PERCENT)
 HIGHEST    93
 LOWEST     28
 AVERAGE    61

..........................................................


THE FAIRBANKS AK CLIMATE NORMALS FOR TODAY
                         NORMAL    RECORD    YEAR
 MAXIMUM TEMPERATURE (F)   67        84      2013
                                             1983
 MINIMUM TEMPERATURE (F)   43        28      1931


SUNRISE AND SUNSET
MAY 30 2015..........SUNRISE  340 AM AKDT   SUNSET  1202 AM AKDT
MAY 31 2015..........SUNRISE  337 AM AKDT   SUNSET  1205 AM AKDT


-  INDICATES NEGATIVE NUMBERS.
R  INDICATES RECORD WAS SET OR TIED.
MM INDICATES DATA IS MISSING.
T  INDICATES TRACE AMOUNT.

&&

SNOW DEPTH IS MEASURED AT 3AM AKST/4AM AKDT

----------------------------
AVAILABLE DAYLIGHT

AMOUNT OF DAYLIGHT TODAY  (HOUR:MIN)........20:22
GAIN SINCE YESTERDAY........................6 MINUTES
----------------------------

$$
RF MAY 15
