000
CDAK49 PAFG 270932
CLIFAI

CLIMATE REPORT
NATIONAL WEATHER SERVICE FAIRBANKS AK
132 AM AKDT WED AUG 27 2014

...................................

...THE FAIRBANKS AK CLIMATE SUMMARY FOR AUGUST 26 2014...

CLIMATE NORMAL PERIOD 1981 TO 2010
CLIMATE RECORD PERIOD 1904 TO 2014


WEATHER ITEM   OBSERVED TIME   RECORD YEAR NORMAL DEPARTURE LAST
                VALUE   (LST)  VALUE       VALUE  FROM      YEAR
                                                  NORMAL
..................................................................
TEMPERATURE (F)
 YESTERDAY
  MAXIMUM         66    500 PM  80    1981  63      3       66
  MINIMUM         52    649 AM  25    1918  43      9       38
  AVERAGE         59                        53      6       52

PRECIPITATION (IN)
  YESTERDAY        0.11          1.38 1990   0.06   0.05     0.00
  MONTH TO DATE    2.17                      1.62   0.55     1.92
  SINCE JUN 1     11.51                      5.15   6.36     3.36
  SINCE JAN 1     12.60                      7.31   5.29     5.70

SNOWFALL (IN)
  YESTERDAY        0.0           0.0  2002   0.0    0.0      0.0
                                      2001
                                      2000
  MONTH TO DATE    0.0                       0.0    0.0      0.0
  SINCE JUN 1      0.0                       0.0    0.0      0.0
  SINCE JUL 1      0.0                       0.0    0.0      0.0
  SNOW DEPTH       0

DEGREE DAYS
 HEATING
  YESTERDAY        6                        12     -6       13
  MONTH TO DATE  106                       216   -110      122
  SINCE JUN 1    435                       484    -49      262
  SINCE JUL 1    243                       324    -81      191

 COOLING
  YESTERDAY        0                         0      0        0
  MONTH TO DATE    7                         0      7       24
  SINCE JUN 1     27                        54    -27      213
  SINCE JAN 1     27                        55    -28      226
..................................................................


WIND (MPH)
  HIGHEST GUST SPEED    16   HIGHEST GUST DIRECTION     W (250)


SKY COVER
  AVERAGE SKY COVER 0.9


WEATHER CONDITIONS
 THE FOLLOWING WEATHER WAS RECORDED YESTERDAY.
  LIGHT RAIN
  FOG


RELATIVE HUMIDITY (PERCENT)
 HIGHEST    96
 LOWEST     52
 AVERAGE    74

..........................................................


THE FAIRBANKS AK CLIMATE NORMALS FOR TODAY
                         NORMAL    RECORD    YEAR
 MAXIMUM TEMPERATURE (F)   63        84      1981
 MINIMUM TEMPERATURE (F)   43        28      1933


SUNRISE AND SUNSET
AUGUST 27 2014..........SUNRISE  617 AM AKDT   SUNSET  927 PM AKDT
AUGUST 28 2014..........SUNRISE  620 AM AKDT   SUNSET  924 PM AKDT


-  INDICATES NEGATIVE NUMBERS.
R  INDICATES RECORD WAS SET OR TIED.
MM INDICATES DATA IS MISSING.
T  INDICATES TRACE AMOUNT.

&&

SNOW DEPTH IS MEASURED AT 3AM AKST/4AM AKDT

----------------------------
AVAILABLE DAYLIGHT

AMOUNT OF DAYLIGHT TODAY  (HOUR:MIN)........15:10
LOSS SINCE YESTERDAY........................7 MINUTES
----------------------------

$$
RF AUG 14
