000
CDAK49 PAFG 150931
CLIFAI

CLIMATE REPORT
NATIONAL WEATHER SERVICE FAIRBANKS AK
131 AM AKDT MON SEP 15 2014

...................................

...THE FAIRBANKS AK CLIMATE SUMMARY FOR SEPTEMBER 14 2014...

CLIMATE NORMAL PERIOD 1981 TO 2010
CLIMATE RECORD PERIOD 1904 TO 2014


WEATHER ITEM   OBSERVED TIME   RECORD YEAR NORMAL DEPARTURE LAST
                VALUE   (LST)  VALUE       VALUE  FROM      YEAR
                                                  NORMAL
..................................................................
TEMPERATURE (F)
 YESTERDAY
  MAXIMUM         76R   517 PM  73    1938  56     20       55
  MINIMUM         51   1152 PM  21    1987  36     15       35
  AVERAGE         64                        46     18       45

PRECIPITATION (IN)
  YESTERDAY        T             0.97 1956   0.03  -0.03     0.07
  MONTH TO DATE    2.24                      0.60   1.64     1.60
  SINCE SEP 1      2.24                      0.60   1.64     1.60
  SINCE JAN 1     14.96                      8.17   6.79     7.40

SNOWFALL (IN)
  YESTERDAY        0.0           5.1  1992   0.0    0.0      0.0
  MONTH TO DATE    0.0                       0.4   -0.4      0.0
  SINCE SEP 1      0.0                       0.4   -0.4      0.0
  SINCE JUL 1      0.0                       0.4   -0.4      0.0
  SNOW DEPTH       0

DEGREE DAYS
 HEATING
  YESTERDAY        1                        19    -18       20
  MONTH TO DATE  196                       228    -32      203
  SINCE SEP 1    196                       228    -32      203
  SINCE JUL 1    517                       617   -100      462

 COOLING
  YESTERDAY        0                         0      0        0
  MONTH TO DATE    0                         0      0        0
  SINCE SEP 1      0                         0      0        0
  SINCE JAN 1     27                        61    -34      226
..................................................................


WIND (MPH)
  HIGHEST GUST SPEED    11   HIGHEST GUST DIRECTION     E (80)


SKY COVER
  AVERAGE SKY COVER 0.6


WEATHER CONDITIONS
 THE FOLLOWING WEATHER WAS RECORDED YESTERDAY.
  NO SIGNIFICANT WEATHER WAS OBSERVED.


RELATIVE HUMIDITY (PERCENT)
 HIGHEST    89
 LOWEST     31
 AVERAGE    60

..........................................................


THE FAIRBANKS AK CLIMATE NORMALS FOR TODAY
                         NORMAL    RECORD    YEAR
 MAXIMUM TEMPERATURE (F)   55        75      1919
 MINIMUM TEMPERATURE (F)   36        15      1992


SUNRISE AND SUNSET
SEPTEMBER 15 2014..........SUNRISE  715 AM AKDT   SUNSET  818 PM AKDT
SEPTEMBER 16 2014..........SUNRISE  718 AM AKDT   SUNSET  814 PM AKDT


-  INDICATES NEGATIVE NUMBERS.
R  INDICATES RECORD WAS SET OR TIED.
MM INDICATES DATA IS MISSING.
T  INDICATES TRACE AMOUNT.

&&

SNOW DEPTH IS MEASURED AT 3AM AKST/4AM AKDT

----------------------------
AVAILABLE DAYLIGHT

AMOUNT OF DAYLIGHT TODAY  (HOUR:MIN)........13:03
LOSS SINCE YESTERDAY........................7 MINUTES
----------------------------

$$
SDB SEP 14
