000
CDAK49 PAFG 010959
CLIFAI

CLIMATE REPORT
NATIONAL WEATHER SERVICE FAIRBANKS AK
159 AM AKDT WED OCT 1 2014

...................................

...THE FAIRBANKS AK CLIMATE SUMMARY FOR SEPTEMBER 30 2014...

CLIMATE NORMAL PERIOD 1981 TO 2010
CLIMATE RECORD PERIOD 1904 TO 2014


WEATHER ITEM   OBSERVED TIME   RECORD YEAR NORMAL DEPARTURE LAST
                VALUE   (LST)  VALUE       VALUE  FROM      YEAR
                                                  NORMAL
..................................................................
TEMPERATURE (F)
 YESTERDAY
  MAXIMUM         39    746 PM  71    2003  46     -7       42
  MINIMUM         32   1145 PM   3    1992  28      4       33
  AVERAGE         36                        37     -1       38

PRECIPITATION (IN)
  YESTERDAY        0.09          0.64 1971   0.03   0.06     0.00
  MONTH TO DATE    2.89                      1.10   1.79     1.74
  SINCE SEP 1      2.89                      1.10   1.79     1.74
  SINCE JAN 1     15.61                      8.67   6.94     7.54

SNOWFALL (IN)
  YESTERDAY        T             4.7  1996   0.1   -0.1      0.0
  MONTH TO DATE    T                         1.8   -1.8      0.7
  SINCE SEP 1      T                         1.8   -1.8      0.7
  SINCE JUL 1      T                         1.8   -1.8      0.7
  SNOW DEPTH       0

DEGREE DAYS
 HEATING
  YESTERDAY       29                        28      1       27
  MONTH TO DATE  549                       606    -57      630
  SINCE SEP 1    549                       605    -56      630
  SINCE JUL 1    870                       994   -124      889

 COOLING
  YESTERDAY        0                         0      0        0
  MONTH TO DATE    0                         0      0        0
  SINCE SEP 1      0                         0      0        0
  SINCE JAN 1     27                        61    -34      226
..................................................................


WIND (MPH)
  HIGHEST GUST SPEED    25   HIGHEST GUST DIRECTION     W (250)


SKY COVER
  AVERAGE SKY COVER 1.0


WEATHER CONDITIONS
 THE FOLLOWING WEATHER WAS RECORDED YESTERDAY.
  RAIN
  LIGHT RAIN
  LIGHT SNOW
  FOG


RELATIVE HUMIDITY (PERCENT)
 HIGHEST    92
 LOWEST     64
 AVERAGE    78

..........................................................


THE FAIRBANKS AK CLIMATE NORMALS FOR TODAY
                         NORMAL    RECORD    YEAR
 MAXIMUM TEMPERATURE (F)   45        72      2003
 MINIMUM TEMPERATURE (F)   28        12      1914


SUNRISE AND SUNSET
OCTOBER 01 2014..........SUNRISE  802 AM AKDT   SUNSET  719 PM AKDT
OCTOBER 02 2014..........SUNRISE  805 AM AKDT   SUNSET  716 PM AKDT


-  INDICATES NEGATIVE NUMBERS.
R  INDICATES RECORD WAS SET OR TIED.
MM INDICATES DATA IS MISSING.
T  INDICATES TRACE AMOUNT.

&&

SNOW DEPTH IS MEASURED AT 3AM AKST/4AM AKDT

----------------------------
AVAILABLE DAYLIGHT

AMOUNT OF DAYLIGHT TODAY  (HOUR:MIN)........11:17
LOSS SINCE YESTERDAY........................7 MINUTES
----------------------------

$$
ET OCT 14
