323
CDUS43 KFGF 162148
CLIFAR


CLIMATE REPORT
NATIONAL WEATHER SERVICE EASTERN NORTH DAKOTA/GRAND FORKS
448 PM CDT WED AUG 16 2017


...................................

...THE FARGO HECTOR INTL AP ND CLIMATE SUMMARY FOR AUGUST 16 2017...
VALID TODAY AS OF 0400 PM LOCAL TIME.

CLIMATE NORMAL PERIOD 1981 TO 2010
CLIMATE RECORD PERIOD 1881 TO 2017


WEATHER ITEM   OBSERVED TIME   RECORD YEAR NORMAL DEPARTURE LAST
                VALUE   (LST)  VALUE       VALUE  FROM      YEAR
                                                  NORMAL
..................................................................
TEMPERATURE (F)
 TODAY
  MAXIMUM         68    259 PM 104    1988  82    -14       84
  MINIMUM         64    705 AM  40    1896  58      6       57
  AVERAGE         66                        70     -4       71

PRECIPITATION (IN)
  TODAY            0.15          2.33 1912   0.08   0.07     0.01
  MONTH TO DATE    2.20                      1.17   1.03     0.98
  SINCE JUN 1      5.76                      7.86  -2.10     9.41
  SINCE JAN 1     10.40                     14.67  -4.27    14.89

SNOWFALL (IN)
  TODAY            0.0           0.0    MM   0.0    0.0      0.0
  MONTH TO DATE    0.0                       0.0    0.0      0.0
  SINCE JUN 1      0.0                       0.0    0.0      0.0
  SINCE JUL 1      0.0                       0.0    0.0      0.0
  SNOW DEPTH       0

DEGREE DAYS
 HEATING
  TODAY            0                         1     -1        0
  MONTH TO DATE    2                        12    -10        0
  SINCE JUN 1     44                       101    -57       35
  SINCE JUL 1      9                        28    -19        8

 COOLING
  TODAY            1                         6     -5        6
  MONTH TO DATE   34                       102    -68      118
  SINCE JUN 1    397                       411    -14      493
  SINCE JAN 1    408                       442    -34      541
..................................................................


WIND (MPH)
  HIGHEST WIND SPEED    15   HIGHEST WIND DIRECTION    SE (130)
  HIGHEST GUST SPEED    19   HIGHEST GUST DIRECTION    SE (130)
  AVERAGE WIND SPEED     6.2


SKY COVER
  POSSIBLE SUNSHINE  MM
  AVERAGE SKY COVER 1.0


WEATHER CONDITIONS
 THE FOLLOWING WEATHER WAS RECORDED TODAY.
  RAIN
  LIGHT RAIN
  FOG


RELATIVE HUMIDITY (PERCENT)
 HIGHEST   100           700 AM
 LOWEST     76          1200 AM
 AVERAGE    88

..........................................................


THE FARGO HECTOR INTL AP ND CLIMATE NORMALS FOR TOMORROW
                         NORMAL    RECORD    YEAR
 MAXIMUM TEMPERATURE (F)   82        98      1945
 MINIMUM TEMPERATURE (F)   58        33      1888


SUNRISE AND SUNSET
AUGUST 16 2017........SUNRISE   626 AM CDT   SUNSET   836 PM CDT
AUGUST 17 2017........SUNRISE   628 AM CDT   SUNSET   834 PM CDT


-  INDICATES NEGATIVE NUMBERS.
R  INDICATES RECORD WAS SET OR TIED.
MM INDICATES DATA IS MISSING.
T  INDICATES TRACE AMOUNT.




$$
