000
CDUS43 KFGF 260718
CLIFAR


CLIMATE REPORT
NATIONAL WEATHER SERVICE EASTERN NORTH DAKOTA/GRAND FORKS
118 AM CST MON JAN 26 2015


...................................

...THE FARGO HECTOR INTL AP ND CLIMATE SUMMARY FOR JANUARY 25 2015...

CLIMATE NORMAL PERIOD 1981 TO 2010
CLIMATE RECORD PERIOD 1881 TO 2015


WEATHER ITEM   OBSERVED TIME   RECORD YEAR NORMAL DEPARTURE LAST
                VALUE   (LST)  VALUE       VALUE  FROM      YEAR
                                                  NORMAL
..................................................................
TEMPERATURE (F)
 YESTERDAY
  MAXIMUM         29   1159 PM  51    2002  19     10        8
  MINIMUM         19    914 AM -34    1883   0     19       -5
  AVERAGE         24                         9     15        2

PRECIPITATION (IN)
  YESTERDAY        T             0.40 2004   0.02  -0.02     0.18
  MONTH TO DATE    0.40                      0.59  -0.19     0.75
  SINCE DEC 1      0.65                      1.42  -0.77     1.96
  SINCE JAN 1      0.40                      0.59  -0.19     0.75

SNOWFALL (IN)
  YESTERDAY        T            11.5  2004   0.3   -0.3      1.9
  MONTH TO DATE    3.0                       9.4   -6.4      9.5
  SINCE DEC 1      3.9                      20.6  -16.7     25.6
  SINCE JUL 1      7.5                      29.2  -21.7     25.9
  SNOW DEPTH       T

DEGREE DAYS
 HEATING
  YESTERDAY       41                        56    -15       63
  MONTH TO DATE 1270                      1396   -126     1473
  SINCE DEC 1   2622                      2974   -352     3355
  SINCE JUL 1   4579                      4936   -357     5196

 COOLING
  YESTERDAY        0                         0      0        0
  MONTH TO DATE    0                         0      0        0
  SINCE DEC 1      0                         0      0        0
  SINCE JAN 1      0                         0      0        0
..................................................................


WIND (MPH)
  HIGHEST WIND SPEED    23   HIGHEST WIND DIRECTION     S (190)
  HIGHEST GUST SPEED    27   HIGHEST GUST DIRECTION     S (190)
  AVERAGE WIND SPEED     9.8


SKY COVER
  POSSIBLE SUNSHINE  MM
  AVERAGE SKY COVER 0.7


WEATHER CONDITIONS
 THE FOLLOWING WEATHER WAS RECORDED YESTERDAY.
  LIGHT SNOW


RELATIVE HUMIDITY (PERCENT)
 HIGHEST    81           300 AM
 LOWEST     62          1200 PM
 AVERAGE    72

..........................................................


THE FARGO HECTOR INTL AP ND CLIMATE NORMALS FOR TODAY
                         NORMAL    RECORD    YEAR
 MAXIMUM TEMPERATURE (F)   19        46      1947
 MINIMUM TEMPERATURE (F)    0       -32      1950


SUNRISE AND SUNSET
JANUARY 26 2015.......SUNRISE   759 AM CST   SUNSET   521 PM CST
JANUARY 27 2015.......SUNRISE   758 AM CST   SUNSET   522 PM CST


-  INDICATES NEGATIVE NUMBERS.
R  INDICATES RECORD WAS SET OR TIED.
MM INDICATES DATA IS MISSING.
T  INDICATES TRACE AMOUNT.




$$
