671
CDUS43 KFGF 260640
CLIFAR


CLIMATE REPORT
NATIONAL WEATHER SERVICE EASTERN NORTH DAKOTA/GRAND FORKS
136 AM CDT SUN MAR 26 2017


...................................

...THE FARGO HECTOR INTL AP ND CLIMATE SUMMARY FOR MARCH 25 2017...

CLIMATE NORMAL PERIOD 1981 TO 2010
CLIMATE RECORD PERIOD 1881 TO 2017


WEATHER ITEM   OBSERVED TIME   RECORD YEAR NORMAL DEPARTURE LAST
                VALUE   (LST)  VALUE       VALUE  FROM      YEAR
                                                  NORMAL
..................................................................
TEMPERATURE (F)
 YESTERDAY
  MAXIMUM         42    446 PM  71    1925  41      1       41
  MINIMUM         26   1258 AM -11    1894  24      2       28
  AVERAGE         34                        32      2       35

PRECIPITATION (IN)
  YESTERDAY        0.00          0.98 1927   0.04  -0.04     0.20
  MONTH TO DATE    0.33                      1.04  -0.71     0.46
  SINCE MAR 1      0.33                      1.04  -0.71     0.46
  SINCE JAN 1      2.10                      2.35  -0.25     1.45

SNOWFALL (IN)
  YESTERDAY        0.0          10.1  1927   0.2   -0.2      1.6
  MONTH TO DATE    1.6                       8.0   -6.4      2.5
  SINCE MAR 1      1.6                       8.0   -6.4      2.5
  SINCE JUL 1     30.9                      46.0  -15.1     26.8
  SNOW DEPTH       0

DEGREE DAYS
 HEATING
  YESTERDAY       31                        33     -2       30
  MONTH TO DATE  971                       969      2      691
  SINCE MAR 1    971                       969      2      691
  SINCE JUL 1   6469                      7647  -1178     6214

 COOLING
  YESTERDAY        0                         0      0        0
  MONTH TO DATE    0                         0      0        0
  SINCE MAR 1      0                         0      0        0
  SINCE JAN 1      0                         0      0        0
..................................................................


WIND (MPH)
  HIGHEST WIND SPEED    18   HIGHEST WIND DIRECTION    SE (150)
  HIGHEST GUST SPEED    24   HIGHEST GUST DIRECTION    SE (150)
  AVERAGE WIND SPEED     7.8


SKY COVER
  POSSIBLE SUNSHINE  MM
  AVERAGE SKY COVER 0.3


WEATHER CONDITIONS
 THE FOLLOWING WEATHER WAS RECORDED YESTERDAY.
  FOG


RELATIVE HUMIDITY (PERCENT)
 HIGHEST   100           200 AM
 LOWEST     73           400 PM
 AVERAGE    87

..........................................................


THE FARGO HECTOR INTL AP ND CLIMATE NORMALS FOR TODAY
                         NORMAL    RECORD    YEAR
 MAXIMUM TEMPERATURE (F)   42        68      1946
 MINIMUM TEMPERATURE (F)   24       -12      1996


SUNRISE AND SUNSET
MARCH 26 2017.........SUNRISE   718 AM CDT   SUNSET   749 PM CDT
MARCH 27 2017.........SUNRISE   716 AM CDT   SUNSET   750 PM CDT


-  INDICATES NEGATIVE NUMBERS.
R  INDICATES RECORD WAS SET OR TIED.
MM INDICATES DATA IS MISSING.
T  INDICATES TRACE AMOUNT.




$$
