000
CDUS43 KFGF 290634
CLIFAR


CLIMATE REPORT
NATIONAL WEATHER SERVICE EASTERN NORTH DAKOTA/GRAND FORKS
131 AM CDT SAT AUG 29 2015


...................................

...THE FARGO HECTOR INTL AP ND CLIMATE SUMMARY FOR AUGUST 28 2015...

CLIMATE NORMAL PERIOD 1981 TO 2010
CLIMATE RECORD PERIOD 1881 TO 2015


WEATHER ITEM   OBSERVED TIME   RECORD YEAR NORMAL DEPARTURE LAST
                VALUE   (LST)  VALUE       VALUE  FROM      YEAR
                                                  NORMAL
..................................................................
TEMPERATURE (F)
 YESTERDAY
  MAXIMUM         83    438 PM 100    1984  79      4       73
  MINIMUM         65    726 AM  36    1965  55     10       65
                                      1893
  AVERAGE         74                        67      7       69

PRECIPITATION (IN)
  YESTERDAY        0.00          1.61 1892   0.09  -0.09      T
  MONTH TO DATE    1.29                      2.29  -1.00     1.92
  SINCE JUN 1      6.82                      8.98  -2.16     9.25
  SINCE JAN 1     16.92                     15.79   1.13    16.27

SNOWFALL (IN)
  YESTERDAY        0.0           0.0    MM   0.0    0.0      0.0
  MONTH TO DATE    0.0                       0.0    0.0      0.0
  SINCE JUN 1      0.0                       0.0    0.0      0.0
  SINCE JUL 1      0.0                       0.0    0.0      0.0
  SNOW DEPTH       0

DEGREE DAYS
 HEATING
  YESTERDAY        0                         2     -2        0
  MONTH TO DATE   32                        29      3       12
  SINCE JUN 1     67                       118    -51       62
  SINCE JUL 1     44                        45     -1       32

 COOLING
  YESTERDAY        9                         4      5        4
  MONTH TO DATE  150                       157     -7      151
  SINCE JUN 1    500                       466     34      416
  SINCE JAN 1    515                       497     18      495
..................................................................


WIND (MPH)
  HIGHEST WIND SPEED    21   HIGHEST WIND DIRECTION     S (180)
  HIGHEST GUST SPEED    27   HIGHEST GUST DIRECTION     S (180)
  AVERAGE WIND SPEED    13.1


SKY COVER
  POSSIBLE SUNSHINE  MM
  AVERAGE SKY COVER 0.1


WEATHER CONDITIONS
 THE FOLLOWING WEATHER WAS RECORDED YESTERDAY.
  FOG


RELATIVE HUMIDITY (PERCENT)
 HIGHEST    93           300 AM
 LOWEST     58           200 PM
 AVERAGE    76

..........................................................


THE FARGO HECTOR INTL AP ND CLIMATE NORMALS FOR TODAY
                         NORMAL    RECORD    YEAR
 MAXIMUM TEMPERATURE (F)   78        99      1961
 MINIMUM TEMPERATURE (F)   54        39      1915


SUNRISE AND SUNSET
AUGUST 29 2015........SUNRISE   643 AM CDT   SUNSET   813 PM CDT
AUGUST 30 2015........SUNRISE   644 AM CDT   SUNSET   811 PM CDT


-  INDICATES NEGATIVE NUMBERS.
R  INDICATES RECORD WAS SET OR TIED.
MM INDICATES DATA IS MISSING.
T  INDICATES TRACE AMOUNT.




$$
