000
CDUS43 KFGF 220655
CLIFAR


CLIMATE REPORT
NATIONAL WEATHER SERVICE EASTERN NORTH DAKOTA/GRAND FORKS
1254 AM CST MON JAN 22 2018


...................................

...THE FARGO HECTOR INTL AP ND CLIMATE SUMMARY FOR JANUARY 21 2018...

CLIMATE NORMAL PERIOD 1981 TO 2010
CLIMATE RECORD PERIOD 1881 TO 2018


WEATHER ITEM   OBSERVED TIME   RECORD YEAR NORMAL DEPARTURE LAST
                VALUE   (LST)  VALUE       VALUE  FROM      YEAR
                                                  NORMAL
..................................................................
TEMPERATURE (F)
 YESTERDAY
  MAXIMUM         29    313 PM  52    1900  18     11       39
  MINIMUM         17    753 AM -41    1888  -1     18       36
  AVERAGE         23                         9     14       38

PRECIPITATION (IN)
  YESTERDAY        0.00          0.57 1952   0.02  -0.02     0.00
  MONTH TO DATE    0.21                      0.51  -0.30     0.92
  SINCE DEC 1      0.98                      1.34  -0.36     2.19
  SINCE JAN 1      0.21                      0.51  -0.30     0.92

SNOWFALL (IN)
  YESTERDAY        0.0           6.1  1952   0.3   -0.3      0.0
  MONTH TO DATE    3.6                       8.1   -4.5     12.9
  SINCE DEC 1     11.6                      19.3   -7.7     21.2
  SINCE JUL 1     15.3                      27.9  -12.6     24.9
  SNOW DEPTH       2

DEGREE DAYS
 HEATING
  YESTERDAY       42                        56    -14       27
  MONTH TO DATE 1179                      1172      7     1182
  SINCE DEC 1   2760                      2750     10     2692
  SINCE JUL 1   4558                      4712   -154     3997

 COOLING
  YESTERDAY        0                         0      0        0
  MONTH TO DATE    0                         0      0        0
  SINCE DEC 1      0                         0      0        0
  SINCE JAN 1      0                         0      0        0
..................................................................


WIND (MPH)
  HIGHEST WIND SPEED    16   HIGHEST WIND DIRECTION    NE (30)
  HIGHEST GUST SPEED    22   HIGHEST GUST DIRECTION     N (20)
  AVERAGE WIND SPEED     8.3


SKY COVER
  POSSIBLE SUNSHINE  MM
  AVERAGE SKY COVER 0.5


WEATHER CONDITIONS
 THE FOLLOWING WEATHER WAS RECORDED YESTERDAY.
  FOG


RELATIVE HUMIDITY (PERCENT)
 HIGHEST   100           400 AM
 LOWEST     81          1000 PM
 AVERAGE    91

..........................................................


THE FARGO HECTOR INTL AP ND CLIMATE NORMALS FOR TODAY
                         NORMAL    RECORD    YEAR
 MAXIMUM TEMPERATURE (F)   18        51      1942
 MINIMUM TEMPERATURE (F)   -1       -37      1936
                                             1883


SUNRISE AND SUNSET
JANUARY 22 2018.......SUNRISE   803 AM CST   SUNSET   515 PM CST
JANUARY 23 2018.......SUNRISE   802 AM CST   SUNSET   517 PM CST


-  INDICATES NEGATIVE NUMBERS.
R  INDICATES RECORD WAS SET OR TIED.
MM INDICATES DATA IS MISSING.
T  INDICATES TRACE AMOUNT.




$$
