000
CDUS43 KFGF 040632
CLIFAR


CLIMATE REPORT
NATIONAL WEATHER SERVICE EASTERN NORTH DAKOTA/GRAND FORKS
132 AM CDT TUE AUG 4 2015


...................................

...THE FARGO HECTOR INTL AP ND CLIMATE SUMMARY FOR AUGUST 3 2015...

CLIMATE NORMAL PERIOD 1981 TO 2010
CLIMATE RECORD PERIOD 1881 TO 2015


WEATHER ITEM   OBSERVED TIME   RECORD YEAR NORMAL DEPARTURE LAST
                VALUE   (LST)  VALUE       VALUE  FROM      YEAR
                                                  NORMAL
..................................................................
TEMPERATURE (F)
 YESTERDAY
  MAXIMUM         80    423 PM 100    1989  83     -3       81
  MINIMUM         51    501 AM  38    1972  59     -8       58
  AVERAGE         66                        71     -5       70

PRECIPITATION (IN)
  YESTERDAY        0.00          1.57 1881   0.07  -0.07     0.31
  MONTH TO DATE    T                         0.21  -0.21     0.32
  SINCE JUN 1      5.53                      6.90  -1.37     7.65
  SINCE JAN 1     15.63                     13.71   1.92    14.67

SNOWFALL (IN)
  YESTERDAY        0.0           0.0    MM   0.0    0.0      0.0
  MONTH TO DATE    0.0                       0.0    0.0      0.0
  SINCE JUN 1      0.0                       0.0    0.0      0.0
  SINCE JUL 1      0.0                       0.0    0.0      0.0
  SNOW DEPTH       0

DEGREE DAYS
 HEATING
  YESTERDAY        0                         0      0        0
  MONTH TO DATE    0                         0      0        0
  SINCE JUN 1     35                        89    -54       50
  SINCE JUL 1     12                        16     -4       20

 COOLING
  YESTERDAY        1                         7     -6        5
  MONTH TO DATE   13                        21     -8       19
  SINCE JUN 1    363                       330     33      284
  SINCE JAN 1    378                       361     17      363
..................................................................


WIND (MPH)
  HIGHEST WIND SPEED    20   HIGHEST WIND DIRECTION    NW (330)
  HIGHEST GUST SPEED    28   HIGHEST GUST DIRECTION    NW (320)
  AVERAGE WIND SPEED     7.6


SKY COVER
  POSSIBLE SUNSHINE  MM
  AVERAGE SKY COVER 0.0


WEATHER CONDITIONS
 THE FOLLOWING WEATHER WAS RECORDED YESTERDAY.
  NO SIGNIFICANT WEATHER WAS OBSERVED.


RELATIVE HUMIDITY (PERCENT)
 HIGHEST    83           200 AM
 LOWEST     30           300 PM
 AVERAGE    57

..........................................................


THE FARGO HECTOR INTL AP ND CLIMATE NORMALS FOR TODAY
                         NORMAL    RECORD    YEAR
 MAXIMUM TEMPERATURE (F)   83       105      1947
 MINIMUM TEMPERATURE (F)   59        38      1889


SUNRISE AND SUNSET
AUGUST  4 2015........SUNRISE   610 AM CDT   SUNSET   855 PM CDT
AUGUST  5 2015........SUNRISE   612 AM CDT   SUNSET   854 PM CDT


-  INDICATES NEGATIVE NUMBERS.
R  INDICATES RECORD WAS SET OR TIED.
MM INDICATES DATA IS MISSING.
T  INDICATES TRACE AMOUNT.




$$
