000
CDUS43 KFGF 270639
CLIFAR


CLIMATE REPORT
NATIONAL WEATHER SERVICE EASTERN NORTH DAKOTA/GRAND FORKS
137 AM CDT FRI MAY 27 2016


...................................

...THE FARGO HECTOR INTL AP ND CLIMATE SUMMARY FOR MAY 26 2016...

CLIMATE NORMAL PERIOD 1981 TO 2010
CLIMATE RECORD PERIOD 1881 TO 2016


WEATHER ITEM   OBSERVED TIME   RECORD YEAR NORMAL DEPARTURE LAST
                VALUE   (LST)  VALUE       VALUE  FROM      YEAR
                                                  NORMAL
..................................................................
TEMPERATURE (F)
 YESTERDAY
  MAXIMUM         77    508 PM  93    1931  72      5       77
                                      1911
  MINIMUM         51    421 AM  29    1970  49      2       48
  AVERAGE         64                        60      4       63

PRECIPITATION (IN)
  YESTERDAY        0.04          1.26 1932   0.10  -0.06     0.00
  MONTH TO DATE    0.92                      2.30  -1.38     6.14
  SINCE MAR 1      3.99                      4.99  -1.00     7.42
  SINCE JAN 1      4.98                      6.30  -1.32     8.39

SNOWFALL (IN)
  YESTERDAY        0.0          MM      MM   0.0    0.0      0.0
  MONTH TO DATE    T                         0.0    0.0       T
  SINCE MAR 1      3.1                      12.4   -9.3      0.4
  SINCE JUL 1     27.4                      50.4  -23.0     16.0
  SNOW DEPTH       0

DEGREE DAYS
 HEATING
  YESTERDAY        1                         6     -5        2
  MONTH TO DATE  174                       245    -71      277
  SINCE MAR 1   1620                      2023   -403     1774
  SINCE JUL 1   7143                      8701  -1558     8190

 COOLING
  YESTERDAY        0                         1     -1        0
  MONTH TO DATE   37                        22     15        4
  SINCE MAR 1     37                        25     12        4
  SINCE JAN 1     37                        25     12        4
..................................................................


WIND (MPH)
  HIGHEST WIND SPEED    21   HIGHEST WIND DIRECTION     W (280)
  HIGHEST GUST SPEED    27   HIGHEST GUST DIRECTION     W (260)
  AVERAGE WIND SPEED     8.6


SKY COVER
  POSSIBLE SUNSHINE  MM
  AVERAGE SKY COVER 0.3


WEATHER CONDITIONS
 THE FOLLOWING WEATHER WAS RECORDED YESTERDAY.
  FOG
  FOG W/VISIBILITY <= 1/4 MILE


RELATIVE HUMIDITY (PERCENT)
 HIGHEST    93           100 AM
 LOWEST     41           500 PM
 AVERAGE    67

..........................................................


THE FARGO HECTOR INTL AP ND CLIMATE NORMALS FOR TODAY
                         NORMAL    RECORD    YEAR
 MAXIMUM TEMPERATURE (F)   72        95      1969
                                             1913
 MINIMUM TEMPERATURE (F)   49        29      1907


SUNRISE AND SUNSET
MAY 27 2016...........SUNRISE   540 AM CDT   SUNSET   910 PM CDT
MAY 28 2016...........SUNRISE   539 AM CDT   SUNSET   911 PM CDT


-  INDICATES NEGATIVE NUMBERS.
R  INDICATES RECORD WAS SET OR TIED.
MM INDICATES DATA IS MISSING.
T  INDICATES TRACE AMOUNT.




$$
