000
CDUS43 KFGF 010636
CLIFAR


CLIMATE REPORT
NATIONAL WEATHER SERVICE EASTERN NORTH DAKOTA/GRAND FORKS
1232 AM CST SUN MAR 1 2015


...................................

...THE FARGO HECTOR INTL AP ND CLIMATE SUMMARY FOR FEBRUARY 28 2015...

CLIMATE NORMAL PERIOD 1981 TO 2010
CLIMATE RECORD PERIOD 1881 TO 2015


WEATHER ITEM   OBSERVED TIME   RECORD YEAR NORMAL DEPARTURE LAST
                VALUE   (LST)  VALUE       VALUE  FROM      YEAR
                                                  NORMAL
..................................................................
TEMPERATURE (F)
 YESTERDAY
  MAXIMUM         28    309 PM  58    1905  28      0       11
  MINIMUM          6   1159 PM -35    1891  12     -6       -8
  AVERAGE         17                        20     -3        2

PRECIPITATION (IN)
  YESTERDAY        T             0.57 1951   0.03  -0.03     0.00
                                      1948
  MONTH TO DATE    0.57                      0.61  -0.04     0.11
  SINCE DEC 1      1.22                      2.14  -0.92     2.09
  SINCE JAN 1      0.97                      1.31  -0.34     0.88

SNOWFALL (IN)
  YESTERDAY        T            10.8  1951   0.3   -0.3      0.0
  MONTH TO DATE    8.1                       7.0    1.1      1.5
  SINCE DEC 1     12.0                      29.4  -17.4     27.3
  SINCE JUL 1     15.6                      38.0  -22.4     27.6
  SNOW DEPTH       3

DEGREE DAYS
 HEATING
  YESTERDAY       48                        45      3       63
  MONTH TO DATE 1597                      1410    187     1685
  SINCE DEC 1   4459                      4716   -257     5436
  SINCE JUL 1   6416                      6678   -262     7277

 COOLING
  YESTERDAY        0                         0      0        0
  MONTH TO DATE    0                         0      0        0
  SINCE DEC 1      0                         0      0        0
  SINCE JAN 1      0                         0      0        0
..................................................................


WIND (MPH)
  HIGHEST WIND SPEED    28   HIGHEST WIND DIRECTION     S (190)
  HIGHEST GUST SPEED    33   HIGHEST GUST DIRECTION     S (190)
  AVERAGE WIND SPEED    15.8


SKY COVER
  POSSIBLE SUNSHINE  MM
  AVERAGE SKY COVER 0.4


WEATHER CONDITIONS
 THE FOLLOWING WEATHER WAS RECORDED YESTERDAY.
  LIGHT SNOW


RELATIVE HUMIDITY (PERCENT)
 HIGHEST    76           300 AM
 LOWEST     55           100 PM
 AVERAGE    66

..........................................................


THE FARGO HECTOR INTL AP ND CLIMATE NORMALS FOR TODAY
                         NORMAL    RECORD    YEAR
 MAXIMUM TEMPERATURE (F)   29        58      1990
                                             1918
 MINIMUM TEMPERATURE (F)   12       -23      1980
                                             1962


SUNRISE AND SUNSET
MARCH  1 2015.........SUNRISE   707 AM CST   SUNSET   612 PM CST
MARCH  2 2015.........SUNRISE   705 AM CST   SUNSET   614 PM CST


-  INDICATES NEGATIVE NUMBERS.
R  INDICATES RECORD WAS SET OR TIED.
MM INDICATES DATA IS MISSING.
T  INDICATES TRACE AMOUNT.




$$
