000
CDUS43 KFGF 172151
CLIFAR


CLIMATE REPORT
NATIONAL WEATHER SERVICE EASTERN NORTH DAKOTA/GRAND FORKS
450 PM CDT THU APR 17 2014


...................................

...THE FARGO HECTOR INTL AP ND CLIMATE SUMMARY FOR APRIL 17 2014...
VALID TODAY AS OF 0400 PM LOCAL TIME.

CLIMATE NORMAL PERIOD 1981 TO 2010
CLIMATE RECORD PERIOD 1881 TO 2014


WEATHER ITEM   OBSERVED TIME   RECORD YEAR NORMAL DEPARTURE LAST
                VALUE   (LST)  VALUE       VALUE  FROM      YEAR
                                                  NORMAL
..................................................................
TEMPERATURE (F)
 TODAY
  MAXIMUM         45    256 PM  82    1987  57    -12       35
                                      1931
                                      1915
  MINIMUM         20    602 AM   9    1953  33    -13       29
  AVERAGE         33                        45    -12       32

PRECIPITATION (IN)
  TODAY            0.00          1.00 1930   0.04  -0.04     0.16
  MONTH TO DATE    0.56                      0.68  -0.12     1.93
  SINCE MAR 1      1.28                      1.98  -0.70     3.37
  SINCE JAN 1      2.16                      3.29  -1.13     5.56

SNOWFALL (IN)
  TODAY            0.0           3.8  1910   0.1   -0.1      1.6
  MONTH TO DATE    2.0                       2.0    0.0     14.8
  SINCE MAR 1      7.3                      11.1   -3.8     29.4
  SINCE JUL 1     34.9                      49.1  -14.2     66.5
  SNOW DEPTH       0

DEGREE DAYS
 HEATING
  TODAY           32                        20     12       33
  MONTH TO DATE  477                       412     65      608
  SINCE MAR 1   1793                      1564    229     2078
  SINCE JUL 1   9070                      8242    828     8669

 COOLING
  TODAY            0                         0      0        0
  MONTH TO DATE    0                         0      0        0
  SINCE MAR 1      0                         0      0        0
  SINCE JAN 1      0                         0      0        0
..................................................................


WIND (MPH)
  HIGHEST WIND SPEED    12   HIGHEST WIND DIRECTION    NW (330)
  HIGHEST GUST SPEED    16   HIGHEST GUST DIRECTION     N (340)
  AVERAGE WIND SPEED     7.7


SKY COVER
  POSSIBLE SUNSHINE  MM
  AVERAGE SKY COVER 0.0


WEATHER CONDITIONS
 THE FOLLOWING WEATHER WAS RECORDED TODAY.
  NO SIGNIFICANT WEATHER WAS OBSERVED.


RELATIVE HUMIDITY (PERCENT)
 HIGHEST    84           500 AM
 LOWEST     30           100 PM
 AVERAGE    57

..........................................................


THE FARGO HECTOR INTL AP ND CLIMATE NORMALS FOR TOMORROW
                         NORMAL    RECORD    YEAR
 MAXIMUM TEMPERATURE (F)   58        90      1987
 MINIMUM TEMPERATURE (F)   34        12      1988


SUNRISE AND SUNSET
APRIL 17 2014.........SUNRISE   636 AM CDT   SUNSET   818 PM CDT
APRIL 18 2014.........SUNRISE   634 AM CDT   SUNSET   820 PM CDT


-  INDICATES NEGATIVE NUMBERS.
R  INDICATES RECORD WAS SET OR TIED.
MM INDICATES DATA IS MISSING.
T  INDICATES TRACE AMOUNT.




$$
