000
CDUS43 KFGF 230700
CLIFAR


CLIMATE REPORT
NATIONAL WEATHER SERVICE EASTERN NORTH DAKOTA/GRAND FORKS
142 AM CDT SUN APR 23 2017


...................................

...THE FARGO HECTOR INTL AP ND CLIMATE SUMMARY FOR APRIL 22 2017...

CLIMATE NORMAL PERIOD 1981 TO 2010
CLIMATE RECORD PERIOD 1881 TO 2017


WEATHER ITEM   OBSERVED TIME   RECORD YEAR NORMAL DEPARTURE LAST
                VALUE   (LST)  VALUE       VALUE  FROM      YEAR
                                                  NORMAL
..................................................................
TEMPERATURE (F)
 YESTERDAY
  MAXIMUM         71    116 PM  89    1990  60     11       64
  MINIMUM         37   1159 PM  19    1988  36      1       29
                                      1909
  AVERAGE         54                        48      6       47

PRECIPITATION (IN)
  YESTERDAY        T             1.40 1902   0.04  -0.04     0.00
  MONTH TO DATE    0.95                      0.89   0.06     0.77
  SINCE MAR 1      1.28                      2.19  -0.91     1.73
  SINCE JAN 1      3.05                      3.50  -0.45     2.72

SNOWFALL (IN)
  YESTERDAY        0.0          10.0  1902   0.1   -0.1      0.0
  MONTH TO DATE    0.0                       2.5   -2.5      0.6
  SINCE MAR 1      1.6                      11.6  -10.0      3.1
  SINCE JUL 1     30.9                      49.6  -18.7     27.4
  SNOW DEPTH       0

DEGREE DAYS
 HEATING
  YESTERDAY       11                        17     -6       18
  MONTH TO DATE  372                       503   -131      504
  SINCE MAR 1   1462                      1655   -193     1324
  SINCE JUL 1   6960                      8333  -1373     6847

 COOLING
  YESTERDAY        0                         0      0        0
  MONTH TO DATE    0                         0      0        0
  SINCE MAR 1      0                         0      0        0
  SINCE JAN 1      0                         0      0        0
..................................................................


WIND (MPH)
  HIGHEST WIND SPEED    30   HIGHEST WIND DIRECTION     N (360)
  HIGHEST GUST SPEED    36   HIGHEST GUST DIRECTION     N (360)
  AVERAGE WIND SPEED    14.2


SKY COVER
  POSSIBLE SUNSHINE  MM
  AVERAGE SKY COVER 0.4


WEATHER CONDITIONS
 THE FOLLOWING WEATHER WAS RECORDED YESTERDAY.
  LIGHT RAIN


RELATIVE HUMIDITY (PERCENT)
 HIGHEST    92           400 AM
 LOWEST     30           200 PM
 AVERAGE    61

..........................................................


THE FARGO HECTOR INTL AP ND CLIMATE NORMALS FOR TODAY
                         NORMAL    RECORD    YEAR
 MAXIMUM TEMPERATURE (F)   61        91      1990
 MINIMUM TEMPERATURE (F)   36        14      1918


SUNRISE AND SUNSET
APRIL 23 2017.........SUNRISE   625 AM CDT   SUNSET   827 PM CDT
APRIL 24 2017.........SUNRISE   623 AM CDT   SUNSET   828 PM CDT


-  INDICATES NEGATIVE NUMBERS.
R  INDICATES RECORD WAS SET OR TIED.
MM INDICATES DATA IS MISSING.
T  INDICATES TRACE AMOUNT.




$$
