000
CDUS43 KFGF 010657
CLIFAR


CLIMATE REPORT
NATIONAL WEATHER SERVICE EASTERN NORTH DAKOTA/GRAND FORKS
157 AM CDT WED OCT 1 2014


...................................

...THE FARGO HECTOR INTL AP ND CLIMATE SUMMARY FOR SEPTEMBER 30 2014...

CLIMATE NORMAL PERIOD 1981 TO 2010
CLIMATE RECORD PERIOD 1881 TO 2014


WEATHER ITEM   OBSERVED TIME   RECORD YEAR NORMAL DEPARTURE LAST
                VALUE   (LST)  VALUE       VALUE  FROM      YEAR
                                                  NORMAL
..................................................................
TEMPERATURE (F)
 YESTERDAY
  MAXIMUM         62   1159 PM  90    1976  64     -2       76
  MINIMUM         44    459 AM  17    1883  41      3       50
  AVERAGE         53                        53      0       63

PRECIPITATION (IN)
  YESTERDAY        0.01          1.48 1971   0.08  -0.07      T
  MONTH TO DATE    2.44                      2.57  -0.13     4.39
  SINCE SEP 1      2.44                      2.57  -0.13     4.39
  SINCE JAN 1     18.90                     18.63   0.27    26.31

SNOWFALL (IN)
  YESTERDAY        0.0           T    1981   0.0    0.0      0.0
  MONTH TO DATE    0.0                       0.0    0.0      0.0
  SINCE SEP 1      0.0                       0.0    0.0      0.0
  SINCE JUL 1      0.0                       0.0    0.0      0.0
  SNOW DEPTH       0

DEGREE DAYS
 HEATING
  YESTERDAY       12                        13     -1        2
  MONTH TO DATE  160                       220    -60       91
  SINCE SEP 1    160                       220    -60       91
  SINCE JUL 1    192                       270    -78      125

 COOLING
  YESTERDAY        0                         0      0        0
  MONTH TO DATE   43                        43      0       81
  SINCE SEP 1     43                        43      0       81
  SINCE JAN 1    544                       548     -4      699
..................................................................


WIND (MPH)
  HIGHEST WIND SPEED    31   HIGHEST WIND DIRECTION    SE (140)
  HIGHEST GUST SPEED    43   HIGHEST GUST DIRECTION    SE (140)
  AVERAGE WIND SPEED    16.1


SKY COVER
  POSSIBLE SUNSHINE  MM
  AVERAGE SKY COVER 0.6


WEATHER CONDITIONS
 THE FOLLOWING WEATHER WAS RECORDED YESTERDAY.
  LIGHT RAIN


RELATIVE HUMIDITY (PERCENT)
 HIGHEST    92           600 AM
 LOWEST     55           200 PM
 AVERAGE    74

..........................................................


THE FARGO HECTOR INTL AP ND CLIMATE NORMALS FOR TODAY
                         NORMAL    RECORD    YEAR
 MAXIMUM TEMPERATURE (F)   64        90      1992
                                             1953
 MINIMUM TEMPERATURE (F)   41        10      1886


SUNRISE AND SUNSET
OCTOBER  1 2014.......SUNRISE   726 AM CDT   SUNSET   707 PM CDT
OCTOBER  2 2014.......SUNRISE   727 AM CDT   SUNSET   705 PM CDT


-  INDICATES NEGATIVE NUMBERS.
R  INDICATES RECORD WAS SET OR TIED.
MM INDICATES DATA IS MISSING.
T  INDICATES TRACE AMOUNT.




$$
