000
CDUS46 KHNX 290022
CLIFAT


CLIMATE REPORT
NATIONAL WEATHER SERVICE SAN JOAQUIN VALLEY, CA
521 PM PDT TUE JUL 28 2015


...................................

...THE FRESNO CA CLIMATE SUMMARY FOR JULY 28 2015...
VALID AS OF 0500 PM LOCAL TIME.

CLIMATE NORMAL PERIOD 1981 TO 2010
CLIMATE RECORD PERIOD 1887 TO 2015


WEATHER ITEM   OBSERVED TIME   RECORD YEAR NORMAL DEPARTURE LAST
                VALUE   (LST)  VALUE       VALUE  FROM      YEAR
                                                  NORMAL
..................................................................
TEMPERATURE (F)
 TODAY
  MAXIMUM        101    357 PM 110    1980  99      2       98
                                      1898
  MINIMUM         68    509 AM  55    1892  68      0       79
  AVERAGE         85                        84      1       89

PRECIPITATION (IN)
  TODAY            0.00          0.02 1958   0.00   0.00     0.00
  MONTH TO DATE    0.43                      0.01   0.42     0.01
  SINCE OCT 1      6.85                     11.32  -4.47     4.81
  SINCE JAN 1      3.66                      7.85  -4.19     4.09

SNOWFALL (IN)
  TODAY            0.0
  MONTH TO DATE    0.0
  SINCE JUN 1      0.0
  SINCE JUL 1      0.0
  SNOW DEPTH       0

DEGREE DAYS
 HEATING
  TODAY            0                         0      0        0
  MONTH TO DATE    0                         0      0        0
  SINCE JUN 1      0                         3     -3        0
  SINCE JUL 1      0                         0      0        0

 COOLING
  TODAY           20                        19      1       24
  MONTH TO DATE  493                       505    -12      607
  SINCE JUN 1   1006                       874    132     1092
  SINCE JAN 1   1279                      1115    164     1535
..................................................................


WIND (MPH)
  HIGHEST WIND SPEED    13   HIGHEST WIND DIRECTION    NW (300)
  HIGHEST GUST SPEED    17   HIGHEST GUST DIRECTION     W (270)
  AVERAGE WIND SPEED     4.9




RELATIVE HUMIDITY (PERCENT)
 HIGHEST    53
 LOWEST     12
 AVERAGE    33

..........................................................


THE FRESNO CA CLIMATE NORMALS FOR TOMORROW
                         NORMAL    RECORD    YEAR
 MAXIMUM TEMPERATURE (F)   99       113      1898
 MINIMUM TEMPERATURE (F)   68        57      1950
                                             1919
                                             1899


SUNRISE AND SUNSET
JULY 28 2015..........SUNRISE   601 AM PDT   SUNSET   809 PM PDT
JULY 29 2015..........SUNRISE   602 AM PDT   SUNSET   808 PM PDT


-  INDICATES NEGATIVE NUMBERS.
R  INDICATES RECORD WAS SET OR TIED.
MM INDICATES DATA IS MISSING.
T  INDICATES TRACE AMOUNT.




$$
