000
CDUS46 KHNX 290021
CLIFAT


CLIMATE REPORT
NATIONAL WEATHER SERVICE SAN JOAQUIN VALLEY, CA
420 PM PST FRI NOV 28 2014


...................................

...THE FRESNO CA CLIMATE SUMMARY FOR NOVEMBER 28 2014...
VALID AS OF 0400 PM LOCAL TIME.

CLIMATE NORMAL PERIOD 1981 TO 2010
CLIMATE RECORD PERIOD 1887 TO 2014


WEATHER ITEM   OBSERVED TIME   RECORD YEAR NORMAL DEPARTURE LAST
                VALUE   (LST)  VALUE       VALUE  FROM      YEAR
                                                  NORMAL
..................................................................
TEMPERATURE (F)
 TODAY
  MAXIMUM         73    359 PM  76    1891  60     13       71
  MINIMUM         42    712 AM  28    1969  40      2       49
                                      1952
                                      1948
  AVERAGE         58                        50      8       60

PRECIPITATION (IN)
  TODAY            0.00          0.42 1982   0.03  -0.03     0.00
  MONTH TO DATE    0.39                      0.99  -0.60     0.54
  SINCE JUL 1      1.08                      1.81  -0.73     0.58
  SINCE JAN 1      5.16                      9.65  -4.49     2.86

SNOWFALL (IN)
  TODAY            0.0
  MONTH TO DATE    0.0
  SINCE SEP 1      0.0
  SINCE JUL 1      0.0
  SNOW DEPTH       0

DEGREE DAYS
 HEATING
  TODAY            7                        15     -8        5
  MONTH TO DATE  198                       294    -96      172
  SINCE SEP 1    203                       357   -154      204
  SINCE JUL 1    203                       357   -154      204

 COOLING
  TODAY            0                         0      0        0
  MONTH TO DATE    2                         0      2        0
  SINCE SEP 1    711                       438    273      479
  SINCE JAN 1   2932                      2122    810     2625
..................................................................


WIND (MPH)
  HIGHEST WIND SPEED     8   HIGHEST WIND DIRECTION    SE (130)
  HIGHEST GUST SPEED     9   HIGHEST GUST DIRECTION    SE (130)
  AVERAGE WIND SPEED     1.2




RELATIVE HUMIDITY (PERCENT)
 HIGHEST    96
 LOWEST     38
 AVERAGE    67

..........................................................


THE FRESNO CA CLIMATE NORMALS FOR TOMORROW
                         NORMAL    RECORD    YEAR
 MAXIMUM TEMPERATURE (F)   59        76      1947
 MINIMUM TEMPERATURE (F)   40        26      1975


SUNRISE AND SUNSET
NOVEMBER 28 2014......SUNRISE   650 AM PST   SUNSET   443 PM PST
NOVEMBER 29 2014......SUNRISE   651 AM PST   SUNSET   443 PM PST


-  INDICATES NEGATIVE NUMBERS.
R  INDICATES RECORD WAS SET OR TIED.
MM INDICATES DATA IS MISSING.
T  INDICATES TRACE AMOUNT.




$$
