000
CDUS46 KHNX 250820
CLIFAT


CLIMATE REPORT
NATIONAL WEATHER SERVICE SAN JOAQUIN VALLEY, CA
120 AM PDT MON MAY 25 2015


...................................

...THE FRESNO CA CLIMATE SUMMARY FOR MAY 24 2015...

CLIMATE NORMAL PERIOD 1981 TO 2010
CLIMATE RECORD PERIOD 1887 TO 2015


WEATHER ITEM   OBSERVED TIME   RECORD YEAR NORMAL DEPARTURE
                VALUE   (LST)  VALUE       VALUE  FROM
                                                  NORMAL
...............................................................
TEMPERATURE (F)
 YESTERDAY
  MAXIMUM         82    501 PM 103    1943  86     -4
                                      1890
  MINIMUM         55    512 AM  41    1953  58     -3
  AVERAGE         69                        72     -3

PRECIPITATION (IN)
  YESTERDAY        0.00          0.22 1931   0.01  -0.01
  MONTH TO DATE    0.57                      0.35   0.22
  SINCE OCT 1      6.41                     11.02  -4.61
  SINCE JAN 1      3.22                      7.55  -4.33

SNOWFALL (IN)
  YESTERDAY        0.0
  MONTH TO DATE    0.0
  SINCE MAR 1      0.0
  SINCE JUL 1      0.0
  SNOW DEPTH       0

DEGREE DAYS
 HEATING
  YESTERDAY        0                                0
  MONTH TO DATE   25                               -4
  SINCE MAR 1    193                             -237
  SINCE JUL 1   1519                             -823

 COOLING
  YESTERDAY        4                               -4
  MONTH TO DATE   67                              -64
  SINCE MAR 1    195                               13
  SINCE JAN 1    195                               13
...............................................................


WIND (MPH)
  HIGHEST WIND SPEED    14   HIGHEST WIND DIRECTION    NW (310)
  HIGHEST GUST SPEED    17   HIGHEST GUST DIRECTION    NW (320)
  AVERAGE WIND SPEED     5.9




RELATIVE HUMIDITY (PERCENT)
 HIGHEST    77
 LOWEST     33
 AVERAGE    55

..........................................................


THE FRESNO CA CLIMATE NORMALS FOR TODAY
                         NORMAL    RECORD    YEAR
 MAXIMUM TEMPERATURE (F)   87       102      1890
 MINIMUM TEMPERATURE (F)   58        42      1980


SUNRISE AND SUNSET
MAY 25 2015...........SUNRISE   545 AM PDT   SUNSET   807 PM PDT
MAY 26 2015...........SUNRISE   544 AM PDT   SUNSET   808 PM PDT


-  INDICATES NEGATIVE NUMBERS.
R  INDICATES RECORD WAS SET OR TIED.
MM INDICATES DATA IS MISSING.
T  INDICATES TRACE AMOUNT.




$$
