000
CDUS46 KHNX 290823
CLIFAT


CLIMATE REPORT
NATIONAL WEATHER SERVICE SAN JOAQUIN VALLEY, CA
123 AM PDT FRI APR 29 2016


...................................

...THE FRESNO CA CLIMATE SUMMARY FOR APRIL 28 2016...

CLIMATE NORMAL PERIOD 1981 TO 2010
CLIMATE RECORD PERIOD 1887 TO 2016


WEATHER ITEM   OBSERVED TIME   RECORD YEAR NORMAL DEPARTURE
                VALUE   (LST)  VALUE       VALUE  FROM
                                                  NORMAL
...............................................................
TEMPERATURE (F)
 YESTERDAY
  MAXIMUM         70    523 PM  98    2007  79     -9
  MINIMUM         50    541 AM  36    1970  52     -2
  AVERAGE         60                        65     -5

PRECIPITATION (IN)
  YESTERDAY        0.00          0.94 1951   0.02  -0.02
  MONTH TO DATE    1.06                      0.90   0.16
  SINCE OCT 1     13.94                     10.62   3.32
  SINCE JAN 1      8.74                      7.15   1.59

SNOWFALL (IN)
  YESTERDAY        0.0
  MONTH TO DATE    0.0
  SINCE MAR 1      0.0
  SINCE JUL 1      0.0
  SNOW DEPTH       0

DEGREE DAYS
 HEATING
  YESTERDAY        5                                3
  MONTH TO DATE   47                              -85
  SINCE MAR 1    236                             -161
  SINCE JUL 1   1937                             -372

 COOLING
  YESTERDAY        0                               -3
  MONTH TO DATE   60                               19
  SINCE MAR 1     61                               15
  SINCE JAN 1     61                               15
...............................................................


WIND (MPH)
  HIGHEST WIND SPEED    14   HIGHEST WIND DIRECTION    NW (300)
  HIGHEST GUST SPEED    17   HIGHEST GUST DIRECTION    NW (300)
  AVERAGE WIND SPEED     5.1




RELATIVE HUMIDITY (PERCENT)
 HIGHEST    86
 LOWEST     37
 AVERAGE    62

..........................................................


THE FRESNO CA CLIMATE NORMALS FOR TODAY
                         NORMAL    RECORD    YEAR
 MAXIMUM TEMPERATURE (F)   79        96      1981
 MINIMUM TEMPERATURE (F)   52        35      1970


SUNRISE AND SUNSET
APRIL 29 2016.........SUNRISE   607 AM PDT   SUNSET   746 PM PDT
APRIL 30 2016.........SUNRISE   605 AM PDT   SUNSET   747 PM PDT


-  INDICATES NEGATIVE NUMBERS.
R  INDICATES RECORD WAS SET OR TIED.
MM INDICATES DATA IS MISSING.
T  INDICATES TRACE AMOUNT.




$$
