000
CDUS46 KHNX 240829
CLIFAT


CLIMATE REPORT
NATIONAL WEATHER SERVICE SAN JOAQUIN VALLEY, CA
129 AM PDT SAT JUN 24 2017


...................................

...THE FRESNO CA CLIMATE SUMMARY FOR JUNE 23 2017...

CLIMATE NORMAL PERIOD 1981 TO 2010
CLIMATE RECORD PERIOD 1887 TO 2017


WEATHER ITEM   OBSERVED TIME   RECORD YEAR NORMAL DEPARTURE
                VALUE   (LST)  VALUE       VALUE  FROM
                                                  NORMAL
...............................................................
TEMPERATURE (F)
 YESTERDAY
  MAXIMUM        106        MM 109    1895  94     12
  MINIMUM         78        MM  50    1893  64     14
  AVERAGE         92                        79     13

PRECIPITATION (IN)
  YESTERDAY        0.00          T    1952   0.00   0.00
                                      1944
  MONTH TO DATE    0.00                      0.20  -0.20
  SINCE OCT 1     17.20                     11.30   5.90
  SINCE JAN 1     12.64                      7.83   4.81

SNOWFALL (IN)
  YESTERDAY        0.0
  MONTH TO DATE    0.0
  SINCE JUN 1      0.0
  SINCE JUL 1      0.0
  SNOW DEPTH       0

DEGREE DAYS
 HEATING
  YESTERDAY        0                                0
  MONTH TO DATE    4                                4
  SINCE JUN 1      4                                4
  SINCE JUL 1   1940                             -403

 COOLING
  YESTERDAY       27                               13
  MONTH TO DATE  350                               87
  SINCE JUN 1    350                               87
  SINCE JAN 1    601                               97
...............................................................


WIND (MPH)
  HIGHEST WIND SPEED    15   HIGHEST WIND DIRECTION    NW (300)
  HIGHEST GUST SPEED    MM   HIGHEST GUST DIRECTION    MM
  AVERAGE WIND SPEED     8.1




RELATIVE HUMIDITY (PERCENT)
 HIGHEST    54
 LOWEST     23
 AVERAGE    39

..........................................................


THE FRESNO CA CLIMATE NORMALS FOR TODAY
                         NORMAL    RECORD    YEAR
 MAXIMUM TEMPERATURE (F)   94       110      1929
                                             1925
 MINIMUM TEMPERATURE (F)   64        51      1912
                                             1901


SUNRISE AND SUNSET
JUNE 24 2017..........SUNRISE   541 AM PDT   SUNSET   822 PM PDT
JUNE 25 2017..........SUNRISE   541 AM PDT   SUNSET   822 PM PDT


-  INDICATES NEGATIVE NUMBERS.
R  INDICATES RECORD WAS SET OR TIED.
MM INDICATES DATA IS MISSING.
T  INDICATES TRACE AMOUNT.




$$
