000
CDUS46 KHNX 250824
CLIFAT


CLIMATE REPORT
NATIONAL WEATHER SERVICE SAN JOAQUIN VALLEY, CA
1224 AM PST SAT FEB 25 2017


...................................

...THE FRESNO CA CLIMATE SUMMARY FOR FEBRUARY 24 2017...

CLIMATE NORMAL PERIOD 1981 TO 2010
CLIMATE RECORD PERIOD 1887 TO 2017


WEATHER ITEM   OBSERVED TIME   RECORD YEAR NORMAL DEPARTURE
                VALUE   (LST)  VALUE       VALUE  FROM
                                                  NORMAL
...............................................................
TEMPERATURE (F)
 YESTERDAY
  MAXIMUM         57    408 PM  79    2014  64     -7
  MINIMUM         31    709 AM  30    1953  43    -12
  AVERAGE         44                        54    -10

PRECIPITATION (IN)
  YESTERDAY        0.00          1.83 1969   0.07  -0.07
  MONTH TO DATE    2.52                      1.75   0.77
  SINCE OCT 1     12.58                      7.41   5.17
  SINCE JAN 1      8.02                      3.94   4.08

SNOWFALL (IN)
  YESTERDAY        0.0
  MONTH TO DATE    0.0
  SINCE DEC 1      0.0
  SINCE JUL 1      0.0
  SNOW DEPTH       0

DEGREE DAYS
 HEATING
  YESTERDAY       21                               10
  MONTH TO DATE  234                              -98
  SINCE DEC 1   1292                             -187
  SINCE JUL 1   1543                             -324

 COOLING
  YESTERDAY        0                                0
  MONTH TO DATE    0                                0
  SINCE DEC 1      0                                0
  SINCE JAN 1      0                                0
...............................................................


WIND (MPH)
  HIGHEST WIND SPEED     8   HIGHEST WIND DIRECTION    NE (50)
  HIGHEST GUST SPEED    10   HIGHEST GUST DIRECTION    SE (130)
  AVERAGE WIND SPEED     2.6




RELATIVE HUMIDITY (PERCENT)
 HIGHEST    96
 LOWEST     30
 AVERAGE    63

..........................................................


THE FRESNO CA CLIMATE NORMALS FOR TODAY
                         NORMAL    RECORD    YEAR
 MAXIMUM TEMPERATURE (F)   64        80      2014
 MINIMUM TEMPERATURE (F)   43        30      1912


SUNRISE AND SUNSET
FEBRUARY 25 2017......SUNRISE   634 AM PST   SUNSET   550 PM PST
FEBRUARY 26 2017......SUNRISE   633 AM PST   SUNSET   551 PM PST


-  INDICATES NEGATIVE NUMBERS.
R  INDICATES RECORD WAS SET OR TIED.
MM INDICATES DATA IS MISSING.
T  INDICATES TRACE AMOUNT.




$$
