000
CDUS46 KHNX 310023
CLIFAT


CLIMATE REPORT
NATIONAL WEATHER SERVICE SAN JOAQUIN VALLEY, CA
522 PM PDT SAT JUL 30 2016


...................................

...THE FRESNO CA CLIMATE SUMMARY FOR JULY 30 2016...
VALID AS OF 0400 PM LOCAL TIME.

CLIMATE NORMAL PERIOD 1981 TO 2010
CLIMATE RECORD PERIOD 1887 TO 2016


WEATHER ITEM   OBSERVED TIME   RECORD YEAR NORMAL DEPARTURE LAST
                VALUE   (LST)  VALUE       VALUE  FROM      YEAR
                                                  NORMAL
..................................................................
TEMPERATURE (F)
 TODAY
  MAXIMUM        108    334 PM 114    1898  99      9      103
  MINIMUM         77    518 AM  57    1975  68      9       74
                                      1919
  AVERAGE         93                        84      9       89

PRECIPITATION (IN)
  TODAY            0.00          0.03 1966   0.00   0.00     0.00
  MONTH TO DATE    0.00                      0.01  -0.01     0.43
  SINCE OCT 1     14.29                     11.32   2.97     6.85
  SINCE JAN 1      9.09                      7.85   1.24     3.66

SNOWFALL (IN)
  TODAY            0.0
  MONTH TO DATE    0.0
  SINCE JUN 1      0.0
  SINCE JUL 1      0.0
  SNOW DEPTH       0

DEGREE DAYS
 HEATING
  TODAY            0                         0      0        0
  MONTH TO DATE    0                         0      0        0
  SINCE JUN 1      0                         3     -3        0
  SINCE JUL 1      0                         0      0        0

 COOLING
  TODAY           28                        18     10       24
  MONTH TO DATE  574                       542     32      541
  SINCE JUN 1   1061                       911    150     1054
  SINCE JAN 1   1339                      1152    187     1327
..................................................................


WIND (MPH)
  HIGHEST WIND SPEED    13   HIGHEST WIND DIRECTION    NW (300)
  HIGHEST GUST SPEED    16   HIGHEST GUST DIRECTION    SE (150)
  AVERAGE WIND SPEED     5.0




RELATIVE HUMIDITY (PERCENT)
 HIGHEST    42
 LOWEST     15
 AVERAGE    29

..........................................................


THE FRESNO CA CLIMATE NORMALS FOR TOMORROW
                         NORMAL    RECORD    YEAR
 MAXIMUM TEMPERATURE (F)   99       114      1908
 MINIMUM TEMPERATURE (F)   68        53      1895


SUNRISE AND SUNSET
JULY 30 2016..........SUNRISE   603 AM PDT   SUNSET   807 PM PDT
JULY 31 2016..........SUNRISE   604 AM PDT   SUNSET   806 PM PDT


-  INDICATES NEGATIVE NUMBERS.
R  INDICATES RECORD WAS SET OR TIED.
MM INDICATES DATA IS MISSING.
T  INDICATES TRACE AMOUNT.




$$
