000
CDUS46 KHNX 300822
CLIFAT


CLIMATE REPORT
NATIONAL WEATHER SERVICE SAN JOAQUIN VALLEY, CA
122 AM PDT SUN AUG 30 2015


...................................

...THE FRESNO CA CLIMATE SUMMARY FOR AUGUST 29 2015...

CLIMATE NORMAL PERIOD 1981 TO 2010
CLIMATE RECORD PERIOD 1887 TO 2015


WEATHER ITEM   OBSERVED TIME   RECORD YEAR NORMAL DEPARTURE
                VALUE   (LST)  VALUE       VALUE  FROM
                                                  NORMAL
...............................................................
TEMPERATURE (F)
 YESTERDAY
  MAXIMUM         95    345 PM 109    1915  95      0
  MINIMUM         72    617 AM  52    1895  65      7
  AVERAGE         84                        80      4

PRECIPITATION (IN)
  YESTERDAY        0.00          T    2000   0.00   0.00
                                      1931
                                      1896
  MONTH TO DATE    0.00                      0.01  -0.01
  SINCE OCT 1      6.85                     11.33  -4.48
  SINCE JAN 1      3.66                      7.86  -4.20

SNOWFALL (IN)
  YESTERDAY        0.0
  MONTH TO DATE    0.0
  SINCE JUN 1      0.0
  SINCE JUL 1      0.0
  SNOW DEPTH       0

DEGREE DAYS
 HEATING
  YESTERDAY        0                                0
  MONTH TO DATE    0                                0
  SINCE JUN 1      0                               -3
  SINCE JUL 1      0                                0

 COOLING
  YESTERDAY       19                                4
  MONTH TO DATE  519                               34
  SINCE JUN 1   1600                              188
  SINCE JAN 1   1873                              220
...............................................................


WIND (MPH)
  HIGHEST WIND SPEED    23   HIGHEST WIND DIRECTION    NW (320)
  HIGHEST GUST SPEED    28   HIGHEST GUST DIRECTION    NW (330)
  AVERAGE WIND SPEED    11.8




RELATIVE HUMIDITY (PERCENT)
 HIGHEST    57
 LOWEST     24
 AVERAGE    41

..........................................................


THE FRESNO CA CLIMATE NORMALS FOR TODAY
                         NORMAL    RECORD    YEAR
 MAXIMUM TEMPERATURE (F)   95       109      1988
 MINIMUM TEMPERATURE (F)   65        49      1966


SUNRISE AND SUNSET
AUGUST 30 2015........SUNRISE   628 AM PDT   SUNSET   730 PM PDT
AUGUST 31 2015........SUNRISE   629 AM PDT   SUNSET   729 PM PDT


-  INDICATES NEGATIVE NUMBERS.
R  INDICATES RECORD WAS SET OR TIED.
MM INDICATES DATA IS MISSING.
T  INDICATES TRACE AMOUNT.




$$
