000
CDUS42 KRAH 200638
CLIFAY


CLIMATE REPORT
NATIONAL WEATHER SERVICE RALEIGH NC
136 AM EST SAT DEC 20 2014


...................................

...THE FAYETTEVILLE REGL AIRPORT NC CLIMATE SUMMARY FOR DECEMBER 19 2014...

CLIMATE NORMAL PERIOD 1981 TO 2010
CLIMATE RECORD PERIOD 1910 TO 2014


WEATHER ITEM   OBSERVED TIME   RECORD YEAR NORMAL DEPARTURE LAST
                VALUE   (LST)  VALUE       VALUE  FROM      YEAR
                                                  NORMAL
..................................................................
TEMPERATURE (F)
 YESTERDAY
  MAXIMUM         58    317 PM  81    1931  54      4       62
  MINIMUM         34    730 AM  15    1953  34      0       29
  AVERAGE         46                        44      2       46

PRECIPITATION (IN)
  YESTERDAY        0.00          1.45 1934   0.08  -0.08     0.00
  MONTH TO DATE    0.54                      1.80  -1.26     2.03
  SINCE DEC 1      0.54                      1.80  -1.26     2.03
  SINCE JAN 1     38.47                     43.61  -5.14    41.11

DEGREE DAYS
 HEATING
  YESTERDAY       19                        21     -2       19
  MONTH TO DATE  323                       350    -27      316
  SINCE DEC 1    323                       350    -27      316
  SINCE JUL 1    867                       798     69      832

 COOLING
  YESTERDAY        0                         0      0        0
  MONTH TO DATE    0                         0      0        7
  SINCE DEC 1      0                         0      0        7
  SINCE JAN 1   2139                      1991    148     1945
..................................................................


WIND (MPH)
  HIGHEST WIND SPEED     9   HIGHEST WIND DIRECTION     N (360)
  HIGHEST GUST SPEED    12   HIGHEST GUST DIRECTION     N (20)
  AVERAGE WIND SPEED     3.2


SKY COVER
  POSSIBLE SUNSHINE  MM
  AVERAGE SKY COVER 0.2


WEATHER CONDITIONS
 THE FOLLOWING WEATHER WAS RECORDED YESTERDAY.
  NO SIGNIFICANT WEATHER WAS OBSERVED.


RELATIVE HUMIDITY (PERCENT)
 HIGHEST    89           800 AM
 LOWEST     24           300 PM
 AVERAGE    57

..........................................................


THE FAYETTEVILLE REGL AIRPORT NC CLIMATE NORMALS FOR TODAY
                         NORMAL    RECORD    YEAR
 MAXIMUM TEMPERATURE (F)   54        86      1931
 MINIMUM TEMPERATURE (F)   34        15      2004


SUNRISE AND SUNSET
DECEMBER 20 2014......SUNRISE   719 AM EST   SUNSET   507 PM EST
DECEMBER 21 2014......SUNRISE   720 AM EST   SUNSET   508 PM EST


-  INDICATES NEGATIVE NUMBERS.
R  INDICATES RECORD WAS SET OR TIED.
MM INDICATES DATA IS MISSING.
T  INDICATES TRACE AMOUNT.

$$
