000
CDUS42 KRAH 190124
CLIFAY


CLIMATE REPORT
NATIONAL WEATHER SERVICE RALEIGH NC
922 PM EDT FRI AUG 18 2017


...................................

...THE FAYETTEVILLE REGL AIRPORT NC CLIMATE SUMMARY FOR AUGUST 18 2017...
VALID AS OF 0900 PM LOCAL TIME.

CLIMATE NORMAL PERIOD 1981 TO 2010
CLIMATE RECORD PERIOD 1910 TO 2017


WEATHER ITEM   OBSERVED TIME   RECORD YEAR NORMAL DEPARTURE LAST
                VALUE   (LST)  VALUE       VALUE  FROM      YEAR
                                                  NORMAL
..................................................................
TEMPERATURE (F)
 TODAY
  MAXIMUM         96    345 PM  98    1988  90      6       95
  MINIMUM         74    456 AM  52    1979  70      4       77
  AVERAGE         85                        80      5       86

PRECIPITATION (IN)
  TODAY            0.00          2.72 2001   0.18  -0.18     0.00
  MONTH TO DATE    3.34                      3.36  -0.02     0.76
  SINCE JUN 1     15.79                     13.63   2.16     8.52
  SINCE JAN 1     31.43                     29.30   2.13    26.09

..................................................................


WIND (MPH)
  HIGHEST WIND SPEED    18   HIGHEST WIND DIRECTION    SW (230)
  HIGHEST GUST SPEED    22   HIGHEST GUST DIRECTION    SW (230)
  AVERAGE WIND SPEED     7.6


SKY COVER
  POSSIBLE SUNSHINE  MM
  AVERAGE SKY COVER 0.1


WEATHER CONDITIONS
 THE FOLLOWING WEATHER WAS RECORDED TODAY.
  NO SIGNIFICANT WEATHER WAS OBSERVED.


RELATIVE HUMIDITY (PERCENT)
 HIGHEST   100          1200 AM
 LOWEST     49           200 PM
 AVERAGE    75

..........................................................




SUNRISE AND SUNSET
AUGUST 18 2017........SUNRISE   638 AM EDT   SUNSET   800 PM EDT
AUGUST 19 2017........SUNRISE   639 AM EDT   SUNSET   759 PM EDT


-  INDICATES NEGATIVE NUMBERS.
R  INDICATES RECORD WAS SET OR TIED.
MM INDICATES DATA IS MISSING.
T  INDICATES TRACE AMOUNT.




$$
