000
CDUS42 KRAH 250735
CLIFAY


CLIMATE REPORT
NATIONAL WEATHER SERVICE RALEIGH NC
334 AM EDT MON MAY 25 2015


...................................

...THE FAYETTEVILLE REGL AIRPORT NC CLIMATE SUMMARY FOR MAY 24 2015...

CLIMATE NORMAL PERIOD 1981 TO 2010
CLIMATE RECORD PERIOD 1910 TO 2015


WEATHER ITEM   OBSERVED TIME   RECORD YEAR NORMAL DEPARTURE LAST
                VALUE   (LST)  VALUE       VALUE  FROM      YEAR
                                                  NORMAL
..................................................................
TEMPERATURE (F)
 YESTERDAY
  MAXIMUM         84    322 PM  99    1938  84      0       83
  MINIMUM         55    543 AM  42    1931  62     -7       61
  AVERAGE         70                        73     -3       72

PRECIPITATION (IN)
  YESTERDAY        0.00          0.97 1916   0.13  -0.13     0.00
  MONTH TO DATE    2.23                      2.27  -0.04     3.66
  SINCE MAR 1      7.59                      8.64  -1.05    11.28
  SINCE JAN 1     15.24                     14.70   0.54    18.00

DEGREE DAYS
 HEATING
  YESTERDAY        0                         0      0        0
  MONTH TO DATE   10                        23    -13       12
  SINCE MAR 1    446                       505    -59      616
  SINCE JUL 1   2942                      2730    212     2941

 COOLING
  YESTERDAY        5                         8     -3        7
  MONTH TO DATE  158                       136     22      204
  SINCE MAR 1    250                       215     35      282
  SINCE JAN 1    250                       219     31      285
..................................................................


WIND (MPH)
  HIGHEST WIND SPEED    14   HIGHEST WIND DIRECTION    SE (150)
  HIGHEST GUST SPEED    20   HIGHEST GUST DIRECTION     S (190)
  AVERAGE WIND SPEED     5.2


SKY COVER
  POSSIBLE SUNSHINE  MM
  AVERAGE SKY COVER 0.1


WEATHER CONDITIONS
 THE FOLLOWING WEATHER WAS RECORDED YESTERDAY.
  NO SIGNIFICANT WEATHER WAS OBSERVED.


RELATIVE HUMIDITY (PERCENT)
 HIGHEST    93           400 AM
 LOWEST     37           100 PM
 AVERAGE    65

..........................................................


THE FAYETTEVILLE REGL AIRPORT NC CLIMATE NORMALS FOR TODAY
                         NORMAL    RECORD    YEAR
 MAXIMUM TEMPERATURE (F)   85        98      2011
 MINIMUM TEMPERATURE (F)   62        46      1967


SUNRISE AND SUNSET
MAY 25 2015...........SUNRISE   606 AM EDT   SUNSET   819 PM EDT
MAY 26 2015...........SUNRISE   605 AM EDT   SUNSET   820 PM EDT


-  INDICATES NEGATIVE NUMBERS.
R  INDICATES RECORD WAS SET OR TIED.
MM INDICATES DATA IS MISSING.
T  INDICATES TRACE AMOUNT.




$$
