000
CDUS42 KRAH 120546
CLIFAY


CLIMATE REPORT
NATIONAL WEATHER SERVICE RALEIGH NC
1243 AM EST TUE DEC 12 2017


...................................

...THE FAYETTEVILLE REGL AIRPORT NC CLIMATE SUMMARY FOR DECEMBER 11 2017...

CLIMATE NORMAL PERIOD 1981 TO 2010
CLIMATE RECORD PERIOD 1910 TO 2017


WEATHER ITEM   OBSERVED TIME   RECORD YEAR NORMAL DEPARTURE LAST
                VALUE   (LST)  VALUE       VALUE  FROM      YEAR
                                                  NORMAL
..................................................................
TEMPERATURE (F)
 YESTERDAY
  MAXIMUM         55    310 PM  80    2007  57     -2       46
  MINIMUM         26    735 AM  15    1945  36    -10       23
  AVERAGE         41                        46     -5       35

PRECIPITATION (IN)
  YESTERDAY        0.00          1.47 2008   0.09  -0.09      T
  MONTH TO DATE    2.02                      1.13   0.89     0.99
  SINCE DEC 1      2.02                      1.13   0.89     0.99
  SINCE JAN 1     40.85                     42.94  -2.09    54.60

DEGREE DAYS
 HEATING
  YESTERDAY       24                        19      5       30
  MONTH TO DATE  180                       190    -10      207
  SINCE DEC 1    180                       190    -10      207
  SINCE JUL 1    613                       638    -25      558

 COOLING
  YESTERDAY        0                         0      0        0
  MONTH TO DATE    0                         0      0        0
  SINCE DEC 1      0                         0      0        0
  SINCE JAN 1   2455                      1991    464     2527
..................................................................


WIND (MPH)
  HIGHEST WIND SPEED     9   HIGHEST WIND DIRECTION    SW (220)
  HIGHEST GUST SPEED    11   HIGHEST GUST DIRECTION     S (200)
  AVERAGE WIND SPEED     3.9


SKY COVER
  POSSIBLE SUNSHINE  MM
  AVERAGE SKY COVER 0.0


WEATHER CONDITIONS
 THE FOLLOWING WEATHER WAS RECORDED YESTERDAY.
  NO SIGNIFICANT WEATHER WAS OBSERVED.


RELATIVE HUMIDITY (PERCENT)
 HIGHEST    92           400 AM
 LOWEST     35           200 PM
 AVERAGE    64

..........................................................


THE FAYETTEVILLE REGL AIRPORT NC CLIMATE NORMALS FOR TODAY
                         NORMAL    RECORD    YEAR
 MAXIMUM TEMPERATURE (F)   56        81      1931
 MINIMUM TEMPERATURE (F)   36        12      1957


SUNRISE AND SUNSET
DECEMBER 12 2017......SUNRISE   714 AM EST   SUNSET   505 PM EST
DECEMBER 13 2017......SUNRISE   715 AM EST   SUNSET   505 PM EST


-  INDICATES NEGATIVE NUMBERS.
R  INDICATES RECORD WAS SET OR TIED.
MM INDICATES DATA IS MISSING.
T  INDICATES TRACE AMOUNT.




$$
