000
CDUS42 KRAH 240805
CLIFAY


CLIMATE REPORT
NATIONAL WEATHER SERVICE RALEIGH NC
404 AM EDT TUE MAY 24 2016


...................................

...THE FAYETTEVILLE REGL AIRPORT NC CLIMATE SUMMARY FOR MAY 23 2016...

CLIMATE NORMAL PERIOD 1981 TO 2010
CLIMATE RECORD PERIOD 1910 TO 2016


WEATHER ITEM   OBSERVED TIME   RECORD YEAR NORMAL DEPARTURE LAST
                VALUE   (LST)  VALUE       VALUE  FROM      YEAR
                                                  NORMAL
..................................................................
TEMPERATURE (F)
 YESTERDAY
  MAXIMUM         69    428 PM 102    1941  84    -15       82
  MINIMUM         53    517 AM  44    1954  61     -8       51
  AVERAGE         61                        73    -12       67

PRECIPITATION (IN)
  YESTERDAY        T             1.96 2010   0.11  -0.11     0.00
  MONTH TO DATE    3.93                      2.14   1.79     2.23
  SINCE MAR 1      8.47                      8.51  -0.04     7.59
  SINCE JAN 1     16.31                     14.57   1.74    15.24

DEGREE DAYS
 HEATING
  YESTERDAY        4                         0      4        0
  MONTH TO DATE   27                        23      4       10
  SINCE MAR 1    356                       505   -149      446
  SINCE JUL 1   2169                      2730   -561     2942

 COOLING
  YESTERDAY        0                         8     -8        2
  MONTH TO DATE  114                       128    -14      153
  SINCE MAR 1    249                       207     42      245
  SINCE JAN 1    249                       211     38      245
..................................................................


WIND (MPH)
  HIGHEST WIND SPEED    21   HIGHEST WIND DIRECTION     N (20)
  HIGHEST GUST SPEED    26   HIGHEST GUST DIRECTION    NW (330)
  AVERAGE WIND SPEED     6.7


SKY COVER
  POSSIBLE SUNSHINE  MM
  AVERAGE SKY COVER 0.5


WEATHER CONDITIONS
 THE FOLLOWING WEATHER WAS RECORDED YESTERDAY.
  NO SIGNIFICANT WEATHER WAS OBSERVED.


RELATIVE HUMIDITY (PERCENT)
 HIGHEST    93           300 AM
 LOWEST     53           200 PM
 AVERAGE    73

..........................................................


THE FAYETTEVILLE REGL AIRPORT NC CLIMATE NORMALS FOR TODAY
                         NORMAL    RECORD    YEAR
 MAXIMUM TEMPERATURE (F)   84        99      1938
 MINIMUM TEMPERATURE (F)   62        42      1931


SUNRISE AND SUNSET
MAY 24 2016...........SUNRISE   606 AM EDT   SUNSET   819 PM EDT
MAY 25 2016...........SUNRISE   605 AM EDT   SUNSET   820 PM EDT


-  INDICATES NEGATIVE NUMBERS.
R  INDICATES RECORD WAS SET OR TIED.
MM INDICATES DATA IS MISSING.
T  INDICATES TRACE AMOUNT.




$$
