000
CDUS42 KRAH 030748
CLIFAY


CLIMATE REPORT
NATIONAL WEATHER SERVICE RALEIGH NC
347 AM EDT MON AUG 3 2015


...................................

...THE FAYETTEVILLE REGL AIRPORT NC CLIMATE SUMMARY FOR AUGUST 2 2015...

CLIMATE NORMAL PERIOD 1981 TO 2010
CLIMATE RECORD PERIOD 1910 TO 2015


WEATHER ITEM   OBSERVED TIME   RECORD YEAR NORMAL DEPARTURE LAST
                VALUE   (LST)  VALUE       VALUE  FROM      YEAR
                                                  NORMAL
..................................................................
TEMPERATURE (F)
 YESTERDAY
  MAXIMUM         97    315 PM 105    1980  91      6       72
  MINIMUM         70    553 AM  58    1997  71     -1       67
  AVERAGE         84                        81      3       70

PRECIPITATION (IN)
  YESTERDAY        0.00          3.10 1973   0.18  -0.18     0.16
  MONTH TO DATE    0.00                      0.37  -0.37     0.20
  SINCE JUN 1     12.52                     10.64   1.88     4.75
  SINCE JAN 1     27.79                     26.31   1.48    23.20

DEGREE DAYS
 HEATING
  YESTERDAY        0                         0      0        0
  MONTH TO DATE    0                         0      0        0
  SINCE JUN 1      0                         0      0        0
  SINCE JUL 1      0                         0      0        0

 COOLING
  YESTERDAY       19                        16      3        5
  MONTH TO DATE   38                        32      6       13
  SINCE JUN 1   1082                       935    147      954
  SINCE JAN 1   1412                      1219    193     1320
..................................................................


WIND (MPH)
  HIGHEST WIND SPEED    17   HIGHEST WIND DIRECTION     S (170)
  HIGHEST GUST SPEED    21   HIGHEST GUST DIRECTION     S (170)
  AVERAGE WIND SPEED     5.0


SKY COVER
  POSSIBLE SUNSHINE  MM
  AVERAGE SKY COVER 0.0


WEATHER CONDITIONS
 THE FOLLOWING WEATHER WAS RECORDED YESTERDAY.
  FOG


RELATIVE HUMIDITY (PERCENT)
 HIGHEST    93           200 AM
 LOWEST     26           300 PM
 AVERAGE    60

..........................................................


THE FAYETTEVILLE REGL AIRPORT NC CLIMATE NORMALS FOR TODAY
                         NORMAL    RECORD    YEAR
 MAXIMUM TEMPERATURE (F)   91       103      1935
 MINIMUM TEMPERATURE (F)   71        58      1919


SUNRISE AND SUNSET
AUGUST  3 2015........SUNRISE   626 AM EDT   SUNSET   817 PM EDT
AUGUST  4 2015........SUNRISE   627 AM EDT   SUNSET   816 PM EDT


-  INDICATES NEGATIVE NUMBERS.
R  INDICATES RECORD WAS SET OR TIED.
MM INDICATES DATA IS MISSING.
T  INDICATES TRACE AMOUNT.




$$
