000
CDUS43 KLMK 192031
CLIFFT


CLIMATE REPORT
NATIONAL WEATHER SERVICE LOUISVILLE KY
430 PM EDT SAT APR 19 2014


...................................

...THE FRANKFORT KY CLIMATE SUMMARY FOR APRIL 19 2014...
VALID TODAY AS OF 0400 PM LOCAL TIME.

CLIMATE NORMAL PERIOD 1981 TO 2010
CLIMATE RECORD PERIOD 1895 TO 2014


WEATHER ITEM   OBSERVED TIME   RECORD YEAR NORMAL DEPARTURE LAST
                VALUE   (LST)  VALUE       VALUE  FROM      YEAR
                                                  NORMAL
..................................................................
TEMPERATURE (F)
 TODAY
  MAXIMUM         72    259 PM  92    1914  68      4       73
  MINIMUM         43    225 AM  24    1983  45     -2       36
  AVERAGE         58                        56      2       55

PRECIPITATION (IN)
  TODAY            0.00          1.43 1969   0.13  -0.13     0.73
  MONTH TO DATE    3.06                      2.16   0.90     1.75
  SINCE MAR 1      5.28                      6.54  -1.26     5.94
  SINCE JAN 1     11.48                     13.09  -1.61    12.58

SNOWFALL (IN)
  TODAY           MM            MM      MM  MM     MM       MM
  MONTH TO DATE   MM                        MM     MM       MM
  SINCE MAR 1     MM                        MM     MM       MM
  SINCE JUL 1     MM                        MM     MM       MM
  SNOW DEPTH      MM

DEGREE DAYS
 HEATING
  TODAY            7                         9     -2       10
  MONTH TO DATE  200                       231    -31      195
  SINCE MAR 1    952                       856     96     1011
  SINCE JUL 1   5064                      4495    569     4549

 COOLING
  TODAY            0                         1     -1        0
  MONTH TO DATE    8                        11     -3       19
  SINCE MAR 1      8                        13     -5       19
  SINCE JAN 1      8                        13     -5       19
..................................................................


WIND (MPH)
  HIGHEST WIND SPEED    17   HIGHEST WIND DIRECTION     E (80)
  HIGHEST GUST SPEED    27   HIGHEST GUST DIRECTION     E (80)
  AVERAGE WIND SPEED     7.0


SKY COVER
  POSSIBLE SUNSHINE  MM
  AVERAGE SKY COVER 0.0


WEATHER CONDITIONS
 THE FOLLOWING WEATHER WAS RECORDED TODAY.
  NO SIGNIFICANT WEATHER WAS OBSERVED.


RELATIVE HUMIDITY (PERCENT)
 HIGHEST    83           200 AM
 LOWEST     27           100 PM
 AVERAGE    55

..........................................................


THE FRANKFORT KY CLIMATE NORMALS FOR TOMORROW
                         NORMAL    RECORD    YEAR
 MAXIMUM TEMPERATURE (F)   69        89      1915
 MINIMUM TEMPERATURE (F)   45        26      1983
                                             1926


SUNRISE AND SUNSET
APRIL 19 2014.........SUNRISE   658 AM EDT   SUNSET   820 PM EDT
APRIL 20 2014.........SUNRISE   657 AM EDT   SUNSET   820 PM EDT


-  INDICATES NEGATIVE NUMBERS.
R  INDICATES RECORD WAS SET OR TIED.
MM INDICATES DATA IS MISSING.
T  INDICATES TRACE AMOUNT.




$$
