000
CDUS43 KLMK 190628
CLIFFT


CLIMATE REPORT
NATIONAL WEATHER SERVICE LOUISVILLE KY
127 AM EST THU JAN 19 2017


...................................

...THE FRANKFORT KY CLIMATE SUMMARY FOR JANUARY 18 2017...

CLIMATE NORMAL PERIOD 1981 TO 2010
CLIMATE RECORD PERIOD 1895 TO 2017


WEATHER ITEM   OBSERVED TIME   RECORD YEAR NORMAL DEPARTURE LAST
                VALUE   (LST)  VALUE       VALUE  FROM      YEAR
                                                  NORMAL
..................................................................
TEMPERATURE (F)
 YESTERDAY
  MAXIMUM         46   1211 AM  73    1929  42      4       18
  MINIMUM         34   1159 PM -17    1977  23     11        5
  AVERAGE         40                        32      8       12

PRECIPITATION (IN)
  YESTERDAY        0.00          1.41 1937   0.10  -0.10     0.00
  MONTH TO DATE    3.02                      2.05   0.97     0.84
  SINCE DEC 1      8.49                      6.06   2.43     7.10
  SINCE JAN 1      3.02                      2.05   0.97     0.84

SNOWFALL (IN)
  YESTERDAY       MM            MM      MM  MM     MM       MM
  MONTH TO DATE   MM                        MM     MM       MM
  SINCE DEC 1     MM                        MM     MM       MM
  SINCE JUL 1     MM                        MM     MM       MM
  SNOW DEPTH      MM

DEGREE DAYS
 HEATING
  YESTERDAY       25                        33     -8       53
  MONTH TO DATE  485                       594   -109      587
  SINCE DEC 1   1358                      1515   -157     1117
  SINCE JUL 1   1976                      2426   -450     1851

 COOLING
  YESTERDAY        0                         0      0        0
  MONTH TO DATE    0                         0      0        0
  SINCE DEC 1      0                         0      0        1
  SINCE JAN 1      0                         0      0        0
..................................................................


WIND (MPH)
  HIGHEST WIND SPEED    13   HIGHEST WIND DIRECTION     W (270)
  HIGHEST GUST SPEED    20   HIGHEST GUST DIRECTION     W (270)
  AVERAGE WIND SPEED     4.4


SKY COVER
  POSSIBLE SUNSHINE  MM
  AVERAGE SKY COVER 0.9


WEATHER CONDITIONS
 THE FOLLOWING WEATHER WAS RECORDED YESTERDAY.
  HAZE


RELATIVE HUMIDITY (PERCENT)
 HIGHEST    89          1100 AM
 LOWEST     70           800 AM
 AVERAGE    80

..........................................................


THE FRANKFORT KY CLIMATE NORMALS FOR TODAY
                         NORMAL    RECORD    YEAR
 MAXIMUM TEMPERATURE (F)   42        73      1929
 MINIMUM TEMPERATURE (F)   23       -27      1994


SUNRISE AND SUNSET
JANUARY 19 2017.......SUNRISE   753 AM EST   SUNSET   548 PM EST
JANUARY 20 2017.......SUNRISE   753 AM EST   SUNSET   549 PM EST


-  INDICATES NEGATIVE NUMBERS.
R  INDICATES RECORD WAS SET OR TIED.
MM INDICATES DATA IS MISSING.
T  INDICATES TRACE AMOUNT.




$$
