000
CDUS43 KLMK 280631
CLIFFT


CLIMATE REPORT
NATIONAL WEATHER SERVICE LOUISVILLE KY
231 AM EDT SAT MAR 28 2015


...................................

...THE FRANKFORT KY CLIMATE SUMMARY FOR MARCH 27 2015...

CLIMATE NORMAL PERIOD 1981 TO 2010
CLIMATE RECORD PERIOD 1895 TO 2015


WEATHER ITEM   OBSERVED TIME   RECORD YEAR NORMAL DEPARTURE LAST
                VALUE   (LST)  VALUE       VALUE  FROM      YEAR
                                                  NORMAL
..................................................................
TEMPERATURE (F)
 YESTERDAY
  MAXIMUM         41   1114 AM  84    1910  60    -19       62
  MINIMUM         27   1159 PM  13    1955  37    -10       30
  AVERAGE         34                        49    -15       46

PRECIPITATION (IN)
  YESTERDAY        T             2.86 1948   0.15  -0.15     0.02
  MONTH TO DATE    7.68                      3.74   3.94     1.27
  SINCE MAR 1      7.68                      3.74   3.94     1.27
  SINCE JAN 1     11.24                     10.29   0.95     7.47

SNOWFALL (IN)
  YESTERDAY       MM            MM      MM  MM     MM       MM
  MONTH TO DATE   MM                        MM     MM       MM
  SINCE MAR 1     MM                        MM     MM       MM
  SINCE JUL 1     MM                        MM     MM       MM
  SNOW DEPTH      MM

DEGREE DAYS
 HEATING
  YESTERDAY       31                        17     14       19
  MONTH TO DATE  586                       565     21      685
  SINCE MAR 1    586                       565     21      685
  SINCE JUL 1   4706                      4204    502     4797

 COOLING
  YESTERDAY        0                         0      0        0
  MONTH TO DATE    0                         0      0        0
  SINCE MAR 1      0                         0      0        0
  SINCE JAN 1      0                         0      0        0
..................................................................


WIND (MPH)
  HIGHEST WIND SPEED    17   HIGHEST WIND DIRECTION     N (340)
  HIGHEST GUST SPEED    23   HIGHEST GUST DIRECTION    NW (330)
  AVERAGE WIND SPEED     7.9


SKY COVER
  POSSIBLE SUNSHINE  MM
  AVERAGE SKY COVER 0.8


WEATHER CONDITIONS
 THE FOLLOWING WEATHER WAS RECORDED YESTERDAY.
  FOG


RELATIVE HUMIDITY (PERCENT)
 HIGHEST    89           600 AM
 LOWEST     50          1200 PM
 AVERAGE    70

..........................................................


THE FRANKFORT KY CLIMATE NORMALS FOR TODAY
                         NORMAL    RECORD    YEAR
 MAXIMUM TEMPERATURE (F)   61        84      1910
                                             1907
 MINIMUM TEMPERATURE (F)   37         9      1947


SUNRISE AND SUNSET
MARCH 28 2015.........SUNRISE   731 AM EDT   SUNSET   759 PM EDT
MARCH 29 2015.........SUNRISE   730 AM EDT   SUNSET   800 PM EDT


-  INDICATES NEGATIVE NUMBERS.
R  INDICATES RECORD WAS SET OR TIED.
MM INDICATES DATA IS MISSING.
T  INDICATES TRACE AMOUNT.




$$
