000
CDUS43 KLMK 062223
CLIFFT


CLIMATE REPORT
NATIONAL WEATHER SERVICE LOUISVILLE KY
432 PM EST FRI MAR 6 2015


...................................

...THE FRANKFORT KY CLIMATE SUMMARY FOR MARCH 6 2015...
VALID TODAY AS OF 0400 PM LOCAL TIME.

CLIMATE NORMAL PERIOD 1981 TO 2010
CLIMATE RECORD PERIOD 1895 TO 2015


WEATHER ITEM   OBSERVED TIME   RECORD YEAR NORMAL DEPARTURE LAST
                VALUE   (LST)  VALUE       VALUE  FROM      YEAR
                                                  NORMAL
..................................................................
TEMPERATURE (F)
 TODAY
  MAXIMUM         26    400 PM  80    1983  52    -26       46
  MINIMUM        -10R   723 AM  -3    1960  31    -41       24
  AVERAGE          8                        42    -34       35

PRECIPITATION (IN)
  TODAY            0.00          2.42 1961   0.13  -0.13     0.00
  MONTH TO DATE    3.18                      0.72   2.46     0.90
  SINCE MAR 1      3.18                      0.72   2.46     0.90
  SINCE JAN 1      6.74                      7.27  -0.53     7.10

SNOWFALL (IN)
  TODAY           MM            MM      MM  MM     MM       MM
  MONTH TO DATE   MM                        MM     MM       MM
  SINCE MAR 1     MM                        MM     MM       MM
  SINCE JUL 1     MM                        MM     MM       MM
  SNOW DEPTH      MM

DEGREE DAYS
 HEATING
  TODAY           57                        23     34       30
  MONTH TO DATE  220                       145     75      212
  SINCE MAR 1    220                       145     75      212
  SINCE JUL 1   4340                      3784    556     4324

 COOLING
  TODAY            0                         0      0        0
  MONTH TO DATE    0                         0      0        0
  SINCE MAR 1      0                         0      0        0
  SINCE JAN 1      0                         0      0        0
..................................................................


WIND (MPH)
  HIGHEST WIND SPEED     9   HIGHEST WIND DIRECTION    SE (140)
  HIGHEST GUST SPEED    12   HIGHEST GUST DIRECTION     S (170)
  AVERAGE WIND SPEED     2.6


SKY COVER
  POSSIBLE SUNSHINE  MM
  AVERAGE SKY COVER 0.2


WEATHER CONDITIONS
 THE FOLLOWING WEATHER WAS RECORDED TODAY.
  FOG
  FOG W/VISIBILITY <= 1/4 MILE
  HAZE


RELATIVE HUMIDITY (PERCENT)
 HIGHEST    95           900 AM
 LOWEST     57           400 PM
 AVERAGE    76

..........................................................


THE FRANKFORT KY CLIMATE NORMALS FOR TOMORROW
                         NORMAL    RECORD    YEAR
 MAXIMUM TEMPERATURE (F)   53        77      1973
 MINIMUM TEMPERATURE (F)   31        -3      1960


SUNRISE AND SUNSET
MARCH  6 2015.........SUNRISE   705 AM EST   SUNSET   638 PM EST
MARCH  7 2015.........SUNRISE   703 AM EST   SUNSET   639 PM EST


-  INDICATES NEGATIVE NUMBERS.
R  INDICATES RECORD WAS SET OR TIED.
MM INDICATES DATA IS MISSING.
T  INDICATES TRACE AMOUNT.




$$
