000
CDUS43 KFGF 080643
CLIFGF


CLIMATE REPORT
NATIONAL WEATHER SERVICE EASTERN NORTH DAKOTA/GRAND FORKS
143 AM CDT WED JUL 8 2015


...................................

...THE GRAND FORKS UNIV. (NWS) ND CLIMATE SUMMARY FOR JULY 7 2015...

CLIMATE NORMAL PERIOD 1981 TO 2010
CLIMATE RECORD PERIOD 1890 TO 2015


WEATHER ITEM   OBSERVED TIME   RECORD YEAR NORMAL DEPARTURE LAST
                VALUE   (LST)  VALUE       VALUE  FROM      YEAR
                                                  NORMAL
..................................................................
TEMPERATURE (F)
 YESTERDAY
  MAXIMUM         74        MM 105    1936  80     -6       78
  MINIMUM         46        MM  39    1908  58    -12       58
  AVERAGE         60                        69     -9       68

PRECIPITATION (IN)
  YESTERDAY        0.00          1.10   MM   0.12  -0.12     0.50
  MONTH TO DATE    1.70                      0.81   0.89     0.65
  SINCE JUN 1      4.02                      4.55  -0.53     7.40
  SINCE JAN 1      9.92                     10.60  -0.68    14.39

SNOWFALL (IN)
  YESTERDAY        0.0           0.0    MM   0.0    0.0      0.0
  MONTH TO DATE    0.0                       0.0    0.0      0.0
  SINCE JUN 1      0.1                       0.0    0.1      0.0
  SINCE JUL 1      0.0                       0.0    0.0      0.0
  SNOW DEPTH       0

DEGREE DAYS
 HEATING
  YESTERDAY        5                         1      4        0
  MONTH TO DATE   12                         7      5       14
  SINCE JUN 1     58                        90    -32       66
  SINCE JUL 1     12                         7      5       14

 COOLING
  YESTERDAY        0                         5     -5        3
  MONTH TO DATE   31                        35     -4       32
  SINCE JUN 1    132                       126      6       95
  SINCE JAN 1    143                       152     -9      150
..................................................................


WIND (MPH)
  RESULTANT WIND SPEED  MM   RESULTANT WIND DIRECTION  MM
  HIGHEST WIND SPEED    MM   HIGHEST WIND DIRECTION    MM
  HIGHEST GUST SPEED    MM   HIGHEST GUST DIRECTION    MM
  AVERAGE WIND SPEED    MM


SKY COVER
  POSSIBLE SUNSHINE  MM
  AVERAGE SKY COVER  MM


WEATHER CONDITIONS
 THE FOLLOWING WEATHER WAS RECORDED YESTERDAY.
  NO SIGNIFICANT WEATHER WAS OBSERVED.


RELATIVE HUMIDITY (PERCENT)
 HIGHEST    MM
 LOWEST     MM
 AVERAGE    MM

..........................................................


THE GRAND FORKS UNIV. (NWS) ND CLIMATE NORMALS FOR TODAY
                         NORMAL    RECORD    YEAR
 MAXIMUM TEMPERATURE (F)   81       105      1936
 MINIMUM TEMPERATURE (F)   58        42      1905


SUNRISE AND SUNSET
JULY  8 2015..........SUNRISE   538 AM CDT   SUNSET   928 PM CDT
JULY  9 2015..........SUNRISE   539 AM CDT   SUNSET   928 PM CDT


-  INDICATES NEGATIVE NUMBERS.
R  INDICATES RECORD WAS SET OR TIED.
MM INDICATES DATA IS MISSING.
T  INDICATES TRACE AMOUNT.




$$
