901
CDUS43 KFGF 110642
CLIFGF


CLIMATE REPORT
NATIONAL WEATHER SERVICE EASTERN NORTH DAKOTA/GRAND FORKS
1242 AM CST THU FEB 11 2016


...................................

...THE GRAND FORKS UNIV. (NWS) ND CLIMATE SUMMARY FOR FEBRUARY 10 2016...

CLIMATE NORMAL PERIOD 1981 TO 2010
CLIMATE RECORD PERIOD 1890 TO 2016


WEATHER ITEM   OBSERVED TIME   RECORD YEAR NORMAL DEPARTURE LAST
                VALUE   (LST)  VALUE       VALUE  FROM      YEAR
                                                  NORMAL
..................................................................
TEMPERATURE (F)
 YESTERDAY
  MAXIMUM          9        MM  43    1918  21    -12       26
  MINIMUM          1        MM -32    1914   3     -2       11
                                      1906
  AVERAGE          5                        12     -7       19

PRECIPITATION (IN)
  YESTERDAY        T             0.21   MM   0.01  -0.01     0.19
  MONTH TO DATE    0.35                      0.16   0.19     0.20
  SINCE DEC 1      1.77                      1.52   0.25     0.60
  SINCE JAN 1      0.65                      0.87  -0.22     0.47

SNOWFALL (IN)
  YESTERDAY        T             4.8  2013   0.2   -0.2      2.4
  MONTH TO DATE    3.2                       2.3    0.9      2.9
  SINCE DEC 1     22.7                      23.6   -0.9     10.7
  SINCE JUL 1     26.1                      30.7   -4.6     14.5
  SNOW DEPTH       4

DEGREE DAYS
 HEATING
  YESTERDAY       60                        53      7       46
  MONTH TO DATE  469                       544    -75      544
  SINCE DEC 1   3506                      3968   -462     3585
  SINCE JUL 1   5115                      6062   -947     5705

 COOLING
  YESTERDAY        0                         0      0        0
  MONTH TO DATE    0                         0      0        0
  SINCE DEC 1      0                         0      0        0
  SINCE JAN 1      0                         0      0        0
..................................................................


WIND (MPH)
  RESULTANT WIND SPEED  MM   RESULTANT WIND DIRECTION  MM
  HIGHEST WIND SPEED    MM   HIGHEST WIND DIRECTION    MM
  HIGHEST GUST SPEED    MM   HIGHEST GUST DIRECTION    MM
  AVERAGE WIND SPEED    MM


SKY COVER
  POSSIBLE SUNSHINE  MM
  AVERAGE SKY COVER  MM


WEATHER CONDITIONS
 THE FOLLOWING WEATHER WAS RECORDED YESTERDAY.
  NO SIGNIFICANT WEATHER WAS OBSERVED.


RELATIVE HUMIDITY (PERCENT)
 HIGHEST    MM
 LOWEST     MM
 AVERAGE    MM

..........................................................


THE GRAND FORKS UNIV. (NWS) ND CLIMATE NORMALS FOR TODAY
                         NORMAL    RECORD    YEAR
 MAXIMUM TEMPERATURE (F)   21        50      2002
 MINIMUM TEMPERATURE (F)    3       -40      1914


SUNRISE AND SUNSET
FEBRUARY 11 2016......SUNRISE   742 AM CST   SUNSET   544 PM CST
FEBRUARY 12 2016......SUNRISE   740 AM CST   SUNSET   546 PM CST


-  INDICATES NEGATIVE NUMBERS.
R  INDICATES RECORD WAS SET OR TIED.
MM INDICATES DATA IS MISSING.
T  INDICATES TRACE AMOUNT.




$$
