000
CSUS97 KFGF 130631
CLIFGF


CLIMATE REPORT
NATIONAL WEATHER SERVICE EASTERN NORTH DAKOTA/GRAND FORKS
131 AM CDT SUN JUL 13 2014


...................................

...THE GRAND FORKS UNIV. (NWS) ND CLIMATE SUMMARY FOR JULY 12 2014...

CLIMATE NORMAL PERIOD 1981 TO 2010
CLIMATE RECORD PERIOD 1890 TO 2014


WEATHER ITEM   OBSERVED TIME   RECORD YEAR NORMAL DEPARTURE LAST
                VALUE   (LST)  VALUE       VALUE  FROM      YEAR
                                                  NORMAL
..................................................................
TEMPERATURE (F)
 YESTERDAY
  MAXIMUM         80        MM 109    1936  81     -1       86
  MINIMUM         55        MM  39    1926  59     -4       67
  AVERAGE         68                        70     -2       77

PRECIPITATION (IN)
  YESTERDAY        0.03          1.51   MM   0.11  -0.08     0.44
  MONTH TO DATE    0.68                      1.36  -0.68     0.94
  SINCE JUN 1      7.43                      5.10   2.33     3.72
  SINCE JAN 1     14.42                     11.15   3.27    11.93

SNOWFALL (IN)
  YESTERDAY        0.0           0.0    MM   0.0    0.0      0.0
  MONTH TO DATE    0.0                       0.0    0.0      0.0
  SINCE JUN 1      0.0                       0.0    0.0      0.0
  SINCE JUL 1      0.0                       0.0    0.0      0.0
  SNOW DEPTH       0

DEGREE DAYS
 HEATING
  YESTERDAY        0                         1     -1        0
  MONTH TO DATE   14                        12      2        0
  SINCE JUN 1     66                        95    -29       75
  SINCE JUL 1     14                        12      2        0

 COOLING
  YESTERDAY        3                         6     -3       12
  MONTH TO DATE   49                        62    -13      105
  SINCE JUN 1    112                       153    -41      220
  SINCE JAN 1    167                       179    -12      229
..................................................................


WIND (MPH)
  RESULTANT WIND SPEED  MM   RESULTANT WIND DIRECTION  MM
  HIGHEST WIND SPEED    MM   HIGHEST WIND DIRECTION    MM
  HIGHEST GUST SPEED    MM   HIGHEST GUST DIRECTION    MM
  AVERAGE WIND SPEED    MM


SKY COVER
  POSSIBLE SUNSHINE  MM
  AVERAGE SKY COVER  MM


WEATHER CONDITIONS
 THE FOLLOWING WEATHER WAS RECORDED YESTERDAY.
  NO SIGNIFICANT WEATHER WAS OBSERVED.


RELATIVE HUMIDITY (PERCENT)
 HIGHEST    MM
 LOWEST     MM
 AVERAGE    MM

..........................................................


THE GRAND FORKS UNIV. (NWS) ND CLIMATE NORMALS FOR TODAY
                         NORMAL    RECORD    YEAR
 MAXIMUM TEMPERATURE (F)   81       106      1936
 MINIMUM TEMPERATURE (F)   59        40      1950


SUNRISE AND SUNSET
JULY 13 2014..........SUNRISE   543 AM CDT   SUNSET   925 PM CDT
JULY 14 2014..........SUNRISE   544 AM CDT   SUNSET   924 PM CDT


-  INDICATES NEGATIVE NUMBERS.
R  INDICATES RECORD WAS SET OR TIED.
MM INDICATES DATA IS MISSING.
T  INDICATES TRACE AMOUNT.




$$
