000
CDUS43 KFGF 222250
CLIFGF


CLIMATE REPORT
NATIONAL WEATHER SERVICE EASTERN NORTH DAKOTA/GRAND FORKS
449 PM CST MON DEC 22 2014


...................................

...THE GRAND FORKS UNIV. (NWS) ND CLIMATE SUMMARY FOR DECEMBER 22 2014...
VALID TODAY AS OF 0400 PM LOCAL TIME.

CLIMATE NORMAL PERIOD 1981 TO 2010
CLIMATE RECORD PERIOD 1890 TO 2014


WEATHER ITEM   OBSERVED TIME   RECORD YEAR NORMAL DEPARTURE LAST
                VALUE   (LST)  VALUE       VALUE  FROM      YEAR
                                                  NORMAL
..................................................................
TEMPERATURE (F)
 TODAY
  MAXIMUM         37        MM  43    1936  18     19       -6
  MINIMUM         33        MM -29    1945   2     31      -15
  AVERAGE         35                        10     25      -10

PRECIPITATION (IN)
  TODAY            0.01          0.39   MM   0.02  -0.01     0.00
  MONTH TO DATE    0.06                      0.45  -0.39     0.55
  SINCE DEC 1      0.06                      0.45  -0.39     0.55
  SINCE JAN 1     22.62                     21.42   1.20    19.00

SNOWFALL (IN)
  TODAY            0.0           4.5    MM   0.4   -0.4      0.0
  MONTH TO DATE    0.7                       7.3   -6.6     17.7
  SINCE DEC 1      0.7                       7.3   -6.6     17.7
  SINCE JUL 1      4.5                      14.4   -9.9     19.3
  SNOW DEPTH       0

DEGREE DAYS
 HEATING
  TODAY           30                        55    -25       75
  MONTH TO DATE  964                      1131   -167     1416
  SINCE DEC 1    964                      1131   -167     1416
  SINCE JUL 1   3084                      3225   -141     3467

 COOLING
  TODAY            0                         0      0        0
  MONTH TO DATE    0                         0      0        0
  SINCE DEC 1      0                         0      0        0
  SINCE JAN 1    395                       463    -68      528
..................................................................


WIND (MPH)
  HIGHEST WIND SPEED    MM   HIGHEST WIND DIRECTION    MM
  HIGHEST GUST SPEED    MM   HIGHEST GUST DIRECTION    MM
  AVERAGE WIND SPEED    MM


SKY COVER
  POSSIBLE SUNSHINE  MM
  AVERAGE SKY COVER  MM


WEATHER CONDITIONS
 THE FOLLOWING WEATHER WAS RECORDED TODAY.
  NO SIGNIFICANT WEATHER WAS OBSERVED.


RELATIVE HUMIDITY (PERCENT)
 HIGHEST    MM
 LOWEST     MM
 AVERAGE    MM

..........................................................


THE GRAND FORKS UNIV. (NWS) ND CLIMATE NORMALS FOR TOMORROW
                         NORMAL    RECORD    YEAR
 MAXIMUM TEMPERATURE (F)   18        42      1936
 MINIMUM TEMPERATURE (F)    2       -30      1983


SUNRISE AND SUNSET
DECEMBER 22 2014......SUNRISE   816 AM CST   SUNSET   439 PM CST
DECEMBER 23 2014......SUNRISE   816 AM CST   SUNSET   439 PM CST


-  INDICATES NEGATIVE NUMBERS.
R  INDICATES RECORD WAS SET OR TIED.
MM INDICATES DATA IS MISSING.
T  INDICATES TRACE AMOUNT.




$$
