000
CDUS45 KFGZ 270828
CLIFLG
CLIMATE REPORT
NATIONAL WEATHER SERVICE FLAGSTAFF, AZ
126 AM MST FRI MAY 27 2016


...................................

...THE FLAGSTAFF AZ AIRPORT CLIMATE SUMMARY FOR MAY 26 2016...

CLIMATE NORMAL PERIOD 1981 TO 2010
CLIMATE RECORD PERIOD 1898 TO 2016


WEATHER ITEM   OBSERVED TIME   RECORD YEAR NORMAL DEPARTURE LAST
                VALUE   (LST)  VALUE       VALUE  FROM      YEAR
                                                  NORMAL
..................................................................
TEMPERATURE (F)
 YESTERDAY
  MAXIMUM         59    236 PM  87    1951  71    -12       68
  MINIMUM         32   1246 AM  19    1916  37     -5       34
  AVERAGE         46                        54     -8

PRECIPITATION (IN)
  YESTERDAY        T             0.75 1992   0.02  -0.02     0.00
  MONTH TO DATE    1.57                      0.53   1.04     1.80
  SINCE SEP 1     15.85                     15.68   0.17    18.76
  SINCE JAN 1      7.02                      8.01  -0.99    10.93

SNOWFALL (IN)
  YESTERDAY        0.0           T    1993   0.0             0.0
  MONTH TO DATE    1.9                       0.7             5.9
  SINCE JUL 1     78.3                     101.7            62.9
  SNOW DEPTH       0

DEGREE DAYS
 HEATING
  YESTERDAY       19                        11      8       14
  MONTH TO DATE  439                       365     74      491
  SINCE JUL 1   6521                      6721   -200     5891

 COOLING
  YESTERDAY        0                         0      0        0
  MONTH TO DATE    0                         0      0        0
  SINCE JAN 1      0                         0      0        0
..................................................................


WIND (MPH)
  HIGHEST WIND SPEED    21   HIGHEST WIND DIRECTION    SW (210)
  HIGHEST GUST SPEED    27   HIGHEST GUST DIRECTION     W (250)
  AVERAGE WIND SPEED     5.5


SKY COVER
  POSSIBLE SUNSHINE  MM
  AVERAGE SKY COVER 0.5


WEATHER CONDITIONS
 THE FOLLOWING WEATHER WAS RECORDED YESTERDAY.
  NO SIGNIFICANT WEATHER WAS OBSERVED.


RELATIVE HUMIDITY (PERCENT)
 HIGHEST    75          1100 PM
 LOWEST     24           300 PM
 AVERAGE    50

..........................................................


THE FLAGSTAFF AZ AIRPORT CLIMATE NORMALS FOR TODAY
                         NORMAL    RECORD    YEAR
 MAXIMUM TEMPERATURE (F)   72        87      1974
 MINIMUM TEMPERATURE (F)   37        23      1916


SUNRISE AND SUNSET
MAY 27 2016...........SUNRISE   515 AM MST   SUNSET   733 PM MST
MAY 28 2016...........SUNRISE   515 AM MST   SUNSET   734 PM MST


-  INDICATES NEGATIVE NUMBERS.
R  INDICATES RECORD WAS SET OR TIED.
MM INDICATES DATA IS MISSING.
T  INDICATES TRACE AMOUNT.




$$
&&

-------------------------------------------------------------------
SNOW DEPTH DATA FOR FLAGSTAFF AIRPORT IS REPORTED AT 5 AM MST


-------------------------------------------------------------------
SUPPLEMENTARY CLIMATE DATA FOR NWS BELLEMONT, ARIZONA

SNOW DEPTH (IN) AT 11 AM........................................0
WATER EQUIVALENT OF SNOW PACK (IN) AT 11 AM*....................
* ONLY MEASURED IF SNOW DEPTH IS 2.0 INCHES OR GREATER
-------------------------------------------------------------------
