000
CDUS45 KFGZ 140745
CLIFLG
CLIMATE REPORT
NATIONAL WEATHER SERVICE FLAGSTAFF, AZ
1244 AM MST SUN FEB 14 2016


...................................

...THE FLAGSTAFF AZ AIRPORT CLIMATE SUMMARY FOR FEBRUARY 13 2016...

CLIMATE NORMAL PERIOD 1981 TO 2010
CLIMATE RECORD PERIOD 1898 TO 2016


WEATHER ITEM   OBSERVED TIME   RECORD YEAR NORMAL DEPARTURE LAST
                VALUE   (LST)  VALUE       VALUE  FROM      YEAR
                                                  NORMAL
..................................................................
TEMPERATURE (F)
 YESTERDAY
  MAXIMUM         62    154 PM  68    1977  44     18       60
  MINIMUM         22    738 AM -18    1905  19      3       26
  AVERAGE         42                        32     10

PRECIPITATION (IN)
  YESTERDAY        0.00          1.84 1992   0.08  -0.08     0.00
  MONTH TO DATE    0.37                      0.95  -0.58     0.00
  SINCE SEP 1     12.61                     10.67   1.94    10.02
  SINCE JAN 1      3.78                      3.00   0.78     2.19

SNOWFALL (IN)
  YESTERDAY        0.0           9.5  1992   0.8             0.0
  MONTH TO DATE    7.8                      10.2             0.0
  SINCE JUL 1     71.7                      62.5            29.7
  SNOW DEPTH       5

DEGREE DAYS
 HEATING
  YESTERDAY       23                        33    -10       22
  MONTH TO DATE  453                       440     13      295
  SINCE JUL 1   4312                      4356    -44     3644

 COOLING
  YESTERDAY        0                         0      0        0
  MONTH TO DATE    0                         0      0        0
  SINCE JAN 1      0                         0      0        0
..................................................................


WIND (MPH)
  HIGHEST WIND SPEED    14   HIGHEST WIND DIRECTION    SW (230)
  HIGHEST GUST SPEED    17   HIGHEST GUST DIRECTION    SW (230)
  AVERAGE WIND SPEED     2.5


SKY COVER
  POSSIBLE SUNSHINE  MM
  AVERAGE SKY COVER 0.0


WEATHER CONDITIONS
 THE FOLLOWING WEATHER WAS RECORDED YESTERDAY.
  NO SIGNIFICANT WEATHER WAS OBSERVED.


RELATIVE HUMIDITY (PERCENT)
 HIGHEST    84           700 AM
 LOWEST     12           100 PM
 AVERAGE    48

..........................................................


THE FLAGSTAFF AZ AIRPORT CLIMATE NORMALS FOR TODAY
                         NORMAL    RECORD    YEAR
 MAXIMUM TEMPERATURE (F)   45        66      2015
                                             2014
 MINIMUM TEMPERATURE (F)   19       -15      1949


SUNRISE AND SUNSET
FEBRUARY 14 2016......SUNRISE   714 AM MST   SUNSET   608 PM MST
FEBRUARY 15 2016......SUNRISE   713 AM MST   SUNSET   609 PM MST


-  INDICATES NEGATIVE NUMBERS.
R  INDICATES RECORD WAS SET OR TIED.
MM INDICATES DATA IS MISSING.
T  INDICATES TRACE AMOUNT.




$$
&&

-------------------------------------------------------------------
SNOW DEPTH DATA FOR FLAGSTAFF AIRPORT IS REPORTED AT 5 AM MST


-------------------------------------------------------------------
SUPPLEMENTARY CLIMATE DATA FOR NWS BELLEMONT, ARIZONA

SNOW DEPTH (IN) AT 11 AM........................................3
WATER EQUIVALENT OF SNOW PACK (IN) AT 11 AM*....................1.2
* ONLY MEASURED IF SNOW DEPTH IS 2.0 INCHES OR GREATER
-------------------------------------------------------------------
