000
CDUS45 KFGZ 010814
CLIFLG
CLIMATE REPORT
NATIONAL WEATHER SERVICE FLAGSTAFF, AZ
109 AM MST SAT NOV 1 2014


...................................

...THE FLAGSTAFF AZ AIRPORT CLIMATE SUMMARY FOR OCTOBER 31 2014...

CLIMATE NORMAL PERIOD 1981 TO 2010
CLIMATE RECORD PERIOD 1898 TO 2014


WEATHER ITEM   OBSERVED TIME   RECORD YEAR NORMAL DEPARTURE LAST
                VALUE   (LST)  VALUE       VALUE  FROM      YEAR
                                                  NORMAL
..................................................................
TEMPERATURE (F)
 YESTERDAY
  MAXIMUM         67    154 PM  70    1999  57     10       56
                                      1973
                                      1939
  MINIMUM         32    143 AM   7    1935  27      5       26
  AVERAGE         50                        42      8

PRECIPITATION (IN)
  YESTERDAY        0.00          1.79 1987   0.06  -0.06     0.00
  MONTH TO DATE    0.69                      1.66  -0.97     0.29
  SINCE SEP 1      3.79                      4.04  -0.25     3.54
  SINCE JAN 1     16.63                     18.23  -1.60    21.22

SNOWFALL (IN)
  YESTERDAY        0.0           9.0  1920   0.2             0.0
  MONTH TO DATE    0.0                       1.5             0.6
  SINCE JUL 1      0.0                       1.5             0.6
  SNOW DEPTH       0

DEGREE DAYS
 HEATING
  YESTERDAY       15                        23     -8       24
  MONTH TO DATE  419                       566   -147      639
  SINCE JUL 1    671                       883   -212      933

 COOLING
  YESTERDAY        0                         0      0        0
  MONTH TO DATE    0                         0      0        0
  SINCE JAN 1    109                       117     -8      148
..................................................................


WIND (MPH)
  HIGHEST WIND SPEED    25   HIGHEST WIND DIRECTION    SW (220)
  HIGHEST GUST SPEED    32   HIGHEST GUST DIRECTION    SW (240)
  AVERAGE WIND SPEED     7.7


SKY COVER
  POSSIBLE SUNSHINE  MM
  AVERAGE SKY COVER 0.1


WEATHER CONDITIONS
 THE FOLLOWING WEATHER WAS RECORDED YESTERDAY.
  NO SIGNIFICANT WEATHER WAS OBSERVED.


RELATIVE HUMIDITY (PERCENT)
 HIGHEST    66           900 PM
 LOWEST     28           300 PM
 AVERAGE    47

..........................................................


THE FLAGSTAFF AZ AIRPORT CLIMATE NORMALS FOR TODAY
                         NORMAL    RECORD    YEAR
 MAXIMUM TEMPERATURE (F)   56        73      1916
 MINIMUM TEMPERATURE (F)   27        11      1943
                                             1929


SUNRISE AND SUNSET
NOVEMBER  1 2014......SUNRISE   648 AM MST   SUNSET   532 PM MST
NOVEMBER  2 2014......SUNRISE   649 AM MST   SUNSET   531 PM MST


-  INDICATES NEGATIVE NUMBERS.
R  INDICATES RECORD WAS SET OR TIED.
MM INDICATES DATA IS MISSING.
T  INDICATES TRACE AMOUNT.




$$


&&

-------------------------------------------------------------------
SNOW DEPTH DATA FOR FLAGSTAFF AIRPORT IS REPORTED AT 5 AM MST


-------------------------------------------------------------------
SUPPLEMENTARY CLIMATE DATA FOR NWS BELLEMONT, ARIZONA

SNOW DEPTH (IN) AT 11 AM..........................................0
WATER EQUIVALENT OF SNOW PACK (IN) AT 11 AM*......................0
* ONLY MEASURED IF SNOW DEPTH IS 2.0 INCHES OR GREATER
-------------------------------------------------------------------
