000
CDUS45 KFGZ 190830
CLIFLG
CLIMATE REPORT
NATIONAL WEATHER SERVICE FLAGSTAFF, AZ
128 AM MST FRI DEC 19 2014


...................................

...THE FLAGSTAFF AZ AIRPORT CLIMATE SUMMARY FOR DECEMBER 18 2014...

CLIMATE NORMAL PERIOD 1981 TO 2010
CLIMATE RECORD PERIOD 1898 TO 2014


WEATHER ITEM   OBSERVED TIME   RECORD YEAR NORMAL DEPARTURE LAST
                VALUE   (LST)  VALUE       VALUE  FROM      YEAR
                                                  NORMAL
..................................................................
TEMPERATURE (F)
 YESTERDAY
  MAXIMUM         36    323 PM  65    1901  42     -6       52
  MINIMUM         17   1159 PM -14    1908  16      1       24
  AVERAGE         27                        29     -2

PRECIPITATION (IN)
  YESTERDAY        0.20          2.65 1978   0.06   0.14     0.00
  MONTH TO DATE    2.71                      1.03   1.68     0.65
  SINCE SEP 1      7.10                      6.83   0.27     6.41
  SINCE JAN 1     19.94                     21.02  -1.08    24.09

SNOWFALL (IN)
  YESTERDAY        2.0           7.2  2002   0.5             0.0
                                      1967
  MONTH TO DATE    4.4                       9.2             9.7
  SINCE JUL 1      4.4                      21.4            21.7
  SNOW DEPTH       T

DEGREE DAYS
 HEATING
  YESTERDAY       38                        36      2       27
  MONTH TO DATE  506                       629   -123      709
  SINCE JUL 1   1923                      2361   -438     2464

 COOLING
  YESTERDAY        0                         0      0        0
  MONTH TO DATE    0                         0      0        0
  SINCE JAN 1    109                       117     -8      148
..................................................................


WIND (MPH)
  HIGHEST WIND SPEED    10   HIGHEST WIND DIRECTION    NE (60)
  HIGHEST GUST SPEED    13   HIGHEST GUST DIRECTION    NE (50)
  AVERAGE WIND SPEED     2.8


SKY COVER
  POSSIBLE SUNSHINE  MM
  AVERAGE SKY COVER 0.6


WEATHER CONDITIONS
 THE FOLLOWING WEATHER WAS RECORDED YESTERDAY.
  SNOW
  LIGHT SNOW
  FOG
  FOG W/VISIBILITY <= 1/4 MILE
  HAZE


RELATIVE HUMIDITY (PERCENT)
 HIGHEST    92           500 AM
 LOWEST     78           500 PM
 AVERAGE    85

..........................................................


THE FLAGSTAFF AZ AIRPORT CLIMATE NORMALS FOR TODAY
                         NORMAL    RECORD    YEAR
 MAXIMUM TEMPERATURE (F)   42        62      1958
 MINIMUM TEMPERATURE (F)   16       -14      1924


SUNRISE AND SUNSET
DECEMBER 19 2014......SUNRISE   730 AM MST   SUNSET   518 PM MST
DECEMBER 20 2014......SUNRISE   731 AM MST   SUNSET   518 PM MST


-  INDICATES NEGATIVE NUMBERS.
R  INDICATES RECORD WAS SET OR TIED.
MM INDICATES DATA IS MISSING.
T  INDICATES TRACE AMOUNT.




$$


&&

-------------------------------------------------------------------
SNOW DEPTH DATA FOR FLAGSTAFF AIRPORT IS REPORTED AT 5 AM MST


-------------------------------------------------------------------
SUPPLEMENTARY CLIMATE DATA FOR NWS BELLEMONT, ARIZONA

SNOW DEPTH (IN) AT 5 AM........................................1
WATER EQUIVALENT OF SNOW PACK (IN) AT 11 AM*....................
* ONLY MEASURED IF SNOW DEPTH IS 2.0 INCHES OR GREATER
-------------------------------------------------------------------
