533
CDUS45 KFGZ 300735
CLIFLG
CLIMATE REPORT
NATIONAL WEATHER SERVICE FLAGSTAFF, AZ
1234 AM MST SAT JUL 30 2016


...................................

...THE FLAGSTAFF AZ AIRPORT CLIMATE SUMMARY FOR JULY 29 2016...

CLIMATE NORMAL PERIOD 1981 TO 2010
CLIMATE RECORD PERIOD 1898 TO 2016


WEATHER ITEM   OBSERVED TIME   RECORD YEAR NORMAL DEPARTURE LAST
                VALUE   (LST)  VALUE       VALUE  FROM      YEAR
                                                  NORMAL
..................................................................
TEMPERATURE (F)
 YESTERDAY
  MAXIMUM         88   1209 PM  92    2002  80      8       81
  MINIMUM         60    207 PM  37    1913  52      8       53
  AVERAGE         74                        66      8

PRECIPITATION (IN)
  YESTERDAY        0.18          1.37 1977   0.11   0.07     0.00
  MONTH TO DATE    1.72                      2.37  -0.65     2.59
  SINCE SEP 1     18.81                     18.51   0.30    23.05
  SINCE JAN 1      9.98                     10.84  -0.86    15.22

SNOWFALL (IN)
  YESTERDAY        0.0           0.0  2002   0.0             0.0
                                      2001
                                      2000
  MONTH TO DATE    0.0                       0.0             0.0
  SINCE JUL 1      0.0                       0.0             0.0
  SNOW DEPTH       0

DEGREE DAYS
 HEATING
  YESTERDAY        0                         1     -1        0
  MONTH TO DATE   10                        34    -24       56
  SINCE JUL 1     10                        34    -24       56

 COOLING
  YESTERDAY        9                         2      7        2
  MONTH TO DATE   67                        58      9       26
  SINCE JAN 1    119                        75     44       76
..................................................................


WIND (MPH)
  HIGHEST WIND SPEED    22   HIGHEST WIND DIRECTION     N (10)
  HIGHEST GUST SPEED    35   HIGHEST GUST DIRECTION     N (350)
  AVERAGE WIND SPEED     6.4


SKY COVER
  POSSIBLE SUNSHINE  MM
  AVERAGE SKY COVER 0.1


WEATHER CONDITIONS
 THE FOLLOWING WEATHER WAS RECORDED YESTERDAY.
  THUNDERSTORM
  LIGHT RAIN


RELATIVE HUMIDITY (PERCENT)
 HIGHEST    60           700 AM
 LOWEST     21          1200 PM
 AVERAGE    41

..........................................................


THE FLAGSTAFF AZ AIRPORT CLIMATE NORMALS FOR TODAY
                         NORMAL    RECORD    YEAR
 MAXIMUM TEMPERATURE (F)   80        92      1943
 MINIMUM TEMPERATURE (F)   52        40      1913


SUNRISE AND SUNSET
JULY 30 2016..........SUNRISE   535 AM MST   SUNSET   731 PM MST
JULY 31 2016..........SUNRISE   536 AM MST   SUNSET   730 PM MST


-  INDICATES NEGATIVE NUMBERS.
R  INDICATES RECORD WAS SET OR TIED.
MM INDICATES DATA IS MISSING.
T  INDICATES TRACE AMOUNT.




$$
&&

-------------------------------------------------------------------
SNOW DEPTH DATA FOR FLAGSTAFF AIRPORT IS REPORTED AT 5 AM MST


-------------------------------------------------------------------
SUPPLEMENTARY CLIMATE DATA FOR NWS BELLEMONT, ARIZONA

SNOW DEPTH (IN) AT 11 AM........................................0
WATER EQUIVALENT OF SNOW PACK (IN) AT 11 AM*....................
* ONLY MEASURED IF SNOW DEPTH IS 2.0 INCHES OR GREATER
-------------------------------------------------------------------
