000
CDUS42 KMFL 300843
CLIFLL


CLIMATE REPORT
NATIONAL WEATHER SERVICE MIAMI, FL
443 AM EDT WED JUL 30 2014


...................................

...THE FORT LAUDERDALE CLIMATE SUMMARY FOR JULY 29 2014...

CLIMATE NORMAL PERIOD 1981 TO 2010
CLIMATE RECORD PERIOD 1839 TO 2014


WEATHER ITEM   OBSERVED TIME   RECORD YEAR NORMAL DEPARTURE LAST
                VALUE   (LST)  VALUE       VALUE  FROM      YEAR
                                                  NORMAL
..................................................................
TEMPERATURE (F)
 YESTERDAY
  MAXIMUM         94    240 PM  96    1990  91      3       89
  MINIMUM         77    534 PM  68    1924  79     -2       78
  AVERAGE         86                        85      1       84

PRECIPITATION (IN)
  YESTERDAY        0.37          2.39 1993   0.17   0.20     0.00
  MONTH TO DATE    9.10                      5.62   3.48    15.28
  SINCE JUN 1     17.74                     15.78   1.96    30.00
  SINCE JAN 1     38.34                     33.27   5.07    54.78

SNOWFALL (IN)
  YESTERDAY        0.0
  MONTH TO DATE    0.0
  SINCE JUN 1      0.0
  SINCE JUL 1      0.0
  SNOW DEPTH       0

DEGREE DAYS
 HEATING
  YESTERDAY        0                         0      0        0
  MONTH TO DATE    0                         0      0        0
  SINCE JUN 1      0                         0      0        0
  SINCE JUL 1      0                         0      0        0

 COOLING
  YESTERDAY       21                        20      1       19
  MONTH TO DATE  574                       561     13      487
  SINCE JUN 1   1090                      1104    -14     1031
  SINCE JAN 1   2625                      2522    103     2427
..................................................................


WIND (MPH)
  HIGHEST WIND SPEED    28   HIGHEST WIND DIRECTION     W (270)
  HIGHEST GUST SPEED    35   HIGHEST GUST DIRECTION     W (270)
  AVERAGE WIND SPEED     5.6


SKY COVER
  AVERAGE SKY COVER 0.6


WEATHER CONDITIONS
 THE FOLLOWING WEATHER WAS RECORDED YESTERDAY.
  THUNDERSTORM
  LIGHT RAIN
  FOG


RELATIVE HUMIDITY (PERCENT)
 HIGHEST    85
 LOWEST     46
 AVERAGE    66

..........................................................


THE FORT LAUDERDALE CLIMATE NORMALS FOR TODAY
                         NORMAL    RECORD    YEAR
 MAXIMUM TEMPERATURE (F)   91        97      1999
 MINIMUM TEMPERATURE (F)   79        69      1928


SUNRISE AND SUNSET
JULY 30 2014..........SUNRISE   645 AM EDT   SUNSET   808 PM EDT
JULY 31 2014..........SUNRISE   646 AM EDT   SUNSET   808 PM EDT


-  INDICATES NEGATIVE NUMBERS.
R  INDICATES RECORD WAS SET OR TIED.
MM INDICATES DATA IS MISSING.
T  INDICATES TRACE AMOUNT.




$$
