549
CDUS42 KMFL 100936
CLIFLL


CLIMATE REPORT
NATIONAL WEATHER SERVICE MIAMI, FL
436 AM EST SAT DEC 10 2016


...................................

...THE FORT LAUDERDALE CLIMATE SUMMARY FOR DECEMBER 9 2016...

CLIMATE NORMAL PERIOD 1981 TO 2010
CLIMATE RECORD PERIOD 1912 TO 2016


WEATHER ITEM   OBSERVED TIME   RECORD YEAR NORMAL DEPARTURE LAST
                VALUE   (LST)  VALUE       VALUE  FROM      YEAR
                                                  NORMAL
..................................................................
TEMPERATURE (F)
 YESTERDAY
  MAXIMUM         77    117 PM  89    1919  79     -2       83
  MINIMUM         65   1159 PM  35    1934  65      0       70
  AVERAGE         71                        72     -1       77

PRECIPITATION (IN)
  YESTERDAY        T             4.57 2002   0.09  -0.09      T
  MONTH TO DATE    1.29                      0.77   0.52     5.20
  SINCE NOV 1      2.33                      4.01  -1.68    10.08
  SINCE JAN 1     48.00                     60.49 -12.49    46.81

SNOWFALL (IN)
  YESTERDAY        0.0
  MONTH TO DATE    0.0
  SINCE DEC 1      0.0
  SINCE JUL 1      0.0
  SNOW DEPTH       0

DEGREE DAYS
 HEATING
  YESTERDAY        0                         1     -1        0
  MONTH TO DATE    0                         4     -4        0
  SINCE DEC 1      0                         4     -4        0
  SINCE JUL 1      0                         6     -6        0

 COOLING
  YESTERDAY        6                         8     -2       12
  MONTH TO DATE  113                        73     40       94
  SINCE DEC 1    113                        73     40       94
  SINCE JAN 1   4639                      4586     53     4887
..................................................................


WIND (MPH)
  HIGHEST WIND SPEED    14   HIGHEST WIND DIRECTION     N (350)
  HIGHEST GUST SPEED    23   HIGHEST GUST DIRECTION     N (360)
  AVERAGE WIND SPEED    10.6


SKY COVER
  AVERAGE SKY COVER 0.9


WEATHER CONDITIONS
 THE FOLLOWING WEATHER WAS RECORDED YESTERDAY.
  LIGHT RAIN


RELATIVE HUMIDITY (PERCENT)
 HIGHEST    90
 LOWEST     68
 AVERAGE    79

..........................................................


THE FORT LAUDERDALE CLIMATE NORMALS FOR TODAY
                         NORMAL    RECORD    YEAR
 MAXIMUM TEMPERATURE (F)   79        87      2009
 MINIMUM TEMPERATURE (F)   65        32      1917


SUNRISE AND SUNSET
DECEMBER 10 2016......SUNRISE   657 AM EST   SUNSET   530 PM EST
DECEMBER 11 2016......SUNRISE   658 AM EST   SUNSET   530 PM EST


-  INDICATES NEGATIVE NUMBERS.
R  INDICATES RECORD WAS SET OR TIED.
MM INDICATES DATA IS MISSING.
T  INDICATES TRACE AMOUNT.




$$
