000
CDUS42 KMFL 230824
CLIFLL


CLIMATE REPORT
NATIONAL WEATHER SERVICE MIAMI, FL
424 AM EDT SAT MAY 23 2015


...................................

...THE FORT LAUDERDALE CLIMATE SUMMARY FOR MAY 22 2015...

CLIMATE NORMAL PERIOD 1981 TO 2010
CLIMATE RECORD PERIOD 1839 TO 2015


WEATHER ITEM   OBSERVED TIME   RECORD YEAR NORMAL DEPARTURE LAST
                VALUE   (LST)  VALUE       VALUE  FROM      YEAR
                                                  NORMAL
..................................................................
TEMPERATURE (F)
 YESTERDAY
  MAXIMUM         89    959 AM  95    1990  87      2       84
  MINIMUM         75   1159 PM  58    1919  75      0       72
  AVERAGE         82                        81      1       78

PRECIPITATION (IN)
  YESTERDAY        0.00          5.06 1932   0.19  -0.19     0.00
  MONTH TO DATE    1.71                      2.70  -0.99     6.37
  SINCE NOV 1     18.90                     21.24  -2.34    30.88
  SINCE JAN 1     13.79                     15.54  -1.75    18.76

SNOWFALL (IN)
  YESTERDAY        0.0
  MONTH TO DATE    0.0
  SINCE MAR 1      0.0
  SINCE JUL 1      0.0
  SNOW DEPTH       0

DEGREE DAYS
 HEATING
  YESTERDAY        0                         0      0        0
  MONTH TO DATE    0                         0      0        0
  SINCE MAR 1      0                        10    -10        1
  SINCE JUL 1     97                       112    -15       81

 COOLING
  YESTERDAY       17                        16      1       13
  MONTH TO DATE  322                       320      2      333
  SINCE MAR 1   1102                       911    191      997
  SINCE JAN 1   1383                      1267    116     1385
..................................................................


WIND (MPH)
  HIGHEST WIND SPEED    18   HIGHEST WIND DIRECTION     W (260)
  HIGHEST GUST SPEED    23   HIGHEST GUST DIRECTION     W (260)
  AVERAGE WIND SPEED     6.5


SKY COVER
  AVERAGE SKY COVER 0.5


WEATHER CONDITIONS
 THE FOLLOWING WEATHER WAS RECORDED YESTERDAY.
  FOG
  HAZE


RELATIVE HUMIDITY (PERCENT)
 HIGHEST    88
 LOWEST     59
 AVERAGE    74

..........................................................


THE FORT LAUDERDALE CLIMATE NORMALS FOR TODAY
                         NORMAL    RECORD    YEAR
 MAXIMUM TEMPERATURE (F)   87        94      1951
                                             1940
 MINIMUM TEMPERATURE (F)   75        61      1920


SUNRISE AND SUNSET
MAY 23 2015...........SUNRISE   631 AM EDT   SUNSET   804 PM EDT
MAY 24 2015...........SUNRISE   631 AM EDT   SUNSET   804 PM EDT


-  INDICATES NEGATIVE NUMBERS.
R  INDICATES RECORD WAS SET OR TIED.
MM INDICATES DATA IS MISSING.
T  INDICATES TRACE AMOUNT.




$$
