000
CDUS42 KMFL 300827
CLIFLL


CLIMATE REPORT
NATIONAL WEATHER SERVICE MIAMI, FL
426 AM EDT SAT APR 30 2016


...................................

...THE FORT LAUDERDALE CLIMATE SUMMARY FOR APRIL 29 2016...

CLIMATE NORMAL PERIOD 1981 TO 2010
CLIMATE RECORD PERIOD 1912 TO 2016


WEATHER ITEM   OBSERVED TIME   RECORD YEAR NORMAL DEPARTURE LAST
                VALUE   (LST)  VALUE       VALUE  FROM      YEAR
                                                  NORMAL
..................................................................
TEMPERATURE (F)
 YESTERDAY
  MAXIMUM         85    232 PM  94    1971  84      1       78
                                      1955
                                      1939
  MINIMUM         75    443 AM  42    1928  72      3       71
  AVERAGE         80                        78      2       75

PRECIPITATION (IN)
  YESTERDAY        0.00          2.41 1979   0.07  -0.07     2.40
  MONTH TO DATE    0.73                      2.83  -2.10     4.12
  SINCE NOV 1     25.52                     18.48   7.04    17.19
  SINCE JAN 1     14.30                     12.78   1.52    12.08

SNOWFALL (IN)
  YESTERDAY        0.0
  MONTH TO DATE    0.0
  SINCE MAR 1      0.0
  SINCE JUL 1      0.0
  SNOW DEPTH       0

DEGREE DAYS
 HEATING
  YESTERDAY        0                         0      0        0
  MONTH TO DATE    0                         0      0        0
  SINCE MAR 1      2                         9     -7        0
  SINCE JUL 1     87                       111    -24       97

 COOLING
  YESTERDAY       15                        13      2       10
  MONTH TO DATE  350                       324     26      437
  SINCE MAR 1    673                       578     95      769
  SINCE JAN 1    932                       934     -2     1050
..................................................................


WIND (MPH)
  HIGHEST WIND SPEED    16   HIGHEST WIND DIRECTION     E (100)
  HIGHEST GUST SPEED    20   HIGHEST GUST DIRECTION    SE (130)
  AVERAGE WIND SPEED     8.6


SKY COVER
  AVERAGE SKY COVER 0.3


WEATHER CONDITIONS
 THE FOLLOWING WEATHER WAS RECORDED YESTERDAY.
  NO SIGNIFICANT WEATHER WAS OBSERVED.


RELATIVE HUMIDITY (PERCENT)
 HIGHEST    74
 LOWEST     55
 AVERAGE    65

..........................................................


THE FORT LAUDERDALE CLIMATE NORMALS FOR TODAY
                         NORMAL    RECORD    YEAR
 MAXIMUM TEMPERATURE (F)   84        97      1971
 MINIMUM TEMPERATURE (F)   72        51      1916


SUNRISE AND SUNSET
APRIL 30 2016.........SUNRISE   644 AM EDT   SUNSET   752 PM EDT
MAY  1 2016...........SUNRISE   643 AM EDT   SUNSET   753 PM EDT


-  INDICATES NEGATIVE NUMBERS.
R  INDICATES RECORD WAS SET OR TIED.
MM INDICATES DATA IS MISSING.
T  INDICATES TRACE AMOUNT.




$$
