000
CDUS42 KMFL 200824
CLIFLL


CLIMATE REPORT
NATIONAL WEATHER SERVICE MIAMI, FL
424 AM EDT SUN AUG 20 2017


...................................

...THE FORT LAUDERDALE CLIMATE SUMMARY FOR AUGUST 19 2017...

CLIMATE NORMAL PERIOD 1981 TO 2010
CLIMATE RECORD PERIOD 1912 TO 2017


WEATHER ITEM   OBSERVED TIME   RECORD YEAR NORMAL DEPARTURE LAST
                VALUE   (LST)  VALUE       VALUE  FROM      YEAR
                                                  NORMAL
..................................................................
TEMPERATURE (F)
 YESTERDAY
  MAXIMUM         91    304 PM  97    1952  90      1       90
  MINIMUM         79    245 AM  67    1974  79      0       81
  AVERAGE         85                        84      1       86

PRECIPITATION (IN)
  YESTERDAY        T             4.45 1976   0.23  -0.23     0.00
  MONTH TO DATE    4.60                      4.34   0.26     4.32
  SINCE JUN 1     22.18                     20.48   1.70    15.78
  SINCE JAN 1     33.78                     37.97  -4.19    34.73

SNOWFALL (IN)
  YESTERDAY        0.0
  MONTH TO DATE    0.0
  SINCE JUN 1      0.0
  SINCE JUL 1      0.0
  SNOW DEPTH       0

DEGREE DAYS
 HEATING
  YESTERDAY        0                         0      0        0
  MONTH TO DATE    0                         0      0        0
  SINCE JUN 1      0                         0      0        0
  SINCE JUL 1      0                         0      0        0

 COOLING
  YESTERDAY       20                        20      0       21
  MONTH TO DATE  388                       380      8      355
  SINCE JUN 1   1527                      1521      6     1550
  SINCE JAN 1   3104                      2939    165     2964
..................................................................


WIND (MPH)
  HIGHEST WIND SPEED    21   HIGHEST WIND DIRECTION     E (90)
  HIGHEST GUST SPEED    27   HIGHEST GUST DIRECTION     E (80)
  AVERAGE WIND SPEED    10.6


SKY COVER
  AVERAGE SKY COVER 0.4


WEATHER CONDITIONS
 THE FOLLOWING WEATHER WAS RECORDED YESTERDAY.
  NO SIGNIFICANT WEATHER WAS OBSERVED.


RELATIVE HUMIDITY (PERCENT)
 HIGHEST    85
 LOWEST     56
 AVERAGE    71

..........................................................


THE FORT LAUDERDALE CLIMATE NORMALS FOR TODAY
                         NORMAL    RECORD    YEAR
 MAXIMUM TEMPERATURE (F)   90        96      1964
                                             1921
                                             1915
 MINIMUM TEMPERATURE (F)   79        66      1981
                                             1916


SUNRISE AND SUNSET
AUGUST 20 2017........SUNRISE   656 AM EDT   SUNSET   752 PM EDT
AUGUST 21 2017........SUNRISE   656 AM EDT   SUNSET   751 PM EDT


-  INDICATES NEGATIVE NUMBERS.
R  INDICATES RECORD WAS SET OR TIED.
MM INDICATES DATA IS MISSING.
T  INDICATES TRACE AMOUNT.




$$
