000
CDUS42 KMFL 260827
CLIFLL


CLIMATE REPORT
NATIONAL WEATHER SERVICE MIAMI, FL
426 AM EDT TUE JUL 26 2016


...................................

...THE FORT LAUDERDALE CLIMATE SUMMARY FOR JULY 25 2016...

CLIMATE NORMAL PERIOD 1981 TO 2010
CLIMATE RECORD PERIOD 1912 TO 2016


WEATHER ITEM   OBSERVED TIME   RECORD YEAR NORMAL DEPARTURE LAST
                VALUE   (LST)  VALUE       VALUE  FROM      YEAR
                                                  NORMAL
..................................................................
TEMPERATURE (F)
 YESTERDAY
  MAXIMUM         90    209 PM  98    1975  91     -1       90
  MINIMUM         80    519 AM  69    1988  79      1       76
                                      1928
  AVERAGE         85                        85      0       83

PRECIPITATION (IN)
  YESTERDAY        0.00          1.50 1945   0.18  -0.18     1.05
  MONTH TO DATE    1.50                      4.92  -3.42     2.69
  SINCE JUN 1     10.55                     15.08  -4.53     3.78
  SINCE JAN 1     29.50                     32.57  -3.07    17.83

SNOWFALL (IN)
  YESTERDAY        0.0
  MONTH TO DATE    0.0
  SINCE JUN 1      0.0
  SINCE JUL 1      0.0
  SNOW DEPTH       0

DEGREE DAYS
 HEATING
  YESTERDAY        0                         0      0        0
  MONTH TO DATE    0                         0      0        0
  SINCE JUN 1      0                         0      0        0
  SINCE JUL 1      0                         0      0        0

 COOLING
  YESTERDAY       20                        20      0       18
  MONTH TO DATE  510                       481     29      499
  SINCE JUN 1   1071                      1024     47     1061
  SINCE JAN 1   2485                      2442     43     2597
..................................................................


WIND (MPH)
  HIGHEST WIND SPEED    17   HIGHEST WIND DIRECTION    SE (130)
  HIGHEST GUST SPEED    27   HIGHEST GUST DIRECTION    SE (130)
  AVERAGE WIND SPEED     8.9


SKY COVER
  AVERAGE SKY COVER 0.4


WEATHER CONDITIONS
 THE FOLLOWING WEATHER WAS RECORDED YESTERDAY.
  THUNDERSTORM


RELATIVE HUMIDITY (PERCENT)
 HIGHEST    80
 LOWEST     63
 AVERAGE    72

..........................................................


THE FORT LAUDERDALE CLIMATE NORMALS FOR TODAY
                         NORMAL    RECORD    YEAR
 MAXIMUM TEMPERATURE (F)   91        96      1969
 MINIMUM TEMPERATURE (F)   79        66      1926


SUNRISE AND SUNSET
JULY 26 2016..........SUNRISE   644 AM EDT   SUNSET   810 PM EDT
JULY 27 2016..........SUNRISE   644 AM EDT   SUNSET   810 PM EDT


-  INDICATES NEGATIVE NUMBERS.
R  INDICATES RECORD WAS SET OR TIED.
MM INDICATES DATA IS MISSING.
T  INDICATES TRACE AMOUNT.




$$
