000
CDUS42 KMFL 112116
CLIFLL


CLIMATE REPORT
NATIONAL WEATHER SERVICE MIAMI, FL
415 PM EST MON DEC 11 2017


...................................

...THE FORT LAUDERDALE CLIMATE SUMMARY FOR DECEMBER 11 2017...
VALID TODAY AS OF 0400 PM LOCAL TIME.

CLIMATE NORMAL PERIOD 1981 TO 2010
CLIMATE RECORD PERIOD 1912 TO 2017


WEATHER ITEM   OBSERVED TIME   RECORD YEAR NORMAL DEPARTURE LAST
                VALUE   (LST)  VALUE       VALUE  FROM      YEAR
                                                  NORMAL
..................................................................
TEMPERATURE (F)
 TODAY
  MAXIMUM         68    352 PM  87    1997  79    -11       78
  MINIMUM         48    651 AM  38    1981  65    -17       73
  AVERAGE         58                        72    -14       76

PRECIPITATION (IN)
  TODAY            0.00          2.42 1978   0.09  -0.09     0.43
  MONTH TO DATE    0.50                      0.94  -0.44     2.77
  SINCE NOV 1      6.26                      4.18   2.08     3.81
  SINCE JAN 1     68.93                     60.66   8.27    49.48

SNOWFALL (IN)
  TODAY            0.0
  MONTH TO DATE    0.0
  SINCE DEC 1      0.0
  SINCE JUL 1      0.0
  SNOW DEPTH       0

DEGREE DAYS
 HEATING
  TODAY            7                         1      6        0
  MONTH TO DATE   17                         6     11        0
  SINCE DEC 1     17                         6     11        0
  SINCE JUL 1     19                         8     11        0

 COOLING
  TODAY            0                         8     -8       11
  MONTH TO DATE   90                        89      1      128
  SINCE DEC 1     90                        89      1      128
  SINCE JAN 1   4769                      4602    167     4654
..................................................................


WIND (MPH)
  HIGHEST WIND SPEED    15   HIGHEST WIND DIRECTION     N (340)
  HIGHEST GUST SPEED    19   HIGHEST GUST DIRECTION     N (340)
  AVERAGE WIND SPEED     6.7


SKY COVER
  AVERAGE SKY COVER 0.1


WEATHER CONDITIONS
 THE FOLLOWING WEATHER WAS RECORDED TODAY.
  NO SIGNIFICANT WEATHER WAS OBSERVED.


RELATIVE HUMIDITY (PERCENT)
 HIGHEST    77
 LOWEST     24
 AVERAGE    51

..........................................................


THE FORT LAUDERDALE CLIMATE NORMALS FOR TOMORROW
                         NORMAL    RECORD    YEAR
 MAXIMUM TEMPERATURE (F)   78        87      1986
 MINIMUM TEMPERATURE (F)   65        30      1957


SUNRISE AND SUNSET
DECEMBER 11 2017......SUNRISE   658 AM EST   SUNSET   530 PM EST
DECEMBER 12 2017......SUNRISE   658 AM EST   SUNSET   530 PM EST


-  INDICATES NEGATIVE NUMBERS.
R  INDICATES RECORD WAS SET OR TIED.
MM INDICATES DATA IS MISSING.
T  INDICATES TRACE AMOUNT.




$$
