374
CDUS42 KMFL 242035
CLIFLL


CLIMATE REPORT
NATIONAL WEATHER SERVICE MIAMI, FL
435 PM EDT FRI MAR 24 2017


...................................

...THE FORT LAUDERDALE CLIMATE SUMMARY FOR MARCH 24 2017...
VALID TODAY AS OF 0400 PM LOCAL TIME.

CLIMATE NORMAL PERIOD 1981 TO 2010
CLIMATE RECORD PERIOD 1912 TO 2017


WEATHER ITEM   OBSERVED TIME   RECORD YEAR NORMAL DEPARTURE LAST
                VALUE   (LST)  VALUE       VALUE  FROM      YEAR
                                                  NORMAL
..................................................................
TEMPERATURE (F)
 TODAY
  MAXIMUM         79    245 PM  94    1948  81     -2       82
  MINIMUM         70    608 AM  45    1968  67      3       74
  AVERAGE         75                        74      1       78

PRECIPITATION (IN)
  TODAY            T             1.30 1958   0.10  -0.10     0.01
  MONTH TO DATE    1.14                      2.52  -1.38     0.98
  SINCE NOV 1      9.05                     14.81  -5.76    22.93
  SINCE JAN 1      4.42                      9.11  -4.69    11.71

SNOWFALL (IN)
  TODAY            0.0
  MONTH TO DATE    0.0
  SINCE MAR 1      0.0
  SINCE JUL 1      0.0
  SNOW DEPTH       0

DEGREE DAYS
 HEATING
  TODAY            0                         0      0        0
  MONTH TO DATE    6                         7     -1        2
  SINCE MAR 1      6                         7     -1        2
  SINCE JUL 1     35                       109    -74       87

 COOLING
  TODAY           10                         9      1       13
  MONTH TO DATE  173                       191    -18      231
  SINCE MAR 1    173                       191    -18      231
  SINCE JAN 1    629                       547     82      490
..................................................................


WIND (MPH)
  HIGHEST WIND SPEED    26   HIGHEST WIND DIRECTION     E (90)
  HIGHEST GUST SPEED    33   HIGHEST GUST DIRECTION     E (80)
  AVERAGE WIND SPEED    19.2


SKY COVER
  AVERAGE SKY COVER 0.6


WEATHER CONDITIONS
 THE FOLLOWING WEATHER WAS RECORDED TODAY.
  NO SIGNIFICANT WEATHER WAS OBSERVED.


RELATIVE HUMIDITY (PERCENT)
 HIGHEST    78
 LOWEST     54
 AVERAGE    66

..........................................................


THE FORT LAUDERDALE CLIMATE NORMALS FOR TOMORROW
                         NORMAL    RECORD    YEAR
 MAXIMUM TEMPERATURE (F)   81        90      1975
                                             1952
 MINIMUM TEMPERATURE (F)   67        41      1915


SUNRISE AND SUNSET
MARCH 24 2017.........SUNRISE   720 AM EDT   SUNSET   734 PM EDT
MARCH 25 2017.........SUNRISE   719 AM EDT   SUNSET   734 PM EDT


-  INDICATES NEGATIVE NUMBERS.
R  INDICATES RECORD WAS SET OR TIED.
MM INDICATES DATA IS MISSING.
T  INDICATES TRACE AMOUNT.




$$
