000
CDUS42 KMFL 242022
CLIFLL


CLIMATE REPORT
NATIONAL WEATHER SERVICE MIAMI, FL
422 PM EDT TUE MAY 24 2016


...................................

...THE FORT LAUDERDALE CLIMATE SUMMARY FOR MAY 24 2016...
VALID TODAY AS OF 0400 PM LOCAL TIME.

CLIMATE NORMAL PERIOD 1981 TO 2010
CLIMATE RECORD PERIOD 1912 TO 2016


WEATHER ITEM   OBSERVED TIME   RECORD YEAR NORMAL DEPARTURE LAST
                VALUE   (LST)  VALUE       VALUE  FROM      YEAR
                                                  NORMAL
..................................................................
TEMPERATURE (F)
 TODAY
  MAXIMUM         88   1115 AM  94    1951  87      1       88
  MINIMUM         76    539 AM  63    1956  76      0       78
                                      1920
  AVERAGE         82                        81      1       83

PRECIPITATION (IN)
  TODAY            0.50          4.10 1958   0.20   0.30      T
  MONTH TO DATE    3.40                      3.09   0.31     1.74
  SINCE NOV 1     28.92                     21.63   7.29    18.93
  SINCE JAN 1     17.70                     15.93   1.77    13.82

SNOWFALL (IN)
  TODAY            0.0
  MONTH TO DATE    0.0
  SINCE MAR 1      0.0
  SINCE JUL 1      0.0
  SNOW DEPTH       0

DEGREE DAYS
 HEATING
  TODAY            0                         0      0        0
  MONTH TO DATE    0                         0      0        0
  SINCE MAR 1      2                        10     -8        0
  SINCE JUL 1     87                       112    -25       97

 COOLING
  TODAY           17                        16      1       18
  MONTH TO DATE  356                       352      4      356
  SINCE MAR 1   1043                       943    100     1136
  SINCE JAN 1   1302                      1299      3     1417
..................................................................


WIND (MPH)
  HIGHEST WIND SPEED    18   HIGHEST WIND DIRECTION     E (90)
  HIGHEST GUST SPEED    23   HIGHEST GUST DIRECTION     E (100)
  AVERAGE WIND SPEED     4.7


SKY COVER
  AVERAGE SKY COVER 0.5


WEATHER CONDITIONS
 THE FOLLOWING WEATHER WAS RECORDED TODAY.
  THUNDERSTORM
  HEAVY RAIN
  RAIN
  LIGHT RAIN


RELATIVE HUMIDITY (PERCENT)
 HIGHEST    82
 LOWEST     57
 AVERAGE    70

..........................................................


THE FORT LAUDERDALE CLIMATE NORMALS FOR TOMORROW
                         NORMAL    RECORD    YEAR
 MAXIMUM TEMPERATURE (F)   87        94      1963
 MINIMUM TEMPERATURE (F)   76        61      1928


SUNRISE AND SUNSET
MAY 24 2016...........SUNRISE   630 AM EDT   SUNSET   805 PM EDT
MAY 25 2016...........SUNRISE   630 AM EDT   SUNSET   805 PM EDT


-  INDICATES NEGATIVE NUMBERS.
R  INDICATES RECORD WAS SET OR TIED.
MM INDICATES DATA IS MISSING.
T  INDICATES TRACE AMOUNT.




$$
