000
CDUS42 KILM 210941
CLIFLO


CLIMATE REPORT
NATIONAL WEATHER SERVICE WILMINGTON NC
440 AM EST TUE FEB 21 2017


...................................

...THE FLORENCE SC CLIMATE SUMMARY FOR FEBRUARY 20 2017...

CLIMATE NORMAL PERIOD 1981 TO 2010
CLIMATE RECORD PERIOD 1948 TO 2017


WEATHER ITEM   OBSERVED TIME   RECORD YEAR NORMAL DEPARTURE LAST
                VALUE   (LST)  VALUE       VALUE  FROM      YEAR
                                                  NORMAL
..................................................................
TEMPERATURE (F)
 YESTERDAY
  MAXIMUM         75    342 PM  83    2014  61     14       68
  MINIMUM         43    724 AM  13    2015  38      5       37
  AVERAGE         59                        50      9       53

PRECIPITATION (IN)
  YESTERDAY        0.00          0.93 1956   0.11  -0.11     0.00
  MONTH TO DATE    1.60                      2.06  -0.46     4.09
  SINCE DEC 1      9.43                      8.30   1.13    13.31
  SINCE JAN 1      4.86                      5.29  -0.43     6.22

SNOWFALL (IN)
  YESTERDAY       MM
  MONTH TO DATE   MM
  SINCE DEC 1     MM
  SINCE JUL 1     MM
  SNOW DEPTH      MM

DEGREE DAYS
 HEATING
  YESTERDAY        6                        16    -10       12
  MONTH TO DATE  211                       348   -137      404
  SINCE DEC 1   1095                      1528   -433     1300
  SINCE JUL 1   1408                      1950   -542     1564

 COOLING
  YESTERDAY        0                         0      0        0
  MONTH TO DATE    6                         0      6        1
  SINCE DEC 1     10                         6      4       58
  SINCE JAN 1      6                         2      4        1
..................................................................


WIND (MPH)
  HIGHEST WIND SPEED    12   HIGHEST WIND DIRECTION     E (80)
  HIGHEST GUST SPEED    21   HIGHEST GUST DIRECTION    SE (140)
  AVERAGE WIND SPEED     3.9


SKY COVER
  POSSIBLE SUNSHINE  MM
  AVERAGE SKY COVER 0.0


WEATHER CONDITIONS
 THE FOLLOWING WEATHER WAS RECORDED YESTERDAY.
  NO SIGNIFICANT WEATHER WAS OBSERVED.


RELATIVE HUMIDITY (PERCENT)
 HIGHEST   100           100 AM
 LOWEST     33           200 PM
 AVERAGE    67

..........................................................


THE FLORENCE SC CLIMATE NORMALS FOR TODAY
                         NORMAL    RECORD    YEAR
 MAXIMUM TEMPERATURE (F)   61        81      1997
 MINIMUM TEMPERATURE (F)   39        21      1959


SUNRISE AND SUNSET
FEBRUARY 21 2017......SUNRISE   657 AM EST   SUNSET   608 PM EST
FEBRUARY 22 2017......SUNRISE   656 AM EST   SUNSET   609 PM EST


-  INDICATES NEGATIVE NUMBERS.
R  INDICATES RECORD WAS SET OR TIED.
MM INDICATES DATA IS MISSING.
T  INDICATES TRACE AMOUNT.




$$
