000
CDUS42 KILM 020841
CLIFLO


CLIMATE REPORT
NATIONAL WEATHER SERVICE WILMINGTON NC
441 AM EDT MON MAY 2 2016


...................................

...THE FLORENCE SC CLIMATE SUMMARY FOR MAY 1 2016...

CLIMATE NORMAL PERIOD 1981 TO 2010
CLIMATE RECORD PERIOD 1948 TO 2016


WEATHER ITEM   OBSERVED TIME   RECORD YEAR NORMAL DEPARTURE LAST
                VALUE   (LST)  VALUE       VALUE  FROM      YEAR
                                                  NORMAL
..................................................................
TEMPERATURE (F)
 YESTERDAY
  MAXIMUM         75   1140 AM  96    1986  80     -5       MM
  MINIMUM         65    528 AM  42    1996  55     10       MM
  AVERAGE         70                        67      3       MM

PRECIPITATION (IN)
  YESTERDAY        0.61          1.57 1954   0.09   0.52      T
  MONTH TO DATE    0.61                      0.09   0.52      T
  SINCE MAR 1      7.58                      6.04   1.54     6.80
  SINCE JAN 1     15.04                     12.19   2.85    13.73

DEGREE DAYS
 HEATING
  YESTERDAY        0                         2     -2       MM
  MONTH TO DATE    0                         2     -2       MM
  SINCE MAR 1    278                       436   -158      305
  SINCE JUL 1   1938                      2502   -564     2543

 COOLING
  YESTERDAY        5                         4      1       MM
  MONTH TO DATE    5                         4      1       MM
  SINCE MAR 1    136                        94     42      114
  SINCE JAN 1    137                       100     37      117
..................................................................


WIND (MPH)
  HIGHEST WIND SPEED    18   HIGHEST WIND DIRECTION     N (10)
  HIGHEST GUST SPEED    22   HIGHEST GUST DIRECTION     N (10)
  AVERAGE WIND SPEED     7.3


SKY COVER
  POSSIBLE SUNSHINE  MM
  AVERAGE SKY COVER 0.7


WEATHER CONDITIONS
 THE FOLLOWING WEATHER WAS RECORDED YESTERDAY.
  HEAVY RAIN
  LIGHT RAIN
  FOG


RELATIVE HUMIDITY (PERCENT)
 HIGHEST    93           500 AM
 LOWEST     81          1200 AM
 AVERAGE    87

..........................................................


THE FLORENCE SC CLIMATE NORMALS FOR TODAY
                         NORMAL    RECORD    YEAR
 MAXIMUM TEMPERATURE (F)   80        93      2010
 MINIMUM TEMPERATURE (F)   55        38      1963


SUNRISE AND SUNSET
MAY  2 2016...........SUNRISE   628 AM EDT   SUNSET   804 PM EDT
MAY  3 2016...........SUNRISE   627 AM EDT   SUNSET   805 PM EDT


-  INDICATES NEGATIVE NUMBERS.
R  INDICATES RECORD WAS SET OR TIED.
MM INDICATES DATA IS MISSING.
T  INDICATES TRACE AMOUNT.




$$
