000
CDUS42 KILM 222049
CLIFLO


CLIMATE REPORT
NATIONAL WEATHER SERVICE WILMINGTON NC
449 PM EDT WED MAR 22 2017


...................................

...THE FLORENCE SC CLIMATE SUMMARY FOR MARCH 22 2017...
VALID TODAY AS OF 0400 PM LOCAL TIME.

CLIMATE NORMAL PERIOD 1981 TO 2010
CLIMATE RECORD PERIOD 1948 TO 2017


WEATHER ITEM   OBSERVED TIME   RECORD YEAR NORMAL DEPARTURE LAST
                VALUE   (LST)  VALUE       VALUE  FROM      YEAR
                                                  NORMAL
..................................................................
TEMPERATURE (F)
 TODAY
  MAXIMUM         69    130 PM  87    1995  69      0       70
  MINIMUM         58    714 AM  25    1965  45     13       34
  AVERAGE         64                        57      7       52

PRECIPITATION (IN)
  TODAY            0.11          0.61 1957   0.10   0.01     0.00
  MONTH TO DATE    1.23                      2.39  -1.16     0.83
  SINCE MAR 1      1.23                      2.39  -1.16     0.83
  SINCE JAN 1      6.10                      8.54  -2.44     8.29

SNOWFALL (IN)
  TODAY           MM
  MONTH TO DATE   MM
  SINCE MAR 1     MM
  SINCE JUL 1     MM
  SNOW DEPTH      MM

DEGREE DAYS
 HEATING
  TODAY            1                         8     -7       13
  MONTH TO DATE  300                       242     58      148
  SINCE MAR 1    300                       242     58      148
  SINCE JUL 1   1745                      2308   -563     1808

 COOLING
  TODAY            0                         1     -1        0
  MONTH TO DATE   13                         9      4       38
  SINCE MAR 1     13                         9      4       38
  SINCE JAN 1     26                        15     11       39
..................................................................


WIND (MPH)
  HIGHEST WIND SPEED    23   HIGHEST WIND DIRECTION     N (20)
  HIGHEST GUST SPEED    30   HIGHEST GUST DIRECTION    NE (30)
  AVERAGE WIND SPEED    11.3


SKY COVER
  POSSIBLE SUNSHINE  MM
  AVERAGE SKY COVER 0.5


WEATHER CONDITIONS
 THE FOLLOWING WEATHER WAS RECORDED TODAY.
  THUNDERSTORM
  RAIN
  LIGHT RAIN
  FOG


RELATIVE HUMIDITY (PERCENT)
 HIGHEST   100           100 AM
 LOWEST     16           300 PM
 AVERAGE    58

..........................................................


THE FLORENCE SC CLIMATE NORMALS FOR TOMORROW
                         NORMAL    RECORD    YEAR
 MAXIMUM TEMPERATURE (F)   70        88      1995
 MINIMUM TEMPERATURE (F)   45        24      1996


SUNRISE AND SUNSET
MARCH 22 2017.........SUNRISE   719 AM EDT   SUNSET   732 PM EDT
MARCH 23 2017.........SUNRISE   718 AM EDT   SUNSET   733 PM EDT


-  INDICATES NEGATIVE NUMBERS.
R  INDICATES RECORD WAS SET OR TIED.
MM INDICATES DATA IS MISSING.
T  INDICATES TRACE AMOUNT.




$$
