000
CDUS42 KILM 060941
CLIFLO


CLIMATE REPORT
NATIONAL WEATHER SERVICE WILMINGTON NC
441 AM EST FRI MAR 6 2015


...................................

...THE FLORENCE SC CLIMATE SUMMARY FOR MARCH 5 2015...

CLIMATE NORMAL PERIOD 1981 TO 2010
CLIMATE RECORD PERIOD 1948 TO 2015


WEATHER ITEM   OBSERVED TIME   RECORD YEAR NORMAL DEPARTURE LAST
                VALUE   (LST)  VALUE       VALUE  FROM      YEAR
                                                  NORMAL
..................................................................
TEMPERATURE (F)
 YESTERDAY
  MAXIMUM         82    215 PM  86    1955  64     18       40
  MINIMUM         39   1159 PM  20    1960  41     -2       33
  AVERAGE         61                        53      8       37

PRECIPITATION (IN)
  YESTERDAY        0.40          1.00 1959   0.11   0.29     0.23
  MONTH TO DATE    0.62                      0.55   0.07     0.29
  SINCE MAR 1      0.62                      0.55   0.07     0.29
  SINCE JAN 1      7.55                      6.70   0.85     6.01

SNOWFALL (IN)
  YESTERDAY       MM
  MONTH TO DATE   MM
  SINCE MAR 1     MM
  SINCE JUL 1     MM
  SNOW DEPTH      MM

DEGREE DAYS
 HEATING
  YESTERDAY        4                        13     -9       28
  MONTH TO DATE   65                        66     -1      106
  SINCE MAR 1     65                        66     -1      106
  SINCE JUL 1   2303                      2132    171     2235

 COOLING
  YESTERDAY        0                         0      0        0
  MONTH TO DATE    0                         0      0        0
  SINCE MAR 1      0                         0      0        0
  SINCE JAN 1      3                         6     -3        6
..................................................................


WIND (MPH)
  HIGHEST WIND SPEED    46   HIGHEST WIND DIRECTION     N (350)
  HIGHEST GUST SPEED    55   HIGHEST GUST DIRECTION     N (350)
  AVERAGE WIND SPEED    15.3


SKY COVER
  POSSIBLE SUNSHINE  MM
  AVERAGE SKY COVER 0.6


WEATHER CONDITIONS
 THE FOLLOWING WEATHER WAS RECORDED YESTERDAY.
  HEAVY RAIN
  RAIN
  LIGHT RAIN
  FOG


RELATIVE HUMIDITY (PERCENT)
 HIGHEST    92          1000 PM
 LOWEST     51           200 PM
 AVERAGE    72

..........................................................


THE FLORENCE SC CLIMATE NORMALS FOR TODAY
                         NORMAL    RECORD    YEAR
 MAXIMUM TEMPERATURE (F)   65        85      1961
 MINIMUM TEMPERATURE (F)   41        19      1960


SUNRISE AND SUNSET
MARCH  6 2015.........SUNRISE   642 AM EST   SUNSET   619 PM EST
MARCH  7 2015.........SUNRISE   640 AM EST   SUNSET   620 PM EST


-  INDICATES NEGATIVE NUMBERS.
R  INDICATES RECORD WAS SET OR TIED.
MM INDICATES DATA IS MISSING.
T  INDICATES TRACE AMOUNT.




$$
