000
CDUS42 KILM 280840
CLIFLO


CLIMATE REPORT
NATIONAL WEATHER SERVICE WILMINGTON NC
440 AM EDT SUN AUG 28 2016


...................................

...THE FLORENCE SC CLIMATE SUMMARY FOR AUGUST 27 2016...

CLIMATE NORMAL PERIOD 1981 TO 2010
CLIMATE RECORD PERIOD 1948 TO 2016


WEATHER ITEM   OBSERVED TIME   RECORD YEAR NORMAL DEPARTURE LAST
                VALUE   (LST)  VALUE       VALUE  FROM      YEAR
                                                  NORMAL
..................................................................
TEMPERATURE (F)
 YESTERDAY
  MAXIMUM         98    308 PM 101    1954  88     10       85
  MINIMUM         72    609 AM  58    1966  70      2       70
  AVERAGE         85                        79      6       78

PRECIPITATION (IN)
  YESTERDAY        0.00          3.89 2002   0.15  -0.15     0.00
  MONTH TO DATE    1.23                      4.62  -3.39     5.28
  SINCE JUN 1     11.79                     14.50  -2.71    12.18
  SINCE JAN 1     32.88                     29.86   3.02    27.20

DEGREE DAYS
 HEATING
  YESTERDAY        0                         0      0        0
  MONTH TO DATE    0                         0      0        0
  SINCE JUN 1      0                         1     -1        0
  SINCE JUL 1      0                         0      0        0

 COOLING
  YESTERDAY       20                        14      6       13
  MONTH TO DATE  501                       410     91      453
  SINCE JUN 1   1617                      1309    308     1586
  SINCE JAN 1   1964                      1616    348     1971
..................................................................


WIND (MPH)
  HIGHEST WIND SPEED    15   HIGHEST WIND DIRECTION    SE (140)
  HIGHEST GUST SPEED    22   HIGHEST GUST DIRECTION     E (70)
  AVERAGE WIND SPEED     5.5


SKY COVER
  POSSIBLE SUNSHINE  MM
  AVERAGE SKY COVER 0.2


WEATHER CONDITIONS
 THE FOLLOWING WEATHER WAS RECORDED YESTERDAY.
  NO SIGNIFICANT WEATHER WAS OBSERVED.


RELATIVE HUMIDITY (PERCENT)
 HIGHEST    93           300 AM
 LOWEST     42           200 PM
 AVERAGE    68

..........................................................


THE FLORENCE SC CLIMATE NORMALS FOR TODAY
                         NORMAL    RECORD    YEAR
 MAXIMUM TEMPERATURE (F)   88       101      1948
 MINIMUM TEMPERATURE (F)   69        58      1969


SUNRISE AND SUNSET
AUGUST 28 2016........SUNRISE   650 AM EDT   SUNSET   749 PM EDT
AUGUST 29 2016........SUNRISE   651 AM EDT   SUNSET   748 PM EDT


-  INDICATES NEGATIVE NUMBERS.
R  INDICATES RECORD WAS SET OR TIED.
MM INDICATES DATA IS MISSING.
T  INDICATES TRACE AMOUNT.




$$
