000
CDUS42 KILM 290843
CLIFLO


CLIMATE REPORT
NATIONAL WEATHER SERVICE WILMINGTON NC
443 AM EDT SUN MAR 29 2015


...................................

...THE FLORENCE SC CLIMATE SUMMARY FOR MARCH 28 2015...

CLIMATE NORMAL PERIOD 1981 TO 2010
CLIMATE RECORD PERIOD 1948 TO 2015


WEATHER ITEM   OBSERVED TIME   RECORD YEAR NORMAL DEPARTURE LAST
                VALUE   (LST)  VALUE       VALUE  FROM      YEAR
                                                  NORMAL
..................................................................
TEMPERATURE (F)
 YESTERDAY
  MAXIMUM         56    400 PM  87    2007  71    -15       72
  MINIMUM         39   1159 PM  28    1982  46     -7       41
  AVERAGE         48                        59    -11       57

PRECIPITATION (IN)
  YESTERDAY        T             1.63 1980   0.10  -0.10     0.75
  MONTH TO DATE    3.40                      3.01   0.39     3.41
  SINCE MAR 1      3.40                      3.01   0.39     3.41
  SINCE JAN 1     10.33                      9.16   1.17     9.13

SNOWFALL (IN)
  YESTERDAY       MM
  MONTH TO DATE   MM
  SINCE MAR 1     MM
  SINCE JUL 1     MM
  SNOW DEPTH      MM

DEGREE DAYS
 HEATING
  YESTERDAY       17                         7     10        8
  MONTH TO DATE  214                       288    -74      428
  SINCE MAR 1    214                       288    -74      428
  SINCE JUL 1   2452                      2354     98     2557

 COOLING
  YESTERDAY        0                         1     -1        0
  MONTH TO DATE   24                        15      9        0
  SINCE MAR 1     24                        15      9        0
  SINCE JAN 1     27                        21      6        6
..................................................................


WIND (MPH)
  HIGHEST WIND SPEED    20   HIGHEST WIND DIRECTION     W (270)
  HIGHEST GUST SPEED    24   HIGHEST GUST DIRECTION     W (260)
  AVERAGE WIND SPEED     8.8


SKY COVER
  POSSIBLE SUNSHINE  MM
  AVERAGE SKY COVER 0.5


WEATHER CONDITIONS
 THE FOLLOWING WEATHER WAS RECORDED YESTERDAY.
  LIGHT RAIN


RELATIVE HUMIDITY (PERCENT)
 HIGHEST    86          1200 AM
 LOWEST     26           400 PM
 AVERAGE    56

..........................................................


THE FLORENCE SC CLIMATE NORMALS FOR TODAY
                         NORMAL    RECORD    YEAR
 MAXIMUM TEMPERATURE (F)   71        89      1985
 MINIMUM TEMPERATURE (F)   47        28      1966


SUNRISE AND SUNSET
MARCH 29 2015.........SUNRISE   711 AM EDT   SUNSET   737 PM EDT
MARCH 30 2015.........SUNRISE   709 AM EDT   SUNSET   738 PM EDT


-  INDICATES NEGATIVE NUMBERS.
R  INDICATES RECORD WAS SET OR TIED.
MM INDICATES DATA IS MISSING.
T  INDICATES TRACE AMOUNT.




$$
