000
CDUS42 KILM 250951
CLIFLO


CLIMATE REPORT
NATIONAL WEATHER SERVICE WILMINGTON NC
451 AM EST SUN JAN 25 2015


...................................

...THE FLORENCE SC CLIMATE SUMMARY FOR JANUARY 24 2015...

CLIMATE NORMAL PERIOD 1981 TO 2010
CLIMATE RECORD PERIOD 1948 TO 2015


WEATHER ITEM   OBSERVED TIME   RECORD YEAR NORMAL DEPARTURE LAST
                VALUE   (LST)  VALUE       VALUE  FROM      YEAR
                                                  NORMAL
..................................................................
TEMPERATURE (F)
 YESTERDAY
  MAXIMUM         53    449 PM  84    1974  56     -3       31
  MINIMUM         38   1159 PM  13    2014  35      3       13
                                      2003
  AVERAGE         46                        45      1       22

PRECIPITATION (IN)
  YESTERDAY        0.48          1.48 1999   0.10   0.38     0.00
  MONTH TO DATE    2.43                      2.51  -0.08     2.01
  SINCE DEC 1      5.63                      5.52   0.11     6.34
  SINCE JAN 1      2.43                      2.51  -0.08     2.01

SNOWFALL (IN)
  YESTERDAY       MM
  MONTH TO DATE   MM
  SINCE DEC 1     MM
  SINCE JUL 1     MM
  SNOW DEPTH      MM

DEGREE DAYS
 HEATING
  YESTERDAY       19                        20     -1       43
  MONTH TO DATE  466                       487    -21      542
  SINCE DEC 1    935                      1044   -109      984
  SINCE JUL 1   1435                      1466    -31     1454

 COOLING
  YESTERDAY        0                         0      0        0
  MONTH TO DATE    3                         0      3        0
  SINCE DEC 1      3                         4     -1       18
  SINCE JAN 1      3                         0      3        0
..................................................................


WIND (MPH)
  HIGHEST WIND SPEED    16   HIGHEST WIND DIRECTION     W (280)
  HIGHEST GUST SPEED    23   HIGHEST GUST DIRECTION     W (280)
  AVERAGE WIND SPEED     8.0


SKY COVER
  POSSIBLE SUNSHINE  MM
  AVERAGE SKY COVER 0.7


WEATHER CONDITIONS
 THE FOLLOWING WEATHER WAS RECORDED YESTERDAY.
  HEAVY RAIN
  RAIN
  LIGHT RAIN
  FOG


RELATIVE HUMIDITY (PERCENT)
 HIGHEST    96           500 AM
 LOWEST     63           500 PM
 AVERAGE    80

..........................................................


THE FLORENCE SC CLIMATE NORMALS FOR TODAY
                         NORMAL    RECORD    YEAR
 MAXIMUM TEMPERATURE (F)   56        81      1990
 MINIMUM TEMPERATURE (F)   35        12      2014


SUNRISE AND SUNSET
JANUARY 25 2015.......SUNRISE   721 AM EST   SUNSET   542 PM EST
JANUARY 26 2015.......SUNRISE   720 AM EST   SUNSET   543 PM EST


-  INDICATES NEGATIVE NUMBERS.
R  INDICATES RECORD WAS SET OR TIED.
MM INDICATES DATA IS MISSING.
T  INDICATES TRACE AMOUNT.




$$
