000
CDUS42 KTBW 232224
CLIFMY


CLIMATE REPORT
NATIONAL WEATHER SERVICE TAMPA BAY FL
522 PM EST THU FEB 23 2017


...................................

...THE FORT MYERS CLIMATE SUMMARY FOR FEBRUARY 23 2017...
VALID TODAY AS OF 0500 PM LOCAL TIME.

CLIMATE NORMAL PERIOD 1981 TO 2010
CLIMATE RECORD PERIOD 1902 TO 2017


WEATHER ITEM   OBSERVED TIME   RECORD YEAR NORMAL DEPARTURE LAST
                VALUE   (LST)  VALUE       VALUE  FROM      YEAR
                                                  NORMAL
..................................................................
TEMPERATURE (F)
 TODAY
  MAXIMUM         75   1126 AM  89    1962  78     -3       80
  MINIMUM         59    633 AM  32    1978  57      2       62
  AVERAGE         67                        68     -1       71

PRECIPITATION (IN)
  TODAY            T             2.27 1990   0.08  -0.08     0.05
  MONTH TO DATE    0.72                      1.72  -1.00     1.75
  SINCE DEC 1      2.49                      5.37  -2.88    18.33
  SINCE JAN 1      2.25                      3.66  -1.41    14.73

DEGREE DAYS
 HEATING
  TODAY            0                         2     -2        0
  MONTH TO DATE    1                        52    -51       65
  SINCE DEC 1     60                       235   -175      172
  SINCE JUL 1     65                       253   -188      172

 COOLING
  TODAY            2                         4     -2        6
  MONTH TO DATE  136                        82     54       58
  SINCE DEC 1    565                       286    279      380
  SINCE JAN 1    289                       165    124      102
..................................................................


WIND (MPH)
  RESULTANT WIND SPEED   1   RESULTANT WIND DIRECTION  NW (300)
  HIGHEST WIND SPEED    15   HIGHEST WIND DIRECTION     W (280)
  HIGHEST GUST SPEED    17   HIGHEST GUST DIRECTION     W (270)
  AVERAGE WIND SPEED     4.2


SKY COVER
  POSSIBLE SUNSHINE  MM
  AVERAGE SKY COVER 0.3


WEATHER CONDITIONS
 THE FOLLOWING WEATHER WAS RECORDED TODAY.
  FOG


RELATIVE HUMIDITY (PERCENT)
 HIGHEST   100           800 AM
 LOWEST     64          1100 AM

..........................................................


THE FORT MYERS CLIMATE NORMALS FOR TOMORROW
                         NORMAL    RECORD    YEAR
 MAXIMUM TEMPERATURE (F)   78        88      2001
 MINIMUM TEMPERATURE (F)   57        37      1989


SUNRISE AND SUNSET
FEBRUARY 23 2017......SUNRISE   657 AM EST   SUNSET   625 PM EST
FEBRUARY 24 2017......SUNRISE   656 AM EST   SUNSET   626 PM EST


-  INDICATES NEGATIVE NUMBERS.
R  INDICATES RECORD WAS SET OR TIED.
MM INDICATES DATA IS MISSING.
T  INDICATES TRACE AMOUNT.




$$


&&
------------------------------------------------------------------
******************** SUPPLEMENTAL DATA ***************************

...GULF WATER TEMPERATURE AT FORT MYERS BEACH 72 DEGREES
