000
CDUS42 KTBW 172216
CLIFMY


CLIMATE REPORT
NATIONAL WEATHER SERVICE TAMPA BAY FL
513 PM EST WED DEC 17 2014


...................................

...THE FORT MYERS CLIMATE SUMMARY FOR DECEMBER 17 2014...
VALID TODAY AS OF 0500 PM LOCAL TIME.

CLIMATE NORMAL PERIOD 1981 TO 2010
CLIMATE RECORD PERIOD 1902 TO 2014


WEATHER ITEM   OBSERVED TIME   RECORD YEAR NORMAL DEPARTURE LAST
                VALUE   (LST)  VALUE       VALUE  FROM      YEAR
                                                  NORMAL
..................................................................
TEMPERATURE (F)
 TODAY
  MAXIMUM         77    236 PM  86    1956  76      1       78
  MINIMUM         52    458 AM  34    1916  56     -4       50
  AVERAGE         65                        66     -1       64

PRECIPITATION (IN)
  TODAY            0.00          1.18 1963   0.06  -0.06     0.00
  MONTH TO DATE    0.01                      0.85  -0.84     0.32
  SINCE DEC 1      0.01                      0.85  -0.84     0.32
  SINCE JAN 1     42.28                     55.07 -12.79    53.61

DEGREE DAYS
 HEATING
  TODAY            0                         2     -2        1
  MONTH TO DATE   44                        29     15        3
  SINCE DEC 1     44                        29     15        3
  SINCE JUL 1     85                        47     38       12

 COOLING
  TODAY            0                         4     -4        0
  MONTH TO DATE   57                        75    -18      122
  SINCE DEC 1     57                        75    -18      122
  SINCE JAN 1   3984                      3938     46     3996
..................................................................


WIND (MPH)
  RESULTANT WIND SPEED   3   RESULTANT WIND DIRECTION   W (250)
  HIGHEST WIND SPEED    12   HIGHEST WIND DIRECTION     W (260)
  HIGHEST GUST SPEED    17   HIGHEST GUST DIRECTION    SW (230)
  AVERAGE WIND SPEED     4.0


SKY COVER
  POSSIBLE SUNSHINE  MM
  AVERAGE SKY COVER 0.0


WEATHER CONDITIONS
 THE FOLLOWING WEATHER WAS RECORDED TODAY.
  NO SIGNIFICANT WEATHER WAS OBSERVED.


RELATIVE HUMIDITY (PERCENT)
 HIGHEST    93          1200 AM
 LOWEST     36           400 PM

..........................................................


THE FORT MYERS CLIMATE NORMALS FOR TOMORROW
                         NORMAL    RECORD    YEAR
 MAXIMUM TEMPERATURE (F)   76        85      1967
                                             1931
 MINIMUM TEMPERATURE (F)   56        35      1973


SUNRISE AND SUNSET
DECEMBER 17 2014......SUNRISE   709 AM EST   SUNSET   538 PM EST
DECEMBER 18 2014......SUNRISE   710 AM EST   SUNSET   538 PM EST


-  INDICATES NEGATIVE NUMBERS.
R  INDICATES RECORD WAS SET OR TIED.
MM INDICATES DATA IS MISSING.
T  INDICATES TRACE AMOUNT.




$$


&&
------------------------------------------------------------------
******************** SUPPLEMENTAL DATA ***************************

...GULF WATER TEMPERATURE AT FORT MYERS BEACH 68
