000
CDUS42 KTBW 240830
CLIFMY


CLIMATE REPORT
NATIONAL WEATHER SERVICE TAMPA BAY FL
427 AM EDT THU JUL 24 2014


...................................

...THE FORT MYERS CLIMATE SUMMARY FOR JULY 23 2014...

CLIMATE NORMAL PERIOD 1981 TO 2010
CLIMATE RECORD PERIOD 1902 TO 2014


WEATHER ITEM   OBSERVED TIME   RECORD YEAR NORMAL DEPARTURE LAST
                VALUE   (LST)  VALUE       VALUE  FROM      YEAR
                                                  NORMAL
..................................................................
TEMPERATURE (F)
 YESTERDAY
  MAXIMUM         92    155 PM  97    1995  92      0       90
  MINIMUM         75    627 AM  69    1922  75      0       77
  AVERAGE         84                        83      1       84

PRECIPITATION (IN)
  YESTERDAY        0.00          3.84 1981   0.29  -0.29     0.00
  MONTH TO DATE    6.46                      6.72  -0.26     8.75
  SINCE JUN 1      8.94                     16.81  -7.87    19.08
  SINCE JAN 1     20.28                     28.61  -8.33    29.24

DEGREE DAYS
 HEATING
  YESTERDAY        0                         0      0        0
  MONTH TO DATE    0                         0      0        0
  SINCE JUN 1      0                         0      0        0
  SINCE JUL 1      0                         0      0        0

 COOLING
  YESTERDAY       19                        18      1       19
  MONTH TO DATE  426                       414     12      373
  SINCE JUN 1    956                       939     17      878
  SINCE JAN 1   2147                      2005    142     2016
..................................................................


WIND (MPH)
  RESULTANT WIND SPEED   1   RESULTANT WIND DIRECTION   S (160)
  HIGHEST WIND SPEED    18   HIGHEST WIND DIRECTION     N (20)
  HIGHEST GUST SPEED    23   HIGHEST GUST DIRECTION     N (10)
  AVERAGE WIND SPEED     2.7


SKY COVER
  POSSIBLE SUNSHINE  MM
  AVERAGE SKY COVER 0.1


WEATHER CONDITIONS
 THE FOLLOWING WEATHER WAS RECORDED YESTERDAY.
  FOG


RELATIVE HUMIDITY (PERCENT)
 HIGHEST   100          1200 AM
 LOWEST     49           200 PM

..........................................................


THE FORT MYERS CLIMATE NORMALS FOR TODAY
                         NORMAL    RECORD    YEAR
 MAXIMUM TEMPERATURE (F)   92        96      1990
                                             1986
 MINIMUM TEMPERATURE (F)   75        69      1910


SUNRISE AND SUNSET
JULY 24 2014..........SUNRISE   648 AM EDT   SUNSET   819 PM EDT
JULY 25 2014..........SUNRISE   649 AM EDT   SUNSET   819 PM EDT


-  INDICATES NEGATIVE NUMBERS.
R  INDICATES RECORD WAS SET OR TIED.
MM INDICATES DATA IS MISSING.
T  INDICATES TRACE AMOUNT.




$$


&&
------------------------------------------------------------------
******************** SUPPLEMENTAL DATA ***************************

...GULF WATER TEMPERATURE AT NAPLES 87
