000
CDUS42 KTBW 050927
CLIFMY


CLIMATE REPORT
NATIONAL WEATHER SERVICE TAMPA BAY FL
426 AM EST THU MAR 5 2015


...................................

...THE FORT MYERS CLIMATE SUMMARY FOR MARCH 4 2015...

CLIMATE NORMAL PERIOD 1981 TO 2010
CLIMATE RECORD PERIOD 1902 TO 2015


WEATHER ITEM   OBSERVED TIME   RECORD YEAR NORMAL DEPARTURE LAST
                VALUE   (LST)  VALUE       VALUE  FROM      YEAR
                                                  NORMAL
..................................................................
TEMPERATURE (F)
 YESTERDAY
  MAXIMUM         86    309 PM  93    1948  79      7       85
  MINIMUM         64    651 AM  37    1943  58      6       60
  AVERAGE         75                        68      7       73

PRECIPITATION (IN)
  YESTERDAY        0.00          1.26 1957   0.09  -0.09     0.00
  MONTH TO DATE    0.01                      0.33  -0.32     0.00
  SINCE MAR 1      0.01                      0.33  -0.32     0.00
  SINCE JAN 1      3.20                      4.42  -1.22     3.44

DEGREE DAYS
 HEATING
  YESTERDAY        0                         1     -1        0
  MONTH TO DATE    0                         4     -4        0
  SINCE MAR 1      0                         4     -4        0
  SINCE JUL 1    231                       264    -33      169

 COOLING
  YESTERDAY       10                         5      5        8
  MONTH TO DATE   43                        20     23       21
  SINCE MAR 1     43                        20     23       21
  SINCE JAN 1    191                       205    -14      282
..................................................................


WIND (MPH)
  RESULTANT WIND SPEED   5   RESULTANT WIND DIRECTION   S (160)
  HIGHEST WIND SPEED    15   HIGHEST WIND DIRECTION    SE (130)
  HIGHEST GUST SPEED    20   HIGHEST GUST DIRECTION    SE (150)
  AVERAGE WIND SPEED     6.8


SKY COVER
  POSSIBLE SUNSHINE  MM
  AVERAGE SKY COVER 0.1


WEATHER CONDITIONS
 THE FOLLOWING WEATHER WAS RECORDED YESTERDAY.
  FOG


RELATIVE HUMIDITY (PERCENT)
 HIGHEST   100           300 AM
 LOWEST     48           100 PM

..........................................................


THE FORT MYERS CLIMATE NORMALS FOR TODAY
                         NORMAL    RECORD    YEAR
 MAXIMUM TEMPERATURE (F)   79        90      1961
 MINIMUM TEMPERATURE (F)   58        36      1916


SUNRISE AND SUNSET
MARCH  5 2015.........SUNRISE   647 AM EST   SUNSET   631 PM EST
MARCH  6 2015.........SUNRISE   646 AM EST   SUNSET   631 PM EST


-  INDICATES NEGATIVE NUMBERS.
R  INDICATES RECORD WAS SET OR TIED.
MM INDICATES DATA IS MISSING.
T  INDICATES TRACE AMOUNT.




$$


&&
------------------------------------------------------------------
******************** SUPPLEMENTAL DATA ***************************

...GULF WATER TEMPERATURE AT FORT MYERS BEACH 72
