898
CDUS42 KTBW 282124
CLIFMY


CLIMATE REPORT
NATIONAL WEATHER SERVICE TAMPA BAY FL
521 PM EDT SUN MAY 28 2017


...................................

...THE FORT MYERS CLIMATE SUMMARY FOR MAY 28 2017...
VALID TODAY AS OF 0500 PM LOCAL TIME.

CLIMATE NORMAL PERIOD 1981 TO 2010
CLIMATE RECORD PERIOD 1902 TO 2017


WEATHER ITEM   OBSERVED TIME   RECORD YEAR NORMAL DEPARTURE LAST
                VALUE   (LST)  VALUE       VALUE  FROM      YEAR
                                                  NORMAL
..................................................................
TEMPERATURE (F)
 TODAY
  MAXIMUM         93    149 PM  98    1953  91      2       90
  MINIMUM         70    615 AM  62    1945  71     -1       72
  AVERAGE         82                        81      1       81

PRECIPITATION (IN)
  TODAY            0.00          1.95 1936   0.14  -0.14     0.00
  MONTH TO DATE    1.15                      2.20  -1.05     2.98
  SINCE MAR 1      3.93                      7.26  -3.33     5.48
  SINCE JAN 1      6.18                     11.35  -5.17    20.59

DEGREE DAYS
 HEATING
  TODAY            0                         0      0        0
  MONTH TO DATE    0                         0      0        0
  SINCE MAR 1     11                        27    -16        9
  SINCE JUL 1     76                       287   -211      204

 COOLING
  TODAY           17                        16      1       16
  MONTH TO DATE  434                       387     47      390
  SINCE MAR 1    882                       832     50      938
  SINCE JAN 1   1224                      1017    207     1049
..................................................................


WIND (MPH)
  RESULTANT WIND SPEED   3   RESULTANT WIND DIRECTION  NW (300)
  HIGHEST WIND SPEED    18   HIGHEST WIND DIRECTION     W (270)
  HIGHEST GUST SPEED    24   HIGHEST GUST DIRECTION     W (280)
  AVERAGE WIND SPEED     6.6


SKY COVER
  POSSIBLE SUNSHINE  MM
  AVERAGE SKY COVER 0.0


WEATHER CONDITIONS
 THE FOLLOWING WEATHER WAS RECORDED TODAY.
  NO SIGNIFICANT WEATHER WAS OBSERVED.


RELATIVE HUMIDITY (PERCENT)
 HIGHEST   100           500 AM
 LOWEST     44           100 PM

..........................................................


THE FORT MYERS CLIMATE NORMALS FOR TOMORROW
                         NORMAL    RECORD    YEAR
 MAXIMUM TEMPERATURE (F)   91        97      2008
                                             1989
 MINIMUM TEMPERATURE (F)   72        62      1920


SUNRISE AND SUNSET
MAY 28 2017...........SUNRISE   635 AM EDT   SUNSET   815 PM EDT
MAY 29 2017...........SUNRISE   635 AM EDT   SUNSET   815 PM EDT


-  INDICATES NEGATIVE NUMBERS.
R  INDICATES RECORD WAS SET OR TIED.
MM INDICATES DATA IS MISSING.
T  INDICATES TRACE AMOUNT.




$$


&&
------------------------------------------------------------------
******************** SUPPLEMENTAL DATA ***************************

...GULF WATER TEMPERATURE AT FORT MYERS BEACH 83 DEGREES
