000
CDUS42 KTBW 300844
CLIFMY


CLIMATE REPORT
NATIONAL WEATHER SERVICE TAMPA BAY FL
441 AM EDT SAT APR 30 2016


...................................

...THE FORT MYERS CLIMATE SUMMARY FOR APRIL 29 2016...

CLIMATE NORMAL PERIOD 1981 TO 2010
CLIMATE RECORD PERIOD 1902 TO 2016


WEATHER ITEM   OBSERVED TIME   RECORD YEAR NORMAL DEPARTURE LAST
                VALUE   (LST)  VALUE       VALUE  FROM      YEAR
                                                  NORMAL
..................................................................
TEMPERATURE (F)
 YESTERDAY
  MAXIMUM         89    139 PM  94    1986  87      2       87
  MINIMUM         70   1015 PM  46    1928  65      5       70
  AVERAGE         80                        76      4       79

PRECIPITATION (IN)
  YESTERDAY        0.28          1.43 2004   0.07   0.21     0.59
  MONTH TO DATE    1.44                      2.11  -0.67     2.00
  SINCE MAR 1      2.50                      4.99  -2.49     3.49
  SINCE JAN 1     17.61                      9.08   8.53     6.68

DEGREE DAYS
 HEATING
  YESTERDAY        0                         0      0        0
  MONTH TO DATE    0                         0      0        0
  SINCE MAR 1      9                        24    -15        0
  SINCE JUL 1    204                       284    -80      231

 COOLING
  YESTERDAY       15                        11      4       14
  MONTH TO DATE  289                       257     32      411
  SINCE MAR 1    534                       433    101      716
  SINCE JAN 1    645                       618     27      864
..................................................................


WIND (MPH)
  RESULTANT WIND SPEED   0   RESULTANT WIND DIRECTION   W (280)
  HIGHEST WIND SPEED    22   HIGHEST WIND DIRECTION     E (100)
  HIGHEST GUST SPEED    30   HIGHEST GUST DIRECTION     E (100)
  AVERAGE WIND SPEED     5.0


SKY COVER
  POSSIBLE SUNSHINE  MM
  AVERAGE SKY COVER 0.3


WEATHER CONDITIONS
 THE FOLLOWING WEATHER WAS RECORDED YESTERDAY.
  THUNDERSTORM
  HEAVY RAIN
  LIGHT RAIN
  FOG
  HAZE


RELATIVE HUMIDITY (PERCENT)
 HIGHEST    93           700 AM
 LOWEST     53           100 PM

..........................................................


THE FORT MYERS CLIMATE NORMALS FOR TODAY
                         NORMAL    RECORD    YEAR
 MAXIMUM TEMPERATURE (F)   87        96      1986
 MINIMUM TEMPERATURE (F)   65        49      1916


SUNRISE AND SUNSET
APRIL 30 2016.........SUNRISE   650 AM EDT   SUNSET   800 PM EDT
MAY  1 2016...........SUNRISE   649 AM EDT   SUNSET   800 PM EDT


-  INDICATES NEGATIVE NUMBERS.
R  INDICATES RECORD WAS SET OR TIED.
MM INDICATES DATA IS MISSING.
T  INDICATES TRACE AMOUNT.




$$


&&
------------------------------------------------------------------
******************** SUPPLEMENTAL DATA ***************************

...GULF WATER TEMPERATURE AT FORT MYERS BEACH 82 DEGREES
