000
CDUS43 KDTX 282026
CLIFNT


CLIMATE REPORT
NATIONAL WEATHER SERVICE DETROIT/PONTIAC MI
425 PM EDT FRI APR 28 2017


...................................

...THE FLINT MI CLIMATE SUMMARY FOR APRIL 28 2017...
VALID TODAY AS OF 0400 PM LOCAL TIME.

CLIMATE NORMAL PERIOD 1981 TO 2010
CLIMATE RECORD PERIOD 1921 TO 2017


WEATHER ITEM   OBSERVED TIME   RECORD YEAR NORMAL DEPARTURE LAST
                VALUE   (LST)  VALUE       VALUE  FROM      YEAR
                                                  NORMAL
..................................................................
TEMPERATURE (F)
 TODAY
  MAXIMUM         65    240 PM  85    1990  63      2       51
                                      1986
  MINIMUM         45    646 AM  24    1946  40      5       41
  AVERAGE         55                        51      4       46

PRECIPITATION (IN)
  TODAY            0.00          1.14 1956   0.09  -0.09     0.05
  MONTH TO DATE    4.07                      2.69   1.38     1.96
  SINCE MAR 1      7.28                      4.60   2.68     6.29
  SINCE JAN 1     12.83                      7.71   5.12    10.14

SNOWFALL (IN)
  TODAY            0.0           T      MM   0.1   -0.1      0.0
  MONTH TO DATE    1.5                       2.3   -0.8      6.8
  SINCE MAR 1      6.9                       8.8   -1.9     18.4
  SINCE JUL 1     39.4                      47.4   -8.0     69.0
  SNOW DEPTH       0

DEGREE DAYS
 HEATING
  TODAY           10                        14     -4       19
  MONTH TO DATE  368                       535   -167      531
  SINCE MAR 1   1326                      1492   -166     1245
  SINCE JUL 1   5475                      6580  -1105     5115

 COOLING
  TODAY            0                         0      0        0
  MONTH TO DATE    3                         0      3        0
  SINCE MAR 1      3                         0      3        1
  SINCE JAN 1      3                         0      3        1
..................................................................


WIND (MPH)
  HIGHEST WIND SPEED    24   HIGHEST WIND DIRECTION     W (270)
  HIGHEST GUST SPEED    34   HIGHEST GUST DIRECTION     W (260)
  AVERAGE WIND SPEED    12.4


SKY COVER
  POSSIBLE SUNSHINE  MM
  AVERAGE SKY COVER 0.7


WEATHER CONDITIONS
 THE FOLLOWING WEATHER WAS RECORDED TODAY.
  NO SIGNIFICANT WEATHER WAS OBSERVED.


RELATIVE HUMIDITY (PERCENT)
 HIGHEST    71          1200 AM
 LOWEST     44           200 PM
 AVERAGE    58

..........................................................


THE FLINT MI CLIMATE NORMALS FOR TOMORROW
                         NORMAL    RECORD    YEAR
 MAXIMUM TEMPERATURE (F)   63        82      1942
 MINIMUM TEMPERATURE (F)   40        22      2012


SUNRISE AND SUNSET
APRIL 28 2017.........SUNRISE   633 AM EDT   SUNSET   833 PM EDT
APRIL 29 2017.........SUNRISE   631 AM EDT   SUNSET   834 PM EDT


-  INDICATES NEGATIVE NUMBERS.
R  INDICATES RECORD WAS SET OR TIED.
MM INDICATES DATA IS MISSING.
T  INDICATES TRACE AMOUNT.




$$
