000
CDUS43 KFSD 290635
CLIFSD


CLIMATE REPORT
NATIONAL WEATHER SERVICE SIOUX FALLS SD
135 AM CDT SUN MAY 29 2016


...................................

...THE SIOUX FALLS SD CLIMATE SUMMARY FOR MAY 28 2016...

CLIMATE NORMAL PERIOD 1981 TO 2010
CLIMATE RECORD PERIOD 1893 TO 2016


WEATHER ITEM   OBSERVED TIME   RECORD YEAR NORMAL DEPARTURE LAST
                VALUE   (LST)  VALUE       VALUE  FROM      YEAR
                                                  NORMAL
..................................................................
TEMPERATURE (F)
 YESTERDAY
  MAXIMUM         70   1253 PM  98    1934  73     -3       82
  MINIMUM         58   1159 PM  30    1965  50      8       64
  AVERAGE         64                        62      2       73

PRECIPITATION (IN)
  YESTERDAY        1.26          2.83 1970   0.12   1.14      T
  MONTH TO DATE    2.82                      3.04  -0.22     3.24
  SINCE MAR 1      9.53                      7.81   1.72     4.57
  SINCE JAN 1     11.21                      8.97   2.24     5.79

SNOWFALL (IN)
  YESTERDAY        0.0           T    1947   0.0    0.0      0.0
  MONTH TO DATE    0.0                       0.4   -0.4       T
  SINCE MAR 1     12.2                      13.4   -1.2      1.7
  SINCE JUL 1     68.5                      44.9   23.6     31.9
  SNOW DEPTH       0

DEGREE DAYS
 HEATING
  YESTERDAY        1                         5     -4        0
  MONTH TO DATE  213                       235    -22      207
  SINCE MAR 1   1459                      1792   -333     1458
  SINCE JUL 1   6495                      7642  -1147     7207

 COOLING
  YESTERDAY        0                         2     -2        8
  MONTH TO DATE   27                        26      1       18
  SINCE MAR 1     27                        31     -4       22
  SINCE JAN 1     27                        31     -4       22
..................................................................


WIND (MPH)
  HIGHEST WIND SPEED    20   HIGHEST WIND DIRECTION     N (350)
  HIGHEST GUST SPEED    25   HIGHEST GUST DIRECTION     N (360)
  AVERAGE WIND SPEED     7.4


SKY COVER
  POSSIBLE SUNSHINE  MM
  AVERAGE SKY COVER 0.9


WEATHER CONDITIONS
 THE FOLLOWING WEATHER WAS RECORDED YESTERDAY.
  THUNDERSTORM
  HEAVY RAIN
  RAIN
  LIGHT RAIN
  FOG


RELATIVE HUMIDITY (PERCENT)
 HIGHEST   100           500 AM
 LOWEST     73           100 PM
 AVERAGE    87

..........................................................


THE SIOUX FALLS SD CLIMATE NORMALS FOR TODAY
                         NORMAL    RECORD    YEAR
 MAXIMUM TEMPERATURE (F)   74        99      1934
 MINIMUM TEMPERATURE (F)   51        28      1947


SUNRISE AND SUNSET
MAY 29 2016...........SUNRISE   550 AM CDT   SUNSET   859 PM CDT
MAY 30 2016...........SUNRISE   549 AM CDT   SUNSET   900 PM CDT


-  INDICATES NEGATIVE NUMBERS.
R  INDICATES RECORD WAS SET OR TIED.
MM INDICATES DATA IS MISSING.
T  INDICATES TRACE AMOUNT.




$$
