000
CDUS43 KFSD 202223
CLIFSD


CLIMATE REPORT
NATIONAL WEATHER SERVICE SIOUX FALLS SD
522 PM CDT WED AUG 20 2014


...................................

...THE SIOUX FALLS SD CLIMATE SUMMARY FOR AUGUST 20 2014...
VALID TODAY AS OF 0500 PM LOCAL TIME.

CLIMATE NORMAL PERIOD 1981 TO 2010
CLIMATE RECORD PERIOD 1893 TO 2014


WEATHER ITEM   OBSERVED TIME   RECORD YEAR NORMAL DEPARTURE LAST
                VALUE   (LST)  VALUE       VALUE  FROM      YEAR
                                                  NORMAL
..................................................................
TEMPERATURE (F)
 TODAY
  MAXIMUM         83    201 PM  99    1955  81      2       90
  MINIMUM         66    226 AM  34    1950  59      7       66
  AVERAGE         75                        70      5       78

PRECIPITATION (IN)
  TODAY            0.02          1.51 2002   0.10  -0.08     0.00
  MONTH TO DATE    2.15                      2.00   0.15     2.44
  SINCE JUN 1     16.65                      9.01   7.64     7.32
  SINCE JAN 1     21.63                     18.34   3.29    19.63

SNOWFALL (IN)
  TODAY            0.0           0.0    MM   0.0    0.0      0.0
  MONTH TO DATE    0.0                       0.0    0.0      0.0
  SINCE JUN 1      T                         0.0    0.0      0.0
  SINCE JUL 1      T                         0.0    0.0      0.0
  SNOW DEPTH       0

DEGREE DAYS
 HEATING
  TODAY            0                         1     -1        0
  MONTH TO DATE    0                         7     -7       15
  SINCE JUN 1     47                        66    -19      103
  SINCE JUL 1     15                        15      0       34

 COOLING
  TODAY           10                         6      4       13
  MONTH TO DATE  121                       142    -21       73
  SINCE JUN 1    429                       533   -104      458
  SINCE JAN 1    482                       569    -87      500
..................................................................


WIND (MPH)
  HIGHEST WIND SPEED    22   HIGHEST WIND DIRECTION     S (190)
  HIGHEST GUST SPEED    27   HIGHEST GUST DIRECTION     S (170)
  AVERAGE WIND SPEED     8.6


SKY COVER
  POSSIBLE SUNSHINE  MM
  AVERAGE SKY COVER 0.5


WEATHER CONDITIONS
 THE FOLLOWING WEATHER WAS RECORDED TODAY.
  THUNDERSTORM
  LIGHT RAIN


RELATIVE HUMIDITY (PERCENT)
 HIGHEST    87          1200 AM
 LOWEST     63           200 PM
 AVERAGE    75

..........................................................


THE SIOUX FALLS SD CLIMATE NORMALS FOR TOMORROW
                         NORMAL    RECORD    YEAR
 MAXIMUM TEMPERATURE (F)   81        98      1968
                                             1959
                                             1947
 MINIMUM TEMPERATURE (F)   59        40      2004


SUNRISE AND SUNSET
AUGUST 20 2014........SUNRISE   637 AM CDT   SUNSET   822 PM CDT
AUGUST 21 2014........SUNRISE   638 AM CDT   SUNSET   821 PM CDT


-  INDICATES NEGATIVE NUMBERS.
R  INDICATES RECORD WAS SET OR TIED.
MM INDICATES DATA IS MISSING.
T  INDICATES TRACE AMOUNT.




$$
