597
CDUS44 KTSA 280955
CLIFSM

CLIMATE REPORT
NATIONAL WEATHER SERVICE TULSA OK
147 AM CDT THU JUL 28 2016


...................................

...THE FORT SMITH ARKANSAS CLIMATE SUMMARY FOR JULY 27 2016...

CLIMATE NORMAL PERIOD 1981 TO 2010
CLIMATE RECORD PERIOD 1882 TO 2016


WEATHER ITEM   OBSERVED TIME   RECORD YEAR NORMAL DEPARTURE LAST
                VALUE   (LST)  VALUE       VALUE  FROM      YEAR
                                                  NORMAL
..................................................................
TEMPERATURE (F)
 YESTERDAY
  MAXIMUM         91   1215 PM 107    2011  94     -3       98
  MINIMUM         76    551 AM  61    1911  72      4       79
  AVERAGE         84                        83      1       89

PRECIPITATION (IN)
  YESTERDAY        0.00          3.83 1979   0.11  -0.11     0.00
  MONTH TO DATE    3.63                      2.89   0.74     8.79
  SINCE JUN 1      5.54                      7.17  -1.63    11.92
  SINCE JAN 1     22.75                     26.36  -3.61    45.17

DEGREE DAYS
 COOLING
  YESTERDAY       19                        18      1       24
  MONTH TO DATE  533                       466     67      529
  SINCE JUN 1   1036                       851    185     1012
  SINCE JAN 1   1221                      1095    126     1252
..................................................................


WIND (MPH)
  HIGHEST WIND SPEED    12   HIGHEST WIND DIRECTION     E (110)
  HIGHEST GUST SPEED    16   HIGHEST GUST DIRECTION     E (100)
  AVERAGE WIND SPEED     4.4


SKY COVER
  POSSIBLE SUNSHINE  MM
  AVERAGE SKY COVER 0.3


WEATHER CONDITIONS
 THE FOLLOWING WEATHER WAS RECORDED YESTERDAY.
  NO SIGNIFICANT WEATHER WAS OBSERVED.


RELATIVE HUMIDITY (PERCENT)
 HIGHEST    94           400 AM
 LOWEST     56          1200 PM
 AVERAGE    75

..........................................................


THE FORT SMITH ARKANSAS CLIMATE NORMALS FOR TODAY
                         NORMAL    RECORD    YEAR
 MAXIMUM TEMPERATURE (F)   94       107      1986
 MINIMUM TEMPERATURE (F)   72        63      2004
                                             1994
                                             1980


SUNRISE AND SUNSET
JULY 28 2016..........SUNRISE   624 AM CDT   SUNSET   824 PM CDT
JULY 29 2016..........SUNRISE   624 AM CDT   SUNSET   823 PM CDT


-  INDICATES NEGATIVE NUMBERS.
R  INDICATES RECORD WAS SET OR TIED.
MM INDICATES DATA IS MISSING.
T  INDICATES TRACE AMOUNT.




$$

&&
...........................................................

THE ARKANSAS RIVER AT VAN BUREN

                   OBSERVED      24 HOUR     24 HOUR
                    VALUE        CHANGE      FORECAST

 STAGE (FEET)
  THIS MORNING       19.4         -0.3

MEAN FLOW (CFS)
  TODAY                                        -99
...........................................................
ALL DATA MEASURED AT THE FORT SMITH REGIONAL AIRPORT
