000
CDUS44 KTSA 250803
CLIFSM

CLIMATE REPORT
NATIONAL WEATHER SERVICE TULSA OK
302 AM CDT FRI APR 25 2014


...................................

...THE FORT SMITH ARKANSAS CLIMATE SUMMARY FOR APRIL 24 2014...

CLIMATE NORMAL PERIOD 1981 TO 2010
CLIMATE RECORD PERIOD 1882 TO 2014


WEATHER ITEM   OBSERVED TIME   RECORD YEAR NORMAL DEPARTURE LAST
                VALUE   (LST)  VALUE       VALUE  FROM      YEAR
                                                  NORMAL
..................................................................
TEMPERATURE (F)
 YESTERDAY
  MAXIMUM         77    134 PM  90    1989  76      1       62
                                      1965
  MINIMUM         52   1157 PM  36    2005  52      0       40
                                      1887
  AVERAGE         65                        64      1       51

PRECIPITATION (IN)
  YESTERDAY        0.36          2.47 1942   0.15   0.21     0.05
  MONTH TO DATE    2.53                      3.33  -0.80     3.02
  SINCE MAR 1      6.38                      7.18  -0.80     6.44
  SINCE JAN 1      8.15                     12.75  -4.60    14.87

SNOWFALL (IN)
  YESTERDAY        0.0                                       0.0
  MONTH TO DATE    0.0                                       0.0
  SINCE MAR 1      0.5                                       0.0
  SINCE JUL 1     10.7                                       8.0

DEGREE DAYS
 HEATING
  YESTERDAY        0                         3     -3       14
  MONTH TO DATE  124                       139    -15      160
  SINCE MAR 1    583                       525     58      629
  SINCE JUL 1   3528                      3198    330     2952

 COOLING
  YESTERDAY        0                         2     -2        0
  MONTH TO DATE   38                        38      0       56
  SINCE MAR 1     38                        49    -11       58
  SINCE JAN 1     38                        50    -12       59
..................................................................


WIND (MPH)
  HIGHEST WIND SPEED    37   HIGHEST WIND DIRECTION    NW (300)
  HIGHEST GUST SPEED    48   HIGHEST GUST DIRECTION     W (290)
  AVERAGE WIND SPEED     9.2


SKY COVER
  POSSIBLE SUNSHINE  MM
  AVERAGE SKY COVER 0.3


WEATHER CONDITIONS
 THE FOLLOWING WEATHER WAS RECORDED YESTERDAY.
  THUNDERSTORM
  HEAVY RAIN
  RAIN
  LIGHT RAIN
  FOG


RELATIVE HUMIDITY (PERCENT)
 HIGHEST    90           900 AM
 LOWEST     52           700 PM
 AVERAGE    71

..........................................................


THE FORT SMITH ARKANSAS CLIMATE NORMALS FOR TODAY
                         NORMAL    RECORD    YEAR
 MAXIMUM TEMPERATURE (F)   76        89      2012
 MINIMUM TEMPERATURE (F)   53        35      1910


SUNRISE AND SUNSET
APRIL 25 2014.........SUNRISE   633 AM CDT   SUNSET   759 PM CDT
APRIL 26 2014.........SUNRISE   632 AM CDT   SUNSET   759 PM CDT


-  INDICATES NEGATIVE NUMBERS.
R  INDICATES RECORD WAS SET OR TIED.
MM INDICATES DATA IS MISSING.
T  INDICATES TRACE AMOUNT.




$$

&&
...........................................................

THE ARKANSAS RIVER AT VAN BUREN

                   OBSERVED      24 HOUR     24 HOUR
                    VALUE        CHANGE      FORECAST

 STAGE (FEET)
  THIS MORNING       19.3         -0.0

MEAN FLOW (CFS)
  TODAY                                        4400
...........................................................
ALL DATA MEASURED AT THE FORT SMITH REGIONAL AIRPORT
