000
CDUS44 KTSA 242130
CLIFSM

CLIMATE REPORT
NATIONAL WEATHER SERVICE TULSA OK
418 PM CDT FRI MAR 24 2017


...................................

...THE FORT SMITH ARKANSAS CLIMATE SUMMARY FOR MARCH 24 2017...
VALID TODAY AS OF 0400 PM LOCAL TIME.

CLIMATE NORMAL PERIOD 1981 TO 2010
CLIMATE RECORD PERIOD 1882 TO 2017


WEATHER ITEM   OBSERVED TIME   RECORD YEAR NORMAL DEPARTURE LAST
                VALUE   (LST)  VALUE       VALUE  FROM      YEAR
                                                  NORMAL
..................................................................
TEMPERATURE (F)
 TODAY
  MAXIMUM         75   1243 AM  92    1929  67      8       59
  MINIMUM         63    259 PM  25    1974  43     20       41
  AVERAGE         69                        55     14       50

PRECIPITATION (IN)
  TODAY            0.35          2.45 1973   0.13   0.22     0.01
  MONTH TO DATE    1.39                      2.90  -1.51     4.65
  SINCE MAR 1      1.39                      2.90  -1.51     4.65
  SINCE JAN 1      6.21                      8.47  -2.26     6.80

SNOWFALL (IN)
  TODAY            0.0                                       0.0
  MONTH TO DATE    0.0                                       0.0
  SINCE MAR 1      0.0                                       0.0
  SINCE JUL 1      2.0                                        T

DEGREE DAYS
 HEATING
  TODAY            0                        10    -10       15
  MONTH TO DATE  217                       321   -104      203
  SINCE MAR 1    217                       321   -104      203
  SINCE JUL 1   2126                      2994   -868     2272

 COOLING
  TODAY            4                         1      3        0
  MONTH TO DATE   34                         2     32        6
  SINCE MAR 1     34                         2     32        6
  SINCE JAN 1     50                         3     47        7
..................................................................


WIND (MPH)
  HIGHEST WIND SPEED    33   HIGHEST WIND DIRECTION     W (260)
  HIGHEST GUST SPEED    43   HIGHEST GUST DIRECTION     W (260)
  AVERAGE WIND SPEED    11.3


SKY COVER
  POSSIBLE SUNSHINE  MM
  AVERAGE SKY COVER 0.4


WEATHER CONDITIONS
 THE FOLLOWING WEATHER WAS RECORDED TODAY.
  THUNDERSTORM
  RAIN
  LIGHT RAIN
  FOG


RELATIVE HUMIDITY (PERCENT)
 HIGHEST    84           300 PM
 LOWEST     29           100 AM
 AVERAGE    57

..........................................................


THE FORT SMITH ARKANSAS CLIMATE NORMALS FOR TOMORROW
                         NORMAL    RECORD    YEAR
 MAXIMUM TEMPERATURE (F)   68        86      2015
                                             1910
 MINIMUM TEMPERATURE (F)   43        21      1955


SUNRISE AND SUNSET
MARCH 24 2017.........SUNRISE   715 AM CDT   SUNSET   733 PM CDT
MARCH 25 2017.........SUNRISE   714 AM CDT   SUNSET   734 PM CDT


-  INDICATES NEGATIVE NUMBERS.
R  INDICATES RECORD WAS SET OR TIED.
MM INDICATES DATA IS MISSING.
T  INDICATES TRACE AMOUNT.




$$

&&
...........................................................

THE ARKANSAS RIVER AT VAN BUREN

                   OBSERVED      24 HOUR     24 HOUR
                    VALUE        CHANGE      FORECAST

 STAGE (FEET)
  THIS AFTERNOON     19.6         +0.4

MEAN FLOW (CFS)
  TODAY                                        -99
...........................................................
ALL DATA MEASURED AT THE FORT SMITH REGIONAL AIRPORT
