000
CDUS44 KTSA 170902
CLIFSM

CLIMATE REPORT
NATIONAL WEATHER SERVICE TULSA OK
1246 AM CST SAT FEB 17 2018


...................................

...THE FORT SMITH ARKANSAS CLIMATE SUMMARY FOR FEBRUARY 16 2018...

CLIMATE NORMAL PERIOD 1981 TO 2010
CLIMATE RECORD PERIOD 1882 TO 2018


WEATHER ITEM   OBSERVED TIME   RECORD YEAR NORMAL DEPARTURE LAST
                VALUE   (LST)  VALUE       VALUE  FROM      YEAR
                                                  NORMAL
..................................................................
TEMPERATURE (F)
 YESTERDAY
  MAXIMUM         71   1253 AM  80    2006  56     15       67
                                      1976
  MINIMUM         44   1159 PM  10    1903  33     11       30
  AVERAGE         58                        44     14       49

PRECIPITATION (IN)
  YESTERDAY        T             2.41 1938   0.09  -0.09     0.00
  MONTH TO DATE    0.06                      1.52  -1.46     1.92
  SINCE DEC 1      4.57                      7.62  -3.05     5.03
  SINCE JAN 1      2.29                      4.33  -2.04     4.26

SNOWFALL (IN)
  YESTERDAY       MM                                         0.0
  MONTH TO DATE    T                                         0.0
  SINCE DEC 1      T                                         2.0
  SINCE JUL 1      T                                         2.0

DEGREE DAYS
 HEATING
  YESTERDAY        7                        21    -14       16
  MONTH TO DATE  358                       360     -2      219
  SINCE DEC 1   1862                      1886    -24     1533
  SINCE JUL 1   2298                      2451   -153     1819
..................................................................


WIND (MPH)
  HIGHEST WIND SPEED    29   HIGHEST WIND DIRECTION     N (360)
  HIGHEST GUST SPEED    37   HIGHEST GUST DIRECTION     N (350)
  AVERAGE WIND SPEED    11.4


SKY COVER
  POSSIBLE SUNSHINE  MM
  AVERAGE SKY COVER 0.5


WEATHER CONDITIONS
 THE FOLLOWING WEATHER WAS RECORDED YESTERDAY.
  LIGHT RAIN


RELATIVE HUMIDITY (PERCENT)
 HIGHEST    90           200 AM
 LOWEST     44           300 PM
 AVERAGE    67

..........................................................


THE FORT SMITH ARKANSAS CLIMATE NORMALS FOR TODAY
                         NORMAL    RECORD    YEAR
 MAXIMUM TEMPERATURE (F)   56        78      1911
                                             1897
 MINIMUM TEMPERATURE (F)   34         4      1903


SUNRISE AND SUNSET
FEBRUARY 17 2018......SUNRISE   702 AM CST   SUNSET   602 PM CST
FEBRUARY 18 2018......SUNRISE   700 AM CST   SUNSET   603 PM CST


-  INDICATES NEGATIVE NUMBERS.
R  INDICATES RECORD WAS SET OR TIED.
MM INDICATES DATA IS MISSING.
T  INDICATES TRACE AMOUNT.




$$

&&
...........................................................
...........................................................
ALL DATA MEASURED AT THE FORT SMITH REGIONAL AIRPORT
