000
CDUS44 KTSA 302120
CLIFSM

CLIMATE REPORT
NATIONAL WEATHER SERVICE TULSA OK
418 PM CDT SAT MAY 30 2015


...................................

...THE FORT SMITH ARKANSAS CLIMATE SUMMARY FOR MAY 30 2015...
VALID TODAY AS OF 0400 PM LOCAL TIME.

CLIMATE NORMAL PERIOD 1981 TO 2010
CLIMATE RECORD PERIOD 1882 TO 2015


WEATHER ITEM   OBSERVED TIME   RECORD YEAR NORMAL DEPARTURE LAST
                VALUE   (LST)  VALUE       VALUE  FROM      YEAR
                                                  NORMAL
..................................................................
TEMPERATURE (F)
 TODAY
  MAXIMUM         76    233 PM  97    2003  84     -8       81
  MINIMUM         66    420 AM  45    1947  63      3       70
  AVERAGE         71                        74     -3       76

PRECIPITATION (IN)
  TODAY            T             1.92 2001   0.16  -0.16     0.09
  MONTH TO DATE   19.85                      5.30  14.55     6.08
  SINCE MAR 1     28.64                     13.45  15.19    12.87
  SINCE JAN 1     33.25                     19.02  14.23    14.64

DEGREE DAYS
 COOLING
  TODAY            6                         9     -3       11
  MONTH TO DATE  168                       168      0      214
  SINCE MAR 1    236                       233      3      265
  SINCE JAN 1    236                       234      2      265
..................................................................


WIND (MPH)
  HIGHEST WIND SPEED    14   HIGHEST WIND DIRECTION     W (290)
  HIGHEST GUST SPEED    16   HIGHEST GUST DIRECTION     W (270)
  AVERAGE WIND SPEED     8.1


SKY COVER
  POSSIBLE SUNSHINE  MM
  AVERAGE SKY COVER 0.9


WEATHER CONDITIONS
 THE FOLLOWING WEATHER WAS RECORDED TODAY.
  NO SIGNIFICANT WEATHER WAS OBSERVED.


RELATIVE HUMIDITY (PERCENT)
 HIGHEST    93          1200 AM
 LOWEST     73          1000 AM
 AVERAGE    83

..........................................................


THE FORT SMITH ARKANSAS CLIMATE NORMALS FOR TOMORROW
                         NORMAL    RECORD    YEAR
 MAXIMUM TEMPERATURE (F)   84        99      1934
 MINIMUM TEMPERATURE (F)   64        42      1889


SUNRISE AND SUNSET
MAY 30 2015...........SUNRISE   605 AM CDT   SUNSET   826 PM CDT
MAY 31 2015...........SUNRISE   604 AM CDT   SUNSET   826 PM CDT


-  INDICATES NEGATIVE NUMBERS.
R  INDICATES RECORD WAS SET OR TIED.
MM INDICATES DATA IS MISSING.
T  INDICATES TRACE AMOUNT.




$$

&&
...........................................................

THE ARKANSAS RIVER AT VAN BUREN

                   OBSERVED      24 HOUR     24 HOUR
                    VALUE        CHANGE      FORECAST

 STAGE (FEET)
  THIS AFTERNOON     29.2         +0.0

MEAN FLOW (CFS)
  TODAY                                        346400
...........................................................
ALL DATA MEASURED AT THE FORT SMITH REGIONAL AIRPORT
