000
CDUS44 KTSA 272221
CLIFSM

CLIMATE REPORT
NATIONAL WEATHER SERVICE TULSA OK
420 PM CST SAT DEC 27 2014


...................................

...THE FORT SMITH ARKANSAS CLIMATE SUMMARY FOR DECEMBER 27 2014...
VALID TODAY AS OF 0400 PM LOCAL TIME.

CLIMATE NORMAL PERIOD 1981 TO 2010
CLIMATE RECORD PERIOD 1882 TO 2014


WEATHER ITEM   OBSERVED TIME   RECORD YEAR NORMAL DEPARTURE LAST
                VALUE   (LST)  VALUE       VALUE  FROM      YEAR
                                                  NORMAL
..................................................................
TEMPERATURE (F)
 TODAY
  MAXIMUM         52    417 AM  76    2005  50      2       58
                                      1889
  MINIMUM         39    259 PM   8    1892  30      9       25
  AVERAGE         46                        40      6       42

PRECIPITATION (IN)
  TODAY            0.07          2.55 1968   0.09  -0.02     0.00
  MONTH TO DATE    2.24                      2.94  -0.70     4.10
  SINCE DEC 1      2.24                      2.94  -0.70     4.10
  SINCE JAN 1     42.07                     45.11  -3.04    47.05

SNOWFALL (IN)
  TODAY            0.0                                       0.0
  MONTH TO DATE    T                                         5.0
  SINCE DEC 1      T                                         5.0
  SINCE JUL 1      T                                         5.0

DEGREE DAYS
 HEATING
  TODAY           19                        26     -7       23
  MONTH TO DATE  538                       630    -92      685
  SINCE DEC 1    538                       630    -92      685
  SINCE JUL 1   1157                      1195    -38     1275
..................................................................


WIND (MPH)
  HIGHEST WIND SPEED    18   HIGHEST WIND DIRECTION    NW (300)
  HIGHEST GUST SPEED    25   HIGHEST GUST DIRECTION     W (290)
  AVERAGE WIND SPEED     6.8


SKY COVER
  POSSIBLE SUNSHINE  MM
  AVERAGE SKY COVER 1.0


WEATHER CONDITIONS
 THE FOLLOWING WEATHER WAS RECORDED TODAY.
  LIGHT RAIN
  FOG


RELATIVE HUMIDITY (PERCENT)
 HIGHEST    96           300 AM
 LOWEST     79          1200 PM
 AVERAGE    88

..........................................................


THE FORT SMITH ARKANSAS CLIMATE NORMALS FOR TOMORROW
                         NORMAL    RECORD    YEAR
 MAXIMUM TEMPERATURE (F)   49        74      1928
 MINIMUM TEMPERATURE (F)   29         3      1894


SUNRISE AND SUNSET
DECEMBER 27 2014......SUNRISE   725 AM CST   SUNSET   512 PM CST
DECEMBER 28 2014......SUNRISE   725 AM CST   SUNSET   513 PM CST


-  INDICATES NEGATIVE NUMBERS.
R  INDICATES RECORD WAS SET OR TIED.
MM INDICATES DATA IS MISSING.
T  INDICATES TRACE AMOUNT.




$$

&&
...........................................................

THE ARKANSAS RIVER AT VAN BUREN

                   OBSERVED      24 HOUR     24 HOUR
                    VALUE        CHANGE      FORECAST

 STAGE (FEET)
  THIS AFTERNOON     19.3         -0.3

MEAN FLOW (CFS)
  TODAY                                        7500
...........................................................
ALL DATA MEASURED AT THE FORT SMITH REGIONAL AIRPORT
