618
CDUS44 KTSA 292210 RRA
CLIFSM

CLIMATE REPORT
NATIONAL WEATHER SERVICE TULSA OK
418 PM CDT SAT APR 29 2017


...................................

...THE FORT SMITH ARKANSAS CLIMATE SUMMARY FOR APRIL 29 2017...
VALID TODAY AS OF 0400 PM LOCAL TIME.

CLIMATE NORMAL PERIOD 1981 TO 2010
CLIMATE RECORD PERIOD 1882 TO 2017


WEATHER ITEM   OBSERVED TIME   RECORD YEAR NORMAL DEPARTURE LAST
                VALUE   (LST)  VALUE       VALUE  FROM      YEAR
                                                  NORMAL
..................................................................
TEMPERATURE (F)
 TODAY
  MAXIMUM         83   1145 AM  93    1962  77      6       71
  MINIMUM         68    127 AM  34    1965  54     14       59
  AVERAGE         76                        65     11       65

PRECIPITATION (IN)
  TODAY            0.10          3.01 2016   0.16  -0.06     3.01
  MONTH TO DATE    6.21                      4.13   2.08     6.05
  SINCE MAR 1      9.96                      7.98   1.98    11.36
  SINCE JAN 1     14.78                     13.55   1.23    13.51

SNOWFALL (IN)
  TODAY            0.0                                       0.0
  MONTH TO DATE    0.0                                       0.0
  SINCE MAR 1      0.0                                       0.0
  SINCE JUL 1      2.0                                        T

DEGREE DAYS
 HEATING
  TODAY            0                         2     -2        0
  MONTH TO DATE   62                       153    -91       71
  SINCE MAR 1    323                       539   -216      339
  SINCE JUL 1   2232                      3212   -980     2408

 COOLING
  TODAY           11                         3      8        0
  MONTH TO DATE   86                        52     34       37
  SINCE MAR 1    120                        63     57       43
  SINCE JAN 1    136                        64     72       44
..................................................................


WIND (MPH)
  HIGHEST WIND SPEED    24   HIGHEST WIND DIRECTION     S (170)
  HIGHEST GUST SPEED    36   HIGHEST GUST DIRECTION     S (160)
  AVERAGE WIND SPEED     8.2


SKY COVER
  POSSIBLE SUNSHINE  MM
  AVERAGE SKY COVER 0.6


WEATHER CONDITIONS
 THE FOLLOWING WEATHER WAS RECORDED TODAY.
  THUNDERSTORM
  RAIN
  LIGHT RAIN
  FOG
  HAZE


RELATIVE HUMIDITY (PERCENT)
 HIGHEST    90           100 AM
 LOWEST     62          1000 AM
 AVERAGE    76

..........................................................


THE FORT SMITH ARKANSAS CLIMATE NORMALS FOR TOMORROW
                         NORMAL    RECORD    YEAR
 MAXIMUM TEMPERATURE (F)   77        90      1987
                                             1959
 MINIMUM TEMPERATURE (F)   54        36      1908


SUNRISE AND SUNSET
APRIL 29 2017.........SUNRISE   628 AM CDT   SUNSET   802 PM CDT
APRIL 30 2017.........SUNRISE   627 AM CDT   SUNSET   803 PM CDT


-  INDICATES NEGATIVE NUMBERS.
R  INDICATES RECORD WAS SET OR TIED.
MM INDICATES DATA IS MISSING.
T  INDICATES TRACE AMOUNT.




$$

&&
...........................................................

THE ARKANSAS RIVER AT VAN BUREN

                   OBSERVED      24 HOUR     24 HOUR
                    VALUE        CHANGE      FORECAST

 STAGE (FEET)
  THIS AFTERNOON     20.1         -0.6

MEAN FLOW (CFS)
  TODAY                                        -99
...........................................................
ALL DATA MEASURED AT THE FORT SMITH REGIONAL AIRPORT
