000
CDUS44 KTSA 030926
CLIFSM

CLIMATE REPORT
NATIONAL WEATHER SERVICE TULSA OK
325 AM CST TUE MAR 3 2015


...................................

...THE FORT SMITH ARKANSAS CLIMATE SUMMARY FOR MARCH 2 2015...

CLIMATE NORMAL PERIOD 1981 TO 2010
CLIMATE RECORD PERIOD 1882 TO 2015


WEATHER ITEM   OBSERVED TIME   RECORD YEAR NORMAL DEPARTURE LAST
                VALUE   (LST)  VALUE       VALUE  FROM      YEAR
                                                  NORMAL
..................................................................
TEMPERATURE (F)
 YESTERDAY
  MAXIMUM         40    504 PM  84    1904  60    -20       55
                                      1901
  MINIMUM         36    906 AM  12    1980  37     -1       18
                                      1943
  AVERAGE         38                        49    -11       37

PRECIPITATION (IN)
  YESTERDAY        0.00          2.34 1988   0.10  -0.10     1.03
  MONTH TO DATE    0.11                      0.21  -0.10     1.03
  SINCE MAR 1      0.11                      0.21  -0.10     1.03
  SINCE JAN 1      4.72                      5.78  -1.06     2.80

SNOWFALL (IN)
  YESTERDAY        0.0                                       0.5
  MONTH TO DATE    0.0                                       0.5
  SINCE MAR 1      0.0                                       0.5
  SINCE JUL 1      5.6                                      10.7

DEGREE DAYS
 HEATING
  YESTERDAY       27                        16     11       28
  MONTH TO DATE   56                        33     23       41
  SINCE MAR 1     56                        33     23       41
  SINCE JUL 1   2870                      2706    164     2986

 COOLING
  YESTERDAY        0                         0      0        0
  MONTH TO DATE    0                         0      0        0
  SINCE MAR 1      0                         0      0        0
  SINCE JAN 1      0                         1     -1        0
..................................................................


WIND (MPH)
  HIGHEST WIND SPEED    17   HIGHEST WIND DIRECTION     E (80)
  HIGHEST GUST SPEED    21   HIGHEST GUST DIRECTION     E (80)
  AVERAGE WIND SPEED     7.9


SKY COVER
  POSSIBLE SUNSHINE  MM
  AVERAGE SKY COVER 1.0


WEATHER CONDITIONS
 THE FOLLOWING WEATHER WAS RECORDED YESTERDAY.
  FOG
  HAZE


RELATIVE HUMIDITY (PERCENT)
 HIGHEST    92           400 AM
 LOWEST     70          1100 AM
 AVERAGE    81

..........................................................


THE FORT SMITH ARKANSAS CLIMATE NORMALS FOR TODAY
                         NORMAL    RECORD    YEAR
 MAXIMUM TEMPERATURE (F)   61        81      1976
 MINIMUM TEMPERATURE (F)   38         8      2002


SUNRISE AND SUNSET
MARCH  3 2015.........SUNRISE   645 AM CST   SUNSET   615 PM CST
MARCH  4 2015.........SUNRISE   643 AM CST   SUNSET   615 PM CST


-  INDICATES NEGATIVE NUMBERS.
R  INDICATES RECORD WAS SET OR TIED.
MM INDICATES DATA IS MISSING.
T  INDICATES TRACE AMOUNT.




$$

&&
...........................................................

THE ARKANSAS RIVER AT VAN BUREN

                   OBSERVED      24 HOUR     24 HOUR
                    VALUE        CHANGE      FORECAST

 STAGE (FEET)
  THIS MORNING       19.3         +0.5

MEAN FLOW (CFS)
  TODAY                                        8600
...........................................................
ALL DATA MEASURED AT THE FORT SMITH REGIONAL AIRPORT
