000
CDUS46 KSGX 291417
CLIFUL


CLIMATE REPORT
NATIONAL WEATHER SERVICE SAN DIEGO, CA
717 AM PDT TUE JUL 29 2014


...................................

...THE FULLERTON AIRPORT CA CLIMATE SUMMARY FOR JULY 28 2014...

CLIMATE NORMAL PERIOD 1981 TO 2010
CLIMATE RECORD PERIOD 1998 TO 2014


WEATHER ITEM   OBSERVED TIME   RECORD YEAR NORMAL DEPARTURE LAST
                VALUE   (LST)  VALUE       VALUE  FROM      YEAR
                                                  NORMAL
..................................................................
TEMPERATURE (F)
 YESTERDAY
  MAXIMUM         94R   305 PM  90    1998  84     10       81
  MINIMUM         71    330 AM  58    2010  65      6       65
  AVERAGE         83                        75      8       73

PRECIPITATION (IN)
  YESTERDAY        T   R         T    2003   0.00   0.00     0.00
  MONTH TO DATE    T                         0.04  -0.04      T
  SINCE JUL 1      T                         0.04  -0.04      T
  SINCE JAN 1      3.46                      9.69  -6.23     2.53

SNOWFALL (IN)
  YESTERDAY        0.0
  MONTH TO DATE    0.0
  SINCE JAN 1      0.0
  SINCE JUL 1      0.0
  SNOW DEPTH       0

DEGREE DAYS
 HEATING
  YESTERDAY        0                         0      0        0
  MONTH TO DATE    0                         0      0        0
  SINCE JUN 1      0                         2     -2        0
  SINCE JUL 1      0                         0      0        0

 COOLING
  YESTERDAY       18                        10      8        8
  MONTH TO DATE  350                       244    106      343
  SINCE JUN 1    567                       389    178      618
  SINCE JAN 1    925                       512    413      973
..................................................................


WIND (MPH)
  RESULTANT WIND SPEED   1   RESULTANT WIND DIRECTION  SW (210)
  HIGHEST WIND SPEED    10   HIGHEST WIND DIRECTION    NW (300)
  HIGHEST GUST SPEED    16   HIGHEST GUST DIRECTION     W (290)
  AVERAGE WIND SPEED     3.7


SKY COVER
  POSSIBLE SUNSHINE  MM
  AVERAGE SKY COVER 0.0


WEATHER CONDITIONS
 THE FOLLOWING WEATHER WAS RECORDED YESTERDAY.
  LIGHT RAIN


RELATIVE HUMIDITY (PERCENT)
 HIGHEST    79           200 AM
 LOWEST     16           500 PM
 AVERAGE    48

..........................................................


THE FULLERTON AIRPORT CA CLIMATE NORMALS FOR TODAY
                         NORMAL    RECORD    YEAR
 MAXIMUM TEMPERATURE (F)   84        88      2005
 MINIMUM TEMPERATURE (F)   65        59      2010


SUNRISE AND SUNSET
JULY 29 2014..........SUNRISE   601 AM PDT   SUNSET   755 PM PDT
JULY 30 2014..........SUNRISE   602 AM PDT   SUNSET   754 PM PDT


-  INDICATES NEGATIVE NUMBERS.
R  INDICATES RECORD WAS SET OR TIED.
MM INDICATES DATA IS MISSING.
T  INDICATES TRACE AMOUNT.




$$
