629
CDUS46 KSGX 260119
CLIFUL


CLIMATE REPORT
NATIONAL WEATHER SERVICE SAN DIEGO, CA
518 PM PST SUN FEB 25 2018


...................................

...THE FULLERTON AIRPORT CA CLIMATE SUMMARY FOR FEBRUARY 25 2018...
VALID TODAY AS OF 0500 PM LOCAL TIME.

CLIMATE NORMAL PERIOD 1981 TO 2010
CLIMATE RECORD PERIOD 1998 TO 2018


WEATHER ITEM   OBSERVED TIME   RECORD YEAR NORMAL DEPARTURE LAST
                VALUE   (LST)  VALUE       VALUE  FROM      YEAR
                                                  NORMAL
..................................................................
TEMPERATURE (F)
 TODAY
  MAXIMUM         72    213 PM  84    2016  69      3       63
  MINIMUM         41    649 AM  40    2017  49     -8       40
  AVERAGE         57                        59     -2       52

PRECIPITATION (IN)
  TODAY            0.00          1.64 2001   0.12  -0.12     0.00
  MONTH TO DATE    0.01                      2.96  -2.95     2.89
  SINCE OCT 1      1.22                      9.89  -8.67    15.93
  SINCE JAN 1      1.14                      5.99  -4.85    10.02

DEGREE DAYS
 HEATING
  TODAY            8                         6      2       13
  MONTH TO DATE  134                       186    -52      139
  SINCE DEC 1    390                       739   -349      601
  SINCE JUL 1    412                       903   -491      665

 COOLING
  TODAY            0                         0      0        0
  MONTH TO DATE   10                         0     10        3
  SINCE DEC 1     48                         5     43        3
  SINCE JAN 1     37                         4     33        3
..................................................................


WIND (MPH)
  RESULTANT WIND SPEED   2   RESULTANT WIND DIRECTION   E (100)
  HIGHEST WIND SPEED    12   HIGHEST WIND DIRECTION    SW (220)
  HIGHEST GUST SPEED    16   HIGHEST GUST DIRECTION    SW (220)
  AVERAGE WIND SPEED     3.7


SKY COVER
  POSSIBLE SUNSHINE  MM
  AVERAGE SKY COVER 0.0


WEATHER CONDITIONS
 THE FOLLOWING WEATHER WAS RECORDED TODAY.
  NO SIGNIFICANT WEATHER WAS OBSERVED.


RELATIVE HUMIDITY (PERCENT)
 HIGHEST    67           400 AM
 LOWEST     15           100 PM
 AVERAGE    41

..........................................................


THE FULLERTON AIRPORT CA CLIMATE NORMALS FOR TOMORROW
                         NORMAL    RECORD    YEAR
 MAXIMUM TEMPERATURE (F)   69        88      2002
 MINIMUM TEMPERATURE (F)   49        41      2011


SUNRISE AND SUNSET
FEBRUARY 25 2018......SUNRISE   625 AM PST   SUNSET   545 PM PST
FEBRUARY 26 2018......SUNRISE   624 AM PST   SUNSET   546 PM PST


-  INDICATES NEGATIVE NUMBERS.
R  INDICATES RECORD WAS SET OR TIED.
MM INDICATES DATA IS MISSING.
T  INDICATES TRACE AMOUNT.




$$
