000
CDUS46 KSGX 240118
CLIFUL


CLIMATE REPORT
NATIONAL WEATHER SERVICE SAN DIEGO, CA
518 PM PST THU NOV 23 2017


...................................

...THE FULLERTON AIRPORT CA CLIMATE SUMMARY FOR NOVEMBER 23 2017...
VALID TODAY AS OF 0500 PM LOCAL TIME.

CLIMATE NORMAL PERIOD 1981 TO 2010
CLIMATE RECORD PERIOD 1998 TO 2017


WEATHER ITEM   OBSERVED TIME   RECORD YEAR NORMAL DEPARTURE LAST
                VALUE   (LST)  VALUE       VALUE  FROM      YEAR
                                                  NORMAL
..................................................................
TEMPERATURE (F)
 TODAY
  MAXIMUM         95R   124 PM  81    2015  70     25       73
                                      2014
                                      2012
  MINIMUM         58    636 AM  39    2003  48     10       50
  AVERAGE         77                        59     18       62

PRECIPITATION (IN)
  TODAY            0.00          0.05 2010   0.03  -0.03     0.00
  MONTH TO DATE    0.03                      0.86  -0.83     0.73
  SINCE OCT 1      0.03                      1.61  -1.58     1.13
  SINCE JAN 1     11.21                     11.59  -0.38     5.34

DEGREE DAYS
 HEATING
  TODAY            0                         6     -6        3
  MONTH TO DATE   10                        91    -81       19
  SINCE SEP 1     10                       115   -105       19
  SINCE JUL 1     10                       115   -105       19

 COOLING
  TODAY           12                         0     12        0
  MONTH TO DATE   56                        19     37       98
  SINCE SEP 1    623                       387    236      616
  SINCE JAN 1   1853                      1250    603     1891
..................................................................


WIND (MPH)
  RESULTANT WIND SPEED   1   RESULTANT WIND DIRECTION  SW (210)
  HIGHEST WIND SPEED     9   HIGHEST WIND DIRECTION    SW (210)
  HIGHEST GUST SPEED    12   HIGHEST GUST DIRECTION     S (190)
  AVERAGE WIND SPEED     1.3


SKY COVER
  POSSIBLE SUNSHINE  MM
  AVERAGE SKY COVER 0.0


WEATHER CONDITIONS
 THE FOLLOWING WEATHER WAS RECORDED TODAY.
  NO SIGNIFICANT WEATHER WAS OBSERVED.


RELATIVE HUMIDITY (PERCENT)
 HIGHEST    67           700 AM
 LOWEST     14           100 PM
 AVERAGE    41

..........................................................


THE FULLERTON AIRPORT CA CLIMATE NORMALS FOR TOMORROW
                         NORMAL    RECORD    YEAR
 MAXIMUM TEMPERATURE (F)   70        87      2012
 MINIMUM TEMPERATURE (F)   48        41      2003


SUNRISE AND SUNSET
NOVEMBER 23 2017......SUNRISE   632 AM PST   SUNSET   445 PM PST
NOVEMBER 24 2017......SUNRISE   633 AM PST   SUNSET   444 PM PST


-  INDICATES NEGATIVE NUMBERS.
R  INDICATES RECORD WAS SET OR TIED.
MM INDICATES DATA IS MISSING.
T  INDICATES TRACE AMOUNT.




$$
