000
CDUS46 KSGX 021417
CLIFUL


CLIMATE REPORT
NATIONAL WEATHER SERVICE SAN DIEGO, CA
716 AM PDT WED SEP 2 2015


...................................

...THE FULLERTON AIRPORT CA CLIMATE SUMMARY FOR SEPTEMBER 1 2015...

CLIMATE NORMAL PERIOD 1981 TO 2010
CLIMATE RECORD PERIOD 1998 TO 2015


WEATHER ITEM   OBSERVED TIME   RECORD YEAR NORMAL DEPARTURE LAST
                VALUE   (LST)  VALUE       VALUE  FROM      YEAR
                                                  NORMAL
..................................................................
TEMPERATURE (F)
 YESTERDAY
  MAXIMUM         82   1256 PM 106    1998  86     -4       85
  MINIMUM         70    950 PM  59    2005  65      5       69
  AVERAGE         76                        75      1       77

PRECIPITATION (IN)
  YESTERDAY        0.00          0.00   MM   0.00   0.00     0.00
  MONTH TO DATE    0.00                      0.00   0.00     0.00
  SINCE OCT 1      6.83                     13.64  -6.81     4.87
  SINCE JAN 1      3.01                      9.74  -6.73     3.56

DEGREE DAYS
 HEATING
  YESTERDAY        0                         0      0        0
  MONTH TO DATE    0                         0      0        0
  SINCE SEP 1      0                         0      0        0
  SINCE JUL 1      0                         0      0        0

 COOLING
  YESTERDAY       11                        10      1       12
  MONTH TO DATE   11                        10      1       12
  SINCE SEP 1     11                        10      1       12
  SINCE JAN 1   1390                       873    517     1374
..................................................................


WIND (MPH)
  RESULTANT WIND SPEED   4   RESULTANT WIND DIRECTION   S (170)
  HIGHEST WIND SPEED    12   HIGHEST WIND DIRECTION     S (200)
  HIGHEST GUST SPEED    17   HIGHEST GUST DIRECTION    SW (230)
  AVERAGE WIND SPEED     5.6


SKY COVER
  POSSIBLE SUNSHINE  MM
  AVERAGE SKY COVER 0.5


WEATHER CONDITIONS
 THE FOLLOWING WEATHER WAS RECORDED YESTERDAY.
  NO SIGNIFICANT WEATHER WAS OBSERVED.


RELATIVE HUMIDITY (PERCENT)
 HIGHEST    78           900 PM
 LOWEST     48          1000 AM
 AVERAGE    63

..........................................................


THE FULLERTON AIRPORT CA CLIMATE NORMALS FOR TODAY
                         NORMAL    RECORD    YEAR
 MAXIMUM TEMPERATURE (F)   86       103      2007
 MINIMUM TEMPERATURE (F)   65        57      2010


SUNRISE AND SUNSET
SEPTEMBER  2 2015.....SUNRISE   626 AM PDT   SUNSET   716 PM PDT
SEPTEMBER  3 2015.....SUNRISE   627 AM PDT   SUNSET   715 PM PDT


-  INDICATES NEGATIVE NUMBERS.
R  INDICATES RECORD WAS SET OR TIED.
MM INDICATES DATA IS MISSING.
T  INDICATES TRACE AMOUNT.




$$
