687
CDUS46 KSGX 111528
CLIFUL


CLIMATE REPORT
NATIONAL WEATHER SERVICE SAN DIEGO, CA
728 AM PST THU FEB 11 2016


...................................

...THE FULLERTON AIRPORT CA CLIMATE SUMMARY FOR FEBRUARY 10 2016...

CLIMATE NORMAL PERIOD 1981 TO 2010
CLIMATE RECORD PERIOD 1998 TO 2016


WEATHER ITEM   OBSERVED TIME   RECORD YEAR NORMAL DEPARTURE LAST
                VALUE   (LST)  VALUE       VALUE  FROM      YEAR
                                                  NORMAL
..................................................................
TEMPERATURE (F)
 YESTERDAY
  MAXIMUM         89R   224 PM  80    2015  68     21       80
                                      2008
  MINIMUM         53    656 AM  37    2009  47      6       50
  AVERAGE         71                        57     14       65

PRECIPITATION (IN)
  YESTERDAY        0.00          0.35 2001   0.11  -0.11     0.00
  MONTH TO DATE    0.00                      0.95  -0.95      T
  SINCE OCT 1      3.71                      7.88  -4.17     4.69
  SINCE JAN 1      2.66                      3.98  -1.32     0.87

DEGREE DAYS
 HEATING
  YESTERDAY        0                         8     -8        0
  MONTH TO DATE   49                        80    -31        8
  SINCE DEC 1    555                       633    -78      297
  SINCE JUL 1    660                       797   -137      321

 COOLING
  YESTERDAY        6                         0      6        0
  MONTH TO DATE   26                         0     26        8
  SINCE DEC 1     27                         5     22       31
  SINCE JAN 1     26                         4     22       27
..................................................................


WIND (MPH)
  RESULTANT WIND SPEED   1   RESULTANT WIND DIRECTION   S (190)
  HIGHEST WIND SPEED     9   HIGHEST WIND DIRECTION     S (190)
  HIGHEST GUST SPEED    12   HIGHEST GUST DIRECTION    SW (230)
  AVERAGE WIND SPEED     1.4


SKY COVER
  POSSIBLE SUNSHINE  MM
  AVERAGE SKY COVER 0.0


WEATHER CONDITIONS
 THE FOLLOWING WEATHER WAS RECORDED YESTERDAY.
  NO SIGNIFICANT WEATHER WAS OBSERVED.


RELATIVE HUMIDITY (PERCENT)
 HIGHEST    50           700 AM
 LOWEST     11           200 PM
 AVERAGE    31

..........................................................


THE FULLERTON AIRPORT CA CLIMATE NORMALS FOR TODAY
                         NORMAL    RECORD    YEAR
 MAXIMUM TEMPERATURE (F)   68        88      2015
 MINIMUM TEMPERATURE (F)   47        37      1999


SUNRISE AND SUNSET
FEBRUARY 11 2016......SUNRISE   641 AM PST   SUNSET   532 PM PST
FEBRUARY 12 2016......SUNRISE   640 AM PST   SUNSET   533 PM PST


-  INDICATES NEGATIVE NUMBERS.
R  INDICATES RECORD WAS SET OR TIED.
MM INDICATES DATA IS MISSING.
T  INDICATES TRACE AMOUNT.




$$
