000
CDUS46 KSGX 311417
CLIFUL


CLIMATE REPORT
NATIONAL WEATHER SERVICE SAN DIEGO, CA
617 AM PST SAT JAN 31 2015


...................................

...THE FULLERTON AIRPORT CA CLIMATE SUMMARY FOR JANUARY 30 2015...

CLIMATE NORMAL PERIOD 1981 TO 2010
CLIMATE RECORD PERIOD 1998 TO 2015


WEATHER ITEM   OBSERVED TIME   RECORD YEAR NORMAL DEPARTURE LAST
                VALUE   (LST)  VALUE       VALUE  FROM      YEAR
                                                  NORMAL
..................................................................
TEMPERATURE (F)
 YESTERDAY
  MAXIMUM         71    131 PM  86    2003  68      3       63
  MINIMUM         59    616 AM  33    2002  46     13       56
  AVERAGE         65                        57      8       60

PRECIPITATION (IN)
  YESTERDAY        0.01          0.06 2011   0.10  -0.09     0.01
  MONTH TO DATE    0.87                      2.93  -2.06     0.01
  SINCE OCT 1      4.69                      6.83  -2.14     1.32
  SINCE JAN 1      0.87                      2.93  -2.06     0.01

SNOWFALL (IN)
  YESTERDAY        0.0
  MONTH TO DATE    0.0
  SINCE JAN 1      0.0
  SINCE JUL 1      0.0
  SNOW DEPTH       0

DEGREE DAYS
 HEATING
  YESTERDAY        0                         9     -9        5
  MONTH TO DATE  116                       270   -154       97
  SINCE DEC 1    289                       546   -257      302
  SINCE JUL 1    313                       710   -397      378

 COOLING
  YESTERDAY        0                         0      0        0
  MONTH TO DATE   19                         0     19       14
  SINCE DEC 1     23                         1     22       20
  SINCE JAN 1     19                         0     19       14
..................................................................


WIND (MPH)
  RESULTANT WIND SPEED   2   RESULTANT WIND DIRECTION   S (160)
  HIGHEST WIND SPEED     9   HIGHEST WIND DIRECTION    SW (210)
  HIGHEST GUST SPEED    12   HIGHEST GUST DIRECTION    SW (210)
  AVERAGE WIND SPEED     2.7


SKY COVER
  POSSIBLE SUNSHINE  MM
  AVERAGE SKY COVER 0.6


WEATHER CONDITIONS
 THE FOLLOWING WEATHER WAS RECORDED YESTERDAY.
  LIGHT RAIN


RELATIVE HUMIDITY (PERCENT)
 HIGHEST    84          1000 PM
 LOWEST     40           200 PM
 AVERAGE    62

..........................................................


THE FULLERTON AIRPORT CA CLIMATE NORMALS FOR TODAY
                         NORMAL    RECORD    YEAR
 MAXIMUM TEMPERATURE (F)   68        94      2003
 MINIMUM TEMPERATURE (F)   46        33      2002


SUNRISE AND SUNSET
JANUARY 31 2015.......SUNRISE   649 AM PST   SUNSET   522 PM PST
FEBRUARY  1 2015......SUNRISE   649 AM PST   SUNSET   523 PM PST


-  INDICATES NEGATIVE NUMBERS.
R  INDICATES RECORD WAS SET OR TIED.
MM INDICATES DATA IS MISSING.
T  INDICATES TRACE AMOUNT.




$$
