000
CDUS41 KCAR 180531
CLIFVE


CLIMATE REPORT
NATIONAL WEATHER SERVICE CARIBOU, ME
1231 AM EST SAT NOV 18 2017


...................................

...THE FRENCHVILLE ME CLIMATE SUMMARY FOR NOVEMBER 17 2017...

CLIMATE NORMAL PERIOD 1981 TO 2010
CLIMATE RECORD PERIOD 9999 TO 9999


WEATHER ITEM   OBSERVED TIME   RECORD YEAR NORMAL DEPARTURE LAST
                VALUE   (LST)  VALUE       VALUE  FROM      YEAR
                                                  NORMAL
..................................................................
TEMPERATURE (F)
 YESTERDAY
  MAXIMUM         32    948 AM              35     -3
  MINIMUM         19   1159 PM              24     -5
  AVERAGE         26                        29     -3

PRECIPITATION (IN)
  YESTERDAY        0.09         MM      MM   0.11  -0.02     0.01
  MONTH TO DATE    2.32                      1.60   0.72     1.07
  SINCE SEP 1     12.64                      7.66   4.98     6.72
  SINCE JAN 1     34.03                     29.72   4.31    29.46

SNOWFALL (IN)
  YESTERDAY       MM            MM      MM  MM     MM       MM
  MONTH TO DATE   MM                        MM     MM       MM
  SINCE SEP 1     MM                        MM     MM       MM
  SINCE JUL 1     MM                        MM     MM       MM
  SNOW DEPTH      MM

DEGREE DAYS
 HEATING
  YESTERDAY       39                                3
  MONTH TO DATE  600                               54
  SINCE JUL 1   1514                             -292

 COOLING
  YESTERDAY        0                                0
  MONTH TO DATE    0                                0
  SINCE JAN 1    105                              -29
..................................................................


WIND (MPH)
  HIGHEST WIND SPEED    30   HIGHEST WIND DIRECTION    NW (320)
  HIGHEST GUST SPEED    42   HIGHEST GUST DIRECTION    NW (320)
  AVERAGE WIND SPEED    18.6




..........................................................


THE FRENCHVILLE ME CLIMATE NORMALS FOR TODAY
                         NORMAL
 MAXIMUM TEMPERATURE (F)   35
 MINIMUM TEMPERATURE (F)   23


SUNRISE AND SUNSET
NOVEMBER 18 2017......SUNRISE   642 AM EST   SUNSET   354 PM EST
NOVEMBER 19 2017......SUNRISE   644 AM EST   SUNSET   353 PM EST


-  INDICATES NEGATIVE NUMBERS.
R  INDICATES RECORD WAS SET OR TIED.
MM INDICATES DATA IS MISSING.
T  INDICATES TRACE AMOUNT.




$$
