000
CDUS41 KCAR 280528
CLIFVE


CLIMATE REPORT
NATIONAL WEATHER SERVICE CARIBOU, ME
127 AM EDT SAT MAY 28 2016


...................................

...THE FRENCHVILLE ME CLIMATE SUMMARY FOR MAY 27 2016...

CLIMATE NORMAL PERIOD 1981 TO 2010
CLIMATE RECORD PERIOD 9999 TO 9999


WEATHER ITEM   OBSERVED TIME   RECORD YEAR NORMAL DEPARTURE LAST
                VALUE   (LST)  VALUE       VALUE  FROM      YEAR
                                                  NORMAL
..................................................................
TEMPERATURE (F)
 YESTERDAY
  MAXIMUM         56    646 PM              64     -8
  MINIMUM         44    843 AM              44      0
  AVERAGE         50                        54     -4

PRECIPITATION (IN)
  YESTERDAY        0.32         MM      MM   0.11   0.21     0.39
  MONTH TO DATE    2.42                      2.58  -0.16     2.28
  SINCE MAR 1      6.21                      6.87  -0.66     4.51
  SINCE JAN 1      9.69                      9.44   0.25     5.32

SNOWFALL (IN)
  YESTERDAY       MM            MM      MM  MM     MM       MM
  MONTH TO DATE   MM                        MM     MM       MM
  SINCE MAR 1     MM                        MM     MM       MM
  SINCE JUL 1     MM                        MM     MM       MM
  SNOW DEPTH      MM

DEGREE DAYS
 HEATING
  YESTERDAY       15                                4
  MONTH TO DATE  364                              -48
  SINCE JUL 1   8746                             -798

 COOLING
  YESTERDAY        0                                0
  MONTH TO DATE    6                                6
  SINCE JAN 1      6                                6
..................................................................


WIND (MPH)
  HIGHEST WIND SPEED    20   HIGHEST WIND DIRECTION    SE (150)
  HIGHEST GUST SPEED    25   HIGHEST GUST DIRECTION    SE (130)
  AVERAGE WIND SPEED    11.7




..........................................................


THE FRENCHVILLE ME CLIMATE NORMALS FOR TODAY
                         NORMAL
 MAXIMUM TEMPERATURE (F)   65
 MINIMUM TEMPERATURE (F)   44


SUNRISE AND SUNSET
MAY 28 2016...........SUNRISE   443 AM EDT   SUNSET   818 PM EDT
MAY 29 2016...........SUNRISE   443 AM EDT   SUNSET   819 PM EDT


-  INDICATES NEGATIVE NUMBERS.
R  INDICATES RECORD WAS SET OR TIED.
MM INDICATES DATA IS MISSING.
T  INDICATES TRACE AMOUNT.




$$
