000
CDUS41 KCAR 010526
CLIFVE


CLIMATE REPORT
NATIONAL WEATHER SERVICE CARIBOU, ME
126 AM EDT SAT NOV 1 2014


...................................

...THE FRENCHVILLE ME CLIMATE SUMMARY FOR OCTOBER 31 2014...

CLIMATE NORMAL PERIOD 1981 TO 2010
CLIMATE RECORD PERIOD 9999 TO 9999


WEATHER ITEM   OBSERVED TIME   RECORD YEAR NORMAL DEPARTURE LAST
                VALUE   (LST)  VALUE       VALUE  FROM      YEAR
                                                  NORMAL
..................................................................
TEMPERATURE (F)
 YESTERDAY
  MAXIMUM         39    203 PM              43     -4
  MINIMUM         33   1159 PM              30      3
  AVERAGE         36                        37     -1

PRECIPITATION (IN)
  YESTERDAY        0.00         MM      MM   0.07  -0.07     0.36
  MONTH TO DATE    5.00                      2.54   2.46     2.02
  SINCE SEP 1      7.90                      6.06   1.84     5.92
  SINCE JAN 1     30.69                     28.12   2.57    30.43

SNOWFALL (IN)
  YESTERDAY       MM            MM      MM  MM     MM       MM
  MONTH TO DATE   MM                        MM     MM       MM
  SINCE SEP 1     MM                        MM     MM       MM
  SINCE JUL 1     MM                        MM     MM       MM
  SNOW DEPTH      MM

DEGREE DAYS
 HEATING
  YESTERDAY       29                                1
  MONTH TO DATE  628                              -88
  SINCE JUL 1   1121                             -139

 COOLING
  YESTERDAY        0                                0
  MONTH TO DATE    0                                0
  SINCE JAN 1    139                                5
..................................................................


WIND (MPH)
  HIGHEST WIND SPEED     9   HIGHEST WIND DIRECTION    NW (330)
  HIGHEST GUST SPEED    12   HIGHEST GUST DIRECTION    NW (320)
  AVERAGE WIND SPEED     3.5




..........................................................


THE FRENCHVILLE ME CLIMATE NORMALS FOR TODAY
                         NORMAL
 MAXIMUM TEMPERATURE (F)   43
 MINIMUM TEMPERATURE (F)   30


SUNRISE AND SUNSET
NOVEMBER  1 2014......SUNRISE   716 AM EDT   SUNSET   517 PM EDT
NOVEMBER  2 2014......SUNRISE   618 AM EST   SUNSET   415 PM EST


-  INDICATES NEGATIVE NUMBERS.
R  INDICATES RECORD WAS SET OR TIED.
MM INDICATES DATA IS MISSING.
T  INDICATES TRACE AMOUNT.




$$
