000
CDUS43 KIWX 300525
CLIFWA


CLIMATE REPORT
NATIONAL WEATHER SERVICE NORTHERN INDIANA
125 AM EDT SAT APR 30 2016


...................................

...THE FORT WAYNE CLIMATE SUMMARY FOR APRIL 29 2016...

CLIMATE NORMAL PERIOD 1981 TO 2010
CLIMATE RECORD PERIOD 1897 TO 2016


WEATHER ITEM   OBSERVED TIME   RECORD YEAR NORMAL DEPARTURE LAST
                VALUE   (LST)  VALUE       VALUE  FROM      YEAR
                                                  NORMAL
..................................................................
TEMPERATURE (F)
 YESTERDAY
  MAXIMUM         54    617 PM  90    1899  66    -12       65
  MINIMUM         45    949 AM  30    1977  44      1       37
  AVERAGE         50                        55     -5       51

PRECIPITATION (IN)
  YESTERDAY        T             1.12 1927   0.10  -0.10     0.00
  MONTH TO DATE    2.61                      3.41  -0.80     3.28
  SINCE MAR 1      6.57                      6.12   0.45     5.35
  SINCE JAN 1      9.62                     10.42  -0.80     9.12

SNOWFALL (IN)
  YESTERDAY        0.0           0.0  2002   0.0    0.0      0.0
                                      2001
  MONTH TO DATE    1.1                       1.0    0.1       T
  SINCE MAR 1      3.9                       5.1   -1.2      8.6
  SINCE JUL 1     20.1                      33.5  -13.4     45.1
  SNOW DEPTH       0

DEGREE DAYS
 HEATING
  YESTERDAY       15                        11      4       14
  MONTH TO DATE  443                       449     -6      414
  SINCE MAR 1   1073                      1275   -202     1375
  SINCE JUL 1   4900                      5873   -973     6524

 COOLING
  YESTERDAY        0                         0      0        0
  MONTH TO DATE    0                         0      0        0
  SINCE MAR 1      0                         0      0        0
  SINCE JAN 1      0                         0      0        0
..................................................................


WIND (MPH)
  HIGHEST WIND SPEED    14   HIGHEST WIND DIRECTION     E (90)
  HIGHEST GUST SPEED    17   HIGHEST GUST DIRECTION     E (90)
  AVERAGE WIND SPEED     3.0


SKY COVER
  AVERAGE SKY COVER 1.0


WEATHER CONDITIONS
 THE FOLLOWING WEATHER WAS RECORDED YESTERDAY.
  LIGHT RAIN
  FOG
  HAZE


RELATIVE HUMIDITY (PERCENT)
 HIGHEST    92           900 AM
 LOWEST     71           200 PM
 AVERAGE    82

..........................................................


THE FORT WAYNE CLIMATE NORMALS FOR TODAY
                         NORMAL    RECORD    YEAR
 MAXIMUM TEMPERATURE (F)   67        89      1899
 MINIMUM TEMPERATURE (F)   44        29      2008


SUNRISE AND SUNSET
APRIL 30 2016.........SUNRISE   640 AM EDT   SUNSET   837 PM EDT
MAY  1 2016...........SUNRISE   638 AM EDT   SUNSET   838 PM EDT


-  INDICATES NEGATIVE NUMBERS.
R  INDICATES RECORD WAS SET OR TIED.
MM INDICATES DATA IS MISSING.
T  INDICATES TRACE AMOUNT.




$$
