000
CDUS43 KIWX 050524
CLIFWA


CLIMATE REPORT
NATIONAL WEATHER SERVICE NORTHERN INDIANA
123 AM EDT SAT SEP 5 2015


...................................

...THE FORT WAYNE CLIMATE SUMMARY FOR SEPTEMBER 4 2015...

CLIMATE NORMAL PERIOD 1981 TO 2010
CLIMATE RECORD PERIOD 1897 TO 2015


WEATHER ITEM   OBSERVED TIME   RECORD YEAR NORMAL DEPARTURE LAST
                VALUE   (LST)  VALUE       VALUE  FROM      YEAR
                                                  NORMAL
..................................................................
TEMPERATURE (F)
 YESTERDAY
  MAXIMUM         85   1111 AM  95    1983  80      5       86
  MINIMUM         65    508 PM  42    1997  57      8       61
                                      1946
  AVERAGE         75                        69      6       74

PRECIPITATION (IN)
  YESTERDAY        0.93          4.17 1918   0.09   0.84     0.01
  MONTH TO DATE    0.93                      0.39   0.54     0.20
  SINCE SEP 1      0.93                      0.39   0.54     0.20
  SINCE JAN 1     36.58                     27.23   9.35    30.75

SNOWFALL (IN)
  YESTERDAY        0.0           0.0  2002   0.0    0.0      0.0
                                      2001
  MONTH TO DATE    0.0                       0.0    0.0      0.0
  SINCE SEP 1      0.0                       0.0    0.0      0.0
  SINCE JUL 1      0.0                       0.0    0.0       T
  SNOW DEPTH       0

DEGREE DAYS
 HEATING
  YESTERDAY        0                         1     -1        0
  MONTH TO DATE    0                         4     -4        0
  SINCE SEP 1      0                         4     -4        0
  SINCE JUL 1      9                        16     -7       24

 COOLING
  YESTERDAY       10                         5      5        9
  MONTH TO DATE   49                        20     29       32
  SINCE SEP 1     49                        20     29       32
  SINCE JAN 1    721                       737    -16      706
..................................................................


WIND (MPH)
  HIGHEST WIND SPEED    38   HIGHEST WIND DIRECTION    NW (330)
  HIGHEST GUST SPEED    47   HIGHEST GUST DIRECTION     W (270)
  AVERAGE WIND SPEED     6.0


SKY COVER
  AVERAGE SKY COVER 0.7


WEATHER CONDITIONS
 THE FOLLOWING WEATHER WAS RECORDED YESTERDAY.
  THUNDERSTORM
  HEAVY RAIN
  LIGHT RAIN
  FOG
  HAZE


RELATIVE HUMIDITY (PERCENT)
 HIGHEST    93           600 AM
 LOWEST     65          1100 AM
 AVERAGE    79

..........................................................


THE FORT WAYNE CLIMATE NORMALS FOR TODAY
                         NORMAL    RECORD    YEAR
 MAXIMUM TEMPERATURE (F)   80        97      1899
 MINIMUM TEMPERATURE (F)   57        39      1902


SUNRISE AND SUNSET
SEPTEMBER  5 2015.....SUNRISE   711 AM EDT   SUNSET   807 PM EDT
SEPTEMBER  6 2015.....SUNRISE   712 AM EDT   SUNSET   805 PM EDT


-  INDICATES NEGATIVE NUMBERS.
R  INDICATES RECORD WAS SET OR TIED.
MM INDICATES DATA IS MISSING.
T  INDICATES TRACE AMOUNT.




$$
