000
CDUS43 KIWX 210525
CLIFWA


CLIMATE REPORT
NATIONAL WEATHER SERVICE NORTHERN INDIANA
124 AM EDT THU AUG 21 2014


...................................

...THE FORT WAYNE CLIMATE SUMMARY FOR AUGUST 20 2014...

CLIMATE NORMAL PERIOD 1981 TO 2010
CLIMATE RECORD PERIOD 1897 TO 2014


WEATHER ITEM   OBSERVED TIME   RECORD YEAR NORMAL DEPARTURE LAST
                VALUE   (LST)  VALUE       VALUE  FROM      YEAR
                                                  NORMAL
..................................................................
TEMPERATURE (F)
 YESTERDAY
  MAXIMUM         84    459 PM 101    1962  82      2       85
  MINIMUM         65    635 AM  46    1908  61      4       59
  AVERAGE         75                        71      4       72

PRECIPITATION (IN)
  YESTERDAY        0.00          3.40 2007   0.11  -0.11     0.00
  MONTH TO DATE    2.20                      2.41  -0.21     4.26
  SINCE JUN 1     10.01                     10.81  -0.80    13.85
  SINCE JAN 1     26.55                     25.61   0.94    31.52

SNOWFALL (IN)
  YESTERDAY        0.0           0.0  2002   0.0    0.0      0.0
                                      2001
  MONTH TO DATE    0.0                       0.0    0.0      0.0
  SINCE JUN 1      T                         0.0    0.0      0.0
  SINCE JUL 1      T                         0.0    0.0      0.0
  SNOW DEPTH       0

DEGREE DAYS
 HEATING
  YESTERDAY        0                         0      0        0
  MONTH TO DATE   10                         0     10       10
  SINCE JUN 1     38                        32      6       39
  SINCE JUL 1     24                         3     21       20

 COOLING
  YESTERDAY       10                         7      3        7
  MONTH TO DATE  105                       145    -40       90
  SINCE JUN 1    485                       594   -109      518
  SINCE JAN 1    566                       651    -85      623
..................................................................


WIND (MPH)
  HIGHEST WIND SPEED    20   HIGHEST WIND DIRECTION     W (270)
  HIGHEST GUST SPEED    24   HIGHEST GUST DIRECTION     W (260)
  AVERAGE WIND SPEED     6.6


SKY COVER
  AVERAGE SKY COVER 0.5


WEATHER CONDITIONS
 THE FOLLOWING WEATHER WAS RECORDED YESTERDAY.
  FOG


RELATIVE HUMIDITY (PERCENT)
 HIGHEST   100           500 AM
 LOWEST     51           500 PM
 AVERAGE    76

..........................................................


THE FORT WAYNE CLIMATE NORMALS FOR TODAY
                         NORMAL    RECORD    YEAR
 MAXIMUM TEMPERATURE (F)   82        99      1983
 MINIMUM TEMPERATURE (F)   61        45      1950
                                             1908


SUNRISE AND SUNSET
AUGUST 21 2014........SUNRISE   657 AM EDT   SUNSET   831 PM EDT
AUGUST 22 2014........SUNRISE   658 AM EDT   SUNSET   829 PM EDT


-  INDICATES NEGATIVE NUMBERS.
R  INDICATES RECORD WAS SET OR TIED.
MM INDICATES DATA IS MISSING.
T  INDICATES TRACE AMOUNT.




$$
