000
CDUS43 KIWX 250022
CLIFWA


CLIMATE REPORT
NATIONAL WEATHER SERVICE NORTHERN INDIANA
720 PM EST FRI NOV 24 2017


...................................

...THE FORT WAYNE CLIMATE SUMMARY FOR NOVEMBER 24 2017...
VALID AS OF 0700 PM LOCAL TIME.

CLIMATE NORMAL PERIOD 1981 TO 2010
CLIMATE RECORD PERIOD 1897 TO 2017


WEATHER ITEM   OBSERVED TIME   RECORD YEAR NORMAL DEPARTURE LAST
                VALUE   (LST)  VALUE       VALUE  FROM      YEAR
                                                  NORMAL
..................................................................
TEMPERATURE (F)
 TODAY
  MAXIMUM         57    246 PM  63    2001  45     12       46
                                      1973
                                      1931
  MINIMUM         30    737 AM  -1    1950  30      0       36
  AVERAGE         44                        38      6       41

PRECIPITATION (IN)
  TODAY            0.00          0.83 1908   0.11  -0.11     0.01
  MONTH TO DATE    5.41                      2.45   2.96     1.50
  SINCE SEP 1      9.32                      8.09   1.23    10.59
  SINCE JAN 1     47.60                     34.93  12.67    34.40

SNOWFALL (IN)
  TODAY            0.0           1.6  1975   0.1   -0.1      0.0
  MONTH TO DATE    T                         1.1   -1.1      0.4
  SINCE SEP 1      T                         1.4   -1.4      0.4
  SINCE JUL 1      T                         1.4   -1.4      0.4

DEGREE DAYS
 HEATING
  TODAY           21                        27     -6       24
  MONTH TO DATE  555                       534     21      431
  SINCE SEP 1    912                      1031   -119      704
  SINCE JUL 1    927                      1043   -116      707

 COOLING
  TODAY            0                         0      0        0
  MONTH TO DATE    0                         0      0        4
  SINCE SEP 1    148                        92     56      178
  SINCE JAN 1    836                       809     27     1104
..................................................................


WIND (MPH)
  RESULTANT WIND SPEED  11   RESULTANT WIND DIRECTION   S (200)
  HIGHEST WIND SPEED    24   HIGHEST WIND DIRECTION    SW (210)
  HIGHEST GUST SPEED    30   HIGHEST GUST DIRECTION    SW (210)
  AVERAGE WIND SPEED    11.4


SKY COVER
  POSSIBLE SUNSHINE  MM
  AVERAGE SKY COVER 0.2


WEATHER CONDITIONS
 THE FOLLOWING WEATHER WAS RECORDED TODAY.
  NO SIGNIFICANT WEATHER WAS OBSERVED.


RELATIVE HUMIDITY (PERCENT)
 HIGHEST    78           100 AM
 LOWEST     43           300 PM
 AVERAGE    61

..........................................................


THE FORT WAYNE CLIMATE NORMALS FOR TOMORROW
                         NORMAL    RECORD    YEAR
 MAXIMUM TEMPERATURE (F)   45        67      1915
                                             1908
 MINIMUM TEMPERATURE (F)   29        -1      1950


SUNRISE AND SUNSET
NOVEMBER 24 2017......SUNRISE   739 AM EST   SUNSET   516 PM EST
NOVEMBER 25 2017......SUNRISE   740 AM EST   SUNSET   515 PM EST


-  INDICATES NEGATIVE NUMBERS.
R  INDICATES RECORD WAS SET OR TIED.
MM INDICATES DATA IS MISSING.
T  INDICATES TRACE AMOUNT.




$$
