000
CDUS43 KIWX 210533
CLIFWA


CLIMATE REPORT
NATIONAL WEATHER SERVICE NORTHERN INDIANA
1232 AM EST TUE FEB 21 2017


...................................

...THE FORT WAYNE CLIMATE SUMMARY FOR FEBRUARY 20 2017...

CLIMATE NORMAL PERIOD 1981 TO 2010
CLIMATE RECORD PERIOD 1897 TO 2017


WEATHER ITEM   OBSERVED TIME   RECORD YEAR NORMAL DEPARTURE LAST
                VALUE   (LST)  VALUE       VALUE  FROM      YEAR
                                                  NORMAL
..................................................................
TEMPERATURE (F)
 YESTERDAY
  MAXIMUM         65    343 PM  67    1930  38     27       64
  MINIMUM         33    739 AM  -5    2015  21     12       36
  AVERAGE         49                        30     19       50

PRECIPITATION (IN)
  YESTERDAY        0.00          1.00 2014   0.07  -0.07     0.00
  MONTH TO DATE    1.24                      1.42  -0.18     0.38
  SINCE DEC 1      8.26                      6.45   1.81     6.15
  SINCE JAN 1      5.95                      3.68   2.27     2.00

SNOWFALL (IN)
  YESTERDAY        0.0           3.0  1938   0.2   -0.2      0.0
  MONTH TO DATE    2.4                       5.8   -3.4      3.6
  SINCE DEC 1     14.6                      24.4   -9.8     10.7
  SINCE JUL 1     15.0                      26.5  -11.5     14.9
  SNOW DEPTH       0

DEGREE DAYS
 HEATING
  YESTERDAY       16                        35    -19       15
  MONTH TO DATE  562                       755   -193      707
  SINCE DEC 1   2712                      3109   -397     2614
  SINCE JUL 1   3557                      4326   -769     3583

 COOLING
  YESTERDAY        0                         0      0        0
  MONTH TO DATE    0                         0      0        0
  SINCE DEC 1      0                         0      0        0
  SINCE JAN 1      0                         0      0        0
..................................................................


WIND (MPH)
  HIGHEST WIND SPEED    16   HIGHEST WIND DIRECTION    SE (130)
  HIGHEST GUST SPEED    20   HIGHEST GUST DIRECTION    SE (130)
  AVERAGE WIND SPEED     6.7


SKY COVER
  AVERAGE SKY COVER 0.8


WEATHER CONDITIONS
 THE FOLLOWING WEATHER WAS RECORDED YESTERDAY.
  FOG
  HAZE


RELATIVE HUMIDITY (PERCENT)
 HIGHEST    92           900 AM
 LOWEST     48           100 PM
 AVERAGE    70

..........................................................


THE FORT WAYNE CLIMATE NORMALS FOR TODAY
                         NORMAL    RECORD    YEAR
 MAXIMUM TEMPERATURE (F)   38        68      1930
 MINIMUM TEMPERATURE (F)   22        -8      1978


SUNRISE AND SUNSET
FEBRUARY 21 2017......SUNRISE   726 AM EST   SUNSET   623 PM EST
FEBRUARY 22 2017......SUNRISE   725 AM EST   SUNSET   624 PM EST


-  INDICATES NEGATIVE NUMBERS.
R  INDICATES RECORD WAS SET OR TIED.
MM INDICATES DATA IS MISSING.
T  INDICATES TRACE AMOUNT.




$$
