000
CDUS43 KIWX 250020
CLIFWA


CLIMATE REPORT
NATIONAL WEATHER SERVICE NORTHERN INDIANA
820 PM EDT WED MAY 24 2017


...................................

...THE FORT WAYNE CLIMATE SUMMARY FOR MAY 24 2017...
VALID AS OF 0800 PM LOCAL TIME.

CLIMATE NORMAL PERIOD 1981 TO 2010
CLIMATE RECORD PERIOD 1897 TO 2017


WEATHER ITEM   OBSERVED TIME   RECORD YEAR NORMAL DEPARTURE LAST
                VALUE   (LST)  VALUE       VALUE  FROM      YEAR
                                                  NORMAL
..................................................................
TEMPERATURE (F)
 TODAY
  MAXIMUM         69    137 PM  91    2007  74     -5       84
  MINIMUM         57    544 PM  36    1963  52      5       49
                                      1931
                                      1925
  AVERAGE         63                        63      0       67

PRECIPITATION (IN)
  TODAY            1.08          1.46 1971   0.15   0.93     0.00
  MONTH TO DATE    6.89                      3.12   3.77     4.13
  SINCE MAR 1     14.65                      9.35   5.30    11.14
  SINCE JAN 1     21.12                     13.65   7.47    14.19

SNOWFALL (IN)
  TODAY            0.0           T    1925   0.0    0.0      0.0
  MONTH TO DATE    0.0                       0.0    0.0      0.0
  SINCE MAR 1      3.4                       5.1   -1.7      3.9
  SINCE JUL 1     18.5                      33.5  -15.0     20.1
  SNOW DEPTH       0

DEGREE DAYS
 HEATING
  TODAY            2                         4     -2        0
  MONTH TO DATE  189                       167     22      198
  SINCE MAR 1   1278                      1451   -173     1289
  SINCE JUL 1   4972                      6049  -1077     5116

 COOLING
  TODAY            0                         2     -2        2
  MONTH TO DATE   35                        29      6        4
  SINCE MAR 1     55                        37     18        4
  SINCE JAN 1     55                        37     18        4
..................................................................


WIND (MPH)
  RESULTANT WIND SPEED   8   RESULTANT WIND DIRECTION  NE (60)
  HIGHEST WIND SPEED    22   HIGHEST WIND DIRECTION    SE (120)
  HIGHEST GUST SPEED    29   HIGHEST GUST DIRECTION     E (110)
  AVERAGE WIND SPEED     9.6


SKY COVER
  POSSIBLE SUNSHINE  MM
  AVERAGE SKY COVER 1.0


WEATHER CONDITIONS
 THE FOLLOWING WEATHER WAS RECORDED TODAY.
  THUNDERSTORM
  HEAVY RAIN
  RAIN
  LIGHT RAIN
  FOG


RELATIVE HUMIDITY (PERCENT)
 HIGHEST    93           600 PM
 LOWEST     60          1200 AM
 AVERAGE    77

..........................................................


THE FORT WAYNE CLIMATE NORMALS FOR TOMORROW
                         NORMAL    RECORD    YEAR
 MAXIMUM TEMPERATURE (F)   74        95      1911
 MINIMUM TEMPERATURE (F)   52        33      1925


SUNRISE AND SUNSET
MAY 24 2017...........SUNRISE   615 AM EDT   SUNSET   900 PM EDT
MAY 25 2017...........SUNRISE   615 AM EDT   SUNSET   901 PM EDT


-  INDICATES NEGATIVE NUMBERS.
R  INDICATES RECORD WAS SET OR TIED.
MM INDICATES DATA IS MISSING.
T  INDICATES TRACE AMOUNT.




$$
