000
CDUS43 KIWX 040525
CLIFWA


CLIMATE REPORT
NATIONAL WEATHER SERVICE NORTHERN INDIANA
1225 AM EST SUN DEC 4 2016


...................................

...THE FORT WAYNE CLIMATE SUMMARY FOR DECEMBER 3 2016...

CLIMATE NORMAL PERIOD 1981 TO 2010
CLIMATE RECORD PERIOD 1897 TO 2016


WEATHER ITEM   OBSERVED TIME   RECORD YEAR NORMAL DEPARTURE LAST
                VALUE   (LST)  VALUE       VALUE  FROM      YEAR
                                                  NORMAL
..................................................................
TEMPERATURE (F)
 YESTERDAY
  MAXIMUM         37    314 PM  69    1982  41     -4       43
  MINIMUM         31   1139 PM  -2    1942  26      5       32
  AVERAGE         34                        33      1       38

PRECIPITATION (IN)
  YESTERDAY        0.00          1.59 1990   0.10  -0.10     0.01
  MONTH TO DATE    T                         0.29  -0.29     0.07
  SINCE DEC 1      T                         0.29  -0.29     0.07
  SINCE JAN 1     35.06                     35.86  -0.80    42.31

SNOWFALL (IN)
  YESTERDAY        0.0           4.6  1911   0.2   -0.2      0.1
  MONTH TO DATE    T                         0.5   -0.5      0.2
  SINCE DEC 1      T                         0.5   -0.5      0.2
  SINCE JUL 1      0.4                       2.6   -2.2      4.4
  SNOW DEPTH       0

DEGREE DAYS
 HEATING
  YESTERDAY       31                        32     -1       27
  MONTH TO DATE   85                        94     -9       84
  SINCE DEC 1     85                        94     -9       84
  SINCE JUL 1    930                      1311   -381     1053

 COOLING
  YESTERDAY        0                         0      0        0
  MONTH TO DATE    0                         0      0        0
  SINCE DEC 1      0                         0      0        0
  SINCE JAN 1   1104                       809    295      811
..................................................................


WIND (MPH)
  HIGHEST WIND SPEED    12   HIGHEST WIND DIRECTION     W (280)
  HIGHEST GUST SPEED    15   HIGHEST GUST DIRECTION     W (280)
  AVERAGE WIND SPEED     5.0


SKY COVER
  AVERAGE SKY COVER 1.0


WEATHER CONDITIONS
 THE FOLLOWING WEATHER WAS RECORDED YESTERDAY.
  NO SIGNIFICANT WEATHER WAS OBSERVED.


RELATIVE HUMIDITY (PERCENT)
 HIGHEST    82          1200 AM
 LOWEST     59           100 PM
 AVERAGE    71

..........................................................


THE FORT WAYNE CLIMATE NORMALS FOR TODAY
                         NORMAL    RECORD    YEAR
 MAXIMUM TEMPERATURE (F)   40        64      1998
 MINIMUM TEMPERATURE (F)   26         4      1976
                                             1935


SUNRISE AND SUNSET
DECEMBER  4 2016......SUNRISE   750 AM EST   SUNSET   513 PM EST
DECEMBER  5 2016......SUNRISE   751 AM EST   SUNSET   512 PM EST


-  INDICATES NEGATIVE NUMBERS.
R  INDICATES RECORD WAS SET OR TIED.
MM INDICATES DATA IS MISSING.
T  INDICATES TRACE AMOUNT.




$$
