000
CDUS43 KIWX 250020
CLIFWA


CLIMATE REPORT
NATIONAL WEATHER SERVICE NORTHERN INDIANA
820 PM EDT MON APR 24 2017


...................................

...THE FORT WAYNE CLIMATE SUMMARY FOR APRIL 24 2017...
VALID AS OF 0800 PM LOCAL TIME.

CLIMATE NORMAL PERIOD 1981 TO 2010
CLIMATE RECORD PERIOD 1897 TO 2017


WEATHER ITEM   OBSERVED TIME   RECORD YEAR NORMAL DEPARTURE LAST
                VALUE   (LST)  VALUE       VALUE  FROM      YEAR
                                                  NORMAL
..................................................................
TEMPERATURE (F)
 TODAY
  MAXIMUM         72    359 PM  88    1925  65      7       74
  MINIMUM         40    542 AM  27    1930  42     -2       38
  AVERAGE         56                        53      3       56

PRECIPITATION (IN)
  TODAY            0.00          0.97 1955   0.11  -0.11     0.00
  MONTH TO DATE    2.47                      2.87  -0.40     1.80
  SINCE MAR 1      6.28                      5.58   0.70     5.76
  SINCE JAN 1     12.75                      9.88   2.87     8.81

SNOWFALL (IN)
  TODAY            0.0           0.4  1968   0.0    0.0      0.0
  MONTH TO DATE    0.4                       1.0   -0.6      1.1
  SINCE MAR 1      3.4                       5.1   -1.7      3.9
  SINCE JUL 1     18.5                      33.5  -15.0     20.1
  SNOW DEPTH       0

DEGREE DAYS
 HEATING
  TODAY            9                        12     -3        9
  MONTH TO DATE  263                       392   -129      396
  SINCE MAR 1   1047                      1218   -171     1026
  SINCE JUL 1   4741                      5816  -1075     4853

 COOLING
  TODAY            0                         0      0        0
  MONTH TO DATE   13                         0     13        0
  SINCE MAR 1     13                         0     13        0
  SINCE JAN 1     13                         0     13        0
..................................................................


WIND (MPH)
  RESULTANT WIND SPEED  10   RESULTANT WIND DIRECTION   E (70)
  HIGHEST WIND SPEED    24   HIGHEST WIND DIRECTION     E (80)
  HIGHEST GUST SPEED    29   HIGHEST GUST DIRECTION     E (90)
  AVERAGE WIND SPEED    10.8


SKY COVER
  POSSIBLE SUNSHINE  MM
  AVERAGE SKY COVER 0.4


WEATHER CONDITIONS
 THE FOLLOWING WEATHER WAS RECORDED TODAY.
  NO SIGNIFICANT WEATHER WAS OBSERVED.


RELATIVE HUMIDITY (PERCENT)
 HIGHEST    65           500 AM
 LOWEST     27           200 PM
 AVERAGE    46

..........................................................


THE FORT WAYNE CLIMATE NORMALS FOR TOMORROW
                         NORMAL    RECORD    YEAR
 MAXIMUM TEMPERATURE (F)   65        86      1994
                                             1990
                                             1915
 MINIMUM TEMPERATURE (F)   42        24      1967


SUNRISE AND SUNSET
APRIL 24 2017.........SUNRISE   648 AM EDT   SUNSET   830 PM EDT
APRIL 25 2017.........SUNRISE   647 AM EDT   SUNSET   831 PM EDT


-  INDICATES NEGATIVE NUMBERS.
R  INDICATES RECORD WAS SET OR TIED.
MM INDICATES DATA IS MISSING.
T  INDICATES TRACE AMOUNT.




$$
