000
CDUS43 KIWX 220531
CLIFWA


CLIMATE REPORT
NATIONAL WEATHER SERVICE NORTHERN INDIANA
131 AM EDT TUE AUG 22 2017


...................................

...THE FORT WAYNE CLIMATE SUMMARY FOR AUGUST 21 2017...

CLIMATE NORMAL PERIOD 1981 TO 2010
CLIMATE RECORD PERIOD 1897 TO 2017


WEATHER ITEM   OBSERVED TIME   RECORD YEAR NORMAL DEPARTURE LAST
                VALUE   (LST)  VALUE       VALUE  FROM      YEAR
                                                  NORMAL
..................................................................
TEMPERATURE (F)
 YESTERDAY
  MAXIMUM         87    423 PM  99    1983  82      5       76
  MINIMUM         67   1234 AM  45    1950  61      6       57
                                      1908
  AVERAGE         77                        71      6       67

PRECIPITATION (IN)
  YESTERDAY        T             2.20 1966   0.11  -0.11     0.00
  MONTH TO DATE    0.68                      2.52  -1.84     1.33
  SINCE JUN 1     12.35                     10.92   1.43     7.89
  SINCE JAN 1     35.80                     25.72  10.08    22.08

DEGREE DAYS
 HEATING
  YESTERDAY        0                         0      0        0
  MONTH TO DATE    1                         0      1        0
  SINCE JUN 1      7                        32    -25       14
  SINCE JUL 1      1                         3     -2        3

 COOLING
  YESTERDAY       12                         7      5        2
  MONTH TO DATE  124                       152    -28      243
  SINCE JUN 1    612                       601     11      759
  SINCE JAN 1    676                       658     18      833
..................................................................


WIND (MPH)
  HIGHEST WIND SPEED    16   HIGHEST WIND DIRECTION    SW (220)
  HIGHEST GUST SPEED    21   HIGHEST GUST DIRECTION    SW (210)
  AVERAGE WIND SPEED     7.0


SKY COVER
  AVERAGE SKY COVER 0.8


WEATHER CONDITIONS
 THE FOLLOWING WEATHER WAS RECORDED YESTERDAY.
  LIGHT RAIN


RELATIVE HUMIDITY (PERCENT)
 HIGHEST    87           100 AM
 LOWEST     55           400 PM
 AVERAGE    71

..........................................................


THE FORT WAYNE CLIMATE NORMALS FOR TODAY
                         NORMAL    RECORD    YEAR
 MAXIMUM TEMPERATURE (F)   82        98      1936
 MINIMUM TEMPERATURE (F)   60        46      1923
                                             1909
                                             1907


SUNRISE AND SUNSET
AUGUST 22 2017........SUNRISE   658 AM EDT   SUNSET   829 PM EDT
AUGUST 23 2017........SUNRISE   659 AM EDT   SUNSET   827 PM EDT


-  INDICATES NEGATIVE NUMBERS.
R  INDICATES RECORD WAS SET OR TIED.
MM INDICATES DATA IS MISSING.
T  INDICATES TRACE AMOUNT.




$$
