000
CDUS44 KTSA 232123
CLIFYV

CLIMATE REPORT
NATIONAL WEATHER SERVICE TULSA OK
422 PM CDT TUE AUG 23 2016


...................................

...THE FAYETTEVILLE ARKANSAS CLIMATE SUMMARY FOR AUGUST 23 2016...
VALID TODAY AS OF 0400 PM LOCAL TIME.

CLIMATE NORMAL PERIOD 1981 TO 2010
CLIMATE RECORD PERIOD 1905 TO 2016


WEATHER ITEM   OBSERVED TIME   RECORD YEAR NORMAL DEPARTURE LAST
                VALUE   (LST)  VALUE       VALUE  FROM      YEAR
                                                  NORMAL
..................................................................
TEMPERATURE (F)
 TODAY
  MAXIMUM         85    254 PM  98    2010  89     -4       80
                                      1989
                                      1963
  MINIMUM         70    138 AM  48    1949  64      6       65
  AVERAGE         78                        76      2       73

PRECIPITATION (IN)
  TODAY            T                         0.09  -0.09     1.02
  MONTH TO DATE    0.97                      2.36  -1.39     4.41
  SINCE JUN 1     10.72                     10.80  -0.08    19.23
  SINCE JAN 1     24.98                     31.01  -6.03    42.69

DEGREE DAYS
 COOLING
  TODAY           13                        12      1        8
  MONTH TO DATE  280                       292    -12      232
  SINCE JUN 1   1052                       928    124      979
  SINCE JAN 1   1119                      1041     78     1076
..................................................................


WIND (MPH)
  HIGHEST WIND SPEED    20   HIGHEST WIND DIRECTION     S (190)
  HIGHEST GUST SPEED    24   HIGHEST GUST DIRECTION     S (200)
  AVERAGE WIND SPEED    10.0


SKY COVER
  POSSIBLE SUNSHINE  MM
  AVERAGE SKY COVER 0.5


WEATHER CONDITIONS
 THE FOLLOWING WEATHER WAS RECORDED TODAY.
  LIGHT RAIN


RELATIVE HUMIDITY (PERCENT)
 HIGHEST    93           100 AM
 LOWEST     69          1200 PM
 AVERAGE    81

..........................................................


THE FAYETTEVILLE ARKANSAS CLIMATE NORMALS FOR TOMORROW
                         NORMAL    RECORD    YEAR
 MAXIMUM TEMPERATURE (F)   88        99      1983
                                             1982
                                             1978
 MINIMUM TEMPERATURE (F)   64        52      1949


SUNRISE AND SUNSET
AUGUST 23 2016........SUNRISE   642 AM CDT   SUNSET   756 PM CDT
AUGUST 24 2016........SUNRISE   643 AM CDT   SUNSET   754 PM CDT


-  INDICATES NEGATIVE NUMBERS.
R  INDICATES RECORD WAS SET OR TIED.
MM INDICATES DATA IS MISSING.
T  INDICATES TRACE AMOUNT.




$$
