000
CDUS44 KTSA 240803 RRA
CLIFYV

CLIMATE REPORT
NATIONAL WEATHER SERVICE TULSA OK
147 AM CDT SUN SEP 24 2017


...................................

...THE FAYETTEVILLE ARKANSAS CLIMATE SUMMARY FOR SEPTEMBER 23 2017...

CLIMATE NORMAL PERIOD 1981 TO 2010
CLIMATE RECORD PERIOD 1905 TO 2017


WEATHER ITEM   OBSERVED TIME   RECORD YEAR NORMAL DEPARTURE LAST
                VALUE   (LST)  VALUE       VALUE  FROM      YEAR
                                                  NORMAL
..................................................................
TEMPERATURE (F)
 YESTERDAY
  MAXIMUM         89    417 PM  91    2005  77     12       87
  MINIMUM         59    610 AM  33    1995  53      6       56
  AVERAGE         74                        65      9       72

PRECIPITATION (IN)
  YESTERDAY        0.00                      0.17  -0.17     0.00
  MONTH TO DATE    1.50                      3.61  -2.11     2.48
  SINCE SEP 1      1.50                      3.61  -2.11     2.48
  SINCE JAN 1     44.34                     35.50   8.84    27.66

DEGREE DAYS
 HEATING
  YESTERDAY        0                         3     -3        0
  MONTH TO DATE   16                        22     -6        2
  SINCE SEP 1     16                        22     -6        2
  SINCE JUL 1     16                        23     -7        2

 COOLING
  YESTERDAY        9                         3      6        7
  MONTH TO DATE  120                       139    -19      188
  SINCE SEP 1    120                       139    -19      188
  SINCE JAN 1   1132                      1264   -132     1407
..................................................................


WIND (MPH)
  HIGHEST WIND SPEED     9   HIGHEST WIND DIRECTION    SE (150)
  HIGHEST GUST SPEED    12   HIGHEST GUST DIRECTION    SE (140)
  AVERAGE WIND SPEED     1.1


SKY COVER
  POSSIBLE SUNSHINE  MM
  AVERAGE SKY COVER 0.1


WEATHER CONDITIONS
 THE FOLLOWING WEATHER WAS RECORDED YESTERDAY.
  FOG
  FOG W/VISIBILITY <= 1/4 MILE


RELATIVE HUMIDITY (PERCENT)
 HIGHEST   100          1200 AM
 LOWEST     44           400 PM
 AVERAGE    72

..........................................................


THE FAYETTEVILLE ARKANSAS CLIMATE NORMALS FOR TODAY
                         NORMAL    RECORD    YEAR
 MAXIMUM TEMPERATURE (F)   77        94      2014
 MINIMUM TEMPERATURE (F)   53        32      1989


SUNRISE AND SUNSET
SEPTEMBER 24 2017.....SUNRISE   706 AM CDT   SUNSET   710 PM CDT
SEPTEMBER 25 2017.....SUNRISE   707 AM CDT   SUNSET   709 PM CDT


-  INDICATES NEGATIVE NUMBERS.
R  INDICATES RECORD WAS SET OR TIED.
MM INDICATES DATA IS MISSING.
T  INDICATES TRACE AMOUNT.




$$
