000
CDUS44 KTSA 212132 RRB
CLIFYV

CLIMATE REPORT
NATIONAL WEATHER SERVICE TULSA OK
418 PM CDT FRI JUL 21 2017


...................................

...THE FAYETTEVILLE ARKANSAS CLIMATE SUMMARY FOR JULY 21 2017...
VALID TODAY AS OF 0400 PM LOCAL TIME.

CLIMATE NORMAL PERIOD 1981 TO 2010
CLIMATE RECORD PERIOD 1905 TO 2017


WEATHER ITEM   OBSERVED TIME   RECORD YEAR NORMAL DEPARTURE LAST
                VALUE   (LST)  VALUE       VALUE  FROM      YEAR
                                                  NORMAL
..................................................................
TEMPERATURE (F)
 TODAY
  MAXIMUM         93    244 PM 102    1974  89      4       92
  MINIMUM         70    543 AM  52    1971  67      3       72
  AVERAGE         82                        78      4       82

PRECIPITATION (IN)
  TODAY            0.00                      0.11  -0.11     0.00
  MONTH TO DATE    1.46                      2.49  -1.03     4.94
  SINCE JUN 1      7.90                      7.47   0.43     7.81
  SINCE JAN 1     36.45                     27.68   8.77    22.15

DEGREE DAYS
 COOLING
  TODAY           17                        13      4       17
  MONTH TO DATE  273                       260     13      287
  SINCE JUN 1    510                       505      5      624
  SINCE JAN 1    614                       618     -4      691
..................................................................


WIND (MPH)
  HIGHEST WIND SPEED    16   HIGHEST WIND DIRECTION    SW (210)
  HIGHEST GUST SPEED    21   HIGHEST GUST DIRECTION     S (190)
  AVERAGE WIND SPEED     6.5


SKY COVER
  POSSIBLE SUNSHINE  MM
  AVERAGE SKY COVER 0.1


WEATHER CONDITIONS
 THE FOLLOWING WEATHER WAS RECORDED TODAY.
  FOG


RELATIVE HUMIDITY (PERCENT)
 HIGHEST   100          1200 AM
 LOWEST     52           300 PM
 AVERAGE    76

..........................................................


THE FAYETTEVILLE ARKANSAS CLIMATE NORMALS FOR TOMORROW
                         NORMAL    RECORD    YEAR
 MAXIMUM TEMPERATURE (F)   89       104      1974
                                             1954
 MINIMUM TEMPERATURE (F)   67        47      1970


SUNRISE AND SUNSET
JULY 21 2017..........SUNRISE   616 AM CDT   SUNSET   830 PM CDT
JULY 22 2017..........SUNRISE   617 AM CDT   SUNSET   829 PM CDT


-  INDICATES NEGATIVE NUMBERS.
R  INDICATES RECORD WAS SET OR TIED.
MM INDICATES DATA IS MISSING.
T  INDICATES TRACE AMOUNT.




$$
