000
CDUS44 KTSA 200936 RRA
CLIFYV

CLIMATE REPORT
NATIONAL WEATHER SERVICE TULSA OK
1246 AM CST TUE FEB 20 2018


...................................

...THE FAYETTEVILLE ARKANSAS CLIMATE SUMMARY FOR FEBRUARY 19 2018...

CLIMATE NORMAL PERIOD 1981 TO 2010
CLIMATE RECORD PERIOD 1905 TO 2018


WEATHER ITEM   OBSERVED TIME   RECORD YEAR NORMAL DEPARTURE LAST
                VALUE   (LST)  VALUE       VALUE  FROM      YEAR
                                                  NORMAL
..................................................................
TEMPERATURE (F)
 YESTERDAY
  MAXIMUM         69    939 PM  76    1986  52     17       75
  MINIMUM         54   1224 AM  -1    1978  29     25       37
  AVERAGE         62                        41     21       56

PRECIPITATION (IN)
  YESTERDAY        0.11                      0.11   0.00      T
  MONTH TO DATE    0.82                      1.82  -1.00     0.98
  SINCE DEC 1      4.44                      7.90  -3.46     5.20
  SINCE JAN 1      2.53                      4.66  -2.13     3.37

SNOWFALL (IN)
  YESTERDAY        0.0                                       0.0
  MONTH TO DATE    T                                         0.0
  SINCE DEC 1      0.4                                       0.8
  SINCE JUL 1      0.4                                       0.8

DEGREE DAYS
 HEATING
  YESTERDAY        3                        24    -21        9
  MONTH TO DATE  468                       503    -35      339
  SINCE DEC 1   2264                      2268     -4     1936
  SINCE JUL 1   2964                      3097   -133     2463
..................................................................


WIND (MPH)
  HIGHEST WIND SPEED    25   HIGHEST WIND DIRECTION     S (170)
  HIGHEST GUST SPEED    35   HIGHEST GUST DIRECTION     S (160)
  AVERAGE WIND SPEED    17.3


SKY COVER
  POSSIBLE SUNSHINE  MM
  AVERAGE SKY COVER 1.0


WEATHER CONDITIONS
 THE FOLLOWING WEATHER WAS RECORDED YESTERDAY.
  THUNDERSTORM
  RAIN
  LIGHT RAIN
  FOG


RELATIVE HUMIDITY (PERCENT)
 HIGHEST   100          1200 AM
 LOWEST     68          1100 PM
 AVERAGE    84

..........................................................


THE FAYETTEVILLE ARKANSAS CLIMATE NORMALS FOR TODAY
                         NORMAL    RECORD    YEAR
 MAXIMUM TEMPERATURE (F)   53        77      1996
 MINIMUM TEMPERATURE (F)   30        15      1978


SUNRISE AND SUNSET
FEBRUARY 20 2018......SUNRISE   658 AM CST   SUNSET   603 PM CST
FEBRUARY 21 2018......SUNRISE   657 AM CST   SUNSET   604 PM CST


-  INDICATES NEGATIVE NUMBERS.
R  INDICATES RECORD WAS SET OR TIED.
MM INDICATES DATA IS MISSING.
T  INDICATES TRACE AMOUNT.




$$
