000
CDUS44 KTSA 250822
CLIFYV

CLIMATE REPORT
NATIONAL WEATHER SERVICE TULSA OK
147 AM CDT THU MAY 25 2017


...................................

...THE FAYETTEVILLE ARKANSAS CLIMATE SUMMARY FOR MAY 24 2017...

CLIMATE NORMAL PERIOD 1981 TO 2010
CLIMATE RECORD PERIOD 1905 TO 2017


WEATHER ITEM   OBSERVED TIME   RECORD YEAR NORMAL DEPARTURE LAST
                VALUE   (LST)  VALUE       VALUE  FROM      YEAR
                                                  NORMAL
..................................................................
TEMPERATURE (F)
 YESTERDAY
  MAXIMUM         64    534 PM  89    2000  78    -14       80
  MINIMUM         46   1159 PM  41    1983  56    -10       59
  AVERAGE         55                        67    -12       70

PRECIPITATION (IN)
  YESTERDAY        0.00                      0.20  -0.20     0.07
  MONTH TO DATE    4.67                      4.75  -0.08     2.14
  SINCE MAR 1     23.48                     13.27  10.21     9.80
  SINCE JAN 1     26.98                     18.92   8.06    10.95

DEGREE DAYS
 COOLING
  YESTERDAY        0                         4     -4        5
  MONTH TO DATE   33                        54    -21       23
  SINCE MAR 1     65                        82    -17       36
  SINCE JAN 1     70                        82    -12       36
..................................................................


WIND (MPH)
  HIGHEST WIND SPEED    20   HIGHEST WIND DIRECTION    NW (300)
  HIGHEST GUST SPEED    25   HIGHEST GUST DIRECTION    NW (310)
  AVERAGE WIND SPEED     8.3


SKY COVER
  POSSIBLE SUNSHINE  MM
  AVERAGE SKY COVER 0.6


WEATHER CONDITIONS
 THE FOLLOWING WEATHER WAS RECORDED YESTERDAY.
  NO SIGNIFICANT WEATHER WAS OBSERVED.


RELATIVE HUMIDITY (PERCENT)
 HIGHEST   100           300 AM
 LOWEST     52           400 PM
 AVERAGE    76

..........................................................


THE FAYETTEVILLE ARKANSAS CLIMATE NORMALS FOR TODAY
                         NORMAL    RECORD    YEAR
 MAXIMUM TEMPERATURE (F)   78        91      2006
                                             1980
 MINIMUM TEMPERATURE (F)   57        40      2001


SUNRISE AND SUNSET
MAY 25 2017...........SUNRISE   604 AM CDT   SUNSET   823 PM CDT
MAY 26 2017...........SUNRISE   604 AM CDT   SUNSET   824 PM CDT


-  INDICATES NEGATIVE NUMBERS.
R  INDICATES RECORD WAS SET OR TIED.
MM INDICATES DATA IS MISSING.
T  INDICATES TRACE AMOUNT.




$$
