000
CDUS44 KTSA 290801
CLIFYV

CLIMATE REPORT
NATIONAL WEATHER SERVICE TULSA OK
147 AM CDT FRI JUL 29 2016


...................................

...THE FAYETTEVILLE ARKANSAS CLIMATE SUMMARY FOR JULY 28 2016...

CLIMATE NORMAL PERIOD 1981 TO 2010
CLIMATE RECORD PERIOD 1905 TO 2016


WEATHER ITEM   OBSERVED TIME   RECORD YEAR NORMAL DEPARTURE LAST
                VALUE   (LST)  VALUE       VALUE  FROM      YEAR
                                                  NORMAL
..................................................................
TEMPERATURE (F)
 YESTERDAY
  MAXIMUM         91    346 PM 104    1986  90      1       91
  MINIMUM         69    604 AM  55    2004  67      2       73
  AVERAGE         80                        78      2       82

PRECIPITATION (IN)
  YESTERDAY        0.00                      0.09  -0.09     0.00
  MONTH TO DATE    6.28                      3.19   3.09     8.04
  SINCE JUN 1      9.15                      8.17   0.98    14.81
  SINCE JAN 1     23.41                     28.38  -4.97    38.27

DEGREE DAYS
 COOLING
  YESTERDAY       15                        13      2       17
  MONTH TO DATE  396                       351     45      388
  SINCE JUN 1    733                       596    137      706
  SINCE JAN 1    800                       709     91      803
..................................................................


WIND (MPH)
  HIGHEST WIND SPEED     9   HIGHEST WIND DIRECTION    NW (310)
  HIGHEST GUST SPEED    11   HIGHEST GUST DIRECTION    NW (310)
  AVERAGE WIND SPEED     2.1


SKY COVER
  POSSIBLE SUNSHINE  MM
  AVERAGE SKY COVER 0.3


WEATHER CONDITIONS
 THE FOLLOWING WEATHER WAS RECORDED YESTERDAY.
  FOG


RELATIVE HUMIDITY (PERCENT)
 HIGHEST   100          1200 AM
 LOWEST     52           400 PM
 AVERAGE    76

..........................................................


THE FAYETTEVILLE ARKANSAS CLIMATE NORMALS FOR TODAY
                         NORMAL    RECORD    YEAR
 MAXIMUM TEMPERATURE (F)   90       106      1986
 MINIMUM TEMPERATURE (F)   67        55      1969


SUNRISE AND SUNSET
JULY 29 2016..........SUNRISE   622 AM CDT   SUNSET   824 PM CDT
JULY 30 2016..........SUNRISE   623 AM CDT   SUNSET   823 PM CDT


-  INDICATES NEGATIVE NUMBERS.
R  INDICATES RECORD WAS SET OR TIED.
MM INDICATES DATA IS MISSING.
T  INDICATES TRACE AMOUNT.




$$
