000
CDUS44 KTSA 170806
CLIFYV

CLIMATE REPORT
NATIONAL WEATHER SERVICE TULSA OK
302 AM CDT THU APR 17 2014


...................................

...THE FAYETTEVILLE ARKANSAS CLIMATE SUMMARY FOR APRIL 16 2014...

CLIMATE NORMAL PERIOD 1981 TO 2010
CLIMATE RECORD PERIOD 1905 TO 2014


WEATHER ITEM   OBSERVED TIME   RECORD YEAR NORMAL DEPARTURE LAST
                VALUE   (LST)  VALUE       VALUE  FROM      YEAR
                                                  NORMAL
..................................................................
TEMPERATURE (F)
 YESTERDAY
  MAXIMUM         61    426 PM  89    2006  69     -8       82
  MINIMUM         33   1253 AM  24    1953  45    -12       55
  AVERAGE         47                        57    -10       69

PRECIPITATION (IN)
  YESTERDAY        0.00                      0.14  -0.14     0.00
  MONTH TO DATE    2.05                      2.27  -0.22     2.17
  SINCE MAR 1      7.63                      6.22   1.41     6.65
  SINCE JAN 1     10.11                     11.87  -1.76    12.50

SNOWFALL (IN)
  YESTERDAY        0.0                                       0.0
  MONTH TO DATE    0.0                                       0.0
  SINCE MAR 1      3.8                                        T
  SINCE JUL 1     17.9                                       2.6

DEGREE DAYS
 HEATING
  YESTERDAY       18                         9      9        0
  MONTH TO DATE  189                       172     17      165
  SINCE MAR 1    849                       698    151      810
  SINCE JUL 1   4569                      4001    568     3881

 COOLING
  YESTERDAY        0                         1     -1        4
  MONTH TO DATE    9                        13     -4       17
  SINCE MAR 1      9                        17     -8       18
  SINCE JAN 1      9                        17     -8       18
..................................................................


WIND (MPH)
  HIGHEST WIND SPEED    25   HIGHEST WIND DIRECTION     S (180)
  HIGHEST GUST SPEED    33   HIGHEST GUST DIRECTION     S (170)
  AVERAGE WIND SPEED    10.4


SKY COVER
  POSSIBLE SUNSHINE  MM
  AVERAGE SKY COVER 0.0


WEATHER CONDITIONS
 THE FOLLOWING WEATHER WAS RECORDED YESTERDAY.
  NO SIGNIFICANT WEATHER WAS OBSERVED.


RELATIVE HUMIDITY (PERCENT)
 HIGHEST    89          1200 AM
 LOWEST     32           400 PM
 AVERAGE    61

..........................................................


THE FAYETTEVILLE ARKANSAS CLIMATE NORMALS FOR TODAY
                         NORMAL    RECORD    YEAR
 MAXIMUM TEMPERATURE (F)   70        93      2006
 MINIMUM TEMPERATURE (F)   45        26      1951


SUNRISE AND SUNSET
APRIL 17 2014.........SUNRISE   641 AM CDT   SUNSET   752 PM CDT
APRIL 18 2014.........SUNRISE   640 AM CDT   SUNSET   753 PM CDT


-  INDICATES NEGATIVE NUMBERS.
R  INDICATES RECORD WAS SET OR TIED.
MM INDICATES DATA IS MISSING.
T  INDICATES TRACE AMOUNT.




$$
