000
CDUS43 KUNR 280842
CLIGCC


CLIMATE REPORT
NATIONAL WEATHER SERVICE RAPID CITY SD
240 AM MDT SAT MAR 28 2015


...................................

...THE GILLETTE AIRPORT WY CLIMATE SUMMARY FOR MARCH 27 2015...

CLIMATE NORMAL PERIOD 1981 TO 2010
CLIMATE RECORD PERIOD 9999 TO 9999


WEATHER ITEM   OBSERVED TIME   NORMAL DEPARTURE LAST
                VALUE   (LST)  VALUE  FROM      YEAR
                                      NORMAL
......................................................
TEMPERATURE (F)
 YESTERDAY
  MAXIMUM         68    423 PM  50     18       39
  MINIMUM         35   1050 PM  25     10       25
  AVERAGE         52            37     15       32

PRECIPITATION (IN)
  YESTERDAY        0.02          0.04  -0.02     0.23
  MONTH TO DATE    0.45          0.81  -0.36     0.84
  SINCE MAR 1      0.45          0.81  -0.36     0.84
  SINCE JAN 1      1.30          1.59  -0.29     2.12

DEGREE DAYS
 HEATING
  YESTERDAY       13            28    -15       33
  MONTH TO DATE  649           830   -181      851
  SINCE MAR 1    649           830   -181      851
  SINCE JUL 1   5739          6238   -499     6496

 COOLING
  YESTERDAY        0             0      0        0
  MONTH TO DATE    0             0      0        0
  SINCE MAR 1      0             0      0        0
  SINCE JAN 1      0             0      0        0
......................................................


WIND (MPH)
  HIGHEST WIND SPEED    30   HIGHEST WIND DIRECTION    NW (310)
  HIGHEST GUST SPEED    36   HIGHEST GUST DIRECTION    NW (310)
  AVERAGE WIND SPEED    12.7


SKY COVER
  AVERAGE SKY COVER 0.3


WEATHER CONDITIONS
 THE FOLLOWING WEATHER WAS RECORDED YESTERDAY.
  FOG


RELATIVE HUMIDITY (PERCENT)
 HIGHEST    89           100 AM
 LOWEST     24           500 PM
 AVERAGE    57

..........................................................




SUNRISE AND SUNSET
MARCH 28 2015.........SUNRISE   651 AM MDT   SUNSET   724 PM MDT
MARCH 29 2015.........SUNRISE   649 AM MDT   SUNSET   726 PM MDT


-  INDICATES NEGATIVE NUMBERS.
R  INDICATES RECORD WAS SET OR TIED.
MM INDICATES DATA IS MISSING.
T  INDICATES TRACE AMOUNT.




$$
