000
CDUS43 KUNR 160831
CLIGCC


CLIMATE REPORT
NATIONAL WEATHER SERVICE RAPID CITY SD
131 AM MST TUE JAN 16 2018


...................................

...THE GILLETTE AIRPORT WY CLIMATE SUMMARY FOR JANUARY 15 2018...

CLIMATE NORMAL PERIOD 1981 TO 2010
CLIMATE RECORD PERIOD 9999 TO 9999


WEATHER ITEM   OBSERVED TIME   NORMAL DEPARTURE LAST
                VALUE   (LST)  VALUE  FROM      YEAR
                                      NORMAL
......................................................
TEMPERATURE (F)
 YESTERDAY
  MAXIMUM         10   1209 AM  38    -28       36
  MINIMUM        -17    532 PM  15    -32       -1
  AVERAGE         -3            26    -29       18

PRECIPITATION (IN)
  YESTERDAY        0.00          0.01  -0.01     0.00
  MONTH TO DATE    0.29          0.15   0.14     0.13
  SINCE DEC 1      1.00          0.55   0.45     0.98
  SINCE JAN 1      0.29          0.15   0.14     0.13

DEGREE DAYS
 HEATING
  YESTERDAY       68            39     29       47
  MONTH TO DATE  620           590     30      577
  SINCE DEC 1   1891          1856     35     1846
  SINCE JUL 1   3662          3731    -69     3239

 COOLING
  YESTERDAY        0             0      0        0
  MONTH TO DATE    0             0      0        0
  SINCE DEC 1      0             0      0        0
  SINCE JAN 1      0             0      0        0
......................................................


WIND (MPH)
  HIGHEST WIND SPEED    14   HIGHEST WIND DIRECTION     S (170)
  HIGHEST GUST SPEED    17   HIGHEST GUST DIRECTION    NW (320)
  AVERAGE WIND SPEED     5.0


SKY COVER
  AVERAGE SKY COVER 0.1


WEATHER CONDITIONS
 THE FOLLOWING WEATHER WAS RECORDED YESTERDAY.
  FOG
  FOG W/VISIBILITY <= 1/4 MILE
  HAZE


RELATIVE HUMIDITY (PERCENT)
 HIGHEST    95           100 AM
 LOWEST     68           200 PM
 AVERAGE    82

..........................................................




SUNRISE AND SUNSET
JANUARY 16 2018.......SUNRISE   734 AM MST   SUNSET   450 PM MST
JANUARY 17 2018.......SUNRISE   733 AM MST   SUNSET   452 PM MST


-  INDICATES NEGATIVE NUMBERS.
R  INDICATES RECORD WAS SET OR TIED.
MM INDICATES DATA IS MISSING.
T  INDICATES TRACE AMOUNT.




$$
