000
CDUS43 KUNR 300830
CLIGCC


CLIMATE REPORT
NATIONAL WEATHER SERVICE RAPID CITY SD
230 AM MDT SUN APR 30 2017


...................................

...THE GILLETTE AIRPORT WY CLIMATE SUMMARY FOR APRIL 29 2017...

CLIMATE NORMAL PERIOD 1981 TO 2010
CLIMATE RECORD PERIOD 9999 TO 9999


WEATHER ITEM   OBSERVED TIME   NORMAL DEPARTURE LAST
                VALUE   (LST)  VALUE  FROM      YEAR
                                      NORMAL
......................................................
TEMPERATURE (F)
 YESTERDAY
  MAXIMUM         42   1014 AM  60    -18       46
  MINIMUM         11    438 AM  34    -23       34
  AVERAGE         27            47    -20       40

PRECIPITATION (IN)
  YESTERDAY        0.00          0.07  -0.07     0.04
  MONTH TO DATE    4.31          1.39   2.92     2.53
  SINCE MAR 1      5.10          2.35   2.75     3.64
  SINCE JAN 1      5.94          3.13   2.81     5.15

DEGREE DAYS
 HEATING
  YESTERDAY       38            18     20       25
  MONTH TO DATE  624           651    -27      581
  SINCE MAR 1   1329          1590   -261     1369
  SINCE JUL 1   6086          6998   -912     6100

 COOLING
  YESTERDAY        0             0      0        0
  MONTH TO DATE    0             0      0        0
  SINCE MAR 1      0             0      0        0
  SINCE JAN 1      0             0      0        0
......................................................


WIND (MPH)
  HIGHEST WIND SPEED    13   HIGHEST WIND DIRECTION    SW (220)
  HIGHEST GUST SPEED    13   HIGHEST GUST DIRECTION    SW (220)
  AVERAGE WIND SPEED     6.0


SKY COVER
  AVERAGE SKY COVER 0.0


WEATHER CONDITIONS
 THE FOLLOWING WEATHER WAS RECORDED YESTERDAY.
  HAZE


RELATIVE HUMIDITY (PERCENT)
 HIGHEST   100           200 AM
 LOWEST     63          1100 PM
 AVERAGE    82

..........................................................




SUNRISE AND SUNSET
APRIL 30 2017.........SUNRISE   554 AM MDT   SUNSET   805 PM MDT
MAY  1 2017...........SUNRISE   552 AM MDT   SUNSET   807 PM MDT


-  INDICATES NEGATIVE NUMBERS.
R  INDICATES RECORD WAS SET OR TIED.
MM INDICATES DATA IS MISSING.
T  INDICATES TRACE AMOUNT.




$$
