000
CDUS43 KUNR 310831
CLIGCC


CLIMATE REPORT
NATIONAL WEATHER SERVICE RAPID CITY SD
131 AM MST SAT JAN 31 2015


...................................

...THE GILLETTE AIRPORT WY CLIMATE SUMMARY FOR JANUARY 30 2015...

CLIMATE NORMAL PERIOD 1981 TO 2010
CLIMATE RECORD PERIOD 9999 TO 9999


WEATHER ITEM   OBSERVED TIME   NORMAL DEPARTURE LAST
                VALUE   (LST)  VALUE  FROM      YEAR
                                      NORMAL
......................................................
TEMPERATURE (F)
 YESTERDAY
  MAXIMUM         46    159 PM  37      9       34
  MINIMUM         19    728 AM  15      4        1
  AVERAGE         33            26      7       18

PRECIPITATION (IN)
  YESTERDAY        0.00          0.01  -0.01     0.02
  MONTH TO DATE    0.27          0.37  -0.10     0.39
  SINCE DEC 1      0.67          0.77  -0.10     1.06
  SINCE JAN 1      0.27          0.37  -0.10     0.39

DEGREE DAYS
 HEATING
  YESTERDAY       32            39     -7       47
  MONTH TO DATE 1115          1175    -60     1145
  SINCE DEC 1   2258          2441   -183     2545
  SINCE JUL 1   4041          4316   -275     4257

 COOLING
  YESTERDAY        0             0      0        0
  MONTH TO DATE    0             0      0        0
  SINCE DEC 1      0             0      0        0
  SINCE JAN 1      0             0      0        0
......................................................


WIND (MPH)
  HIGHEST WIND SPEED    15   HIGHEST WIND DIRECTION     S (170)
  HIGHEST GUST SPEED    17   HIGHEST GUST DIRECTION     N (340)
  AVERAGE WIND SPEED     5.1


SKY COVER
  AVERAGE SKY COVER 0.0


WEATHER CONDITIONS
 THE FOLLOWING WEATHER WAS RECORDED YESTERDAY.
  NO SIGNIFICANT WEATHER WAS OBSERVED.


RELATIVE HUMIDITY (PERCENT)
 HIGHEST    92           600 AM
 LOWEST     37           100 PM
 AVERAGE    65

..........................................................




SUNRISE AND SUNSET
JANUARY 31 2015.......SUNRISE   722 AM MST   SUNSET   510 PM MST
FEBRUARY  1 2015......SUNRISE   720 AM MST   SUNSET   511 PM MST


-  INDICATES NEGATIVE NUMBERS.
R  INDICATES RECORD WAS SET OR TIED.
MM INDICATES DATA IS MISSING.
T  INDICATES TRACE AMOUNT.




$$
