000
CDUS43 KUNR 100834
CLIGCC


CLIMATE REPORT
NATIONAL WEATHER SERVICE RAPID CITY SD
134 AM MST SAT DEC 10 2016


...................................

...THE GILLETTE AIRPORT WY CLIMATE SUMMARY FOR DECEMBER 9 2016...

CLIMATE NORMAL PERIOD 1981 TO 2010
CLIMATE RECORD PERIOD 9999 TO 9999


WEATHER ITEM   OBSERVED TIME   NORMAL DEPARTURE LAST
                VALUE   (LST)  VALUE  FROM      YEAR
                                      NORMAL
......................................................
TEMPERATURE (F)
 YESTERDAY
  MAXIMUM         12   1040 PM  35    -23       56
  MINIMUM        -10    757 AM  13    -23       38
  AVERAGE          1            24    -23       47

PRECIPITATION (IN)
  YESTERDAY        0.00          0.02  -0.02      T
  MONTH TO DATE    0.14          0.16  -0.02      T
  SINCE DEC 1      0.14          0.16  -0.02      T
  SINCE JAN 1     13.53         13.65  -0.12    14.64

DEGREE DAYS
 HEATING
  YESTERDAY       64            41     23       18
  MONTH TO DATE  454           361     93      262
  SINCE DEC 1    454           361     93      262
  SINCE JUL 1   1847          2236   -389     1822

 COOLING
  YESTERDAY        0             0      0        0
  MONTH TO DATE    0             0      0        0
  SINCE DEC 1      0             0      0        0
  SINCE JAN 1    569           502     67      545
......................................................


WIND (MPH)
  HIGHEST WIND SPEED    18   HIGHEST WIND DIRECTION    SE (150)
  HIGHEST GUST SPEED    22   HIGHEST GUST DIRECTION    SE (150)
  AVERAGE WIND SPEED     4.7


SKY COVER
  AVERAGE SKY COVER 0.7


WEATHER CONDITIONS
 THE FOLLOWING WEATHER WAS RECORDED YESTERDAY.
  NO SIGNIFICANT WEATHER WAS OBSERVED.


RELATIVE HUMIDITY (PERCENT)
 HIGHEST    90           700 AM
 LOWEST     69           100 PM
 AVERAGE    80

..........................................................




SUNRISE AND SUNSET
DECEMBER 10 2016......SUNRISE   728 AM MST   SUNSET   423 PM MST
DECEMBER 11 2016......SUNRISE   728 AM MST   SUNSET   423 PM MST


-  INDICATES NEGATIVE NUMBERS.
R  INDICATES RECORD WAS SET OR TIED.
MM INDICATES DATA IS MISSING.
T  INDICATES TRACE AMOUNT.




$$
