000
CDUS43 KUNR 270837
CLIGCC


CLIMATE REPORT
NATIONAL WEATHER SERVICE RAPID CITY SD
236 AM MDT THU AUG 27 2015


...................................

...THE GILLETTE AIRPORT WY CLIMATE SUMMARY FOR AUGUST 26 2015...

CLIMATE NORMAL PERIOD 1981 TO 2010
CLIMATE RECORD PERIOD 9999 TO 9999


WEATHER ITEM   OBSERVED TIME   NORMAL DEPARTURE LAST
                VALUE   (LST)  VALUE  FROM      YEAR
                                      NORMAL
......................................................
TEMPERATURE (F)
 YESTERDAY
  MAXIMUM         96    131 PM  84     12       77
  MINIMUM         63    424 AM  51     12       47
  AVERAGE         80            67     13       62

PRECIPITATION (IN)
  YESTERDAY        0.00          0.03  -0.03     0.00
  MONTH TO DATE    1.86          0.81   1.05     1.84
  SINCE JUN 1      6.01          4.68   1.33     5.35
  SINCE JAN 1     13.13         10.34   2.79    14.95

DEGREE DAYS
 HEATING
  YESTERDAY        0             2     -2        3
  MONTH TO DATE   43            26     17       29
  SINCE JUN 1    104           187    -83      234
  SINCE JUL 1     65            45     20       42

 COOLING
  YESTERDAY       15             4     11        0
  MONTH TO DATE  168           160      8      142
  SINCE JUN 1    406           434    -28      336
  SINCE JAN 1    406           442    -36      344
......................................................


WIND (MPH)
  HIGHEST WIND SPEED    25   HIGHEST WIND DIRECTION    NW (330)
  HIGHEST GUST SPEED    30   HIGHEST GUST DIRECTION     N (340)
  AVERAGE WIND SPEED    10.3


SKY COVER
  AVERAGE SKY COVER 0.1


WEATHER CONDITIONS
 THE FOLLOWING WEATHER WAS RECORDED YESTERDAY.
  NO SIGNIFICANT WEATHER WAS OBSERVED.


RELATIVE HUMIDITY (PERCENT)
 HIGHEST    58           400 AM
 LOWEST     17           100 PM
 AVERAGE    38

..........................................................




SUNRISE AND SUNSET
AUGUST 27 2015........SUNRISE   619 AM MDT   SUNSET   748 PM MDT
AUGUST 28 2015........SUNRISE   620 AM MDT   SUNSET   746 PM MDT


-  INDICATES NEGATIVE NUMBERS.
R  INDICATES RECORD WAS SET OR TIED.
MM INDICATES DATA IS MISSING.
T  INDICATES TRACE AMOUNT.




$$
