000
CDUS43 KUNR 280833
CLIGCC


CLIMATE REPORT
NATIONAL WEATHER SERVICE RAPID CITY SD
132 AM MST TUE FEB 28 2017


...................................

...THE GILLETTE AIRPORT WY CLIMATE SUMMARY FOR FEBRUARY 27 2017...

CLIMATE NORMAL PERIOD 1981 TO 2010
CLIMATE RECORD PERIOD 9999 TO 9999


WEATHER ITEM   OBSERVED TIME   NORMAL DEPARTURE LAST
                VALUE   (LST)  VALUE  FROM      YEAR
                                      NORMAL
......................................................
TEMPERATURE (F)
 YESTERDAY
  MAXIMUM         38    238 PM  41     -3       62
  MINIMUM         19    457 AM  19      0       39
  AVERAGE         29            30     -1       51

PRECIPITATION (IN)
  YESTERDAY        0.00          0.02  -0.02     0.01
  MONTH TO DATE    0.30          0.38  -0.08     0.97
  SINCE DEC 1      1.69          1.17   0.52     1.85
  SINCE JAN 1      0.84          0.77   0.07     1.37

DEGREE DAYS
 HEATING
  YESTERDAY       36            35      1       14
  MONTH TO DATE  873          1019   -146      809
  SINCE DEC 1   3327          3499   -172     3120
  SINCE JUL 1   4720          5374   -654     4680

 COOLING
  YESTERDAY        0             0      0        0
  MONTH TO DATE    0             0      0        0
  SINCE DEC 1      0             0      0        0
  SINCE JAN 1      0             0      0        0
......................................................


WIND (MPH)
  HIGHEST WIND SPEED    20   HIGHEST WIND DIRECTION    SW (230)
  HIGHEST GUST SPEED    25   HIGHEST GUST DIRECTION    SW (220)
  AVERAGE WIND SPEED     5.8


SKY COVER
  AVERAGE SKY COVER 0.3


WEATHER CONDITIONS
 THE FOLLOWING WEATHER WAS RECORDED YESTERDAY.
  NO SIGNIFICANT WEATHER WAS OBSERVED.


RELATIVE HUMIDITY (PERCENT)
 HIGHEST    88          1000 PM
 LOWEST     29           100 PM
 AVERAGE    59

..........................................................




SUNRISE AND SUNSET
FEBRUARY 28 2017......SUNRISE   640 AM MST   SUNSET   549 PM MST
MARCH  1 2017.........SUNRISE   639 AM MST   SUNSET   551 PM MST


-  INDICATES NEGATIVE NUMBERS.
R  INDICATES RECORD WAS SET OR TIED.
MM INDICATES DATA IS MISSING.
T  INDICATES TRACE AMOUNT.




$$
