000
CDUS43 KUNR 260833
CLIGCC


CLIMATE REPORT
NATIONAL WEATHER SERVICE RAPID CITY SD
232 AM MDT FRI AUG 26 2016


...................................

...THE GILLETTE AIRPORT WY CLIMATE SUMMARY FOR AUGUST 25 2016...

CLIMATE NORMAL PERIOD 1981 TO 2010
CLIMATE RECORD PERIOD 9999 TO 9999


WEATHER ITEM   OBSERVED TIME   NORMAL DEPARTURE LAST
                VALUE   (LST)  VALUE  FROM      YEAR
                                      NORMAL
......................................................
TEMPERATURE (F)
 YESTERDAY
  MAXIMUM         66    456 PM  84    -18       95
  MINIMUM         43    543 AM  51     -8       59
  AVERAGE         55            68    -13       77

PRECIPITATION (IN)
  YESTERDAY        0.00          0.02  -0.02     0.00
  MONTH TO DATE    1.55          0.78   0.77     1.86
  SINCE JUN 1      3.31          4.65  -1.34     6.01
  SINCE JAN 1      9.15         10.31  -1.16    13.13

DEGREE DAYS
 HEATING
  YESTERDAY       10             2      8        0
  MONTH TO DATE   44            24     20       43
  SINCE JUN 1     85           185   -100      104
  SINCE JUL 1     51            43      8       65

 COOLING
  YESTERDAY        0             4     -4       12
  MONTH TO DATE  124           156    -32      153
  SINCE JUN 1    518           430     88      391
  SINCE JAN 1    518           438     80      391
......................................................


WIND (MPH)
  HIGHEST WIND SPEED    15   HIGHEST WIND DIRECTION     W (280)
  HIGHEST GUST SPEED    19   HIGHEST GUST DIRECTION     W (280)
  AVERAGE WIND SPEED     5.3


SKY COVER
  AVERAGE SKY COVER 0.5


WEATHER CONDITIONS
 THE FOLLOWING WEATHER WAS RECORDED YESTERDAY.
  NO SIGNIFICANT WEATHER WAS OBSERVED.


RELATIVE HUMIDITY (PERCENT)
 HIGHEST    83           500 AM
 LOWEST     37           200 PM
 AVERAGE    60

..........................................................




SUNRISE AND SUNSET
AUGUST 26 2016........SUNRISE   619 AM MDT   SUNSET   748 PM MDT
AUGUST 27 2016........SUNRISE   620 AM MDT   SUNSET   746 PM MDT


-  INDICATES NEGATIVE NUMBERS.
R  INDICATES RECORD WAS SET OR TIED.
MM INDICATES DATA IS MISSING.
T  INDICATES TRACE AMOUNT.




$$
