000
CDUS43 KUNR 240832
CLIGCC


CLIMATE REPORT
NATIONAL WEATHER SERVICE RAPID CITY SD
231 AM MDT SAT JUN 24 2017


...................................

...THE GILLETTE AIRPORT WY CLIMATE SUMMARY FOR JUNE 23 2017...

CLIMATE NORMAL PERIOD 1981 TO 2010
CLIMATE RECORD PERIOD 9999 TO 9999


WEATHER ITEM   OBSERVED TIME   NORMAL DEPARTURE LAST
                VALUE   (LST)  VALUE  FROM      YEAR
                                      NORMAL
......................................................
TEMPERATURE (F)
 YESTERDAY
  MAXIMUM         70    201 PM  80    -10       99
  MINIMUM         38    438 AM  50    -12       49
  AVERAGE         54            65    -11       74

PRECIPITATION (IN)
  YESTERDAY        0.00          0.07  -0.07     0.00
  MONTH TO DATE    1.06          1.79  -0.73     0.44
  SINCE JUN 1      1.06          1.79  -0.73     0.44
  SINCE JAN 1      8.25          7.45   0.80     6.28

DEGREE DAYS
 HEATING
  YESTERDAY       11             3      8        0
  MONTH TO DATE   66           127    -61       31
  SINCE JUN 1     66           127    -61       31
  SINCE JUL 1   6548          7529   -981     6574

 COOLING
  YESTERDAY        0             3     -3        9
  MONTH TO DATE   48            35     13      131
  SINCE JUN 1     48            35     13      131
  SINCE JAN 1     52            43      9      131
......................................................


WIND (MPH)
  HIGHEST WIND SPEED    25   HIGHEST WIND DIRECTION     N (340)
  HIGHEST GUST SPEED    32   HIGHEST GUST DIRECTION     N (350)
  AVERAGE WIND SPEED    11.0


SKY COVER
  AVERAGE SKY COVER 0.2


WEATHER CONDITIONS
 THE FOLLOWING WEATHER WAS RECORDED YESTERDAY.
  NO SIGNIFICANT WEATHER WAS OBSERVED.


RELATIVE HUMIDITY (PERCENT)
 HIGHEST    92           400 AM
 LOWEST     26           200 PM
 AVERAGE    59

..........................................................




SUNRISE AND SUNSET
JUNE 24 2017..........SUNRISE   519 AM MDT   SUNSET   850 PM MDT
JUNE 25 2017..........SUNRISE   519 AM MDT   SUNSET   850 PM MDT


-  INDICATES NEGATIVE NUMBERS.
R  INDICATES RECORD WAS SET OR TIED.
MM INDICATES DATA IS MISSING.
T  INDICATES TRACE AMOUNT.




$$
