000
CDUS43 KUNR 250836
CLIGCC


CLIMATE REPORT
NATIONAL WEATHER SERVICE RAPID CITY SD
232 AM MDT FRI JUL 25 2014


...................................

...THE GILLETTE AIRPORT WY CLIMATE SUMMARY FOR JULY 24 2014...

CLIMATE NORMAL PERIOD 1981 TO 2010
CLIMATE RECORD PERIOD 9999 TO 9999


WEATHER ITEM   OBSERVED TIME   NORMAL DEPARTURE LAST
                VALUE   (LST)  VALUE  FROM      YEAR
                                      NORMAL
......................................................
TEMPERATURE (F)
 YESTERDAY
  MAXIMUM        101    259 PM  88     13       88
  MINIMUM         61   1159 PM  57      4       52
  AVERAGE         81            73      8       70

PRECIPITATION (IN)
  YESTERDAY        0.00          0.05  -0.05     0.03
  MONTH TO DATE    0.16          1.31  -1.15     2.25
  SINCE JUN 1      3.29          3.52  -0.23     4.76
  SINCE JAN 1     12.89          9.18   3.71    11.80

DEGREE DAYS
 HEATING
  YESTERDAY        0             0      0        0
  MONTH TO DATE   13            14     -1        0
  SINCE JUN 1    205           156     49      117
  SINCE JUL 1     13            14     -1        0

 COOLING
  YESTERDAY       16             8      8        5
  MONTH TO DATE  158           160     -2      197
  SINCE JUN 1    173           220    -47      243
  SINCE JAN 1    181           228    -47      251
......................................................


WIND (MPH)
  HIGHEST WIND SPEED    32   HIGHEST WIND DIRECTION     N (10)
  HIGHEST GUST SPEED    39   HIGHEST GUST DIRECTION     W (280)
  AVERAGE WIND SPEED    15.7


SKY COVER
  AVERAGE SKY COVER 0.0


WEATHER CONDITIONS
 THE FOLLOWING WEATHER WAS RECORDED YESTERDAY.
  NO SIGNIFICANT WEATHER WAS OBSERVED.


RELATIVE HUMIDITY (PERCENT)
 HIGHEST    68           200 AM
 LOWEST     10           500 PM
 AVERAGE    39

..........................................................




SUNRISE AND SUNSET
JULY 25 2014..........SUNRISE   542 AM MDT   SUNSET   835 PM MDT
JULY 26 2014..........SUNRISE   543 AM MDT   SUNSET   834 PM MDT


-  INDICATES NEGATIVE NUMBERS.
R  INDICATES RECORD WAS SET OR TIED.
MM INDICATES DATA IS MISSING.
T  INDICATES TRACE AMOUNT.




$$
