000
CDUS43 KUNR 230832
CLIGCC


CLIMATE REPORT
NATIONAL WEATHER SERVICE RAPID CITY SD
231 AM MDT MON OCT 23 2017


...................................

...THE GILLETTE AIRPORT WY CLIMATE SUMMARY FOR OCTOBER 22 2017...

CLIMATE NORMAL PERIOD 1981 TO 2010
CLIMATE RECORD PERIOD 9999 TO 9999


WEATHER ITEM   OBSERVED TIME   NORMAL DEPARTURE LAST
                VALUE   (LST)  VALUE  FROM      YEAR
                                      NORMAL
......................................................
TEMPERATURE (F)
 YESTERDAY
  MAXIMUM         66    241 PM  57      9       72
  MINIMUM         34   1227 AM  30      4       32
  AVERAGE         50            43      7       52

PRECIPITATION (IN)
  YESTERDAY        T             0.03  -0.03     0.00
  MONTH TO DATE    0.99          1.02  -0.03     1.37
  SINCE SEP 1      2.57          2.21   0.36     3.87
  SINCE JAN 1     12.72         12.69   0.03    13.03

DEGREE DAYS
 HEATING
  YESTERDAY       15            22     -7       13
  MONTH TO DATE  388           402    -14      367
  SINCE SEP 1    670           640     30      550
  SINCE JUL 1    705           697      8      604

 COOLING
  YESTERDAY        0             0      0        0
  MONTH TO DATE    0             0      0        0
  SINCE SEP 1     65            40     25       25
  SINCE JAN 1    617           500    117      569
......................................................


WIND (MPH)
  HIGHEST WIND SPEED    37   HIGHEST WIND DIRECTION    NW (310)
  HIGHEST GUST SPEED    52   HIGHEST GUST DIRECTION    NW (320)
  AVERAGE WIND SPEED    19.5


SKY COVER
  AVERAGE SKY COVER 0.2


WEATHER CONDITIONS
 THE FOLLOWING WEATHER WAS RECORDED YESTERDAY.
  NO SIGNIFICANT WEATHER WAS OBSERVED.


RELATIVE HUMIDITY (PERCENT)
 HIGHEST    66          1000 PM
 LOWEST     24           300 PM
 AVERAGE    45

..........................................................




SUNRISE AND SUNSET
OCTOBER 23 2017.......SUNRISE   728 AM MDT   SUNSET   604 PM MDT
OCTOBER 24 2017.......SUNRISE   729 AM MDT   SUNSET   603 PM MDT


-  INDICATES NEGATIVE NUMBERS.
R  INDICATES RECORD WAS SET OR TIED.
MM INDICATES DATA IS MISSING.
T  INDICATES TRACE AMOUNT.




$$
