000
CDUS43 KUNR 250831
CLIGCC


CLIMATE REPORT
NATIONAL WEATHER SERVICE RAPID CITY SD
131 AM MST THU DEC 25 2014


...................................

...THE GILLETTE AIRPORT WY CLIMATE SUMMARY FOR DECEMBER 24 2014...

CLIMATE NORMAL PERIOD 1981 TO 2010
CLIMATE RECORD PERIOD 9999 TO 9999


WEATHER ITEM   OBSERVED TIME   NORMAL DEPARTURE LAST
                VALUE   (LST)  VALUE  FROM      YEAR
                                      NORMAL
......................................................
TEMPERATURE (F)
 YESTERDAY
  MAXIMUM         42    146 PM  35      7       39
  MINIMUM         25   1244 AM  13     12       20
  AVERAGE         34            24     10       30

PRECIPITATION (IN)
  YESTERDAY        0.00          0.01  -0.01     0.10
  MONTH TO DATE    0.16          0.32  -0.16     0.57
  SINCE DEC 1      0.16          0.32  -0.16     0.57
  SINCE JAN 1     18.10         13.81   4.29    19.17

DEGREE DAYS
 HEATING
  YESTERDAY       31            41    -10       35
  MONTH TO DATE  759           981   -222     1146
  SINCE DEC 1    759           981   -222     1146
  SINCE JUL 1   2542          2856   -314     2858

 COOLING
  YESTERDAY        0             0      0        0
  MONTH TO DATE    0             0      0        0
  SINCE DEC 1      0             0      0        0
  SINCE JAN 1    412           502    -90      615
......................................................


WIND (MPH)
  HIGHEST WIND SPEED    24   HIGHEST WIND DIRECTION    SW (220)
  HIGHEST GUST SPEED    29   HIGHEST GUST DIRECTION    SW (240)
  AVERAGE WIND SPEED    15.1


SKY COVER
  AVERAGE SKY COVER 0.3


WEATHER CONDITIONS
 THE FOLLOWING WEATHER WAS RECORDED YESTERDAY.
  NO SIGNIFICANT WEATHER WAS OBSERVED.


RELATIVE HUMIDITY (PERCENT)
 HIGHEST    78          1100 PM
 LOWEST     44          1000 AM
 AVERAGE    61

..........................................................




SUNRISE AND SUNSET
DECEMBER 25 2014......SUNRISE   737 AM MST   SUNSET   428 PM MST
DECEMBER 26 2014......SUNRISE   737 AM MST   SUNSET   429 PM MST


-  INDICATES NEGATIVE NUMBERS.
R  INDICATES RECORD WAS SET OR TIED.
MM INDICATES DATA IS MISSING.
T  INDICATES TRACE AMOUNT.




$$
