000
CDUS43 KDDC 290706
CLIGCK


CLIMATE REPORT
NATIONAL WEATHER SERVICE DODGE CITY KS
206 AM CDT SUN MAY 29 2016


...................................

...THE GARDEN CITY REGIONAL ARPT KS CLIMATE SUMMARY FOR MAY 28 2016...

CLIMATE NORMAL PERIOD 1981 TO 2010
CLIMATE RECORD PERIOD 1948 TO 2016


WEATHER ITEM   OBSERVED TIME   RECORD YEAR NORMAL DEPARTURE LAST
                VALUE   (LST)  VALUE       VALUE  FROM      YEAR
                                                  NORMAL
..................................................................
TEMPERATURE (F)
 YESTERDAY
  MAXIMUM         80    644 PM 101    1974  80      0       78
  MINIMUM         45    514 AM  40    1992  54     -9       56
  AVERAGE         63                        67     -4       67

PRECIPITATION (IN)
  YESTERDAY        0.00          0.64 1975   0.11  -0.11     0.59
  MONTH TO DATE    0.38                      2.55  -2.17     7.37
  SINCE MAR 1      4.92                      5.73  -0.81     8.05
  SINCE JAN 1      5.14                      6.61  -1.47     8.82

DEGREE DAYS
 HEATING
  YESTERDAY        2                         2      0
  MONTH TO DATE  169                       124     45
  SINCE MAR 1   1018                      1162   -144
  SINCE JUL 1   4431                      5186   -755

 COOLING
  YESTERDAY        0                         4     -4
  MONTH TO DATE   47                        63    -16
  SINCE MAR 1     52                        75    -23
  SINCE JAN 1     53                        75    -22
..................................................................


WIND (MPH)
  HIGHEST WIND SPEED    15   HIGHEST WIND DIRECTION     W (290)
  HIGHEST GUST SPEED    20   HIGHEST GUST DIRECTION    NW (330)
  AVERAGE WIND SPEED     8.4



WEATHER CONDITIONS
 THE FOLLOWING WEATHER WAS RECORDED YESTERDAY.
  NO SIGNIFICANT WEATHER WAS OBSERVED.


RELATIVE HUMIDITY (PERCENT)
 HIGHEST   100           600 AM
 LOWEST     27           500 PM
 AVERAGE    64

..........................................................


THE GARDEN CITY REGIONAL ARPT KS CLIMATE NORMALS FOR TODAY
                         NORMAL    RECORD    YEAR
 MAXIMUM TEMPERATURE (F)   80       104      2011
 MINIMUM TEMPERATURE (F)   55        36      1992


SUNRISE AND SUNSET
MAY 29 2016...........SUNRISE   623 AM CDT   SUNSET   858 PM CDT
MAY 30 2016...........SUNRISE   623 AM CDT   SUNSET   859 PM CDT


-  INDICATES NEGATIVE NUMBERS.
R  INDICATES RECORD WAS SET OR TIED.
MM INDICATES DATA IS MISSING.
T  INDICATES TRACE AMOUNT.




$$
