000
CDUS43 KDDC 300706
CLIGCK


CLIMATE REPORT
NATIONAL WEATHER SERVICE DODGE CITY KS
205 AM CDT FRI SEP 30 2016


...................................

...THE GARDEN CITY REGIONAL ARPT KS CLIMATE SUMMARY FOR SEPTEMBER 29 2016...

CLIMATE NORMAL PERIOD 1981 TO 2010
CLIMATE RECORD PERIOD 1948 TO 2016


WEATHER ITEM   OBSERVED TIME   RECORD YEAR NORMAL DEPARTURE LAST
                VALUE   (LST)  VALUE       VALUE  FROM      YEAR
                                                  NORMAL
..................................................................
TEMPERATURE (F)
 YESTERDAY
  MAXIMUM         75    406 PM  98    2010  76     -1       74
  MINIMUM         43    652 AM   0    2011  48     -5       55
  AVERAGE         59                        62     -3       65

PRECIPITATION (IN)
  YESTERDAY        0.00          0.74 1985   0.04  -0.04      T
  MONTH TO DATE    0.19                      1.43  -1.24     0.11
  SINCE SEP 1      0.19                      1.43  -1.24     0.11
  SINCE JAN 1     20.02                     17.08   2.94    19.90

DEGREE DAYS
 HEATING
  YESTERDAY        6                         5      1
  MONTH TO DATE   26                        63    -37
  SINCE SEP 1     26                        63    -37
  SINCE JUL 1     26                        67    -41

 COOLING
  YESTERDAY        0                         2     -2
  MONTH TO DATE  217                       161     56
  SINCE SEP 1    217                       161     56
  SINCE JAN 1   1373                      1277     96
..................................................................


WIND (MPH)
  HIGHEST WIND SPEED    15   HIGHEST WIND DIRECTION    SE (120)
  HIGHEST GUST SPEED    19   HIGHEST GUST DIRECTION    SE (130)
  AVERAGE WIND SPEED     6.8



WEATHER CONDITIONS
 THE FOLLOWING WEATHER WAS RECORDED YESTERDAY.
  NO SIGNIFICANT WEATHER WAS OBSERVED.


RELATIVE HUMIDITY (PERCENT)
 HIGHEST    83           600 AM
 LOWEST     29           200 PM
 AVERAGE    56

..........................................................


THE GARDEN CITY REGIONAL ARPT KS CLIMATE NORMALS FOR TODAY
                         NORMAL    RECORD    YEAR
 MAXIMUM TEMPERATURE (F)   76        96      2009
 MINIMUM TEMPERATURE (F)   48        26      1985


SUNRISE AND SUNSET
SEPTEMBER 30 2016.....SUNRISE   738 AM CDT   SUNSET   727 PM CDT
OCTOBER  1 2016.......SUNRISE   739 AM CDT   SUNSET   725 PM CDT


-  INDICATES NEGATIVE NUMBERS.
R  INDICATES RECORD WAS SET OR TIED.
MM INDICATES DATA IS MISSING.
T  INDICATES TRACE AMOUNT.




$$
