000
CDUS43 KDDC 282329
CLIGCK


CLIMATE REPORT
NATIONAL WEATHER SERVICE DODGE CITY KS
629 PM CDT WED JUN 28 2017


...................................

...THE GARDEN CITY REGIONAL ARPT KS CLIMATE SUMMARY FOR JUNE 28 2017...
VALID TODAY AS OF 0500 PM LOCAL TIME.

CLIMATE NORMAL PERIOD 1981 TO 2010
CLIMATE RECORD PERIOD 1948 TO 2017


WEATHER ITEM   OBSERVED TIME   RECORD YEAR NORMAL DEPARTURE LAST
                VALUE   (LST)  VALUE       VALUE  FROM      YEAR
                                                  NORMAL
..................................................................
TEMPERATURE (F)
 TODAY
  MAXIMUM         96    347 PM 108    1968  90      6       89
  MINIMUM         70    628 AM  52    1985  63      7       67
  AVERAGE         83                        76      7       78

PRECIPITATION (IN)
  TODAY            T             4.37 2014   0.11  -0.11     0.00
  MONTH TO DATE    0.65                      3.26  -2.61     4.23
  SINCE JUN 1      0.65                      3.26  -2.61     4.23
  SINCE JAN 1      8.96                     10.20  -1.24     9.69

DEGREE DAYS
 HEATING
  TODAY            0                         0      0        0
  MONTH TO DATE    0                        14    -14        2
  SINCE JUN 1      0                        14    -14        2
  SINCE JUL 1   4431                      5205   -774     4433

 COOLING
  TODAY           18                        11      7       13
  MONTH TO DATE  314                       229     85      322
  SINCE JUN 1    314                       229     85      322
  SINCE JAN 1    404                       318     86      381
..................................................................


WIND (MPH)
  HIGHEST WIND SPEED    31   HIGHEST WIND DIRECTION     S (170)
  HIGHEST GUST SPEED    39   HIGHEST GUST DIRECTION     S (180)
  AVERAGE WIND SPEED    11.7



WEATHER CONDITIONS
 THE FOLLOWING WEATHER WAS RECORDED TODAY.
  THUNDERSTORM
  LIGHT RAIN


RELATIVE HUMIDITY (PERCENT)
 HIGHEST    70           600 AM
 LOWEST     24           500 PM
 AVERAGE    47

..........................................................


THE GARDEN CITY REGIONAL ARPT KS CLIMATE NORMALS FOR TOMORROW
                         NORMAL    RECORD    YEAR
 MAXIMUM TEMPERATURE (F)   90       109      1974
 MINIMUM TEMPERATURE (F)   63        50      2007


SUNRISE AND SUNSET
JUNE 28 2017..........SUNRISE   623 AM CDT   SUNSET   909 PM CDT
JUNE 29 2017..........SUNRISE   623 AM CDT   SUNSET   909 PM CDT


-  INDICATES NEGATIVE NUMBERS.
R  INDICATES RECORD WAS SET OR TIED.
MM INDICATES DATA IS MISSING.
T  INDICATES TRACE AMOUNT.




$$
