000
CDUS43 KDDC 041426
CLIGCK


CLIMATE REPORT
NATIONAL WEATHER SERVICE DODGE CITY KS
825 AM CST WED MAR 4 2015


...................................

...THE GARDEN CITY REGIONAL ARPT KS CLIMATE SUMMARY FOR MARCH 4 2015...
VALID AS OF 0800 AM LOCAL TIME.

CLIMATE NORMAL PERIOD 1981 TO 2010
CLIMATE RECORD PERIOD 1948 TO 2015


WEATHER ITEM   OBSERVED TIME   RECORD YEAR NORMAL DEPARTURE LAST
                VALUE   (LST)  VALUE       VALUE  FROM      YEAR
                                                  NORMAL
..................................................................
TEMPERATURE (F)
 TODAY
  MAXIMUM         26   1223 AM  85    2009  54    -28       58
  MINIMUM         17    759 AM   3    1978  26     -9       14
  AVERAGE         22                        40    -18       36

PRECIPITATION (IN)
  TODAY            0.00          0.78 2004   0.04  -0.04     0.00
  MONTH TO DATE    0.00                      0.12  -0.12     0.01
  SINCE MAR 1      0.00                      0.12  -0.12     0.01
  SINCE JAN 1      0.77                      1.00  -0.23     0.17

..................................................................


WIND (MPH)
  HIGHEST WIND SPEED    23   HIGHEST WIND DIRECTION    NE (40)
  HIGHEST GUST SPEED    28   HIGHEST GUST DIRECTION    NE (30)



WEATHER CONDITIONS
 THE FOLLOWING WEATHER WAS RECORDED TODAY.
  FOG


RELATIVE HUMIDITY (PERCENT)
 HIGHEST    84

..........................................................


THE GARDEN CITY REGIONAL ARPT KS CLIMATE NORMALS FOR TOMORROW
                         NORMAL    RECORD    YEAR
 MAXIMUM TEMPERATURE (F)   54        81      2009
 MINIMUM TEMPERATURE (F)   27         1      1989


SUNRISE AND SUNSET
MARCH  4 2015.........SUNRISE   711 AM CST   SUNSET   639 PM CST
MARCH  5 2015.........SUNRISE   709 AM CST   SUNSET   640 PM CST


-  INDICATES NEGATIVE NUMBERS.
R  INDICATES RECORD WAS SET OR TIED.
MM INDICATES DATA IS MISSING.
T  INDICATES TRACE AMOUNT.




$$
