000
CDUS43 KDDC 031429
CLIGCK


CLIMATE REPORT
NATIONAL WEATHER SERVICE DODGE CITY KS
929 AM CDT THU SEP 3 2015


...................................

...THE GARDEN CITY REGIONAL ARPT KS CLIMATE SUMMARY FOR SEPTEMBER 3 2015...
VALID AS OF 0800 AM LOCAL TIME.

CLIMATE NORMAL PERIOD 1981 TO 2010
CLIMATE RECORD PERIOD 1948 TO 2015


WEATHER ITEM   OBSERVED TIME   RECORD YEAR NORMAL DEPARTURE LAST
                VALUE   (LST)  VALUE       VALUE  FROM      YEAR
                                                  NORMAL
..................................................................
TEMPERATURE (F)
 TODAY
  MAXIMUM         74   1201 AM 100    2014  87    -13      100
                                      1983
  MINIMUM         64    645 AM  36    1974  60      4       67
  AVERAGE         69                        73     -4       84

PRECIPITATION (IN)
  TODAY            0.00          0.83 1981   0.05  -0.05     0.01
  MONTH TO DATE    0.00                      0.16  -0.16     0.01
  SINCE SEP 1      0.00                      0.16  -0.16     0.01
  SINCE JAN 1     19.79                     15.81   3.98    17.66

..................................................................


WIND (MPH)
  HIGHEST WIND SPEED    13   HIGHEST WIND DIRECTION     S (180)
  HIGHEST GUST SPEED    17   HIGHEST GUST DIRECTION     S (170)



WEATHER CONDITIONS
 THE FOLLOWING WEATHER WAS RECORDED TODAY.
  NO SIGNIFICANT WEATHER WAS OBSERVED.


RELATIVE HUMIDITY (PERCENT)
 HIGHEST    78

..........................................................


THE GARDEN CITY REGIONAL ARPT KS CLIMATE NORMALS FOR TOMORROW
                         NORMAL    RECORD    YEAR
 MAXIMUM TEMPERATURE (F)   86       100      1983
 MINIMUM TEMPERATURE (F)   59        40      1961


SUNRISE AND SUNSET
SEPTEMBER  3 2015.....SUNRISE   714 AM CDT   SUNSET   810 PM CDT
SEPTEMBER  4 2015.....SUNRISE   715 AM CDT   SUNSET   808 PM CDT


-  INDICATES NEGATIVE NUMBERS.
R  INDICATES RECORD WAS SET OR TIED.
MM INDICATES DATA IS MISSING.
T  INDICATES TRACE AMOUNT.




$$
