000
CDUS43 KDDC 292328
CLIGCK


CLIMATE REPORT
NATIONAL WEATHER SERVICE DODGE CITY KS
627 PM CDT WED JUL 29 2015


...................................

...THE GARDEN CITY REGIONAL ARPT KS CLIMATE SUMMARY FOR JULY 29 2015...
VALID TODAY AS OF 0500 PM LOCAL TIME.

CLIMATE NORMAL PERIOD 1981 TO 2010
CLIMATE RECORD PERIOD 1948 TO 2015


WEATHER ITEM   OBSERVED TIME   RECORD YEAR NORMAL DEPARTURE LAST
                VALUE   (LST)  VALUE       VALUE  FROM      YEAR
                                                  NORMAL
..................................................................
TEMPERATURE (F)
 TODAY
  MAXIMUM         79    357 PM 105    1980  92    -13       82
  MINIMUM         64    719 AM  54    2005  65     -1       61
  AVERAGE         72                        78     -6       72

PRECIPITATION (IN)
  TODAY            0.14          1.76 1971   0.08   0.06     0.48
  MONTH TO DATE    6.53                      2.60   3.93     1.67
  SINCE JUN 1      9.08                      6.08   3.00    12.55
  SINCE JAN 1     17.90                     13.02   4.88    13.91

DEGREE DAYS
 HEATING
  TODAY            0                         0      0        0
  MONTH TO DATE    0                         0      0       10
  SINCE JUN 1      0                        16    -16       21
  SINCE JUL 1      0                         0      0       10

 COOLING
  TODAY            7                        13     -6        7
  MONTH TO DATE  388                       385      3      338
  SINCE JUN 1    734                       637     97      612
  SINCE JAN 1    764                       726     38      755
..................................................................


WIND (MPH)
  HIGHEST WIND SPEED    23   HIGHEST WIND DIRECTION     N (360)
  HIGHEST GUST SPEED    29   HIGHEST GUST DIRECTION    NE (30)
  AVERAGE WIND SPEED    11.4



WEATHER CONDITIONS
 THE FOLLOWING WEATHER WAS RECORDED TODAY.
  THUNDERSTORM
  RAIN
  LIGHT RAIN


RELATIVE HUMIDITY (PERCENT)
 HIGHEST    84           500 AM
 LOWEST     46          1100 AM
 AVERAGE    65

..........................................................


THE GARDEN CITY REGIONAL ARPT KS CLIMATE NORMALS FOR TOMORROW
                         NORMAL    RECORD    YEAR
 MAXIMUM TEMPERATURE (F)   92       105      1980
 MINIMUM TEMPERATURE (F)   65        49      1971


SUNRISE AND SUNSET
JULY 29 2015..........SUNRISE   643 AM CDT   SUNSET   855 PM CDT
JULY 30 2015..........SUNRISE   644 AM CDT   SUNSET   854 PM CDT


-  INDICATES NEGATIVE NUMBERS.
R  INDICATES RECORD WAS SET OR TIED.
MM INDICATES DATA IS MISSING.
T  INDICATES TRACE AMOUNT.




$$
