000
CDUS41 KPHI 180627
CLIGED


CLIMATE REPORT
NATIONAL WEATHER SERVICE MOUNT HOLLY NJ
227 AM EDT THU SEP 18 2014


...................................

...THE GEORGETOWN DE CLIMATE SUMMARY FOR SEPTEMBER 17 2014...

CLIMATE NORMAL PERIOD 1981 TO 2010
CLIMATE RECORD PERIOD 1948 TO 2014


WEATHER ITEM   OBSERVED TIME   RECORD YEAR NORMAL DEPARTURE LAST
                VALUE   (LST)  VALUE       VALUE  FROM      YEAR
                                                  NORMAL
..................................................................
TEMPERATURE (F)
 YESTERDAY
  MAXIMUM         76    153 PM  93    1970  78     -2       66
  MINIMUM         54   1159 PM  38    1984  59     -5       47
  AVERAGE         65                        68     -3       57

PRECIPITATION (IN)
  YESTERDAY        0.00          1.61 1995   0.13  -0.13     0.00
  MONTH TO DATE    1.28                      2.53  -1.25     0.28
  SINCE SEP 1      1.28                      2.53  -1.25     0.28
  SINCE JAN 1     31.58                     31.80  -0.22    42.27

SNOWFALL (IN)
  YESTERDAY       MM            MM      MM  MM     MM       MM
  MONTH TO DATE   MM                        MM     MM       MM
  SINCE SEP 1     MM                        MM     MM       MM
  SINCE JUL 1     MM                        MM     MM       MM
  SNOW DEPTH      MM

DEGREE DAYS
 HEATING
  YESTERDAY        0                         1     -1        8
  MONTH TO DATE    4                         7     -3       16
  SINCE SEP 1      4                         7     -3       16
  SINCE JUL 1      4                         8     -4       16

 COOLING
  YESTERDAY        0                         4     -4        0
  MONTH TO DATE  146                       105     41      133
  SINCE SEP 1    146                       105     41      133
  SINCE JAN 1   1097                      1134    -37     1320
..................................................................


WIND (MPH)
  HIGHEST WIND SPEED    17   HIGHEST WIND DIRECTION     E (80)
  HIGHEST GUST SPEED    22   HIGHEST GUST DIRECTION     E (70)
  AVERAGE WIND SPEED     6.5


SKY COVER
  POSSIBLE SUNSHINE  MM
  AVERAGE SKY COVER 0.1


WEATHER CONDITIONS
 THE FOLLOWING WEATHER WAS RECORDED YESTERDAY.
  NO SIGNIFICANT WEATHER WAS OBSERVED.


RELATIVE HUMIDITY (PERCENT)
 HIGHEST    93           600 AM
 LOWEST     33          1200 PM
 AVERAGE    63

..........................................................


THE GEORGETOWN DE CLIMATE NORMALS FOR TODAY
                         NORMAL    RECORD    YEAR
 MAXIMUM TEMPERATURE (F)   77        92      1991
 MINIMUM TEMPERATURE (F)   58        38      1986


SUNRISE AND SUNSET
SEPTEMBER 18 2014.....SUNRISE   646 AM EDT   SUNSET   705 PM EDT
SEPTEMBER 19 2014.....SUNRISE   646 AM EDT   SUNSET   703 PM EDT


-  INDICATES NEGATIVE NUMBERS.
R  INDICATES RECORD WAS SET OR TIED.
MM INDICATES DATA IS MISSING.
T  INDICATES TRACE AMOUNT.




$$
