000
CDUS41 KPHI 220600
CLIGED


CLIMATE REPORT
NATIONAL WEATHER SERVICE MOUNT HOLLY NJ
1257 AM EST THU FEB 22 2018


...................................

...THE GEORGETOWN DE CLIMATE SUMMARY FOR FEBRUARY 21 2018...

CLIMATE NORMAL PERIOD 1981 TO 2010
CLIMATE RECORD PERIOD 1948 TO 2018


WEATHER ITEM   OBSERVED TIME   RECORD YEAR NORMAL DEPARTURE LAST
                VALUE   (LST)  VALUE       VALUE  FROM      YEAR
                                                  NORMAL
..................................................................
TEMPERATURE (F)
 YESTERDAY
  MAXIMUM         77R   415 PM  71    2014  48     29       54
  MINIMUM         64    409 AM  -4    2015  29     35       32
  AVERAGE         71                        38     33       43

PRECIPITATION (IN)
  YESTERDAY        0.00          1.66 1981   0.10  -0.10     0.00
  MONTH TO DATE    3.82                      2.07   1.75     0.56
  SINCE DEC 1      7.63                      8.28  -0.65     6.49
  SINCE JAN 1      6.67                      4.99   1.68     3.69

DEGREE DAYS
 HEATING
  YESTERDAY        0                        26    -26       22
  MONTH TO DATE  432                       590   -158      458
  SINCE DEC 1   2231                      2316    -85     1978
  SINCE JUL 1   2848                      3100   -252     2612

 COOLING
  YESTERDAY        6                         0      6        0
  MONTH TO DATE    7                         0      7        0
  SINCE DEC 1      7                         0      7        0
  SINCE JAN 1      7                         0      7        0
..................................................................


WIND (MPH)
  HIGHEST WIND SPEED    28   HIGHEST WIND DIRECTION    SW (220)
  HIGHEST GUST SPEED    35   HIGHEST GUST DIRECTION    SW (220)
  AVERAGE WIND SPEED    13.0


SKY COVER
  POSSIBLE SUNSHINE  MM
  AVERAGE SKY COVER 0.5


WEATHER CONDITIONS
 THE FOLLOWING WEATHER WAS RECORDED YESTERDAY.
  NO SIGNIFICANT WEATHER WAS OBSERVED.


RELATIVE HUMIDITY (PERCENT)
 HIGHEST    93           200 AM
 LOWEST     56           300 PM
 AVERAGE    75

..........................................................


THE GEORGETOWN DE CLIMATE NORMALS FOR TODAY
                         NORMAL    RECORD    YEAR
 MAXIMUM TEMPERATURE (F)   48        72      1997
 MINIMUM TEMPERATURE (F)   29        10      1963


SUNRISE AND SUNSET
FEBRUARY 22 2018......SUNRISE   643 AM EST   SUNSET   547 PM EST
FEBRUARY 23 2018......SUNRISE   642 AM EST   SUNSET   548 PM EST


-  INDICATES NEGATIVE NUMBERS.
R  INDICATES RECORD WAS SET OR TIED.
MM INDICATES DATA IS MISSING.
T  INDICATES TRACE AMOUNT.




$$
