000
CDUS41 KPHI 020637
CLIGED


CLIMATE REPORT
NATIONAL WEATHER SERVICE MOUNT HOLLY NJ
235 AM EDT SUN AUG 2 2015


...................................

...THE GEORGETOWN DE CLIMATE SUMMARY FOR AUGUST 1 2015...

CLIMATE NORMAL PERIOD 1981 TO 2010
CLIMATE RECORD PERIOD 1948 TO 2015


WEATHER ITEM   OBSERVED TIME   RECORD YEAR NORMAL DEPARTURE LAST
                VALUE   (LST)  VALUE       VALUE  FROM      YEAR
                                                  NORMAL
..................................................................
TEMPERATURE (F)
 YESTERDAY
  MAXIMUM         91    304 PM  97    1983  86      5       79
  MINIMUM         68    407 AM  50    1964  68      0       64
  AVERAGE         80                        77      3       72

PRECIPITATION (IN)
  YESTERDAY        0.59          2.99 1948   0.10   0.49     0.29
  MONTH TO DATE    0.59                      0.10   0.49     0.29
  SINCE JUN 1      8.73                      8.90  -0.17     9.08
  SINCE JAN 1     23.47                     25.84  -2.37    26.27

SNOWFALL (IN)
  YESTERDAY       MM            MM      MM  MM     MM       MM
  MONTH TO DATE   MM                        MM     MM       MM
  SINCE JUN 1     MM                        MM     MM       MM
  SINCE JUL 1     MM                        MM     MM       MM
  SNOW DEPTH      MM

DEGREE DAYS
 HEATING
  YESTERDAY        0                         0      0        0
  MONTH TO DATE    0                         0      0        0
  SINCE JUN 1     21                        13      8        5
  SINCE JUL 1      0                         0      0        0

 COOLING
  YESTERDAY       15                        12      3        7
  MONTH TO DATE   15                        12      3        7
  SINCE JUN 1    688                       618     70      605
  SINCE JAN 1    863                       712    151      706
..................................................................


WIND (MPH)
  HIGHEST WIND SPEED    17   HIGHEST WIND DIRECTION    SW (230)
  HIGHEST GUST SPEED    26   HIGHEST GUST DIRECTION     W (290)
  AVERAGE WIND SPEED     5.9


SKY COVER
  POSSIBLE SUNSHINE  MM
  AVERAGE SKY COVER 0.1


WEATHER CONDITIONS
 THE FOLLOWING WEATHER WAS RECORDED YESTERDAY.
  THUNDERSTORM
  HEAVY RAIN
  LIGHT RAIN
  FOG


RELATIVE HUMIDITY (PERCENT)
 HIGHEST    90           400 AM
 LOWEST     36           200 PM
 AVERAGE    63

..........................................................


THE GEORGETOWN DE CLIMATE NORMALS FOR TODAY
                         NORMAL    RECORD    YEAR
 MAXIMUM TEMPERATURE (F)   86        97      2006
 MINIMUM TEMPERATURE (F)   68        53      1981


SUNRISE AND SUNSET
AUGUST  2 2015........SUNRISE   604 AM EDT   SUNSET   811 PM EDT
AUGUST  3 2015........SUNRISE   604 AM EDT   SUNSET   810 PM EDT


-  INDICATES NEGATIVE NUMBERS.
R  INDICATES RECORD WAS SET OR TIED.
MM INDICATES DATA IS MISSING.
T  INDICATES TRACE AMOUNT.




$$
