000
CDUS41 KPHI 252134
CLIGED


CLIMATE REPORT
NATIONAL WEATHER SERVICE MOUNT HOLLY NJ
533 PM EDT WED MAY 25 2016


...................................

...THE GEORGETOWN DE CLIMATE SUMMARY FOR MAY 25 2016...
VALID TODAY AS OF 0500 PM LOCAL TIME.

CLIMATE NORMAL PERIOD 1981 TO 2010
CLIMATE RECORD PERIOD 1948 TO 2016


WEATHER ITEM   OBSERVED TIME   RECORD YEAR NORMAL DEPARTURE LAST
                VALUE   (LST)  VALUE       VALUE  FROM      YEAR
                                                  NORMAL
..................................................................
TEMPERATURE (F)
 TODAY
  MAXIMUM         86    318 PM  91    1964  76     10       83
  MINIMUM         61    513 AM  35    1956  56      5       59
  AVERAGE         74                        66      8       71

PRECIPITATION (IN)
  TODAY            0.00          1.89 1979   0.14  -0.14     0.00
  MONTH TO DATE    4.97                      2.78   2.19     1.19
  SINCE MAR 1     10.33                     10.46  -0.13     7.91
  SINCE JAN 1     16.80                     16.17   0.63    14.74

SNOWFALL (IN)
  TODAY           MM            MM      MM  MM     MM       MM
  MONTH TO DATE   MM                        MM     MM       MM
  SINCE MAR 1     MM                        MM     MM       MM
  SINCE JUL 1     MM                        MM     MM       MM
  SNOW DEPTH      MM

DEGREE DAYS
 HEATING
  TODAY            0                         2     -2        0
  MONTH TO DATE  159                       123     36       63
  SINCE MAR 1    981                      1103   -122     1128
  SINCE JUL 1   3659                      4383   -724     4616

 COOLING
  TODAY            9                         3      6        6
  MONTH TO DATE   13                        50    -37       97
  SINCE MAR 1     34                        70    -36      102
  SINCE JAN 1     34                        70    -36      102
..................................................................


WIND (MPH)
  HIGHEST WIND SPEED    13   HIGHEST WIND DIRECTION    SW (240)
  HIGHEST GUST SPEED    18   HIGHEST GUST DIRECTION    SW (230)
  AVERAGE WIND SPEED     6.1


SKY COVER
  POSSIBLE SUNSHINE  MM
  AVERAGE SKY COVER 0.0


WEATHER CONDITIONS
 THE FOLLOWING WEATHER WAS RECORDED TODAY.
  NO SIGNIFICANT WEATHER WAS OBSERVED.


RELATIVE HUMIDITY (PERCENT)
 HIGHEST    78           500 AM
 LOWEST     27          1100 AM
 AVERAGE    53

..........................................................


THE GEORGETOWN DE CLIMATE NORMALS FOR TOMORROW
                         NORMAL    RECORD    YEAR
 MAXIMUM TEMPERATURE (F)   77        92      2011
                                             1965
 MINIMUM TEMPERATURE (F)   56        40      1967


SUNRISE AND SUNSET
MAY 25 2016...........SUNRISE   542 AM EDT   SUNSET   816 PM EDT
MAY 26 2016...........SUNRISE   541 AM EDT   SUNSET   816 PM EDT


-  INDICATES NEGATIVE NUMBERS.
R  INDICATES RECORD WAS SET OR TIED.
MM INDICATES DATA IS MISSING.
T  INDICATES TRACE AMOUNT.




$$
