000
CDUS41 KPHI 312131
CLIGED


CLIMATE REPORT
NATIONAL WEATHER SERVICE MOUNT HOLLY NJ
531 PM EDT FRI OCT 31 2014


...................................

...THE GEORGETOWN DE CLIMATE SUMMARY FOR OCTOBER 31 2014...
VALID TODAY AS OF 0500 PM LOCAL TIME.

CLIMATE NORMAL PERIOD 1981 TO 2010
CLIMATE RECORD PERIOD 1948 TO 2014


WEATHER ITEM   OBSERVED TIME   RECORD YEAR NORMAL DEPARTURE LAST
                VALUE   (LST)  VALUE       VALUE  FROM      YEAR
                                                  NORMAL
..................................................................
TEMPERATURE (F)
 TODAY
  MAXIMUM         56    105 PM  81    1950  64     -8       75
  MINIMUM         37    604 AM  24    1988  43     -6       50
  AVERAGE         47                        53     -6       63

PRECIPITATION (IN)
  TODAY            0.00          3.03 1956   0.12  -0.12     0.01
  MONTH TO DATE    2.51                      3.72  -1.21     4.73
  SINCE SEP 1      6.41                      7.85  -1.44     5.42
  SINCE JAN 1     36.71                     37.12  -0.41    47.41

SNOWFALL (IN)
  TODAY           MM            MM      MM  MM     MM       MM
  MONTH TO DATE   MM                        MM     MM       MM
  SINCE SEP 1     MM                        MM     MM       MM
  SINCE JUL 1     MM                        MM     MM       MM
  SNOW DEPTH      MM

DEGREE DAYS
 HEATING
  TODAY           18                        12      6        2
  MONTH TO DATE  166                       247    -81      191
  SINCE SEP 1    181                       285   -104      243
  SINCE JUL 1    181                       286   -105      243

 COOLING
  TODAY            0                         0      0        0
  MONTH TO DATE   23                        23      0       68
  SINCE SEP 1    198                       165     33      204
  SINCE JAN 1   1149                      1194    -45     1391
..................................................................


WIND (MPH)
  HIGHEST WIND SPEED    14   HIGHEST WIND DIRECTION    NE (50)
  HIGHEST GUST SPEED    18   HIGHEST GUST DIRECTION    NE (50)
  AVERAGE WIND SPEED     4.5


SKY COVER
  POSSIBLE SUNSHINE  MM
  AVERAGE SKY COVER 0.3


WEATHER CONDITIONS
 THE FOLLOWING WEATHER WAS RECORDED TODAY.
  NO SIGNIFICANT WEATHER WAS OBSERVED.


RELATIVE HUMIDITY (PERCENT)
 HIGHEST    86           200 AM
 LOWEST     51           100 PM
 AVERAGE    69

..........................................................


THE GEORGETOWN DE CLIMATE NORMALS FOR TOMORROW
                         NORMAL    RECORD    YEAR
 MAXIMUM TEMPERATURE (F)   63        86      1950
 MINIMUM TEMPERATURE (F)   42        25      1975


SUNRISE AND SUNSET
OCTOBER 31 2014.......SUNRISE   727 AM EDT   SUNSET   602 PM EDT
NOVEMBER  1 2014......SUNRISE   728 AM EDT   SUNSET   601 PM EDT


-  INDICATES NEGATIVE NUMBERS.
R  INDICATES RECORD WAS SET OR TIED.
MM INDICATES DATA IS MISSING.
T  INDICATES TRACE AMOUNT.




$$
