000
CDUS41 KPHI 240633
CLIGED


CLIMATE REPORT
NATIONAL WEATHER SERVICE MOUNT HOLLY NJ
231 AM EDT SUN MAY 24 2015


...................................

...THE GEORGETOWN DE CLIMATE SUMMARY FOR MAY 23 2015...

CLIMATE NORMAL PERIOD 1981 TO 2010
CLIMATE RECORD PERIOD 1948 TO 2015


WEATHER ITEM   OBSERVED TIME   RECORD YEAR NORMAL DEPARTURE LAST
                VALUE   (LST)  VALUE       VALUE  FROM      YEAR
                                                  NORMAL
..................................................................
TEMPERATURE (F)
 YESTERDAY
  MAXIMUM         70    512 PM  93    1964  76     -6       76
  MINIMUM         49   1153 PM  39    2006  55     -6       58
  AVERAGE         60                        65     -5       67

PRECIPITATION (IN)
  YESTERDAY        0.00          2.22 1951   0.14  -0.14     0.00
  MONTH TO DATE    1.19                      2.50  -1.31     2.53
  SINCE MAR 1      7.91                     10.18  -2.27     9.40
  SINCE JAN 1     14.74                     15.89  -1.15    16.58

SNOWFALL (IN)
  YESTERDAY       MM            MM      MM  MM     MM       MM
  MONTH TO DATE   MM                        MM     MM       MM
  SINCE MAR 1     MM                        MM     MM       MM
  SINCE JUL 1     MM                        MM     MM       MM
  SNOW DEPTH      MM

DEGREE DAYS
 HEATING
  YESTERDAY        5                         3      2        0
  MONTH TO DATE   61                       118    -57       55
  SINCE MAR 1   1126                      1098     28     1133
  SINCE JUL 1   4614                      4378    236     4488

 COOLING
  YESTERDAY        0                         3     -3        2
  MONTH TO DATE   91                        44     47       60
  SINCE MAR 1     96                        64     32       72
  SINCE JAN 1     96                        64     32       72
..................................................................


WIND (MPH)
  HIGHEST WIND SPEED    13   HIGHEST WIND DIRECTION     S (160)
  HIGHEST GUST SPEED    15   HIGHEST GUST DIRECTION     N (350)
  AVERAGE WIND SPEED     5.7


SKY COVER
  POSSIBLE SUNSHINE  MM
  AVERAGE SKY COVER 0.0


WEATHER CONDITIONS
 THE FOLLOWING WEATHER WAS RECORDED YESTERDAY.
  NO SIGNIFICANT WEATHER WAS OBSERVED.


RELATIVE HUMIDITY (PERCENT)
 HIGHEST    83          1000 PM
 LOWEST     23           300 PM
 AVERAGE    53

..........................................................


THE GEORGETOWN DE CLIMATE NORMALS FOR TODAY
                         NORMAL    RECORD    YEAR
 MAXIMUM TEMPERATURE (F)   76        93      1964
 MINIMUM TEMPERATURE (F)   55        37      1963


SUNRISE AND SUNSET
MAY 24 2015...........SUNRISE   543 AM EDT   SUNSET   814 PM EDT
MAY 25 2015...........SUNRISE   542 AM EDT   SUNSET   815 PM EDT


-  INDICATES NEGATIVE NUMBERS.
R  INDICATES RECORD WAS SET OR TIED.
MM INDICATES DATA IS MISSING.
T  INDICATES TRACE AMOUNT.




$$
