000
CDUS46 KOTX 260831
CLIGEG


CLIMATE REPORT
NATIONAL WEATHER SERVICE SPOKANE, WA
130 AM PDT SUN OCT 26 2014


...................................

...THE SPOKANE WA AIRPORT CLIMATE SUMMARY FOR OCTOBER 25 2014...

CLIMATE NORMAL PERIOD 1981 TO 2010
CLIMATE RECORD PERIOD 1881 TO 2014


WEATHER ITEM   OBSERVED TIME   RECORD YEAR NORMAL DEPARTURE LAST
                VALUE   (LST)  VALUE       VALUE  FROM      YEAR
                                                  NORMAL
..................................................................
TEMPERATURE (F)
 YESTERDAY
  MAXIMUM         69    230 PM  71    1966  53     16       55
  MINIMUM         44    628 AM  12    1919  35      9       38
  AVERAGE         57                        44     13       47

PRECIPITATION (IN)
  YESTERDAY        T             0.48 1900   0.06  -0.06     0.00
  MONTH TO DATE    0.85                      0.85   0.00     0.08
  SINCE OCT 1      0.85                      0.85   0.00     0.08
  SINCE JAN 1     11.11                     11.63  -0.52     9.11

SNOWFALL (IN)
  YESTERDAY        0.0           3.3  1975   0.0    0.0      0.0
  MONTH TO DATE    0.0                       0.0    0.0      0.0
  SINCE SEP 1      0.0                       0.0    0.0      0.0
  SINCE JUL 1      0.0                       0.0    0.0      0.0
  SNOW DEPTH       0

DEGREE DAYS
 HEATING
  YESTERDAY        8                        21    -13       18
  MONTH TO DATE  244                       406   -162      442
  SINCE SEP 1    338                       589   -251      602
  SINCE JUL 1    350                       654   -304      609

 COOLING
  YESTERDAY        0                         0      0        0
  MONTH TO DATE    1                         0      1        0
  SINCE SEP 1     48                        38     10      108
  SINCE JAN 1    654                       449    205      709
..................................................................


WIND (MPH)
  HIGHEST WIND SPEED    37   HIGHEST WIND DIRECTION    SW (210)
  HIGHEST GUST SPEED    48   HIGHEST GUST DIRECTION    SW (210)
  AVERAGE WIND SPEED    14.1


SKY COVER
  POSSIBLE SUNSHINE  MM
  AVERAGE SKY COVER 0.8


WEATHER CONDITIONS
 THE FOLLOWING WEATHER WAS RECORDED YESTERDAY.
  LIGHT RAIN


RELATIVE HUMIDITY (PERCENT)
 HIGHEST    92           100 AM
 LOWEST     33           200 PM
 AVERAGE    63

..........................................................


THE SPOKANE WA AIRPORT CLIMATE NORMALS FOR TODAY
                         NORMAL    RECORD    YEAR
 MAXIMUM TEMPERATURE (F)   52        73      1938
 MINIMUM TEMPERATURE (F)   35        19      1978


SUNRISE AND SUNSET
OCTOBER 26 2014.......SUNRISE   725 AM PDT   SUNSET   542 PM PDT
OCTOBER 27 2014.......SUNRISE   727 AM PDT   SUNSET   540 PM PDT


-  INDICATES NEGATIVE NUMBERS.
R  INDICATES RECORD WAS SET OR TIED.
MM INDICATES DATA IS MISSING.
T  INDICATES TRACE AMOUNT.




$$
