000
CDUS46 KOTX 182328
CLIGEG


CLIMATE REPORT
NATIONAL WEATHER SERVICE SPOKANE, WA
426 PM PDT THU SEP 18 2014


...................................

...THE SPOKANE WA AIRPORT CLIMATE SUMMARY FOR SEPTEMBER 18 2014...
VALID AS OF 0400 PM LOCAL TIME.

CLIMATE NORMAL PERIOD 1981 TO 2010
CLIMATE RECORD PERIOD 1881 TO 2014


WEATHER ITEM   OBSERVED TIME   RECORD YEAR NORMAL DEPARTURE LAST
                VALUE   (LST)  VALUE       VALUE  FROM      YEAR
                                                  NORMAL
..................................................................
TEMPERATURE (F)
 TODAY
  MAXIMUM         81   1255 PM  98    1938  72      9       67
  MINIMUM         58    219 AM  32    1978  47     11       48
                                      1965
                                      1942
  AVERAGE         70                        59     11       58

PRECIPITATION (IN)
  TODAY            0.00          0.33 1983   0.02  -0.02      T
  MONTH TO DATE    0.22                      0.38  -0.16     0.50
  SINCE OCT 1     12.55                     16.27  -3.72    15.33
  SINCE JAN 1     10.22                     10.49  -0.27     7.97

SNOWFALL (IN)
  TODAY            0.0           0.0  2002   0.0    0.0      0.0
                                      2001
                                      1999
  MONTH TO DATE    0.0                       0.0    0.0      0.0
  SINCE SEP 1      0.0                       0.0    0.0      0.0
  SINCE JUL 1      0.0                       0.0    0.0      0.0
  SNOW DEPTH       0

DEGREE DAYS
 HEATING
  TODAY            0                         7     -7        7
  MONTH TO DATE   68                        79    -11       22
  SINCE SEP 1     68                        79    -11       22
  SINCE JUL 1     80                       144    -64       29

 COOLING
  TODAY            5                         1      4        0
  MONTH TO DATE   24                        31     -7      108
  SINCE SEP 1     24                        31     -7      108
  SINCE JAN 1    630                       442    188      709
..................................................................


WIND (MPH)
  HIGHEST WIND SPEED    28   HIGHEST WIND DIRECTION    SW (240)
  HIGHEST GUST SPEED    33   HIGHEST GUST DIRECTION    SW (240)
  AVERAGE WIND SPEED    11.4


SKY COVER
  POSSIBLE SUNSHINE  MM
  AVERAGE SKY COVER 0.8


WEATHER CONDITIONS
 THE FOLLOWING WEATHER WAS RECORDED TODAY.
  NO SIGNIFICANT WEATHER WAS OBSERVED.


RELATIVE HUMIDITY (PERCENT)
 HIGHEST    52           900 AM
 LOWEST     26           100 PM
 AVERAGE    39

..........................................................


THE SPOKANE WA AIRPORT CLIMATE NORMALS FOR TOMORROW
                         NORMAL    RECORD    YEAR
 MAXIMUM TEMPERATURE (F)   72        92      1922
                                             1906
 MINIMUM TEMPERATURE (F)   46        32      1983


SUNRISE AND SUNSET
SEPTEMBER 18 2014.....SUNRISE   632 AM PDT   SUNSET   656 PM PDT
SEPTEMBER 19 2014.....SUNRISE   633 AM PDT   SUNSET   654 PM PDT


-  INDICATES NEGATIVE NUMBERS.
R  INDICATES RECORD WAS SET OR TIED.
MM INDICATES DATA IS MISSING.
T  INDICATES TRACE AMOUNT.




$$
