000
CDUS46 KOTX 210827
CLIGEG


CLIMATE REPORT
NATIONAL WEATHER SERVICE SPOKANE, WA
127 AM PDT MON AUG 21 2017


...................................

...THE SPOKANE WA AIRPORT CLIMATE SUMMARY FOR AUGUST 20 2017...

CLIMATE NORMAL PERIOD 1981 TO 2010
CLIMATE RECORD PERIOD 1881 TO 2017


WEATHER ITEM   OBSERVED TIME   RECORD YEAR NORMAL DEPARTURE LAST
                VALUE   (LST)  VALUE       VALUE  FROM      YEAR
                                                  NORMAL
..................................................................
TEMPERATURE (F)
 YESTERDAY
  MAXIMUM         80    351 PM 100    1897  82     -2       91
  MINIMUM         54    453 AM  40    1945  55     -1       56
  AVERAGE         67                        69     -2       74

PRECIPITATION (IN)
  YESTERDAY        0.00          1.44 1923   0.02  -0.02     0.00
  MONTH TO DATE    T                         0.37  -0.37     0.16
  SINCE OCT 1     23.26                     15.67   7.59    15.16
  SINCE JAN 1     13.97                      9.89   4.08     8.80

SNOWFALL (IN)
  YESTERDAY        0.0           0.0  2002   0.0    0.0      0.0
                                      2001
                                      1999
  MONTH TO DATE    0.0                       0.0    0.0      0.0
  SINCE JUN 1      0.0                       0.0    0.0      0.0
  SINCE JUL 1      0.0                       0.0    0.0      0.0
  SNOW DEPTH       0

DEGREE DAYS
 HEATING
  YESTERDAY        0                         1     -1        0
  MONTH TO DATE    2                        15    -13        9
  SINCE JUN 1     68                       183   -115      139
  SINCE JUL 1      2                        47    -45       29

 COOLING
  YESTERDAY        2                         5     -3        9
  MONTH TO DATE  196                       126     70      150
  SINCE JUN 1    585                       355    230      416
  SINCE JAN 1    620                       369    251      428
..................................................................


WIND (MPH)
  HIGHEST WIND SPEED    18   HIGHEST WIND DIRECTION    SW (230)
  HIGHEST GUST SPEED    22   HIGHEST GUST DIRECTION    SW (210)
  AVERAGE WIND SPEED     7.9


SKY COVER
  POSSIBLE SUNSHINE  MM
  AVERAGE SKY COVER 0.6


WEATHER CONDITIONS
 THE FOLLOWING WEATHER WAS RECORDED YESTERDAY.
  NO SIGNIFICANT WEATHER WAS OBSERVED.


RELATIVE HUMIDITY (PERCENT)
 HIGHEST    54           500 AM
 LOWEST     21           300 PM
 AVERAGE    38

..........................................................


THE SPOKANE WA AIRPORT CLIMATE NORMALS FOR TODAY
                         NORMAL    RECORD    YEAR
 MAXIMUM TEMPERATURE (F)   82        99      1888
 MINIMUM TEMPERATURE (F)   55        43      1945


SUNRISE AND SUNSET
AUGUST 21 2017........SUNRISE   554 AM PDT   SUNSET   751 PM PDT
AUGUST 22 2017........SUNRISE   556 AM PDT   SUNSET   749 PM PDT


-  INDICATES NEGATIVE NUMBERS.
R  INDICATES RECORD WAS SET OR TIED.
MM INDICATES DATA IS MISSING.
T  INDICATES TRACE AMOUNT.




$$
