000
CDUS46 KOTX 310432
CLIGEG


CLIMATE REPORT
NATIONAL WEATHER SERVICE SPOKANE, WA
931 PM PDT SAT JUL 30 2016


...................................

...THE SPOKANE WA AIRPORT CLIMATE SUMMARY FOR JULY 30 2016...
VALID TODAY AS OF 0800 PM LOCAL TIME.

CLIMATE NORMAL PERIOD 1981 TO 2010
CLIMATE RECORD PERIOD 1881 TO 2016


WEATHER ITEM   OBSERVED TIME   RECORD YEAR NORMAL DEPARTURE LAST
                VALUE   (LST)  VALUE       VALUE  FROM      YEAR
                                                  NORMAL
..................................................................
TEMPERATURE (F)
 TODAY
  MAXIMUM         92    333 PM 102    1929  86      6       95
  MINIMUM         65    533 AM  41    2001  58      7       61
  AVERAGE         79                        72      7       78

PRECIPITATION (IN)
  TODAY            0.00          0.31 1975   0.01  -0.01     0.00
  MONTH TO DATE    0.27                      0.62  -0.35     0.19
  SINCE OCT 1     15.00                     15.28  -0.28    11.75
  SINCE JAN 1      8.64                      9.50  -0.86     7.02

DEGREE DAYS
 HEATING
  TODAY            0                         0      0        0
  MONTH TO DATE   20                        31    -11        5
  SINCE JUN 1    130                       167    -37       30
  SINCE JUL 1     20                        31    -11        5

 COOLING
  TODAY           14                         7      7       13
  MONTH TO DATE  147                       171    -24      283
  SINCE JUN 1    261                       220     41      508
  SINCE JAN 1    273                       234     39      540
..................................................................


WIND (MPH)
  HIGHEST WIND SPEED    28   HIGHEST WIND DIRECTION     W (250)
  HIGHEST GUST SPEED    34   HIGHEST GUST DIRECTION     W (250)
  AVERAGE WIND SPEED    14.5


SKY COVER
  POSSIBLE SUNSHINE  MM
  AVERAGE SKY COVER 0.2


WEATHER CONDITIONS
 THE FOLLOWING WEATHER WAS RECORDED TODAY.
  NO SIGNIFICANT WEATHER WAS OBSERVED.


RELATIVE HUMIDITY (PERCENT)
 HIGHEST    48           500 AM
 LOWEST     13           300 PM
 AVERAGE    31

..........................................................


THE SPOKANE WA AIRPORT CLIMATE NORMALS FOR TOMORROW
                         NORMAL    RECORD    YEAR
 MAXIMUM TEMPERATURE (F)   86       103      1929
 MINIMUM TEMPERATURE (F)   58        45      2006
                                             1945


SUNRISE AND SUNSET
JULY 30 2016..........SUNRISE   526 AM PDT   SUNSET   827 PM PDT
JULY 31 2016..........SUNRISE   527 AM PDT   SUNSET   825 PM PDT


-  INDICATES NEGATIVE NUMBERS.
R  INDICATES RECORD WAS SET OR TIED.
MM INDICATES DATA IS MISSING.
T  INDICATES TRACE AMOUNT.




$$
