000
CDUS46 KOTX 040829
CLIGEG


CLIMATE REPORT
NATIONAL WEATHER SERVICE SPOKANE, WA
126 AM PDT FRI SEP 4 2015


...................................

...THE SPOKANE WA AIRPORT CLIMATE SUMMARY FOR SEPTEMBER 3 2015...

CLIMATE NORMAL PERIOD 1981 TO 2010
CLIMATE RECORD PERIOD 1881 TO 2015


WEATHER ITEM   OBSERVED TIME   RECORD YEAR NORMAL DEPARTURE LAST
                VALUE   (LST)  VALUE       VALUE  FROM      YEAR
                                                  NORMAL
..................................................................
TEMPERATURE (F)
 YESTERDAY
  MAXIMUM         65    356 PM  98    1988  78    -13       63
  MINIMUM         45    625 AM  39    1980  52     -7       48
                                      1884
  AVERAGE         55                        65    -10       56

PRECIPITATION (IN)
  YESTERDAY        T             0.45 1887   0.02  -0.02     0.09
  MONTH TO DATE    T                         0.06  -0.06     0.22
  SINCE OCT 1     11.93                     15.95  -4.02    12.55
  SINCE JAN 1      7.20                     10.17  -2.97    10.22

SNOWFALL (IN)
  YESTERDAY        0.0           0.0  2002   0.0    0.0      0.0
                                      2001
                                      1999
  MONTH TO DATE    0.0                       0.0    0.0      0.0
  SINCE SEP 1      0.0                       0.0    0.0      0.0
  SINCE JUL 1      0.0                       0.0    0.0      0.0
  SNOW DEPTH       0

DEGREE DAYS
 HEATING
  YESTERDAY       10                         3      7        9
  MONTH TO DATE   15                         9      6       16
  SINCE SEP 1     15                         9      6       16
  SINCE JUL 1     31                        74    -43       28

 COOLING
  YESTERDAY        0                         2     -2        0
  MONTH TO DATE    0                         8     -8        0
  SINCE SEP 1      0                         8     -8        0
  SINCE JAN 1    808                       419    389      606
..................................................................


WIND (MPH)
  HIGHEST WIND SPEED    17   HIGHEST WIND DIRECTION    SW (210)
  HIGHEST GUST SPEED    23   HIGHEST GUST DIRECTION    SW (230)
  AVERAGE WIND SPEED     7.7


SKY COVER
  POSSIBLE SUNSHINE  MM
  AVERAGE SKY COVER 0.4


WEATHER CONDITIONS
 THE FOLLOWING WEATHER WAS RECORDED YESTERDAY.
  NO SIGNIFICANT WEATHER WAS OBSERVED.


RELATIVE HUMIDITY (PERCENT)
 HIGHEST    74           300 AM
 LOWEST     24           400 PM
 AVERAGE    49

..........................................................


THE SPOKANE WA AIRPORT CLIMATE NORMALS FOR TODAY
                         NORMAL    RECORD    YEAR
 MAXIMUM TEMPERATURE (F)   77        96      1988
 MINIMUM TEMPERATURE (F)   51        36      1889


SUNRISE AND SUNSET
SEPTEMBER  4 2015.....SUNRISE   612 AM PDT   SUNSET   725 PM PDT
SEPTEMBER  5 2015.....SUNRISE   614 AM PDT   SUNSET   723 PM PDT


-  INDICATES NEGATIVE NUMBERS.
R  INDICATES RECORD WAS SET OR TIED.
MM INDICATES DATA IS MISSING.
T  INDICATES TRACE AMOUNT.




$$
