682
CDUS46 KOTX 280825
CLIGEG


CLIMATE REPORT
NATIONAL WEATHER SERVICE SPOKANE, WA
125 AM PDT WED JUN 28 2017


...................................

...THE SPOKANE WA AIRPORT CLIMATE SUMMARY FOR JUNE 27 2017...

CLIMATE NORMAL PERIOD 1981 TO 2010
CLIMATE RECORD PERIOD 1881 TO 2017


WEATHER ITEM   OBSERVED TIME   RECORD YEAR NORMAL DEPARTURE LAST
                VALUE   (LST)  VALUE       VALUE  FROM      YEAR
                                                  NORMAL
..................................................................
TEMPERATURE (F)
 YESTERDAY
  MAXIMUM         82    449 PM 102    2015  77      5       90
  MINIMUM         59    605 AM  41    1975  53      6       59
                                      1965
  AVERAGE         71                        65      6       75

PRECIPITATION (IN)
  YESTERDAY        0.00          0.51 1906   0.03  -0.03     0.00
  MONTH TO DATE    0.64                      1.17  -0.53     0.51
  SINCE OCT 1     23.19                     14.58   8.61    14.73
  SINCE JAN 1     13.90                      8.80   5.10     8.37

SNOWFALL (IN)
  YESTERDAY        0.0           T    1952   0.0    0.0      0.0
  MONTH TO DATE    0.0                       0.0    0.0      0.0
  SINCE JUN 1      0.0                       0.0    0.0      0.0
  SINCE JUL 1     61.5                      44.9   16.6     34.2
  SNOW DEPTH       0

DEGREE DAYS
 HEATING
  YESTERDAY        0                         3     -3        0
  MONTH TO DATE   66                       128    -62      110
  SINCE JUN 1     66                       128    -62      110
  SINCE JUL 1   6628                      6585     43     5588

 COOLING
  YESTERDAY        6                         3      3       10
  MONTH TO DATE   79                        40     39       78
  SINCE JUN 1     79                        40     39       78
  SINCE JAN 1    114                        54     60       90
..................................................................


WIND (MPH)
  HIGHEST WIND SPEED    21   HIGHEST WIND DIRECTION    SW (210)
  HIGHEST GUST SPEED    28   HIGHEST GUST DIRECTION    SW (210)
  AVERAGE WIND SPEED     9.0


SKY COVER
  POSSIBLE SUNSHINE  MM
  AVERAGE SKY COVER 0.7


WEATHER CONDITIONS
 THE FOLLOWING WEATHER WAS RECORDED YESTERDAY.
  NO SIGNIFICANT WEATHER WAS OBSERVED.


RELATIVE HUMIDITY (PERCENT)
 HIGHEST    87           400 AM
 LOWEST     14           600 PM
 AVERAGE    51

..........................................................


THE SPOKANE WA AIRPORT CLIMATE NORMALS FOR TODAY
                         NORMAL    RECORD    YEAR
 MAXIMUM TEMPERATURE (F)   78       105      2015
 MINIMUM TEMPERATURE (F)   53        39      1964


SUNRISE AND SUNSET
JUNE 28 2017..........SUNRISE   455 AM PDT   SUNSET   852 PM PDT
JUNE 29 2017..........SUNRISE   455 AM PDT   SUNSET   852 PM PDT


-  INDICATES NEGATIVE NUMBERS.
R  INDICATES RECORD WAS SET OR TIED.
MM INDICATES DATA IS MISSING.
T  INDICATES TRACE AMOUNT.




$$
