000
CDUS43 KIND 290533
CLIGEZ


CLIMATE REPORT
NATIONAL WEATHER SERVICE INDIANAPOLIS IN
131 AM EDT SAT APR 29 2017


...................................

...THE SHELBYVILLE IN CLIMATE SUMMARY FOR APRIL 28 2017...

CLIMATE NORMAL PERIOD 1981 TO 2010
CLIMATE RECORD PERIOD 9999 TO 9999


WEATHER ITEM   OBSERVED TIME   NORMAL DEPARTURE LAST
                VALUE   (LST)  VALUE  FROM      YEAR
                                      NORMAL
......................................................
TEMPERATURE (F)
 YESTERDAY
  MAXIMUM         70    344 PM  68      2       75
  MINIMUM         44    316 AM  46     -2       56
  AVERAGE         57            57      0       66

PRECIPITATION (IN)
  YESTERDAY        0.76          0.18   0.58     0.56
  MONTH TO DATE    2.05          3.92  -1.87     4.35
  SINCE MAR 1      5.73          7.35  -1.62     9.10
  SINCE JAN 1     11.17         12.10  -0.93    13.74

DEGREE DAYS
 HEATING
  YESTERDAY        8             9     -1        0
  MONTH TO DATE  180           361   -181      308
  SINCE MAR 1    804          1081   -277      755
  SINCE JUL 1   3987          5244  -1257     3924

 COOLING
  YESTERDAY        0             0      0        1
  MONTH TO DATE   49             0     49       20
  SINCE MAR 1     53             1     52       20
  SINCE JAN 1     53             1     52       20
......................................................


WIND (MPH)
  HIGHEST WIND SPEED    29   HIGHEST WIND DIRECTION     E (110)
  HIGHEST GUST SPEED    36   HIGHEST GUST DIRECTION    SE (120)
  AVERAGE WIND SPEED     9.3


SKY COVER
  AVERAGE SKY COVER 0.6


WEATHER CONDITIONS
 THE FOLLOWING WEATHER WAS RECORDED YESTERDAY.
  THUNDERSTORM
  HEAVY RAIN
  RAIN
  LIGHT RAIN
  FOG


RELATIVE HUMIDITY (PERCENT)
 HIGHEST    86           300 AM
 LOWEST     53           300 PM
 AVERAGE    70

..........................................................


THE SHELBYVILLE IN CLIMATE NORMALS FOR TODAY
                         NORMAL
 MAXIMUM TEMPERATURE (F)   68
 MINIMUM TEMPERATURE (F)   47


SUNRISE AND SUNSET
APRIL 29 2017.........SUNRISE   646 AM EDT   SUNSET   835 PM EDT
APRIL 30 2017.........SUNRISE   645 AM EDT   SUNSET   836 PM EDT


-  INDICATES NEGATIVE NUMBERS.
R  INDICATES RECORD WAS SET OR TIED.
MM INDICATES DATA IS MISSING.
T  INDICATES TRACE AMOUNT.




$$
