000
CDUS43 KIND 230536
CLIGEZ


CLIMATE REPORT
NATIONAL WEATHER SERVICE INDIANAPOLIS IN
136 AM EDT WED APR 23 2014


...................................

...THE SHELBYVILLE IN CLIMATE SUMMARY FOR APRIL 22 2014...

CLIMATE NORMAL PERIOD 1981 TO 2010
CLIMATE RECORD PERIOD 9999 TO 9999


WEATHER ITEM   OBSERVED TIME   NORMAL DEPARTURE LAST
                VALUE   (LST)  VALUE  FROM      YEAR
                                      NORMAL
......................................................
TEMPERATURE (F)
 YESTERDAY
  MAXIMUM         64    355 PM  66     -2       70
  MINIMUM         44   1159 PM  44      0       33
  AVERAGE         54            55     -1       52

PRECIPITATION (IN)
  YESTERDAY        0.00          0.15  -0.15     0.00
  MONTH TO DATE    4.02          2.90   1.12     2.28
  SINCE MAR 1      6.08          6.33  -0.25     3.54
  SINCE JAN 1      9.96         11.08  -1.12     8.74

DEGREE DAYS
 HEATING
  YESTERDAY       11            10      1       13
  MONTH TO DATE  246           304    -58      266
  SINCE MAR 1   1064          1024     40     1113
  SINCE JUL 1   5562          5187    375     4915

 COOLING
  YESTERDAY        0             0      0        0
  MONTH TO DATE    8             0      8       15
  SINCE MAR 1      8             1      7       15
  SINCE JAN 1      8             1      7       15
......................................................


WIND (MPH)
  HIGHEST WIND SPEED    24   HIGHEST WIND DIRECTION    NW (330)
  HIGHEST GUST SPEED    31   HIGHEST GUST DIRECTION    NW (320)
  AVERAGE WIND SPEED    12.2


SKY COVER
  AVERAGE SKY COVER 0.3


WEATHER CONDITIONS
 THE FOLLOWING WEATHER WAS RECORDED YESTERDAY.
  FOG
  HAZE


RELATIVE HUMIDITY (PERCENT)
 HIGHEST    93           600 AM
 LOWEST     33           600 PM
 AVERAGE    63

..........................................................


THE SHELBYVILLE IN CLIMATE NORMALS FOR TODAY
                         NORMAL
 MAXIMUM TEMPERATURE (F)   66
 MINIMUM TEMPERATURE (F)   45


SUNRISE AND SUNSET
APRIL 23 2014.........SUNRISE   655 AM EDT   SUNSET   829 PM EDT
APRIL 24 2014.........SUNRISE   653 AM EDT   SUNSET   830 PM EDT


-  INDICATES NEGATIVE NUMBERS.
R  INDICATES RECORD WAS SET OR TIED.
MM INDICATES DATA IS MISSING.
T  INDICATES TRACE AMOUNT.




$$
