000
CDUS43 KIND 220534
CLIGEZ


CLIMATE REPORT
NATIONAL WEATHER SERVICE INDIANAPOLIS IN
1234 AM EST MON DEC 22 2014


...................................

...THE SHELBYVILLE IN CLIMATE SUMMARY FOR DECEMBER 21 2014...

CLIMATE NORMAL PERIOD 1981 TO 2010
CLIMATE RECORD PERIOD 9999 TO 9999


WEATHER ITEM   OBSERVED TIME   NORMAL DEPARTURE LAST
                VALUE   (LST)  VALUE  FROM      YEAR
                                      NORMAL
......................................................
TEMPERATURE (F)
 YESTERDAY
  MAXIMUM         39    404 PM  38      1       60
  MINIMUM         22    814 AM  23     -1       43
  AVERAGE         31            30      1       52

PRECIPITATION (IN)
  YESTERDAY        0.00          0.10  -0.10     3.75
  MONTH TO DATE    2.04          2.10  -0.06     5.75
  SINCE DEC 1      2.04          2.10  -0.06     5.75
  SINCE JAN 1     39.00         42.39  -3.39    34.99

DEGREE DAYS
 HEATING
  YESTERDAY       34            35     -1       13
  MONTH TO DATE  620           674    -54      688
  SINCE DEC 1    620           674    -54      688
  SINCE JUL 1   1804          1749     55     1754

 COOLING
  YESTERDAY        0             0      0        0
  MONTH TO DATE    0             0      0        0
  SINCE DEC 1      0             0      0        0
  SINCE JAN 1   1080           913    167     1179
......................................................


WIND (MPH)
  HIGHEST WIND SPEED    13   HIGHEST WIND DIRECTION     E (110)
  HIGHEST GUST SPEED    16   HIGHEST GUST DIRECTION    SE (120)
  AVERAGE WIND SPEED     5.8


SKY COVER
  AVERAGE SKY COVER 0.0


WEATHER CONDITIONS
 THE FOLLOWING WEATHER WAS RECORDED YESTERDAY.
  FOG
  HAZE


RELATIVE HUMIDITY (PERCENT)
 HIGHEST    92           800 AM
 LOWEST     64           400 PM
 AVERAGE    78

..........................................................


THE SHELBYVILLE IN CLIMATE NORMALS FOR TODAY
                         NORMAL
 MAXIMUM TEMPERATURE (F)   37
 MINIMUM TEMPERATURE (F)   22


SUNRISE AND SUNSET
DECEMBER 22 2014......SUNRISE   801 AM EST   SUNSET   523 PM EST
DECEMBER 23 2014......SUNRISE   801 AM EST   SUNSET   524 PM EST


-  INDICATES NEGATIVE NUMBERS.
R  INDICATES RECORD WAS SET OR TIED.
MM INDICATES DATA IS MISSING.
T  INDICATES TRACE AMOUNT.




$$
