000
CDUS43 KIND 300550
CLIGEZ


CLIMATE REPORT
NATIONAL WEATHER SERVICE INDIANAPOLIS IN
149 AM EDT SAT APR 30 2016


...................................

...THE SHELBYVILLE IN CLIMATE SUMMARY FOR APRIL 29 2016...

CLIMATE NORMAL PERIOD 1981 TO 2010
CLIMATE RECORD PERIOD 9999 TO 9999


WEATHER ITEM   OBSERVED TIME   NORMAL DEPARTURE LAST
                VALUE   (LST)  VALUE  FROM      YEAR
                                      NORMAL
......................................................
TEMPERATURE (F)
 YESTERDAY
  MAXIMUM         66    514 PM  68     -2       66
  MINIMUM         52    407 AM  47      5       41
  AVERAGE         59            57      2       54

PRECIPITATION (IN)
  YESTERDAY        0.00          0.19  -0.19     0.00
  MONTH TO DATE    4.35          4.11   0.24     4.67
  SINCE MAR 1      9.10          7.54   1.56     8.53
  SINCE JAN 1     13.74         12.29   1.45    11.55

DEGREE DAYS
 HEATING
  YESTERDAY        6             8     -2       11
  MONTH TO DATE  314           369    -55      272
  SINCE MAR 1    761          1089   -328     1042
  SINCE JUL 1   3930          5252  -1322     5483

 COOLING
  YESTERDAY        0             1     -1        0
  MONTH TO DATE   20             1     19        8
  SINCE MAR 1     20             2     18        8
  SINCE JAN 1     20             2     18        8
......................................................


WIND (MPH)
  HIGHEST WIND SPEED    20   HIGHEST WIND DIRECTION     E (70)
  HIGHEST GUST SPEED    25   HIGHEST GUST DIRECTION     E (80)
  AVERAGE WIND SPEED     7.5


SKY COVER
  AVERAGE SKY COVER 0.5


WEATHER CONDITIONS
 THE FOLLOWING WEATHER WAS RECORDED YESTERDAY.
  FOG
  FOG W/VISIBILITY <= 1/4 MILE


RELATIVE HUMIDITY (PERCENT)
 HIGHEST    93           200 AM
 LOWEST     48           200 PM
 AVERAGE    71

..........................................................


THE SHELBYVILLE IN CLIMATE NORMALS FOR TODAY
                         NORMAL
 MAXIMUM TEMPERATURE (F)   68
 MINIMUM TEMPERATURE (F)   47


SUNRISE AND SUNSET
APRIL 30 2016.........SUNRISE   645 AM EDT   SUNSET   837 PM EDT
MAY  1 2016...........SUNRISE   643 AM EDT   SUNSET   838 PM EDT


-  INDICATES NEGATIVE NUMBERS.
R  INDICATES RECORD WAS SET OR TIED.
MM INDICATES DATA IS MISSING.
T  INDICATES TRACE AMOUNT.




$$
