000
CDUS43 KFGF 270702
CLIGFK


CLIMATE REPORT
NATIONAL WEATHER SERVICE EASTERN NORTH DAKOTA/GRAND FORKS
148 AM CDT TUE JUN 27 2017


...................................

...THE GRAND FORKS INTL AP ND CLIMATE SUMMARY FOR JUNE 26 2017...

CLIMATE NORMAL PERIOD 1981 TO 2010
CLIMATE RECORD PERIOD 1948 TO 2017


WEATHER ITEM   OBSERVED TIME   RECORD YEAR NORMAL DEPARTURE LAST
                VALUE   (LST)  VALUE       VALUE  FROM      YEAR
                                                  NORMAL
..................................................................
TEMPERATURE (F)
 YESTERDAY
  MAXIMUM         75    607 PM  97    1961  79     -4       76
  MINIMUM         42    437 AM  41    2004  55    -13       56
  AVERAGE         59                        67     -8       66

PRECIPITATION (IN)
  YESTERDAY        0.00          1.71 2009   0.13  -0.13      T
  MONTH TO DATE    1.36                      3.00  -1.64     3.30
  SINCE JUN 1      1.36                      3.00  -1.64     3.30
  SINCE JAN 1      5.51                      8.72  -3.21     9.69

SNOWFALL (IN)
  YESTERDAY        0.0          MM      MM   0.0    0.0      0.0
  MONTH TO DATE    0.0                       0.0    0.0      0.0
  SINCE JUN 1      0.0                       0.0    0.0      0.0
  SINCE JUL 1     44.1                      47.4   -3.3     28.4
  SNOW DEPTH       0

DEGREE DAYS
 HEATING
  YESTERDAY        6                         2      4        0
  MONTH TO DATE   42                        97    -55       41
  SINCE JUN 1     42                        97    -55       41
  SINCE JUL 1   8056                      9509  -1453     7854

 COOLING
  YESTERDAY        0                         4     -4        1
  MONTH TO DATE   95                        59     36       73
  SINCE JUN 1     95                        59     36       73
  SINCE JAN 1     97                        76     21       95
..................................................................


WIND (MPH)
  HIGHEST WIND SPEED    16   HIGHEST WIND DIRECTION    NW (330)
  HIGHEST GUST SPEED    21   HIGHEST GUST DIRECTION     W (290)
  AVERAGE WIND SPEED     6.9


SKY COVER
  POSSIBLE SUNSHINE  MM
  AVERAGE SKY COVER 0.2


WEATHER CONDITIONS
 THE FOLLOWING WEATHER WAS RECORDED YESTERDAY.
  NO SIGNIFICANT WEATHER WAS OBSERVED.


RELATIVE HUMIDITY (PERCENT)
 HIGHEST    96           400 AM
 LOWEST     27           400 PM
 AVERAGE    62

..........................................................


THE GRAND FORKS INTL AP ND CLIMATE NORMALS FOR TODAY
                         NORMAL    RECORD    YEAR
 MAXIMUM TEMPERATURE (F)   79        98      1961
 MINIMUM TEMPERATURE (F)   55        41      1968


SUNRISE AND SUNSET
JUNE 27 2017..........SUNRISE   532 AM CDT   SUNSET   932 PM CDT
JUNE 28 2017..........SUNRISE   532 AM CDT   SUNSET   932 PM CDT


-  INDICATES NEGATIVE NUMBERS.
R  INDICATES RECORD WAS SET OR TIED.
MM INDICATES DATA IS MISSING.
T  INDICATES TRACE AMOUNT.




$$
