000
CDUS43 KFGF 310638
CLIGFK


CLIMATE REPORT
NATIONAL WEATHER SERVICE EASTERN NORTH DAKOTA/GRAND FORKS
1237 AM CST SAT JAN 31 2015


...................................

...THE GRAND FORKS INTL AP ND CLIMATE SUMMARY FOR JANUARY 30 2015...

CLIMATE NORMAL PERIOD 1981 TO 2010
CLIMATE RECORD PERIOD 1941 TO 2015


WEATHER ITEM   OBSERVED TIME   RECORD YEAR NORMAL DEPARTURE LAST
                VALUE   (LST)  VALUE       VALUE  FROM      YEAR
                                                  NORMAL
..................................................................
TEMPERATURE (F)
 YESTERDAY
  MAXIMUM         36    411 PM  40    1995  18     18        8
                                      1993
                                      1992
  MINIMUM          6    227 AM -43    2004  -3      9      -14
  AVERAGE         21                         8     13       -3

PRECIPITATION (IN)
  YESTERDAY        0.00          0.14 1988   0.01  -0.01      T
  MONTH TO DATE    0.42                      0.53  -0.11     0.66
  SINCE DEC 1      0.64                      1.14  -0.50     1.48
  SINCE JAN 1      0.42                      0.53  -0.11     0.66

SNOWFALL (IN)
  YESTERDAY        0.0           3.3  1988   0.3   -0.3       T
  MONTH TO DATE    3.8                      10.4   -6.6     15.9
  SINCE DEC 1      5.6                      21.1  -15.5     38.7
  SINCE JUL 1      9.6                      30.3  -20.7     40.3
  SNOW DEPTH       T

DEGREE DAYS
 HEATING
  YESTERDAY       44                        57    -13       68
  MONTH TO DATE 1562                      1752   -190     1907
  SINCE DEC 1   3014                      3412   -398     3915
  SINCE JUL 1   5158                      5611   -453     6026

 COOLING
  YESTERDAY        0                         0      0        0
  MONTH TO DATE    0                         0      0        0
  SINCE DEC 1      0                         0      0        0
  SINCE JAN 1      0                         0      0        0
..................................................................


WIND (MPH)
  HIGHEST WIND SPEED    28   HIGHEST WIND DIRECTION     S (190)
  HIGHEST GUST SPEED    32   HIGHEST GUST DIRECTION     S (190)
  AVERAGE WIND SPEED    13.1


SKY COVER
  POSSIBLE SUNSHINE  MM
  AVERAGE SKY COVER 0.8


WEATHER CONDITIONS
 THE FOLLOWING WEATHER WAS RECORDED YESTERDAY.
  NO SIGNIFICANT WEATHER WAS OBSERVED.


RELATIVE HUMIDITY (PERCENT)
 HIGHEST    81           600 PM
 LOWEST     59           400 PM
 AVERAGE    70

..........................................................


THE GRAND FORKS INTL AP ND CLIMATE NORMALS FOR TODAY
                         NORMAL    RECORD    YEAR
 MAXIMUM TEMPERATURE (F)   18        44      2009
 MINIMUM TEMPERATURE (F)   -3       -29      1996


SUNRISE AND SUNSET
JANUARY 31 2015.......SUNRISE   758 AM CST   SUNSET   527 PM CST
FEBRUARY  1 2015......SUNRISE   756 AM CST   SUNSET   529 PM CST


-  INDICATES NEGATIVE NUMBERS.
R  INDICATES RECORD WAS SET OR TIED.
MM INDICATES DATA IS MISSING.
T  INDICATES TRACE AMOUNT.




$$
