000
CDUS43 KFGF 050722
CLIGFK


CLIMATE REPORT
NATIONAL WEATHER SERVICE EASTERN NORTH DAKOTA/GRAND FORKS
122 AM CST THU MAR 5 2015


...................................

...THE GRAND FORKS INTL AP ND CLIMATE SUMMARY FOR MARCH 4 2015...

CLIMATE NORMAL PERIOD 1981 TO 2010
CLIMATE RECORD PERIOD 1941 TO 2015


WEATHER ITEM   OBSERVED TIME   RECORD YEAR NORMAL DEPARTURE LAST
                VALUE   (LST)  VALUE       VALUE  FROM      YEAR
                                                  NORMAL
..................................................................
TEMPERATURE (F)
 YESTERDAY
  MAXIMUM          4    400 PM  53    2000  28    -24        8
  MINIMUM        -14   1156 PM -22    1960  10    -24      -14
  AVERAGE         -5                        19    -24       -3

PRECIPITATION (IN)
  YESTERDAY        0.00          1.66 1966   0.03  -0.03      T
  MONTH TO DATE    T                         0.12  -0.12     0.08
  SINCE MAR 1      T                         0.12  -0.12     0.08
  SINCE JAN 1      0.82                      1.19  -0.37     1.15

SNOWFALL (IN)
  YESTERDAY        0.0          MM      MM   0.3   -0.3      0.1
  MONTH TO DATE    T                         1.2   -1.2      1.1
  SINCE MAR 1      T                         1.2   -1.2      1.1
  SINCE JUL 1     14.3                      38.4  -24.1     46.8
  SNOW DEPTH       2

DEGREE DAYS
 HEATING
  YESTERDAY       70                        46     24       68
  MONTH TO DATE  231                       187     44      299
  SINCE MAR 1    231                       187     44      299
  SINCE JUL 1   7148                      7337   -189     8194

 COOLING
  YESTERDAY        0                         0      0        0
  MONTH TO DATE    0                         0      0        0
  SINCE MAR 1      0                         0      0        0
  SINCE JAN 1      0                         0      0        0
..................................................................


WIND (MPH)
  HIGHEST WIND SPEED    23   HIGHEST WIND DIRECTION    NW (320)
  HIGHEST GUST SPEED    30   HIGHEST GUST DIRECTION    NW (320)
  AVERAGE WIND SPEED    11.2


SKY COVER
  POSSIBLE SUNSHINE  MM
  AVERAGE SKY COVER 0.3


WEATHER CONDITIONS
 THE FOLLOWING WEATHER WAS RECORDED YESTERDAY.
  NO SIGNIFICANT WEATHER WAS OBSERVED.


RELATIVE HUMIDITY (PERCENT)
 HIGHEST    79           600 AM
 LOWEST     56          1000 AM
 AVERAGE    68

..........................................................


THE GRAND FORKS INTL AP ND CLIMATE NORMALS FOR TODAY
                         NORMAL    RECORD    YEAR
 MAXIMUM TEMPERATURE (F)   28        62      2000
 MINIMUM TEMPERATURE (F)   11       -25      2003


SUNRISE AND SUNSET
MARCH  5 2015.........SUNRISE   702 AM CST   SUNSET   619 PM CST
MARCH  6 2015.........SUNRISE   700 AM CST   SUNSET   620 PM CST


-  INDICATES NEGATIVE NUMBERS.
R  INDICATES RECORD WAS SET OR TIED.
MM INDICATES DATA IS MISSING.
T  INDICATES TRACE AMOUNT.




$$
