000
CDUS43 KFGF 230656
CLIGFK


CLIMATE REPORT
NATIONAL WEATHER SERVICE EASTERN NORTH DAKOTA/GRAND FORKS
156 AM CDT THU OCT 23 2014


...................................

...THE GRAND FORKS INTL AP ND CLIMATE SUMMARY FOR OCTOBER 22 2014...

CLIMATE NORMAL PERIOD 1981 TO 2010
CLIMATE RECORD PERIOD 1941 TO 2014


WEATHER ITEM   OBSERVED TIME   RECORD YEAR NORMAL DEPARTURE LAST
                VALUE   (LST)  VALUE       VALUE  FROM      YEAR
                                                  NORMAL
..................................................................
TEMPERATURE (F)
 YESTERDAY
  MAXIMUM         64    239 PM  78    1963  51     13       39
  MINIMUM         46   1159 PM  13    1976  30     16       31
  AVERAGE         55                        40     15       35

PRECIPITATION (IN)
  YESTERDAY        0.04          0.31 1975   0.06  -0.02      T
  MONTH TO DATE    0.37                      1.49  -1.12     2.48
  SINCE SEP 1      1.66                      3.54  -1.88     4.45
  SINCE JAN 1     22.34                     18.77   3.57    18.68

SNOWFALL (IN)
  YESTERDAY        0.0           0.5  1987   0.1   -0.1       T
  MONTH TO DATE    0.0                       0.8   -0.8       T
  SINCE SEP 1      0.0                       0.8   -0.8       T
  SINCE JUL 1      0.0                       0.8   -0.8       T
  SNOW DEPTH       0

DEGREE DAYS
 HEATING
  YESTERDAY       10                        25    -15       30
  MONTH TO DATE  371                       435    -64      420
  SINCE SEP 1    563                       704   -141      552
  SINCE JUL 1    617                       786   -169      634

 COOLING
  YESTERDAY        0                         0      0        0
  MONTH TO DATE    0                         0      0        0
  SINCE SEP 1     34                        26      8       39
  SINCE JAN 1    395                       378     17      487
..................................................................


WIND (MPH)
  HIGHEST WIND SPEED    30   HIGHEST WIND DIRECTION     S (180)
  HIGHEST GUST SPEED    39   HIGHEST GUST DIRECTION     S (180)
  AVERAGE WIND SPEED    15.6


SKY COVER
  POSSIBLE SUNSHINE  MM
  AVERAGE SKY COVER 0.6


WEATHER CONDITIONS
 THE FOLLOWING WEATHER WAS RECORDED YESTERDAY.
  LIGHT RAIN


RELATIVE HUMIDITY (PERCENT)
 HIGHEST   100          1100 PM
 LOWEST     55          1100 AM
 AVERAGE    78

..........................................................


THE GRAND FORKS INTL AP ND CLIMATE NORMALS FOR TODAY
                         NORMAL    RECORD    YEAR
 MAXIMUM TEMPERATURE (F)   51        78      1963
 MINIMUM TEMPERATURE (F)   29         7      1976


SUNRISE AND SUNSET
OCTOBER 23 2014.......SUNRISE   800 AM CDT   SUNSET   625 PM CDT
OCTOBER 24 2014.......SUNRISE   801 AM CDT   SUNSET   624 PM CDT


-  INDICATES NEGATIVE NUMBERS.
R  INDICATES RECORD WAS SET OR TIED.
MM INDICATES DATA IS MISSING.
T  INDICATES TRACE AMOUNT.




$$
