000
CDUS43 KFGF 220725
CLIGFK


CLIMATE REPORT
NATIONAL WEATHER SERVICE EASTERN NORTH DAKOTA/GRAND FORKS
225 AM CDT MON SEP 22 2014


...................................

...THE GRAND FORKS INTL AP ND CLIMATE SUMMARY FOR SEPTEMBER 21 2014...

CLIMATE NORMAL PERIOD 1981 TO 2010
CLIMATE RECORD PERIOD 1941 TO 2014


WEATHER ITEM   OBSERVED TIME   RECORD YEAR NORMAL DEPARTURE LAST
                VALUE   (LST)  VALUE       VALUE  FROM      YEAR
                                                  NORMAL
..................................................................
TEMPERATURE (F)
 YESTERDAY
  MAXIMUM         68    515 PM  88    1984  67      1       61
  MINIMUM         47    604 AM  24    1974  42      5       36
  AVERAGE         58                        54      4       49

PRECIPITATION (IN)
  YESTERDAY        0.00          1.58 1973   0.06  -0.06     0.00
  MONTH TO DATE    1.04                      1.47  -0.43     0.69
  SINCE SEP 1      1.04                      1.47  -0.43     0.69
  SINCE JAN 1     21.72                     16.70   5.02    14.92

SNOWFALL (IN)
  YESTERDAY        0.0          MM      MM   0.0    0.0      0.0
  MONTH TO DATE    0.0                       0.0    0.0      0.0
  SINCE SEP 1      0.0                       0.0    0.0      0.0
  SINCE JUL 1      0.0                       0.0    0.0      0.0
  SNOW DEPTH       0

DEGREE DAYS
 HEATING
  YESTERDAY        7                        11     -4       16
  MONTH TO DATE  153                       151      2       95
  SINCE SEP 1    153                       151      2       95
  SINCE JUL 1    207                       233    -26      177

 COOLING
  YESTERDAY        0                         0      0        0
  MONTH TO DATE   12                        24    -12       32
  SINCE SEP 1     12                        24    -12       32
  SINCE JAN 1    373                       376     -3      480
..................................................................


WIND (MPH)
  HIGHEST WIND SPEED    17   HIGHEST WIND DIRECTION     N (350)
  HIGHEST GUST SPEED    20   HIGHEST GUST DIRECTION     N (350)
  AVERAGE WIND SPEED     7.5


SKY COVER
  POSSIBLE SUNSHINE  MM
  AVERAGE SKY COVER 0.4


WEATHER CONDITIONS
 THE FOLLOWING WEATHER WAS RECORDED YESTERDAY.
  NO SIGNIFICANT WEATHER WAS OBSERVED.


RELATIVE HUMIDITY (PERCENT)
 HIGHEST   100           600 AM
 LOWEST     52           500 PM
 AVERAGE    76

..........................................................


THE GRAND FORKS INTL AP ND CLIMATE NORMALS FOR TODAY
                         NORMAL    RECORD    YEAR
 MAXIMUM TEMPERATURE (F)   67        84      1999
 MINIMUM TEMPERATURE (F)   41        20      1974


SUNRISE AND SUNSET
SEPTEMBER 22 2014.....SUNRISE   715 AM CDT   SUNSET   726 PM CDT
SEPTEMBER 23 2014.....SUNRISE   717 AM CDT   SUNSET   724 PM CDT


-  INDICATES NEGATIVE NUMBERS.
R  INDICATES RECORD WAS SET OR TIED.
MM INDICATES DATA IS MISSING.
T  INDICATES TRACE AMOUNT.




$$
