000
CDUS43 KFGF 290631
CLIGFK


CLIMATE REPORT
NATIONAL WEATHER SERVICE EASTERN NORTH DAKOTA/GRAND FORKS
131 AM CDT SAT APR 29 2017


...................................

...THE GRAND FORKS INTL AP ND CLIMATE SUMMARY FOR APRIL 28 2017...

CLIMATE NORMAL PERIOD 1981 TO 2010
CLIMATE RECORD PERIOD 1941 TO 2017


WEATHER ITEM   OBSERVED TIME   RECORD YEAR NORMAL DEPARTURE LAST
                VALUE   (LST)  VALUE       VALUE  FROM      YEAR
                                                  NORMAL
..................................................................
TEMPERATURE (F)
 YESTERDAY
  MAXIMUM         56    416 PM  91    1952  62     -6       58
  MINIMUM         29    405 AM  15    1950  35     -6       34
  AVERAGE         43                        48     -5       46

PRECIPITATION (IN)
  YESTERDAY        0.00          1.30 2014   0.05  -0.05     0.00
  MONTH TO DATE    1.34                      0.91   0.43     1.56
  SINCE MAR 1      2.19                      1.87   0.32     2.11
  SINCE JAN 1      3.04                      2.94   0.10     2.69

SNOWFALL (IN)
  YESTERDAY        0.0           4.9  1990   0.0    0.0      0.0
  MONTH TO DATE    5.6                       2.5    3.1      0.3
  SINCE MAR 1      5.8                       9.7   -3.9      2.5
  SINCE JUL 1     44.1                      46.9   -2.8     28.4
  SNOW DEPTH       0

DEGREE DAYS
 HEATING
  YESTERDAY       22                        17      5       19
  MONTH TO DATE  590                       662    -72      691
  SINCE MAR 1   1745                      1897   -152     1580
  SINCE JUL 1   7714                      9047  -1333     7559

 COOLING
  YESTERDAY        0                         0      0        0
  MONTH TO DATE    0                         0      0        0
  SINCE MAR 1      0                         0      0        0
  SINCE JAN 1      0                         0      0        0
..................................................................


WIND (MPH)
  HIGHEST WIND SPEED    23   HIGHEST WIND DIRECTION     N (360)
  HIGHEST GUST SPEED    29   HIGHEST GUST DIRECTION     N (10)
  AVERAGE WIND SPEED    11.3


SKY COVER
  POSSIBLE SUNSHINE  MM
  AVERAGE SKY COVER 0.1


WEATHER CONDITIONS
 THE FOLLOWING WEATHER WAS RECORDED YESTERDAY.
  NO SIGNIFICANT WEATHER WAS OBSERVED.


RELATIVE HUMIDITY (PERCENT)
 HIGHEST    92           400 AM
 LOWEST     30           300 PM
 AVERAGE    61

..........................................................


THE GRAND FORKS INTL AP ND CLIMATE NORMALS FOR TODAY
                         NORMAL    RECORD    YEAR
 MAXIMUM TEMPERATURE (F)   62        90      1985
 MINIMUM TEMPERATURE (F)   35        12      1958


SUNRISE AND SUNSET
APRIL 29 2017.........SUNRISE   614 AM CDT   SUNSET   839 PM CDT
APRIL 30 2017.........SUNRISE   612 AM CDT   SUNSET   841 PM CDT


-  INDICATES NEGATIVE NUMBERS.
R  INDICATES RECORD WAS SET OR TIED.
MM INDICATES DATA IS MISSING.
T  INDICATES TRACE AMOUNT.




$$
