000
CDUS43 KFGF 182148
CLIGFK


CLIMATE REPORT
NATIONAL WEATHER SERVICE EASTERN NORTH DAKOTA/GRAND FORKS
447 PM CDT FRI AUG 18 2017


...................................

...THE GRAND FORKS INTL AP ND CLIMATE SUMMARY FOR AUGUST 18 2017...
VALID TODAY AS OF 0400 PM LOCAL TIME.

CLIMATE NORMAL PERIOD 1981 TO 2010
CLIMATE RECORD PERIOD 1948 TO 2017


WEATHER ITEM   OBSERVED TIME   RECORD YEAR NORMAL DEPARTURE LAST
                VALUE   (LST)  VALUE       VALUE  FROM      YEAR
                                                  NORMAL
..................................................................
TEMPERATURE (F)
 TODAY
  MAXIMUM         82    259 PM 101    1955  80      2       82
  MINIMUM         56    440 AM  37    1975  54      2       57
  AVERAGE         69                        67      2       70

PRECIPITATION (IN)
  TODAY            0.00          1.33 1995   0.10  -0.10     0.30
  MONTH TO DATE    0.98                      1.66  -0.68     3.15
  SINCE JUN 1      6.72                      8.29  -1.57    11.75
  SINCE JAN 1     10.87                     14.01  -3.14    18.14

SNOWFALL (IN)
  TODAY            0.0          MM      MM   0.0    0.0      0.0
  MONTH TO DATE    0.0                       0.0    0.0      0.0
  SINCE JUN 1      0.0                       0.0    0.0      0.0
  SINCE JUL 1      0.0                       0.0    0.0      0.0
  SNOW DEPTH       0

DEGREE DAYS
 HEATING
  TODAY            0                         2     -2        0
  MONTH TO DATE    2                        20    -18        0
  SINCE JUN 1     55                       151    -96       66
  SINCE JUL 1     10                        48    -38       12

 COOLING
  TODAY            4                         4      0        5
  MONTH TO DATE   35                        83    -48      111
  SINCE JUN 1    346                       299     47      356
  SINCE JAN 1    348                       316     32      378
..................................................................


WIND (MPH)
  HIGHEST WIND SPEED    14   HIGHEST WIND DIRECTION     N (360)
  HIGHEST GUST SPEED    19   HIGHEST GUST DIRECTION    NW (330)
  AVERAGE WIND SPEED     6.7


SKY COVER
  POSSIBLE SUNSHINE  MM
  AVERAGE SKY COVER 0.4


WEATHER CONDITIONS
 THE FOLLOWING WEATHER WAS RECORDED TODAY.
  NO SIGNIFICANT WEATHER WAS OBSERVED.


RELATIVE HUMIDITY (PERCENT)
 HIGHEST   100           300 AM
 LOWEST     45          1200 PM
 AVERAGE    73

..........................................................


THE GRAND FORKS INTL AP ND CLIMATE NORMALS FOR TOMORROW
                         NORMAL    RECORD    YEAR
 MAXIMUM TEMPERATURE (F)   80        96      1976
 MINIMUM TEMPERATURE (F)   54        37      2004


SUNRISE AND SUNSET
AUGUST 18 2017........SUNRISE   628 AM CDT   SUNSET   836 PM CDT
AUGUST 19 2017........SUNRISE   630 AM CDT   SUNSET   834 PM CDT


-  INDICATES NEGATIVE NUMBERS.
R  INDICATES RECORD WAS SET OR TIED.
MM INDICATES DATA IS MISSING.
T  INDICATES TRACE AMOUNT.

$$

Knutsvig
