000
CDUS43 KFGF 012159
CLIGFK


CLIMATE REPORT
NATIONAL WEATHER SERVICE EASTERN NORTH DAKOTA/GRAND FORKS
452 PM CDT WED JUL 1 2015


...................................

...THE GRAND FORKS INTL AP ND CLIMATE SUMMARY FOR JULY 1 2015...
VALID TODAY AS OF 0400 PM LOCAL TIME.

CLIMATE NORMAL PERIOD 1981 TO 2010
CLIMATE RECORD PERIOD 1941 TO 2015


WEATHER ITEM   OBSERVED TIME   RECORD YEAR NORMAL DEPARTURE LAST
                VALUE   (LST)  VALUE       VALUE  FROM      YEAR
                                                  NORMAL
..................................................................
TEMPERATURE (F)
 TODAY
  MAXIMUM         80    144 PM  94    2010  79      1       65
  MINIMUM         54    524 AM  37    2001  56     -2       51
  AVERAGE         67                        68     -1       58

PRECIPITATION (IN)
  TODAY            0.00          3.78 1997   0.12  -0.12     0.08
  MONTH TO DATE    0.00                      0.12  -0.12     0.08
  SINCE JUN 1      2.51                      3.60  -1.09     6.68
  SINCE JAN 1      8.82                      9.32  -0.50    13.86

SNOWFALL (IN)
  TODAY            0.0          MM      MM   0.0    0.0      0.0
  MONTH TO DATE    0.0                       0.0    0.0      0.0
  SINCE JUN 1      0.0                       0.0    0.0      0.0
  SINCE JUL 1      0.0                       0.0    0.0      0.0
  SNOW DEPTH       0

DEGREE DAYS
 HEATING
  TODAY            0                         2     -2        7
  MONTH TO DATE    0                         2     -2        7
  SINCE JUN 1     58                       105    -47       53
  SINCE JUL 1      0                         2     -2        7

 COOLING
  TODAY            2                         4     -2        0
  MONTH TO DATE    2                         4     -2        0
  SINCE JUN 1     67                        79    -12       67
  SINCE JAN 1     73                        96    -23      120
..................................................................


WIND (MPH)
  HIGHEST WIND SPEED    10   HIGHEST WIND DIRECTION     S (200)
  HIGHEST GUST SPEED    14   HIGHEST GUST DIRECTION     S (190)
  AVERAGE WIND SPEED     1.2


SKY COVER
  POSSIBLE SUNSHINE  MM
  AVERAGE SKY COVER 0.3


WEATHER CONDITIONS
 THE FOLLOWING WEATHER WAS RECORDED TODAY.
  NO SIGNIFICANT WEATHER WAS OBSERVED.


RELATIVE HUMIDITY (PERCENT)
 HIGHEST    93           300 AM
 LOWEST     50           100 PM
 AVERAGE    72

..........................................................


THE GRAND FORKS INTL AP ND CLIMATE NORMALS FOR TOMORROW
                         NORMAL    RECORD    YEAR
 MAXIMUM TEMPERATURE (F)   80        94      1949
 MINIMUM TEMPERATURE (F)   56        41      1945


SUNRISE AND SUNSET
JULY  1 2015..........SUNRISE   533 AM CDT   SUNSET   931 PM CDT
JULY  2 2015..........SUNRISE   534 AM CDT   SUNSET   931 PM CDT


-  INDICATES NEGATIVE NUMBERS.
R  INDICATES RECORD WAS SET OR TIED.
MM INDICATES DATA IS MISSING.
T  INDICATES TRACE AMOUNT.




$$
