351
CDUS41 KALY 160624
CLIGFL


CLIMATE REPORT
NATIONAL WEATHER SERVICE ALBANY NY
123 AM EST MON JAN 16 2017


...................................

...THE GLENS FALLS NY CLIMATE SUMMARY FOR JANUARY 15 2017...

CLIMATE NORMAL PERIOD 1981 TO 2010
CLIMATE RECORD PERIOD 1949 TO 2017


WEATHER ITEM   OBSERVED TIME   RECORD YEAR NORMAL DEPARTURE LAST
                VALUE   (LST)  VALUE       VALUE  FROM      YEAR
                                                  NORMAL
..................................................................
TEMPERATURE (F)
 YESTERDAY
  MAXIMUM         36    329 PM  64    1995  28      8       34
  MINIMUM         13   1157 PM -23    2009   7      6       22
  AVERAGE         25                        18      7       28

PRECIPITATION (IN)
  YESTERDAY        0.00          0.68 2007   0.10  -0.10     0.00
  MONTH TO DATE    0.84                      1.36  -0.52     0.93
  SINCE DEC 1      3.71                      4.41  -0.70     4.98
  SINCE JAN 1      0.84                      1.36  -0.52     0.93

DEGREE DAYS
 HEATING
  YESTERDAY       40                        48     -8       37
  MONTH TO DATE  583                       700   -117      595
  SINCE DEC 1   1728                      1940   -212     1418
  SINCE JUL 1   3044                      3638   -594     2709

 COOLING
  YESTERDAY        0                         0      0        0
  MONTH TO DATE    0                         0      0        0
  SINCE DEC 1      0                         0      0        0
  SINCE JAN 1      0                         0      0        0
..................................................................


WIND (MPH)
  HIGHEST WIND SPEED    14   HIGHEST WIND DIRECTION    NE (60)
  HIGHEST GUST SPEED    16   HIGHEST GUST DIRECTION    NE (60)
  AVERAGE WIND SPEED     2.7


SKY COVER
  AVERAGE SKY COVER 0.3



RELATIVE HUMIDITY (PERCENT)
 HIGHEST    80           400 AM
 LOWEST     35           200 PM
 AVERAGE    58

..........................................................


THE GLENS FALLS NY CLIMATE NORMALS FOR TODAY
                         NORMAL    RECORD    YEAR
 MAXIMUM TEMPERATURE (F)   28        62      1995
 MINIMUM TEMPERATURE (F)    7       -34      1994


SUNRISE AND SUNSET
JANUARY 16 2017.......SUNRISE   723 AM EST   SUNSET   446 PM EST
JANUARY 17 2017.......SUNRISE   723 AM EST   SUNSET   447 PM EST


-  INDICATES NEGATIVE NUMBERS.
R  INDICATES RECORD WAS SET OR TIED.
MM INDICATES DATA IS MISSING.
T  INDICATES TRACE AMOUNT.




$$
