000
CDUS41 KALY 210622
CLIGFL


CLIMATE REPORT
NATIONAL WEATHER SERVICE ALBANY NY
222 AM EDT SUN SEP 21 2014


...................................

...THE GLENS FALLS NY CLIMATE SUMMARY FOR SEPTEMBER 20 2014...

CLIMATE NORMAL PERIOD 1981 TO 2010
CLIMATE RECORD PERIOD 1949 TO 2014


WEATHER ITEM   OBSERVED TIME   RECORD YEAR NORMAL DEPARTURE LAST
                VALUE   (LST)  VALUE       VALUE  FROM      YEAR
                                                  NORMAL
..................................................................
TEMPERATURE (F)
 YESTERDAY
  MAXIMUM         69    501 PM  86    1983  69      0       78
  MINIMUM         40    120 AM  28    1993  45     -5       42
  AVERAGE         55                        57     -2       60

PRECIPITATION (IN)
  YESTERDAY        0.00          1.56 1977   0.12  -0.12     0.00
  MONTH TO DATE    1.11                      2.16  -1.05     1.85
  SINCE SEP 1      1.11                      2.16  -1.05     1.85
  SINCE JAN 1     27.15                     27.97  -0.82    27.12

DEGREE DAYS
 HEATING
  YESTERDAY       10                         9      1        5
  MONTH TO DATE  123                       112     11      137
  SINCE SEP 1    123                       112     11      137
  SINCE JUL 1    138                       178    -40      175

 COOLING
  YESTERDAY        0                         0      0        0
  MONTH TO DATE   46                        23     23       43
  SINCE SEP 1     46                        23     23       43
  SINCE JAN 1    384                       350     34      537
..................................................................


WIND (MPH)
  HIGHEST WIND SPEED    13   HIGHEST WIND DIRECTION     S (190)
  HIGHEST GUST SPEED    21   HIGHEST GUST DIRECTION     S (180)
  AVERAGE WIND SPEED     6.0


SKY COVER
  AVERAGE SKY COVER 0.9



RELATIVE HUMIDITY (PERCENT)
 HIGHEST    92          1200 AM
 LOWEST     66           300 PM
 AVERAGE    79

..........................................................


THE GLENS FALLS NY CLIMATE NORMALS FOR TODAY
                         NORMAL    RECORD    YEAR
 MAXIMUM TEMPERATURE (F)   69        85      1965
 MINIMUM TEMPERATURE (F)   44        28      1973


SUNRISE AND SUNSET
SEPTEMBER 21 2014.....SUNRISE   640 AM EDT   SUNSET   654 PM EDT
SEPTEMBER 22 2014.....SUNRISE   642 AM EDT   SUNSET   652 PM EDT


-  INDICATES NEGATIVE NUMBERS.
R  INDICATES RECORD WAS SET OR TIED.
MM INDICATES DATA IS MISSING.
T  INDICATES TRACE AMOUNT.




$$
