000
CDUS41 KALY 300627
CLIGFL


CLIMATE REPORT
NATIONAL WEATHER SERVICE ALBANY NY
227 AM EDT THU OCT 30 2014


...................................

...THE GLENS FALLS NY CLIMATE SUMMARY FOR OCTOBER 29 2014...

CLIMATE NORMAL PERIOD 1981 TO 2010
CLIMATE RECORD PERIOD 1949 TO 2014


WEATHER ITEM   OBSERVED TIME   RECORD YEAR NORMAL DEPARTURE LAST
                VALUE   (LST)  VALUE       VALUE  FROM      YEAR
                                                  NORMAL
..................................................................
TEMPERATURE (F)
 YESTERDAY
  MAXIMUM         60    117 PM  70    1971  53      7       45
  MINIMUM         39    851 PM  19    2013  32      7       19
                                      2001
  AVERAGE         50                        42      8       32

PRECIPITATION (IN)
  YESTERDAY        0.03          0.66 1972   0.12  -0.09     0.00
  MONTH TO DATE    3.29                      3.29   0.00     1.78
  SINCE SEP 1      4.42                      6.67  -2.25     4.21
  SINCE JAN 1     30.46                     32.48  -2.02    29.48

DEGREE DAYS
 HEATING
  YESTERDAY       15                        23     -8       33
  MONTH TO DATE  358                       524   -166      436
  SINCE SEP 1    535                       743   -208      683
  SINCE JUL 1    550                       809   -259      721

 COOLING
  YESTERDAY        0                         0      0        0
  MONTH TO DATE    7                         0      7        0
  SINCE SEP 1     54                        24     30       43
  SINCE JAN 1    392                       351     41      537
..................................................................


WIND (MPH)
  HIGHEST WIND SPEED    18   HIGHEST WIND DIRECTION     W (280)
  HIGHEST GUST SPEED    24   HIGHEST GUST DIRECTION     W (290)
  AVERAGE WIND SPEED     3.7


SKY COVER
  AVERAGE SKY COVER 0.9



RELATIVE HUMIDITY (PERCENT)
 HIGHEST    93           800 AM
 LOWEST     46           600 PM
 AVERAGE    70

..........................................................


THE GLENS FALLS NY CLIMATE NORMALS FOR TODAY
                         NORMAL    RECORD    YEAR
 MAXIMUM TEMPERATURE (F)   53        72      1950
 MINIMUM TEMPERATURE (F)   31        19      1978


SUNRISE AND SUNSET
OCTOBER 30 2014.......SUNRISE   727 AM EDT   SUNSET   549 PM EDT
OCTOBER 31 2014.......SUNRISE   728 AM EDT   SUNSET   547 PM EDT


-  INDICATES NEGATIVE NUMBERS.
R  INDICATES RECORD WAS SET OR TIED.
MM INDICATES DATA IS MISSING.
T  INDICATES TRACE AMOUNT.




$$
