000
CDUS44 KSHV 240751
CLIGGG


CLIMATE REPORT
NATIONAL WEATHER SERVICE SHREVEPORT, LA
241 AM CDT FRI OCT 24 2014


...................................

...THE LONGVIEW CLIMATE SUMMARY FOR OCTOBER 23 2014...

CLIMATE NORMAL PERIOD 1981 TO 2010
CLIMATE RECORD PERIOD 1902 TO 2014


WEATHER ITEM   OBSERVED TIME   RECORD YEAR NORMAL DEPARTURE LAST
                VALUE   (LST)  VALUE       VALUE  FROM      YEAR
                                                  NORMAL
..................................................................
TEMPERATURE (F)
 YESTERDAY
  MAXIMUM         75    253 PM  94    1939  76     -1       78
  MINIMUM         54   1159 PM  35    2006  52      2       47
                                      1952
  AVERAGE         65                        64      1       63

PRECIPITATION (IN)
  YESTERDAY        0.00          3.04 1935   0.16  -0.16     0.00
  MONTH TO DATE    5.26                      3.51   1.75     1.52
  SINCE DEC 1     36.16                     41.99  -5.83    32.74
  SINCE JAN 1     32.01                     37.50  -5.49    28.39

SNOWFALL (IN)
  YESTERDAY        0.0
  MONTH TO DATE    0.0
  SINCE SEP 1      0.0
  SINCE JUL 1      0.0
  SNOW DEPTH       0

DEGREE DAYS
 HEATING
  YESTERDAY        0                         4     -4        2
  MONTH TO DATE    8                        46    -38       38
  SINCE SEP 1      8                        52    -44       38
  SINCE JUL 1      8                        52    -44       38

 COOLING
  YESTERDAY        0                         3     -3        0
  MONTH TO DATE  135                        96     39      118
  SINCE SEP 1    561                       435    126      603
  SINCE JAN 1   2415                      2375     40     2698
..................................................................


WIND (MPH)
  HIGHEST WIND SPEED     8   HIGHEST WIND DIRECTION     E (70)
  HIGHEST GUST SPEED    11   HIGHEST GUST DIRECTION    NE (30)
  AVERAGE WIND SPEED     2.7


SKY COVER
  POSSIBLE SUNSHINE  MM
  AVERAGE SKY COVER 0.1


WEATHER CONDITIONS
 THE FOLLOWING WEATHER WAS RECORDED YESTERDAY.
  NO SIGNIFICANT WEATHER WAS OBSERVED.


RELATIVE HUMIDITY (PERCENT)
 HIGHEST    93           700 AM
 LOWEST     43           300 PM
 AVERAGE    68

..........................................................


THE LONGVIEW CLIMATE NORMALS FOR TODAY
                         NORMAL    RECORD    YEAR
 MAXIMUM TEMPERATURE (F)   76        90      1927
 MINIMUM TEMPERATURE (F)   52        31      1929


SUNRISE AND SUNSET
OCTOBER 24 2014.......SUNRISE   729 AM CDT   SUNSET   636 PM CDT
OCTOBER 25 2014.......SUNRISE   730 AM CDT   SUNSET   635 PM CDT


-  INDICATES NEGATIVE NUMBERS.
R  INDICATES RECORD WAS SET OR TIED.
MM INDICATES DATA IS MISSING.
T  INDICATES TRACE AMOUNT.




$$
