395
CDUS44 KSHV 240743
CLIGGG


CLIMATE REPORT
NATIONAL WEATHER SERVICE SHREVEPORT, LA
242 AM CDT TUE MAY 24 2016


...................................

...THE LONGVIEW CLIMATE SUMMARY FOR MAY 23 2016...

CLIMATE NORMAL PERIOD 1981 TO 2010
CLIMATE RECORD PERIOD 1902 TO 2016


WEATHER ITEM   OBSERVED TIME   RECORD YEAR NORMAL DEPARTURE LAST
                VALUE   (LST)  VALUE       VALUE  FROM      YEAR
                                                  NORMAL
..................................................................
TEMPERATURE (F)
 YESTERDAY
  MAXIMUM         84    503 PM  99    1942  85     -1       87
  MINIMUM         65    457 AM  48    1931  64      1       66
  AVERAGE         75                        75      0       77

PRECIPITATION (IN)
  YESTERDAY        0.00          3.23 1944   0.15  -0.15      T
  MONTH TO DATE    1.83                      3.51  -1.68     7.89
  SINCE DEC 1     32.18                     22.93   9.25    33.43
  SINCE JAN 1     26.12                     18.44   7.68    31.13

SNOWFALL (IN)
  YESTERDAY        0.0
  MONTH TO DATE    0.0
  SINCE MAR 1      0.0
  SINCE JUL 1      0.0
  SNOW DEPTH       0

DEGREE DAYS
 HEATING
  YESTERDAY        0                         0      0        0
  MONTH TO DATE   15                         8      7        0
  SINCE MAR 1    205                       353   -148      309
  SINCE JUL 1   1654                      2257   -603     2282

 COOLING
  YESTERDAY       10                        10      0       12
  MONTH TO DATE  128                       170    -42      205
  SINCE MAR 1    265                       281    -16      368
  SINCE JAN 1    271                       293    -22      368
..................................................................


WIND (MPH)
  HIGHEST WIND SPEED    17   HIGHEST WIND DIRECTION     S (160)
  HIGHEST GUST SPEED    23   HIGHEST GUST DIRECTION     S (160)
  AVERAGE WIND SPEED     7.7


SKY COVER
  POSSIBLE SUNSHINE  MM
  AVERAGE SKY COVER 0.4


WEATHER CONDITIONS
 THE FOLLOWING WEATHER WAS RECORDED YESTERDAY.
  NO SIGNIFICANT WEATHER WAS OBSERVED.


RELATIVE HUMIDITY (PERCENT)
 HIGHEST    87           500 AM
 LOWEST     55           300 PM
 AVERAGE    71

..........................................................


THE LONGVIEW CLIMATE NORMALS FOR TODAY
                         NORMAL    RECORD    YEAR
 MAXIMUM TEMPERATURE (F)   85        99      1936
 MINIMUM TEMPERATURE (F)   64        50      1931


SUNRISE AND SUNSET
MAY 24 2016...........SUNRISE   615 AM CDT   SUNSET   816 PM CDT
MAY 25 2016...........SUNRISE   615 AM CDT   SUNSET   817 PM CDT


-  INDICATES NEGATIVE NUMBERS.
R  INDICATES RECORD WAS SET OR TIED.
MM INDICATES DATA IS MISSING.
T  INDICATES TRACE AMOUNT.




$$
