000
CDUS44 KSHV 110757
CLIGGG


CLIMATE REPORT
NATIONAL WEATHER SERVICE SHREVEPORT, LA
254 AM CDT FRI JUL 11 2014


...................................

...THE LONGVIEW CLIMATE SUMMARY FOR JULY 10 2014...

CLIMATE NORMAL PERIOD 1981 TO 2010
CLIMATE RECORD PERIOD 1902 TO 2014


WEATHER ITEM   OBSERVED TIME   RECORD YEAR NORMAL DEPARTURE LAST
                VALUE   (LST)  VALUE       VALUE  FROM      YEAR
                                                  NORMAL
..................................................................
TEMPERATURE (F)
 YESTERDAY
  MAXIMUM         94    348 PM 107    1917  93      1      101
  MINIMUM         75    559 AM  60    1920  74      1       77
  AVERAGE         85                        83      2       89

PRECIPITATION (IN)
  YESTERDAY        0.00          1.90 1921   0.12  -0.12     0.00
  MONTH TO DATE    0.00                      1.21  -1.21     0.02
  SINCE DEC 1     26.32                     30.44  -4.12    22.52
  SINCE JAN 1     22.17                     25.95  -3.78    18.17

SNOWFALL (IN)
  YESTERDAY        0.0
  MONTH TO DATE    0.0
  SINCE JUN 1      0.0
  SINCE JUL 1      0.0
  SNOW DEPTH       0

DEGREE DAYS
 HEATING
  YESTERDAY        0                         0      0        0
  MONTH TO DATE    0                         0      0        0
  SINCE JUN 1      0                         0      0        0
  SINCE JUL 1      0                         0      0        0

 COOLING
  YESTERDAY       20                        18      2       24
  MONTH TO DATE  173                       179     -6      165
  SINCE JUN 1    633                       618     15      681
  SINCE JAN 1    987                       997    -10     1069
..................................................................


WIND (MPH)
  HIGHEST WIND SPEED    14   HIGHEST WIND DIRECTION    SW (210)
  HIGHEST GUST SPEED    18   HIGHEST GUST DIRECTION    SW (230)
  AVERAGE WIND SPEED     6.3


SKY COVER
  POSSIBLE SUNSHINE  MM
  AVERAGE SKY COVER 0.1


WEATHER CONDITIONS
 THE FOLLOWING WEATHER WAS RECORDED YESTERDAY.
  NO SIGNIFICANT WEATHER WAS OBSERVED.


RELATIVE HUMIDITY (PERCENT)
 HIGHEST    87           600 AM
 LOWEST     44           300 PM
 AVERAGE    66

..........................................................


THE LONGVIEW CLIMATE NORMALS FOR TODAY
                         NORMAL    RECORD    YEAR
 MAXIMUM TEMPERATURE (F)   93       105      1933
 MINIMUM TEMPERATURE (F)   74        62      1920


SUNRISE AND SUNSET
JULY 11 2014..........SUNRISE   620 AM CDT   SUNSET   828 PM CDT
JULY 12 2014..........SUNRISE   621 AM CDT   SUNSET   828 PM CDT


-  INDICATES NEGATIVE NUMBERS.
R  INDICATES RECORD WAS SET OR TIED.
MM INDICATES DATA IS MISSING.
T  INDICATES TRACE AMOUNT.




$$
