446
CDUS44 KSHV 260749
CLIGGG


CLIMATE REPORT
NATIONAL WEATHER SERVICE SHREVEPORT, LA
249 AM CDT WED APR 26 2017


...................................

...THE LONGVIEW CLIMATE SUMMARY FOR APRIL 25 2017...

CLIMATE NORMAL PERIOD 1981 TO 2010
CLIMATE RECORD PERIOD 1902 TO 2017


WEATHER ITEM   OBSERVED TIME   RECORD YEAR NORMAL DEPARTURE LAST
                VALUE   (LST)  VALUE       VALUE  FROM      YEAR
                                                  NORMAL
..................................................................
TEMPERATURE (F)
 YESTERDAY
  MAXIMUM         83    209 PM  90    1943  79      4       85
  MINIMUM         58    600 AM  35    1910  56      2       64
  AVERAGE         71                        67      4       75

PRECIPITATION (IN)
  YESTERDAY        0.00          2.44 1964   0.12  -0.12     0.00
  MONTH TO DATE    5.65                      2.66   2.99     4.53
  SINCE DEC 1     20.87                     18.86   2.01    25.52
  SINCE JAN 1     16.07                     14.37   1.70    19.46

SNOWFALL (IN)
  YESTERDAY        0.0
  MONTH TO DATE    0.0
  SINCE MAR 1      0.0
  SINCE JUL 1      0.0
  SNOW DEPTH       0

DEGREE DAYS
 HEATING
  YESTERDAY        0                         1     -1        0
  MONTH TO DATE   28                        84    -56       49
  SINCE MAR 1    175                       339   -164      190
  SINCE JUL 1   1276                      2243   -967     1639

 COOLING
  YESTERDAY        6                         4      2       10
  MONTH TO DATE  120                        65     55       54
  SINCE MAR 1    218                        92    126       92
  SINCE JAN 1    289                       104    185       98
..................................................................


WIND (MPH)
  HIGHEST WIND SPEED    24   HIGHEST WIND DIRECTION     S (170)
  HIGHEST GUST SPEED    31   HIGHEST GUST DIRECTION     S (180)
  AVERAGE WIND SPEED    12.7


SKY COVER
  POSSIBLE SUNSHINE  MM
  AVERAGE SKY COVER 0.5


WEATHER CONDITIONS
 THE FOLLOWING WEATHER WAS RECORDED YESTERDAY.
  NO SIGNIFICANT WEATHER WAS OBSERVED.


RELATIVE HUMIDITY (PERCENT)
 HIGHEST    93           500 AM
 LOWEST     58           200 PM
 AVERAGE    76

..........................................................


THE LONGVIEW CLIMATE NORMALS FOR TODAY
                         NORMAL    RECORD    YEAR
 MAXIMUM TEMPERATURE (F)   79        90      1939
 MINIMUM TEMPERATURE (F)   56        38      1910


SUNRISE AND SUNSET
APRIL 26 2017.........SUNRISE   637 AM CDT   SUNSET   757 PM CDT
APRIL 27 2017.........SUNRISE   636 AM CDT   SUNSET   757 PM CDT


-  INDICATES NEGATIVE NUMBERS.
R  INDICATES RECORD WAS SET OR TIED.
MM INDICATES DATA IS MISSING.
T  INDICATES TRACE AMOUNT.




$$
