702
CDUS44 KSHV 230744
CLIGGG


CLIMATE REPORT
NATIONAL WEATHER SERVICE SHREVEPORT, LA
244 AM CDT SAT SEP 23 2017


...................................

...THE LONGVIEW CLIMATE SUMMARY FOR SEPTEMBER 22 2017...

CLIMATE NORMAL PERIOD 1981 TO 2010
CLIMATE RECORD PERIOD 1902 TO 2017


WEATHER ITEM   OBSERVED TIME   RECORD YEAR NORMAL DEPARTURE LAST
                VALUE   (LST)  VALUE       VALUE  FROM      YEAR
                                                  NORMAL
..................................................................
TEMPERATURE (F)
 YESTERDAY
  MAXIMUM         92    400 PM 102    1936  86      6       93
  MINIMUM         68        MM  49    1918  62      6       64
  AVERAGE         80                        74      6       79

PRECIPITATION (IN)
  YESTERDAY        0.00          1.70 1971   0.12  -0.12     0.00
  MONTH TO DATE    0.01                      2.34  -2.33     0.03
  SINCE DEC 1     40.34                     37.48   2.86    46.79
  SINCE JAN 1     35.54                     32.99   2.55    40.73

SNOWFALL (IN)
  YESTERDAY        0.0
  MONTH TO DATE    0.0
  SINCE SEP 1      0.0
  SINCE JUL 1      0.0
  SNOW DEPTH       0

DEGREE DAYS
 HEATING
  YESTERDAY        0                         0      0        0
  MONTH TO DATE    0                         0      0        0
  SINCE SEP 1      0                         0      0        0
  SINCE JUL 1      0                         0      0        0

 COOLING
  YESTERDAY       15                         9      6       14
  MONTH TO DATE  249                       276    -27      349
  SINCE SEP 1    249                       276    -27      349
  SINCE JAN 1   2317                      2216    101     2394
..................................................................


WIND (MPH)
  HIGHEST WIND SPEED    12   HIGHEST WIND DIRECTION    SE (140)
  HIGHEST GUST SPEED    MM   HIGHEST GUST DIRECTION    MM
  AVERAGE WIND SPEED     3.8


SKY COVER
  POSSIBLE SUNSHINE  MM
  AVERAGE SKY COVER 0.4


WEATHER CONDITIONS
 THE FOLLOWING WEATHER WAS RECORDED YESTERDAY.
  FOG
  FOG W/VISIBILITY <= 1/4 MILE


RELATIVE HUMIDITY (PERCENT)
 HIGHEST   100          1200 AM
 LOWEST     47           300 PM
 AVERAGE    74

..........................................................


THE LONGVIEW CLIMATE NORMALS FOR TODAY
                         NORMAL    RECORD    YEAR
 MAXIMUM TEMPERATURE (F)   85        98      2000
 MINIMUM TEMPERATURE (F)   62        43      1999


SUNRISE AND SUNSET
SEPTEMBER 23 2017.....SUNRISE   708 AM CDT   SUNSET   714 PM CDT
SEPTEMBER 24 2017.....SUNRISE   708 AM CDT   SUNSET   712 PM CDT


-  INDICATES NEGATIVE NUMBERS.
R  INDICATES RECORD WAS SET OR TIED.
MM INDICATES DATA IS MISSING.
T  INDICATES TRACE AMOUNT.




$$
