000
CDUS45 KGGW 270741
CLIGGW


CLIMATE REPORT
NATIONAL WEATHER SERVICE GLASGOW MT
140 AM MDT MON MAR 27 2017


...................................

...THE GLASGOW MT CLIMATE SUMMARY FOR MARCH 26 2017...

CLIMATE NORMAL PERIOD 1981 TO 2010
CLIMATE RECORD PERIOD 1893 TO 2017


WEATHER ITEM   OBSERVED TIME   RECORD YEAR NORMAL DEPARTURE LAST
                VALUE   (LST)  VALUE       VALUE  FROM      YEAR
                                                  NORMAL
..................................................................
TEMPERATURE (F)
 YESTERDAY
  MAXIMUM         57    317 PM  76    1946  48      9       54
  MINIMUM         31    503 AM -23    1913  25      6       17
                                      1898
  AVERAGE         44                        37      7       36

PRECIPITATION (IN)
  YESTERDAY        0.00          0.25 1900   0.02  -0.02     0.00
  MONTH TO DATE    0.38                      0.33   0.05     0.41
  SINCE OCT 1      4.93                      2.51   2.42     4.00
  SINCE JAN 1      1.40                      0.96   0.44     1.02

SNOWFALL (IN)
  YESTERDAY        0.0           2.9  1995   0.1   -0.1      0.0
  MONTH TO DATE    6.2                       4.0    2.2      2.9
  SINCE MAR 1      6.2                       4.0    2.2      2.9
  SINCE JUL 1     37.7                      31.0    6.7     24.4
  SNOW DEPTH       0

DEGREE DAYS
 HEATING
  YESTERDAY       21                        28     -7       29
  MONTH TO DATE  863                       897    -34      659
  SINCE MAR 1    863                       897    -34      659
  SINCE JUL 1   6970                      7267   -297     6124

 COOLING
  YESTERDAY        0                         0      0        0
  MONTH TO DATE    0                         0      0        0
  SINCE MAR 1      0                         0      0        0
  SINCE JAN 1      0                         0      0        0
..................................................................


WIND (MPH)
  HIGHEST WIND SPEED    16   HIGHEST WIND DIRECTION     W (280)
  HIGHEST GUST SPEED    26   HIGHEST GUST DIRECTION     W (290)
  AVERAGE WIND SPEED     8.3


SKY COVER
  POSSIBLE SUNSHINE  MM
  AVERAGE SKY COVER 0.2


WEATHER CONDITIONS
 THE FOLLOWING WEATHER WAS RECORDED YESTERDAY.
  NO SIGNIFICANT WEATHER WAS OBSERVED.


RELATIVE HUMIDITY (PERCENT)
 HIGHEST    85           500 AM
 LOWEST     24           400 PM
 AVERAGE    55

..........................................................


THE GLASGOW MT CLIMATE NORMALS FOR TODAY
                         NORMAL    RECORD    YEAR
 MAXIMUM TEMPERATURE (F)   49        78      1946
 MINIMUM TEMPERATURE (F)   26       -27      1898


SUNRISE AND SUNSET
MARCH 27 2017.........SUNRISE   654 AM MDT   SUNSET   730 PM MDT
MARCH 28 2017.........SUNRISE   652 AM MDT   SUNSET   732 PM MDT


-  INDICATES NEGATIVE NUMBERS.
R  INDICATES RECORD WAS SET OR TIED.
MM INDICATES DATA IS MISSING.
T  INDICATES TRACE AMOUNT.




$$
