000
CDUS45 KGGW 020019
CLIGGW


CLIMATE REPORT
NATIONAL WEATHER SERVICE GLASGOW MT
518 PM MST SUN MAR 1 2015


...................................

...THE GLASGOW MT CLIMATE SUMMARY FOR MARCH 1 2015...
VALID TODAY AS OF 0500 PM LOCAL TIME.

CLIMATE NORMAL PERIOD 1981 TO 2010
CLIMATE RECORD PERIOD 1893 TO 2015


WEATHER ITEM   OBSERVED TIME   RECORD YEAR NORMAL DEPARTURE LAST
                VALUE   (LST)  VALUE       VALUE  FROM      YEAR
                                                  NORMAL
..................................................................
TEMPERATURE (F)
 TODAY
  MAXIMUM         30        MM  64    1992  35     -5       -8
  MINIMUM         12    400 AM -32    1922  14     -2      -21
  AVERAGE         21                        24     -3      -14

PRECIPITATION (IN)
  TODAY            0.01          0.56 1932   0.01   0.00     0.00
  MONTH TO DATE    0.01                      0.01   0.00     0.00
  SINCE OCT 1      2.33                      2.19   0.14     1.80
  SINCE JAN 1      1.07                      0.64   0.43     0.35

SNOWFALL (IN)
  TODAY            0.2           4.2  2012   0.2    0.0      0.0
  MONTH TO DATE    0.2                       0.2    0.0      0.0
  SINCE MAR 1      0.2                       0.2    0.0      0.0
  SINCE JUL 1     35.3                      27.2    8.1     23.8
  SNOW DEPTH       T  (12Z / 5 AM MST)

DEGREE DAYS
 HEATING
  TODAY           44                        41      3       79
  MONTH TO DATE   44                        41      3       79
  SINCE MAR 1     44                        41      3       79
  SINCE JUL 1   6128                      6411   -283     6727

 COOLING
  TODAY            0                         0      0        0
  MONTH TO DATE    0                         0      0        0
  SINCE MAR 1      0                         0      0        0
  SINCE JAN 1      0                         0      0        0
..................................................................


WIND (MPH)
  HIGHEST WIND SPEED    13   HIGHEST WIND DIRECTION    NW (310)
  HIGHEST GUST SPEED    MM   HIGHEST GUST DIRECTION    MM
  AVERAGE WIND SPEED     7.3


SKY COVER
  POSSIBLE SUNSHINE  MM
  AVERAGE SKY COVER 0.7


WEATHER CONDITIONS
 THE FOLLOWING WEATHER WAS RECORDED TODAY.
  LIGHT SNOW
  FOG


RELATIVE HUMIDITY (PERCENT)
 HIGHEST    84          1200 AM
 LOWEST     39           400 PM
 AVERAGE    62

..........................................................


THE GLASGOW MT CLIMATE NORMALS FOR TOMORROW
                         NORMAL    RECORD    YEAR
 MAXIMUM TEMPERATURE (F)   35        69      1905
 MINIMUM TEMPERATURE (F)   15       -33      1916


SUNRISE AND SUNSET
MARCH  1 2015.........SUNRISE   648 AM MST   SUNSET   551 PM MST
MARCH  2 2015.........SUNRISE   646 AM MST   SUNSET   552 PM MST


-  INDICATES NEGATIVE NUMBERS.
R  INDICATES RECORD WAS SET OR TIED.
MM INDICATES DATA IS MISSING.
T  INDICATES TRACE AMOUNT.




$$
