000
CDUS45 KGGW 031232
CLIGGW


CLIMATE REPORT
NATIONAL WEATHER SERVICE GLASGOW MT
631 AM MDT TUE MAY 3 2016


...................................

...THE GLASGOW MT CLIMATE SUMMARY FOR MAY 3 2016...
VALID AS OF 0600 AM LOCAL TIME.

CLIMATE NORMAL PERIOD 1981 TO 2010
CLIMATE RECORD PERIOD 1893 TO 2016


WEATHER ITEM   OBSERVED TIME   RECORD YEAR NORMAL DEPARTURE LAST
                VALUE   (LST)  VALUE       VALUE  FROM      YEAR
                                                  NORMAL
..................................................................
TEMPERATURE (F)
 TODAY
  MINIMUM         40    452 AM  17    1954  38      2       34

PRECIPITATION (IN)
  TODAY            0.00          1.60 1899   0.04  -0.04     0.00
  MONTH TO DATE    0.00                      0.13  -0.13     0.00
  SINCE OCT 1      6.73                      3.58   3.15     4.26
  SINCE JAN 1      3.75                      2.03   1.72     3.00

SNOWFALL (IN)
  TODAY            0.0           1.3  1991   0.1   -0.1      0.0
  MONTH TO DATE    0.0                       0.2   -0.2      0.0
  SINCE MAR 1      6.1                       6.8   -0.7      8.1
  SINCE JUL 1     27.6                      33.8   -6.2     43.2
  SNOW DEPTH       0

DEGREE DAYS
 HEATING
  TODAY           19                        14      5       16
  MONTH TO DATE   39                        44     -5       32
  SINCE MAR 1   1362                      1681   -319     1373
  SINCE JUL 1   6827                      8051  -1224     7457

 COOLING
  TODAY            0                         0      0        0
  MONTH TO DATE    0                         0      0        0
  SINCE MAR 1      0                         1     -1        0
  SINCE JAN 1      0                         1     -1        0
..................................................................





WEATHER CONDITIONS
 THE FOLLOWING WEATHER WAS RECORDED TODAY.
  NO SIGNIFICANT WEATHER WAS OBSERVED.


RELATIVE HUMIDITY (PERCENT)
 HIGHEST    86           500 AM

..........................................................


THE GLASGOW MT CLIMATE NORMALS FOR TOMORROW
                         NORMAL    RECORD    YEAR
 MAXIMUM TEMPERATURE (F)   65        91      1918
 MINIMUM TEMPERATURE (F)   38        20      2002


SUNRISE AND SUNSET
MAY  3 2016...........SUNRISE   544 AM MDT   SUNSET   824 PM MDT
MAY  4 2016...........SUNRISE   542 AM MDT   SUNSET   825 PM MDT


-  INDICATES NEGATIVE NUMBERS.
R  INDICATES RECORD WAS SET OR TIED.
MM INDICATES DATA IS MISSING.
T  INDICATES TRACE AMOUNT.




$$
