000
CDUS45 KGGW 260740
CLIGGW


CLIMATE REPORT
NATIONAL WEATHER SERVICE GLASGOW MT
140 AM MDT TUE JUL 26 2016


...................................

...THE GLASGOW MT CLIMATE SUMMARY FOR JULY 25 2016...

CLIMATE NORMAL PERIOD 1981 TO 2010
CLIMATE RECORD PERIOD 1893 TO 2016


WEATHER ITEM   OBSERVED TIME   RECORD YEAR NORMAL DEPARTURE LAST
                VALUE   (LST)  VALUE       VALUE  FROM      YEAR
                                                  NORMAL
..................................................................
TEMPERATURE (F)
 YESTERDAY
  MAXIMUM         93    336 PM 108    1929  87      6       94
  MINIMUM         57    415 AM  42    1918  58     -1       58
  AVERAGE         75                        73      2       76

PRECIPITATION (IN)
  YESTERDAY        0.00          1.50 1901   0.05  -0.05     0.00
  MONTH TO DATE    2.84                      1.50   1.34     0.57
  SINCE OCT 1     17.54                      9.20   8.34     8.73
  SINCE JAN 1     14.56                      7.65   6.91     7.47

SNOWFALL (IN)
  YESTERDAY        0.0           T    1953   0.0    0.0      0.0
  MONTH TO DATE    0.0                       0.0    0.0      0.0
  SINCE JUN 1      0.0                       0.0    0.0      0.0
  SINCE JUL 1      0.0                       0.0    0.0      0.0
  SNOW DEPTH       0

DEGREE DAYS
 HEATING
  YESTERDAY        0                         0      0        0
  MONTH TO DATE    8                        15     -7        2
  SINCE JUN 1     40                       120    -80       48
  SINCE JUL 1      8                        15     -7        2

 COOLING
  YESTERDAY       10                         8      2       11
  MONTH TO DATE  125                       159    -34      184
  SINCE JUN 1    194                       234    -40      311
  SINCE JAN 1    205                       251    -46      311
..................................................................


WIND (MPH)
  HIGHEST WIND SPEED    21   HIGHEST WIND DIRECTION    NE (60)
  HIGHEST GUST SPEED    26   HIGHEST GUST DIRECTION    NE (60)
  AVERAGE WIND SPEED     7.5


SKY COVER
  POSSIBLE SUNSHINE  MM
  AVERAGE SKY COVER 0.0


WEATHER CONDITIONS
 THE FOLLOWING WEATHER WAS RECORDED YESTERDAY.
  NO SIGNIFICANT WEATHER WAS OBSERVED.


RELATIVE HUMIDITY (PERCENT)
 HIGHEST    80           400 AM
 LOWEST     21           300 PM
 AVERAGE    51

..........................................................


THE GLASGOW MT CLIMATE NORMALS FOR TODAY
                         NORMAL    RECORD    YEAR
 MAXIMUM TEMPERATURE (F)   87       106      1929
 MINIMUM TEMPERATURE (F)   59        38      1913


SUNRISE AND SUNSET
JULY 26 2016..........SUNRISE   535 AM MDT   SUNSET   850 PM MDT
JULY 27 2016..........SUNRISE   536 AM MDT   SUNSET   849 PM MDT


-  INDICATES NEGATIVE NUMBERS.
R  INDICATES RECORD WAS SET OR TIED.
MM INDICATES DATA IS MISSING.
T  INDICATES TRACE AMOUNT.




$$
