000
CDUS45 KGGW 280018
CLIGGW


CLIMATE REPORT
NATIONAL WEATHER SERVICE GLASGOW MT
617 PM MDT FRI MAR 27 2015


...................................

...THE GLASGOW MT CLIMATE SUMMARY FOR MARCH 27 2015...
VALID TODAY AS OF 0500 PM LOCAL TIME.

CLIMATE NORMAL PERIOD 1981 TO 2010
CLIMATE RECORD PERIOD 1893 TO 2015


WEATHER ITEM   OBSERVED TIME   RECORD YEAR NORMAL DEPARTURE LAST
                VALUE   (LST)  VALUE       VALUE  FROM      YEAR
                                                  NORMAL
..................................................................
TEMPERATURE (F)
 TODAY
  MAXIMUM         71        MM  78    1946  49     22       32
  MINIMUM         34        MM -27    1898  26      8       20
  AVERAGE         53                        37     16       26

PRECIPITATION (IN)
  TODAY            0.00          0.84 1907   0.02  -0.02     0.09
  MONTH TO DATE    0.58                      0.35   0.23     0.57
  SINCE OCT 1      2.90                      2.53   0.37     2.37
  SINCE JAN 1      1.64                      0.98   0.66     0.92

SNOWFALL (IN)
  TODAY            0.0           3.3  1979   0.2   -0.2      1.3
  MONTH TO DATE    2.8                       4.2   -1.4      4.8
  SINCE MAR 1      2.8                       4.2   -1.4      4.8
  SINCE JUL 1     37.9                      31.2    6.7     28.6
  SNOW DEPTH       0

DEGREE DAYS
 HEATING
  TODAY           12                        28    -16       39
  MONTH TO DATE  724                       925   -201     1017
  SINCE MAR 1    724                       925   -201     1017
  SINCE JUL 1   6808                      7295   -487     7665

 COOLING
  TODAY            0                         0      0        0
  MONTH TO DATE    0                         0      0        0
  SINCE MAR 1      0                         0      0        0
  SINCE JAN 1      0                         0      0        0
..................................................................


WIND (MPH)
  HIGHEST WIND SPEED    14   HIGHEST WIND DIRECTION    NW (300)
  HIGHEST GUST SPEED    21   HIGHEST GUST DIRECTION    NW (300)
  AVERAGE WIND SPEED     8.3


SKY COVER
  POSSIBLE SUNSHINE  MM
  AVERAGE SKY COVER 0.0


WEATHER CONDITIONS
 THE FOLLOWING WEATHER WAS RECORDED TODAY.
  NO SIGNIFICANT WEATHER WAS OBSERVED.


RELATIVE HUMIDITY (PERCENT)
 HIGHEST    82           100 AM
 LOWEST     28           300 PM
 AVERAGE    55

..........................................................


THE GLASGOW MT CLIMATE NORMALS FOR TOMORROW
                         NORMAL    RECORD    YEAR
 MAXIMUM TEMPERATURE (F)   49        77      1986
 MINIMUM TEMPERATURE (F)   26       -25      1898


SUNRISE AND SUNSET
MARCH 27 2015.........SUNRISE   655 AM MDT   SUNSET   729 PM MDT
MARCH 28 2015.........SUNRISE   653 AM MDT   SUNSET   731 PM MDT


-  INDICATES NEGATIVE NUMBERS.
R  INDICATES RECORD WAS SET OR TIED.
MM INDICATES DATA IS MISSING.
T  INDICATES TRACE AMOUNT.




$$
