000
CDUS45 KGGW 270741
CLIGGW


CLIMATE REPORT
NATIONAL WEATHER SERVICE GLASGOW MT
141 AM MDT TUE JUN 27 2017


...................................

...THE GLASGOW MT CLIMATE SUMMARY FOR JUNE 26 2017...

CLIMATE NORMAL PERIOD 1981 TO 2010
CLIMATE RECORD PERIOD 1893 TO 2017


WEATHER ITEM   OBSERVED TIME   RECORD YEAR NORMAL DEPARTURE LAST
                VALUE   (LST)  VALUE       VALUE  FROM      YEAR
                                                  NORMAL
..................................................................
TEMPERATURE (F)
 YESTERDAY
  MAXIMUM         89    354 PM 108    1988  80      9       78
  MINIMUM         52    444 AM  40    1904  54     -2       52
  AVERAGE         71                        67      4       65

PRECIPITATION (IN)
  YESTERDAY        T             0.78 1915   0.07  -0.07     0.09
  MONTH TO DATE    0.13                      2.07  -1.94     3.51
  SINCE OCT 1      6.27                      7.44  -1.17    14.70
  SINCE JAN 1      2.74                      5.89  -3.15    11.72

SNOWFALL (IN)
  YESTERDAY        0.0           0.0  2002   0.0    0.0      0.0
                                      2001
                                      2000
  MONTH TO DATE    0.0                       0.0    0.0      0.0
  SINCE JUN 1      0.0                       0.0    0.0      0.0
  SINCE JUL 1     37.7                      34.8    2.9     27.6
  SNOW DEPTH       0

DEGREE DAYS
 HEATING
  YESTERDAY        0                         2     -2        0
  MONTH TO DATE   41                        99    -58       32
  SINCE JUN 1     41                        99    -58       32
  SINCE JUL 1   7954                      8430   -476     7089

 COOLING
  YESTERDAY        6                         4      2        0
  MONTH TO DATE   73                        59     14       58
  SINCE JUN 1     73                        59     14       58
  SINCE JAN 1     88                        76     12       69
..................................................................


WIND (MPH)
  HIGHEST WIND SPEED    25   HIGHEST WIND DIRECTION     W (260)
  HIGHEST GUST SPEED    38   HIGHEST GUST DIRECTION    SW (240)
  AVERAGE WIND SPEED    15.6


SKY COVER
  POSSIBLE SUNSHINE  MM
  AVERAGE SKY COVER 0.0


WEATHER CONDITIONS
 THE FOLLOWING WEATHER WAS RECORDED YESTERDAY.
  THUNDERSTORM
  LIGHT RAIN


RELATIVE HUMIDITY (PERCENT)
 HIGHEST    59           300 AM
 LOWEST     13           300 PM
 AVERAGE    36

..........................................................


THE GLASGOW MT CLIMATE NORMALS FOR TODAY
                         NORMAL    RECORD    YEAR
 MAXIMUM TEMPERATURE (F)   80       107      1936
 MINIMUM TEMPERATURE (F)   54        41      2004
                                             1985


SUNRISE AND SUNSET
JUNE 27 2017..........SUNRISE   508 AM MDT   SUNSET   911 PM MDT
JUNE 28 2017..........SUNRISE   509 AM MDT   SUNSET   911 PM MDT


-  INDICATES NEGATIVE NUMBERS.
R  INDICATES RECORD WAS SET OR TIED.
MM INDICATES DATA IS MISSING.
T  INDICATES TRACE AMOUNT.




$$
