000
CDUS45 KGGW 290017
CLIGGW


CLIMATE REPORT
NATIONAL WEATHER SERVICE GLASGOW MT
516 PM MST SUN DEC 28 2014


...................................

...THE GLASGOW MT CLIMATE SUMMARY FOR DECEMBER 28 2014...
VALID TODAY AS OF 0500 PM LOCAL TIME.

CLIMATE NORMAL PERIOD 1981 TO 2010
CLIMATE RECORD PERIOD 1893 TO 2014


WEATHER ITEM   OBSERVED TIME   RECORD YEAR NORMAL DEPARTURE LAST
                VALUE   (LST)  VALUE       VALUE  FROM      YEAR
                                                  NORMAL
..................................................................
TEMPERATURE (F)
 TODAY
  MAXIMUM         21        MM  55    1999  23     -2       41
  MINIMUM         11        MM -31    1968   4      7       -1
  AVERAGE         16                        14      2       20

PRECIPITATION (IN)
  TODAY            T             0.30 1917   0.02  -0.02     0.01
  MONTH TO DATE    0.11                      0.36  -0.25     0.67
  SINCE OCT 1      1.26                      1.51  -0.25     1.26
  SINCE JAN 1     15.00                     11.62   3.38    15.68

SNOWFALL (IN)
  TODAY            0.1           5.0  1917   0.3   -0.2      0.4
  MONTH TO DATE    0.2                       7.1   -6.9     11.2
  SINCE DEC 1      0.2                       7.1   -6.9     11.2
  SINCE JUL 1     11.6                      13.7   -2.1     14.9
  SNOW DEPTH       0  (12Z/5AM MST)

DEGREE DAYS
 HEATING
  TODAY           49                        51     -2       45
  MONTH TO DATE 1135                      1355   -220     1604
  SINCE DEC 1   1135                      1355   -220     1604
  SINCE JUL 1   3220                      3348   -128     3515

 COOLING
  TODAY            0                         0      0        0
  MONTH TO DATE    0                         0      0        0
  SINCE DEC 1      0                         0      0        0
  SINCE JAN 1    495                       533    -38      563
..................................................................


WIND (MPH)
  HIGHEST WIND SPEED    22   HIGHEST WIND DIRECTION    NE (40)
  HIGHEST GUST SPEED    MM   HIGHEST GUST DIRECTION    MM
  AVERAGE WIND SPEED    16.3


SKY COVER
  POSSIBLE SUNSHINE  MM
  AVERAGE SKY COVER 0.9


WEATHER CONDITIONS
 THE FOLLOWING WEATHER WAS RECORDED TODAY.
  LIGHT SNOW
  FOG


RELATIVE HUMIDITY (PERCENT)
 HIGHEST    92           500 AM
 LOWEST     67           100 PM
 AVERAGE    80

..........................................................


THE GLASGOW MT CLIMATE NORMALS FOR TOMORROW
                         NORMAL    RECORD    YEAR
 MAXIMUM TEMPERATURE (F)   23        53      1956
 MINIMUM TEMPERATURE (F)    4       -35      1968
                                             1916


SUNRISE AND SUNSET
DECEMBER 28 2014......SUNRISE   757 AM MST   SUNSET   420 PM MST
DECEMBER 29 2014......SUNRISE   757 AM MST   SUNSET   420 PM MST


-  INDICATES NEGATIVE NUMBERS.
R  INDICATES RECORD WAS SET OR TIED.
MM INDICATES DATA IS MISSING.
T  INDICATES TRACE AMOUNT.




$$
