000
CDUS45 KGGW 180740
CLIGGW


CLIMATE REPORT
NATIONAL WEATHER SERVICE GLASGOW MT
140 AM MDT THU SEP 18 2014


...................................

...THE GLASGOW MT CLIMATE SUMMARY FOR SEPTEMBER 17 2014...

CLIMATE NORMAL PERIOD 1981 TO 2010
CLIMATE RECORD PERIOD 1893 TO 2014


WEATHER ITEM   OBSERVED TIME   RECORD YEAR NORMAL DEPARTURE LAST
                VALUE   (LST)  VALUE       VALUE  FROM      YEAR
                                                  NORMAL
..................................................................
TEMPERATURE (F)
 YESTERDAY
  MAXIMUM         82    254 PM  95    2009  71     11       80
                                      1943
  MINIMUM         49    252 AM  22    1902  44      5       53
  AVERAGE         66                        57      9       67

PRECIPITATION (IN)
  YESTERDAY        0.00          0.61 1996   0.03  -0.03     0.01
  MONTH TO DATE    0.40                      0.53  -0.13     1.54
  SINCE OCT 1     14.80                     11.25   3.55    16.33
  SINCE JAN 1     13.35                      9.70   3.65    14.13

SNOWFALL (IN)
  YESTERDAY        0.0           T    2010   0.0    0.0      0.0
                                      2006
  MONTH TO DATE    0.0                       0.0    0.0      0.0
  SINCE SEP 1      0.0                       0.0    0.0      0.0
  SINCE JUL 1      0.0                       0.0    0.0      0.0
  SNOW DEPTH       0

DEGREE DAYS
 HEATING
  YESTERDAY        0                         8     -8        0
  MONTH TO DATE  169                        97     72        7
  SINCE SEP 1    169                        97     72        7
  SINCE JUL 1    222                       150     72       22

 COOLING
  YESTERDAY        1                         1      0        2
  MONTH TO DATE    2                        32    -30       86
  SINCE SEP 1      2                        32    -30       86
  SINCE JAN 1    474                       527    -53      563
..................................................................


WIND (MPH)
  HIGHEST WIND SPEED    20   HIGHEST WIND DIRECTION    SE (120)
  HIGHEST GUST SPEED    24   HIGHEST GUST DIRECTION    SE (120)
  AVERAGE WIND SPEED    13.2


SKY COVER
  POSSIBLE SUNSHINE  MM
  AVERAGE SKY COVER 0.0


WEATHER CONDITIONS
 THE FOLLOWING WEATHER WAS RECORDED YESTERDAY.
  NO SIGNIFICANT WEATHER WAS OBSERVED.


RELATIVE HUMIDITY (PERCENT)
 HIGHEST    71           500 AM
 LOWEST     28           300 PM
 AVERAGE    50

..........................................................


THE GLASGOW MT CLIMATE NORMALS FOR TODAY
                         NORMAL    RECORD    YEAR
 MAXIMUM TEMPERATURE (F)   71        96      1928
 MINIMUM TEMPERATURE (F)   43        22      1991


SUNRISE AND SUNSET
SEPTEMBER 18 2014.....SUNRISE   648 AM MDT   SUNSET   713 PM MDT
SEPTEMBER 19 2014.....SUNRISE   649 AM MDT   SUNSET   710 PM MDT


-  INDICATES NEGATIVE NUMBERS.
R  INDICATES RECORD WAS SET OR TIED.
MM INDICATES DATA IS MISSING.
T  INDICATES TRACE AMOUNT.




$$
