000
CDUS45 KGGW 310742
CLIGGW


CLIMATE REPORT
NATIONAL WEATHER SERVICE GLASGOW MT
141 AM MDT MON AUG 31 2015


...................................

...THE GLASGOW MT CLIMATE SUMMARY FOR AUGUST 30 2015...

CLIMATE NORMAL PERIOD 1981 TO 2010
CLIMATE RECORD PERIOD 1893 TO 2015


WEATHER ITEM   OBSERVED TIME   RECORD YEAR NORMAL DEPARTURE LAST
                VALUE   (LST)  VALUE       VALUE  FROM      YEAR
                                                  NORMAL
..................................................................
TEMPERATURE (F)
 YESTERDAY
  MAXIMUM         86    410 PM 104    1921  80      6       68
  MINIMUM         57   1159 PM  37    1912  52      5       55
  AVERAGE         72                        66      6       62

PRECIPITATION (IN)
  YESTERDAY        0.15          1.22 1957   0.04   0.11     0.14
  MONTH TO DATE    0.80                      1.21  -0.41     6.71
  SINCE OCT 1     10.71                     10.69   0.02    14.39
  SINCE JAN 1      9.45                      9.14   0.31    12.94

SNOWFALL (IN)
  YESTERDAY        0.0           0.0  2002   0.0    0.0      0.0
                                      2001
                                      2000
  MONTH TO DATE    0.0                       0.0    0.0      0.0
  SINCE JUN 1      0.0                       0.0    0.0      0.0
  SINCE JUL 1      0.0                       0.0    0.0      0.0
  SNOW DEPTH       0

DEGREE DAYS
 HEATING
  YESTERDAY        0                         3     -3        3
  MONTH TO DATE   43                        31     12       47
  SINCE JUN 1     94                       154    -60      159
  SINCE JUL 1     48                        49     -1       51

 COOLING
  YESTERDAY        7                         4      3        0
  MONTH TO DATE  216                       193     23      201
  SINCE JUN 1    564                       475     89      438
  SINCE JAN 1    564                       492     72      472
..................................................................


WIND (MPH)
  HIGHEST WIND SPEED    30   HIGHEST WIND DIRECTION     W (260)
  HIGHEST GUST SPEED    39   HIGHEST GUST DIRECTION     W (260)
  AVERAGE WIND SPEED    11.2


SKY COVER
  POSSIBLE SUNSHINE  MM
  AVERAGE SKY COVER 0.2


WEATHER CONDITIONS
 THE FOLLOWING WEATHER WAS RECORDED YESTERDAY.
  THUNDERSTORM
  RAIN
  LIGHT RAIN
  FOG
  HAZE


RELATIVE HUMIDITY (PERCENT)
 HIGHEST    73           800 PM
 LOWEST     29           300 PM
 AVERAGE    51

..........................................................


THE GLASGOW MT CLIMATE NORMALS FOR TODAY
                         NORMAL    RECORD    YEAR
 MAXIMUM TEMPERATURE (F)   79       104      1929
                                             1919
 MINIMUM TEMPERATURE (F)   51        36      1949


SUNRISE AND SUNSET
AUGUST 31 2015........SUNRISE   623 AM MDT   SUNSET   750 PM MDT
SEPTEMBER  1 2015.....SUNRISE   624 AM MDT   SUNSET   748 PM MDT


-  INDICATES NEGATIVE NUMBERS.
R  INDICATES RECORD WAS SET OR TIED.
MM INDICATES DATA IS MISSING.
T  INDICATES TRACE AMOUNT.




$$
