000
CDUS45 KGGW 170741
CLIGGW


CLIMATE REPORT
NATIONAL WEATHER SERVICE GLASGOW MT
1241 AM MST SUN DEC 17 2017


...................................

...THE GLASGOW MT CLIMATE SUMMARY FOR DECEMBER 16 2017...

CLIMATE NORMAL PERIOD 1981 TO 2010
CLIMATE RECORD PERIOD 1893 TO 2017


WEATHER ITEM   OBSERVED TIME   RECORD YEAR NORMAL DEPARTURE LAST
                VALUE   (LST)  VALUE       VALUE  FROM      YEAR
                                                  NORMAL
..................................................................
TEMPERATURE (F)
 YESTERDAY
  MAXIMUM         37    253 PM  62    1939  25     12        5
  MINIMUM         15   1159 PM -29    1914   6      9      -23
  AVERAGE         26                        16     10       -9

PRECIPITATION (IN)
  YESTERDAY        0.00          0.53 1929   0.01  -0.01     0.04
  MONTH TO DATE    0.04                      0.18  -0.14     0.32
  SINCE OCT 1      1.12                      1.33  -0.21     3.49
  SINCE JAN 1      5.96                     11.44  -5.48    20.82

SNOWFALL (IN)
  YESTERDAY        0.0           6.2  1929   0.2   -0.2      0.8
  MONTH TO DATE    0.7                       3.4   -2.7      8.0
  SINCE DEC 1      0.7                       3.4   -2.7      8.0
  SINCE JUL 1      2.3                      10.0   -7.7      8.4
  SNOW DEPTH       0

DEGREE DAYS
 HEATING
  YESTERDAY       39                        49    -10       74
  MONTH TO DATE  526                       748   -222      919
  SINCE DEC 1    526                       748   -222      919
  SINCE JUL 1   2461                      2741   -280     2538

 COOLING
  YESTERDAY        0                         0      0        0
  MONTH TO DATE    0                         0      0        0
  SINCE DEC 1      0                         0      0        0
  SINCE JAN 1    684                       533    151      434
..................................................................


WIND (MPH)
  HIGHEST WIND SPEED    18   HIGHEST WIND DIRECTION    NW (310)
  HIGHEST GUST SPEED    22   HIGHEST GUST DIRECTION    NW (300)
  AVERAGE WIND SPEED     6.9


SKY COVER
  POSSIBLE SUNSHINE  MM
  AVERAGE SKY COVER 0.2


WEATHER CONDITIONS
 THE FOLLOWING WEATHER WAS RECORDED YESTERDAY.
  NO SIGNIFICANT WEATHER WAS OBSERVED.


RELATIVE HUMIDITY (PERCENT)
 HIGHEST    96           700 AM
 LOWEST     48           200 PM
 AVERAGE    72

..........................................................


THE GLASGOW MT CLIMATE NORMALS FOR TODAY
                         NORMAL    RECORD    YEAR
 MAXIMUM TEMPERATURE (F)   25        55      1939
 MINIMUM TEMPERATURE (F)    6       -43      1922


SUNRISE AND SUNSET
DECEMBER 17 2017......SUNRISE   752 AM MST   SUNSET   413 PM MST
DECEMBER 18 2017......SUNRISE   753 AM MST   SUNSET   414 PM MST


-  INDICATES NEGATIVE NUMBERS.
R  INDICATES RECORD WAS SET OR TIED.
MM INDICATES DATA IS MISSING.
T  INDICATES TRACE AMOUNT.




$$
