000
CDUS45 KGJT 280736
CLIGJT


CLIMATE REPORT
NATIONAL WEATHER SERVICE GRAND JUNCTION CO
133 AM MDT SUN MAY 28 2017


...................................

...THE GRAND JUNCTION CO CLIMATE SUMMARY FOR MAY 27 2017...

CLIMATE NORMAL PERIOD 1981 TO 2010
CLIMATE RECORD PERIOD 1893 TO 2017


WEATHER ITEM   OBSERVED TIME   RECORD YEAR NORMAL DEPARTURE LAST
                VALUE   (LST)  VALUE       VALUE  FROM      YEAR
                                                  NORMAL
..................................................................
TEMPERATURE (F)
 YESTERDAY
  MAXIMUM         74    254 PM  93    2003  80     -6       70
                                      1969
  MINIMUM         51   1154 PM  36    1973  50      1       47
  AVERAGE         63                        65     -2       59

PRECIPITATION (IN)
  YESTERDAY        T             0.73 1926   0.03  -0.03     0.06
  MONTH TO DATE    0.66                      0.79  -0.13     0.91
  SINCE MAR 1      1.28                      2.62  -1.34     3.60
  SINCE JAN 1      2.83                      3.74  -0.91     4.97

SNOWFALL (IN)
  YESTERDAY        0.0           0.0  2016   0.0    0.0      0.0
  MONTH TO DATE    T                         0.1   -0.1       T
  SINCE MAR 1      T                         3.6   -3.6      1.1
  SINCE JUL 1     13.9                      19.1   -5.2     28.5
  SNOW DEPTH       0

DEGREE DAYS
 HEATING
  YESTERDAY        2                         3     -1        6
  MONTH TO DATE  158                       146     12      186
  SINCE MAR 1    971                      1201   -230     1230
  SINCE JUL 1   4618                      5580   -962     5708

 COOLING
  YESTERDAY        0                         3     -3        0
  MONTH TO DATE   31                        35     -4       12
  SINCE MAR 1     32                        38     -6       12
  SINCE JAN 1     32                        38     -6       12
..................................................................


WIND (MPH)
  HIGHEST WIND SPEED    23   HIGHEST WIND DIRECTION    NE (50)
  HIGHEST GUST SPEED    28   HIGHEST GUST DIRECTION     W (270)
  AVERAGE WIND SPEED     8.8


SKY COVER
  POSSIBLE SUNSHINE  MM
  AVERAGE SKY COVER 0.3


WEATHER CONDITIONS
 THE FOLLOWING WEATHER WAS RECORDED YESTERDAY.
  LIGHT RAIN


RELATIVE HUMIDITY (PERCENT)
 HIGHEST    54           300 AM
 LOWEST     17           200 PM
 AVERAGE    36

..........................................................


THE GRAND JUNCTION CO CLIMATE NORMALS FOR TODAY
                         NORMAL    RECORD    YEAR
 MAXIMUM TEMPERATURE (F)   81        96      2000
 MINIMUM TEMPERATURE (F)   50        35      1908


SUNRISE AND SUNSET
MAY 28 2017...........SUNRISE   552 AM MDT   SUNSET   832 PM MDT
MAY 29 2017...........SUNRISE   551 AM MDT   SUNSET   832 PM MDT


-  INDICATES NEGATIVE NUMBERS.
R  INDICATES RECORD WAS SET OR TIED.
MM INDICATES DATA IS MISSING.
T  INDICATES TRACE AMOUNT.




$$
