000
CDUS45 KGJT 280738
CLIGJT


CLIMATE REPORT
NATIONAL WEATHER SERVICE GRAND JUNCTION CO
130 AM MDT MON JUL 28 2014


...................................

...THE GRAND JUNCTION CO CLIMATE SUMMARY FOR JULY 27 2014...

CLIMATE NORMAL PERIOD 1981 TO 2010
CLIMATE RECORD PERIOD 1893 TO 2014


WEATHER ITEM   OBSERVED TIME   RECORD YEAR NORMAL DEPARTURE LAST
                VALUE   (LST)  VALUE       VALUE  FROM      YEAR
                                                  NORMAL
..................................................................
TEMPERATURE (F)
 YESTERDAY
  MAXIMUM         96    439 PM 102    1969  93      3       90
                                      1960
  MINIMUM         63    442 AM  56    2002  64     -1       63
                                      2001
                                      1993
  AVERAGE         80                        78      2       77

PRECIPITATION (IN)
  YESTERDAY        T             0.61 1910   0.03  -0.03     0.14
  MONTH TO DATE    0.12                      0.51  -0.39     0.78
  SINCE JUN 1      0.25                      0.97  -0.72     0.79
  SINCE JAN 1      4.03                      4.80  -0.77     4.20

SNOWFALL (IN)
  YESTERDAY        0.0           0.0  2013   0.0    0.0      0.0
  MONTH TO DATE    0.0                       0.0    0.0      0.0
  SINCE JUN 1      0.0                       0.0    0.0      0.0
  SINCE JUL 1      0.0                       0.0    0.0      0.0
  SNOW DEPTH       0

DEGREE DAYS
 HEATING
  YESTERDAY        0                         0      0        0
  MONTH TO DATE    0                         0      0        0
  SINCE JUN 1     19                        22     -3        5
  SINCE JUL 1      0                         0      0        0

 COOLING
  YESTERDAY       15                        13      2       12
  MONTH TO DATE  418                       360     58      417
  SINCE JUN 1    616                       591     25      731
  SINCE JAN 1    675                       642     33      786
..................................................................


WIND (MPH)
  HIGHEST WIND SPEED    31   HIGHEST WIND DIRECTION    SE (150)
  HIGHEST GUST SPEED    36   HIGHEST GUST DIRECTION    SE (140)
  AVERAGE WIND SPEED     9.9


SKY COVER
  POSSIBLE SUNSHINE  MM
  AVERAGE SKY COVER 0.2


WEATHER CONDITIONS
 THE FOLLOWING WEATHER WAS RECORDED YESTERDAY.
  LIGHT RAIN


RELATIVE HUMIDITY (PERCENT)
 HIGHEST    63           300 AM
 LOWEST     17           300 PM
 AVERAGE    40

..........................................................


THE GRAND JUNCTION CO CLIMATE NORMALS FOR TODAY
                         NORMAL    RECORD    YEAR
 MAXIMUM TEMPERATURE (F)   93       104      1995
 MINIMUM TEMPERATURE (F)   64        52      2004


SUNRISE AND SUNSET
JULY 28 2014..........SUNRISE   611 AM MDT   SUNSET   830 PM MDT
JULY 29 2014..........SUNRISE   612 AM MDT   SUNSET   829 PM MDT


-  INDICATES NEGATIVE NUMBERS.
R  INDICATES RECORD WAS SET OR TIED.
MM INDICATES DATA IS MISSING.
T  INDICATES TRACE AMOUNT.




$$
