000
CDUS45 KGJT 240741
CLIGJT


CLIMATE REPORT
NATIONAL WEATHER SERVICE GRAND JUNCTION CO
139 AM MDT SUN JUL 24 2016


...................................

...THE GRAND JUNCTION CO CLIMATE SUMMARY FOR JULY 23 2016...

CLIMATE NORMAL PERIOD 1981 TO 2010
CLIMATE RECORD PERIOD 1893 TO 2016


WEATHER ITEM   OBSERVED TIME   RECORD YEAR NORMAL DEPARTURE LAST
                VALUE   (LST)  VALUE       VALUE  FROM      YEAR
                                                  NORMAL
..................................................................
TEMPERATURE (F)
 YESTERDAY
  MAXIMUM         98    545 PM 104    1931  93      5       92
  MINIMUM         65    508 AM  56    1973  64      1       58
  AVERAGE         82                        79      3       75

PRECIPITATION (IN)
  YESTERDAY        T             0.76 1983   0.02  -0.02     0.00
  MONTH TO DATE    0.60                      0.41   0.19     1.25
  SINCE JUN 1      0.73                      0.87  -0.14     2.44
  SINCE JAN 1      5.70                      4.70   1.00     7.54

SNOWFALL (IN)
  YESTERDAY        0.0           0.0  2015   0.0    0.0      0.0
  MONTH TO DATE    0.0                       0.0    0.0       T
  SINCE JUN 1      0.0                       0.0    0.0       T
  SINCE JUL 1      0.0                       0.0    0.0       T
  SNOW DEPTH       0

DEGREE DAYS
 HEATING
  YESTERDAY        0                         0      0        0
  MONTH TO DATE    0                         0      0        0
  SINCE JUN 1      1                        22    -21       12
  SINCE JUL 1      0                         0      0        0

 COOLING
  YESTERDAY       17                        14      3       10
  MONTH TO DATE  300                       306     -6      199
  SINCE JUN 1    650                       537    113      489
  SINCE JAN 1    663                       588     75      497
..................................................................


WIND (MPH)
  HIGHEST WIND SPEED    17   HIGHEST WIND DIRECTION    NW (310)
  HIGHEST GUST SPEED    22   HIGHEST GUST DIRECTION     N (360)
  AVERAGE WIND SPEED     8.3


SKY COVER
  POSSIBLE SUNSHINE  MM
  AVERAGE SKY COVER 0.0


WEATHER CONDITIONS
 THE FOLLOWING WEATHER WAS RECORDED YESTERDAY.
  LIGHT RAIN


RELATIVE HUMIDITY (PERCENT)
 HIGHEST    63           500 AM
 LOWEST     13           400 PM
 AVERAGE    38

..........................................................


THE GRAND JUNCTION CO CLIMATE NORMALS FOR TODAY
                         NORMAL    RECORD    YEAR
 MAXIMUM TEMPERATURE (F)   93       103      1940
                                             1931
 MINIMUM TEMPERATURE (F)   64        53      1957


SUNRISE AND SUNSET
JULY 24 2016..........SUNRISE   608 AM MDT   SUNSET   833 PM MDT
JULY 25 2016..........SUNRISE   609 AM MDT   SUNSET   832 PM MDT


-  INDICATES NEGATIVE NUMBERS.
R  INDICATES RECORD WAS SET OR TIED.
MM INDICATES DATA IS MISSING.
T  INDICATES TRACE AMOUNT.




$$
