000
CDUS45 KGJT 302324
CLIGJT


CLIMATE REPORT
NATIONAL WEATHER SERVICE GRAND JUNCTION CO
523 PM MDT THU MAR 30 2017


...................................

...THE GRAND JUNCTION CO CLIMATE SUMMARY FOR MARCH 30 2017...
VALID TODAY AS OF 0500 PM LOCAL TIME.

CLIMATE NORMAL PERIOD 1981 TO 2010
CLIMATE RECORD PERIOD 1893 TO 2017


WEATHER ITEM   OBSERVED TIME   RECORD YEAR NORMAL DEPARTURE LAST
                VALUE   (LST)  VALUE       VALUE  FROM      YEAR
                                                  NORMAL
..................................................................
TEMPERATURE (F)
 TODAY
  MAXIMUM         70    210 PM  79    1971  60     10       46
  MINIMUM         38    526 AM  16    1987  34      4       29
  AVERAGE         54                        47      7       38

PRECIPITATION (IN)
  TODAY            0.00          0.55 1953   0.04  -0.04     0.08
  MONTH TO DATE    0.20                      0.89  -0.69     1.05
  SINCE MAR 1      0.20                      0.89  -0.69     1.05
  SINCE JAN 1      1.75                      2.01  -0.26     2.42

SNOWFALL (IN)
  TODAY            0.0           3.3  1984   0.1   -0.1       T
  MONTH TO DATE    T                         2.5   -2.5      1.1
  SINCE MAR 1      T                         2.5   -2.5      1.1
  SINCE JUL 1     13.9                      18.0   -4.1     28.5
  SNOW DEPTH       0

DEGREE DAYS
 HEATING
  TODAY           11                        18     -7       27
  MONTH TO DATE  427                       635   -208      589
  SINCE MAR 1    427                       635   -208      589
  SINCE JUL 1   4074                      5014   -940     5067

 COOLING
  TODAY            0                         0      0        0
  MONTH TO DATE    0                         0      0        0
  SINCE MAR 1      0                         0      0        0
  SINCE JAN 1      0                         0      0        0
..................................................................


WIND (MPH)
  HIGHEST WIND SPEED    20   HIGHEST WIND DIRECTION    SE (120)
  HIGHEST GUST SPEED    22   HIGHEST GUST DIRECTION    SE (120)
  AVERAGE WIND SPEED     8.9


SKY COVER
  POSSIBLE SUNSHINE  MM
  AVERAGE SKY COVER 0.3


WEATHER CONDITIONS
 THE FOLLOWING WEATHER WAS RECORDED TODAY.
  NO SIGNIFICANT WEATHER WAS OBSERVED.


RELATIVE HUMIDITY (PERCENT)
 HIGHEST    70           100 AM
 LOWEST     20           200 PM
 AVERAGE    45

..........................................................


THE GRAND JUNCTION CO CLIMATE NORMALS FOR TOMORROW
                         NORMAL    RECORD    YEAR
 MAXIMUM TEMPERATURE (F)   61        80      2012
 MINIMUM TEMPERATURE (F)   34        16      1980


SUNRISE AND SUNSET
MARCH 30 2017.........SUNRISE   701 AM MDT   SUNSET   736 PM MDT
MARCH 31 2017.........SUNRISE   700 AM MDT   SUNSET   737 PM MDT


-  INDICATES NEGATIVE NUMBERS.
R  INDICATES RECORD WAS SET OR TIED.
MM INDICATES DATA IS MISSING.
T  INDICATES TRACE AMOUNT.




$$
