000
CDUS45 KGJT 232337
CLIGJT


CLIMATE REPORT
NATIONAL WEATHER SERVICE GRAND JUNCTION CO
530 PM MDT SAT SEP 23 2017


...................................

...THE GRAND JUNCTION CO CLIMATE SUMMARY FOR SEPTEMBER 23 2017...
VALID TODAY AS OF 0500 PM LOCAL TIME.

CLIMATE NORMAL PERIOD 1981 TO 2010
CLIMATE RECORD PERIOD 1893 TO 2017


WEATHER ITEM   OBSERVED TIME   RECORD YEAR NORMAL DEPARTURE LAST
                VALUE   (LST)  VALUE       VALUE  FROM      YEAR
                                                  NORMAL
..................................................................
TEMPERATURE (F)
 TODAY
  MAXIMUM         64    215 PM  90    1966  77    -13       65
  MINIMUM         50    359 PM  35    1895  49      1       45
  AVERAGE         57                        63     -6       55

PRECIPITATION (IN)
  TODAY            0.03          1.70 1896   0.04  -0.01     0.30
  MONTH TO DATE    0.33                      0.91  -0.58     0.48
  SINCE SEP 1      0.33                      0.91  -0.58     0.48
  SINCE JAN 1      4.34                      6.76  -2.42     6.73

SNOWFALL (IN)
  TODAY            0.0           0.0  2016   0.0    0.0      0.0
  MONTH TO DATE    0.0                       0.0    0.0      0.0
  SINCE SEP 1      0.0                       0.0    0.0      0.0
  SINCE JUL 1      0.0                       0.0    0.0      0.0
  SNOW DEPTH       0

DEGREE DAYS
 HEATING
  TODAY            8                         4      4       10
  MONTH TO DATE   20                        37    -17       20
  SINCE SEP 1     20                        37    -17       20
  SINCE JUL 1     20                        40    -20       20

 COOLING
  TODAY            0                         2     -2        0
  MONTH TO DATE  183                        96     87      119
  SINCE SEP 1    183                        96     87      119
  SINCE JAN 1   1479                      1115    364     1233
..................................................................


WIND (MPH)
  HIGHEST WIND SPEED    29   HIGHEST WIND DIRECTION    SE (140)
  HIGHEST GUST SPEED    33   HIGHEST GUST DIRECTION    SE (140)
  AVERAGE WIND SPEED    16.4


SKY COVER
  POSSIBLE SUNSHINE  MM
  AVERAGE SKY COVER 0.7


WEATHER CONDITIONS
 THE FOLLOWING WEATHER WAS RECORDED TODAY.
  LIGHT RAIN
  FOG


RELATIVE HUMIDITY (PERCENT)
 HIGHEST    83           900 AM
 LOWEST     36           300 AM
 AVERAGE    60

..........................................................


THE GRAND JUNCTION CO CLIMATE NORMALS FOR TOMORROW
                         NORMAL    RECORD    YEAR
 MAXIMUM TEMPERATURE (F)   76        89      2015
                                             1966
 MINIMUM TEMPERATURE (F)   49        35      2000


SUNRISE AND SUNSET
SEPTEMBER 23 2017.....SUNRISE   703 AM MDT   SUNSET   709 PM MDT
SEPTEMBER 24 2017.....SUNRISE   704 AM MDT   SUNSET   707 PM MDT


-  INDICATES NEGATIVE NUMBERS.
R  INDICATES RECORD WAS SET OR TIED.
MM INDICATES DATA IS MISSING.
T  INDICATES TRACE AMOUNT.




$$
