000
CDUS45 KGJT 050845
CLIGJT


CLIMATE REPORT
NATIONAL WEATHER SERVICE GRAND JUNCTION CO
244 AM MDT SAT SEP 5 2015


...................................

...THE GRAND JUNCTION CO CLIMATE SUMMARY FOR SEPTEMBER 4 2015...

CLIMATE NORMAL PERIOD 1981 TO 2010
CLIMATE RECORD PERIOD 1893 TO 2015


WEATHER ITEM   OBSERVED TIME   RECORD YEAR NORMAL DEPARTURE LAST
                VALUE   (LST)  VALUE       VALUE  FROM      YEAR
                                                  NORMAL
..................................................................
TEMPERATURE (F)
 YESTERDAY
  MAXIMUM         77   1102 AM 100    1995  85     -8       79
  MINIMUM         59   1156 PM  42    1961  57      2       58
  AVERAGE         68                        71     -3       69

PRECIPITATION (IN)
  YESTERDAY        0.24          0.66 2004   0.04   0.20     0.00
  MONTH TO DATE    0.24                      0.15   0.09     0.00
  SINCE SEP 1      0.24                      0.15   0.09     0.00
  SINCE JAN 1      8.48                      6.00   2.48     8.09

SNOWFALL (IN)
  YESTERDAY        0.0           0.0  2001   0.0    0.0      0.0
  MONTH TO DATE    0.0                       0.0    0.0      0.0
  SINCE SEP 1      0.0                       0.0    0.0      0.0
  SINCE JUL 1      T                         0.0    0.0      0.0
  SNOW DEPTH       0

DEGREE DAYS
 HEATING
  YESTERDAY        0                         0      0        0
  MONTH TO DATE    0                         0      0        0
  SINCE SEP 1      0                         0      0        0
  SINCE JUL 1      0                         3     -3        5

 COOLING
  YESTERDAY        3                         6     -3        4
  MONTH TO DATE   26                        26      0       23
  SINCE SEP 1     26                        26      0       23
  SINCE JAN 1    922                      1045   -123      949
..................................................................


WIND (MPH)
  HIGHEST WIND SPEED    26   HIGHEST WIND DIRECTION    SE (130)
  HIGHEST GUST SPEED    30   HIGHEST GUST DIRECTION    SE (130)
  AVERAGE WIND SPEED    14.4


SKY COVER
  POSSIBLE SUNSHINE  MM
  AVERAGE SKY COVER 0.4


WEATHER CONDITIONS
 THE FOLLOWING WEATHER WAS RECORDED YESTERDAY.
  THUNDERSTORM
  HEAVY RAIN
  RAIN
  LIGHT RAIN
  FOG


RELATIVE HUMIDITY (PERCENT)
 HIGHEST    78           800 PM
 LOWEST     38          1100 AM
 AVERAGE    58

..........................................................


THE GRAND JUNCTION CO CLIMATE NORMALS FOR TODAY
                         NORMAL    RECORD    YEAR
 MAXIMUM TEMPERATURE (F)   85        98      1899
 MINIMUM TEMPERATURE (F)   56        42      2004
                                             1961


SUNRISE AND SUNSET
SEPTEMBER  5 2015.....SUNRISE   646 AM MDT   SUNSET   739 PM MDT
SEPTEMBER  6 2015.....SUNRISE   647 AM MDT   SUNSET   737 PM MDT


-  INDICATES NEGATIVE NUMBERS.
R  INDICATES RECORD WAS SET OR TIED.
MM INDICATES DATA IS MISSING.
T  INDICATES TRACE AMOUNT.




$$
