000
CDUS45 KGJT 200730
CLIGJT


CLIMATE REPORT
NATIONAL WEATHER SERVICE GRAND JUNCTION CO
128 AM MDT THU JUL 20 2017


...................................

...THE GRAND JUNCTION CO CLIMATE SUMMARY FOR JULY 19 2017...

CLIMATE NORMAL PERIOD 1981 TO 2010
CLIMATE RECORD PERIOD 1893 TO 2017


WEATHER ITEM   OBSERVED TIME   RECORD YEAR NORMAL DEPARTURE LAST
                VALUE   (LST)  VALUE       VALUE  FROM      YEAR
                                                  NORMAL
..................................................................
TEMPERATURE (F)
 YESTERDAY
  MAXIMUM         99    407 PM 105    2010  94      5       84
  MINIMUM         75   1156 PM  52    1897  64     11       65
  AVERAGE         87                        79      8       75

PRECIPITATION (IN)
  YESTERDAY        0.16          0.51 1929   0.02   0.14     0.04
  MONTH TO DATE    0.39                      0.33   0.06     0.26
  SINCE JUN 1      0.42                      0.79  -0.37     0.39
  SINCE JAN 1      3.25                      4.62  -1.37     5.36

SNOWFALL (IN)
  YESTERDAY        0.0           0.0  2002   0.0    0.0      0.0
  MONTH TO DATE    0.0                       0.0    0.0      0.0
  SINCE JUN 1      0.0                       0.0    0.0      0.0
  SINCE JUL 1      0.0                       0.0    0.0      0.0
  SNOW DEPTH       0

DEGREE DAYS
 HEATING
  YESTERDAY        0                         0      0        0
  MONTH TO DATE    0                         0      0        0
  SINCE JUN 1      4                        22    -18        1
  SINCE JUL 1      0                         0      0        0

 COOLING
  YESTERDAY       22                        14      8       10
  MONTH TO DATE  328                       250     78      237
  SINCE JUN 1    701                       481    220      587
  SINCE JAN 1    747                       532    215      600
..................................................................


WIND (MPH)
  HIGHEST WIND SPEED    31   HIGHEST WIND DIRECTION    NE (40)
  HIGHEST GUST SPEED    38   HIGHEST GUST DIRECTION    NE (40)
  AVERAGE WIND SPEED    12.7


SKY COVER
  POSSIBLE SUNSHINE  MM
  AVERAGE SKY COVER 0.2


WEATHER CONDITIONS
 THE FOLLOWING WEATHER WAS RECORDED YESTERDAY.
  THUNDERSTORM
  RAIN
  LIGHT RAIN
  HAZE


RELATIVE HUMIDITY (PERCENT)
 HIGHEST    74           700 PM
 LOWEST     20           300 PM
 AVERAGE    47

..........................................................


THE GRAND JUNCTION CO CLIMATE NORMALS FOR TODAY
                         NORMAL    RECORD    YEAR
 MAXIMUM TEMPERATURE (F)   94       105      2005
 MINIMUM TEMPERATURE (F)   64        53      1997
                                             1897


SUNRISE AND SUNSET
JULY 20 2017..........SUNRISE   605 AM MDT   SUNSET   836 PM MDT
JULY 21 2017..........SUNRISE   605 AM MDT   SUNSET   835 PM MDT


-  INDICATES NEGATIVE NUMBERS.
R  INDICATES RECORD WAS SET OR TIED.
MM INDICATES DATA IS MISSING.
T  INDICATES TRACE AMOUNT.




$$
