000
CDUS45 KGJT 200737
CLIGJT


CLIMATE REPORT
NATIONAL WEATHER SERVICE GRAND JUNCTION CO
134 AM MDT MON OCT 20 2014


...................................

...THE GRAND JUNCTION CO CLIMATE SUMMARY FOR OCTOBER 19 2014...

CLIMATE NORMAL PERIOD 1981 TO 2010
CLIMATE RECORD PERIOD 1893 TO 2014


WEATHER ITEM   OBSERVED TIME   RECORD YEAR NORMAL DEPARTURE LAST
                VALUE   (LST)  VALUE       VALUE  FROM      YEAR
                                                  NORMAL
..................................................................
TEMPERATURE (F)
 YESTERDAY
  MAXIMUM         75    303 PM  82    1921  65     10       57
  MINIMUM         49    934 PM  23    1976  39     10       29
  AVERAGE         62                        52     10       43

PRECIPITATION (IN)
  YESTERDAY        0.00          0.58 1990   0.03  -0.03     0.00
  MONTH TO DATE    0.57                      0.68  -0.11     0.93
  SINCE SEP 1      2.41                      1.87   0.54     4.02
  SINCE JAN 1     10.50                      7.72   2.78     9.99

SNOWFALL (IN)
  YESTERDAY        0.0           0.0  2013   0.1   -0.1      0.0
  MONTH TO DATE    0.0                       0.2   -0.2      0.1
  SINCE SEP 1      0.0                       0.2   -0.2      0.1
  SINCE JUL 1      0.0                       0.2   -0.2      0.1
  SNOW DEPTH       0

DEGREE DAYS
 HEATING
  YESTERDAY        3                        13    -10       22
  MONTH TO DATE  187                       182      5      291
  SINCE SEP 1    228                       253    -25      373
  SINCE JUL 1    233                       256    -23      373

 COOLING
  YESTERDAY        0                         0      0        0
  MONTH TO DATE    0                         1     -1        0
  SINCE SEP 1    120                       104     16      143
  SINCE JAN 1   1046                      1123    -77     1269
..................................................................


WIND (MPH)
  HIGHEST WIND SPEED    10   HIGHEST WIND DIRECTION    NW (300)
  HIGHEST GUST SPEED    13   HIGHEST GUST DIRECTION     W (270)
  AVERAGE WIND SPEED     4.0


SKY COVER
  POSSIBLE SUNSHINE  MM
  AVERAGE SKY COVER 0.4


WEATHER CONDITIONS
 THE FOLLOWING WEATHER WAS RECORDED YESTERDAY.
  NO SIGNIFICANT WEATHER WAS OBSERVED.


RELATIVE HUMIDITY (PERCENT)
 HIGHEST    61           700 AM
 LOWEST     27           300 PM
 AVERAGE    44

..........................................................


THE GRAND JUNCTION CO CLIMATE NORMALS FOR TODAY
                         NORMAL    RECORD    YEAR
 MAXIMUM TEMPERATURE (F)   64        79      2003
 MINIMUM TEMPERATURE (F)   38        25      1976
                                             1905


SUNRISE AND SUNSET
OCTOBER 20 2014.......SUNRISE   729 AM MDT   SUNSET   628 PM MDT
OCTOBER 21 2014.......SUNRISE   730 AM MDT   SUNSET   627 PM MDT


-  INDICATES NEGATIVE NUMBERS.
R  INDICATES RECORD WAS SET OR TIED.
MM INDICATES DATA IS MISSING.
T  INDICATES TRACE AMOUNT.




$$
